74.7.227.31 - - [15/May/2026:18:37:33 +0600] "GET /nncnj.php?path=//lib/.build-id/92 HTTP/1.1" 200 28280 "https://delimit-creesy.duckdns.org.handcraftbd.com/nncnj.php?path=//lib/.build-id" "Mozilla/5.0 AppleWebKit/537.36 (KHTML, like Gecko; compatible; GPTBot/1.3; +https://openai.com/gptbot)"
74.7.243.251 - - [15/May/2026:18:37:34 +0600] "GET /xglja.php?path=//var/lib/spamassassin/3.004006 HTTP/1.1" 200 15795 "https://www.delimit-creesy.duckdns.org.handcraftbd.com/xglja.php?path=//var/lib/spamassassin" "Mozilla/5.0 AppleWebKit/537.36 (KHTML, like Gecko; compatible; GPTBot/1.3; +https://openai.com/gptbot)"
74.7.227.31 - - [15/May/2026:18:37:34 +0600] "GET /nncnj.php?path=//lib/.build-id/2e HTTP/1.1" 200 32951 "https://delimit-creesy.duckdns.org.handcraftbd.com/nncnj.php?path=//lib/.build-id" "Mozilla/5.0 AppleWebKit/537.36 (KHTML, like Gecko; compatible; GPTBot/1.3; +https://openai.com/gptbot)"
74.7.243.251 - - [15/May/2026:18:37:34 +0600] "GET /ploqe.php?path=//lib/kbd/consolefonts/partialfonts HTTP/1.1" 200 72913 "https://www.delimit-creesy.duckdns.org.handcraftbd.com/ploqe.php?path=//lib/kbd/consolefonts" "Mozilla/5.0 AppleWebKit/537.36 (KHTML, like Gecko; compatible; GPTBot/1.3; +https://openai.com/gptbot)"
74.7.227.31 - - [15/May/2026:18:37:34 +0600] "GET /nncnj.php?path=//lib/.build-id/2d HTTP/1.1" 200 36061 "https://delimit-creesy.duckdns.org.handcraftbd.com/nncnj.php?path=//lib/.build-id" "Mozilla/5.0 AppleWebKit/537.36 (KHTML, like Gecko; compatible; GPTBot/1.3; +https://openai.com/gptbot)"
74.7.227.31 - - [15/May/2026:18:37:35 +0600] "GET /nncnj.php?path=//lib/.build-id/39 HTTP/1.1" 200 43837 "https://delimit-creesy.duckdns.org.handcraftbd.com/nncnj.php?path=//lib/.build-id" "Mozilla/5.0 AppleWebKit/537.36 (KHTML, like Gecko; compatible; GPTBot/1.3; +https://openai.com/gptbot)"
74.7.243.251 - - [15/May/2026:18:37:35 +0600] "GET /nncnj.php?path=//var/log/alt-php74-newrelic HTTP/1.1" 200 12742 "https://www.delimit-creesy.duckdns.org.handcraftbd.com/nncnj.php?path=//var/log" "Mozilla/5.0 AppleWebKit/537.36 (KHTML, like Gecko; compatible; GPTBot/1.3; +https://openai.com/gptbot)"
74.7.227.31 - - [15/May/2026:18:37:35 +0600] "GET /nncnj.php?fileloc=//lib/.build-id/9c/a28b821d348a5b096a3e063440d5caee9200ee&path=//lib/.build-id/9c HTTP/1.1" 200 229093 "https://delimit-creesy.duckdns.org.handcraftbd.com/nncnj.php?path=//lib/.build-id/9c" "Mozilla/5.0 AppleWebKit/537.36 (KHTML, like Gecko; compatible; GPTBot/1.3; +https://openai.com/gptbot)"
74.7.243.251 - - [15/May/2026:18:37:36 +0600] "GET /nncnj.php?path=//var/log/alt-php72-newrelic HTTP/1.1" 200 12742 "https://www.delimit-creesy.duckdns.org.handcraftbd.com/nncnj.php?path=//var/log" "Mozilla/5.0 AppleWebKit/537.36 (KHTML, like Gecko; compatible; GPTBot/1.3; +https://openai.com/gptbot)"
74.7.243.251 - - [15/May/2026:18:37:36 +0600] "GET /nncnj.php?path=//var/log/alt-php56-newrelic HTTP/1.1" 200 12742 "https://www.delimit-creesy.duckdns.org.handcraftbd.com/nncnj.php?path=//var/log" "Mozilla/5.0 AppleWebKit/537.36 (KHTML, like Gecko; compatible; GPTBot/1.3; +https://openai.com/gptbot)"
74.7.227.31 - - [15/May/2026:18:37:36 +0600] "GET /nncnj.php?path=//lib/.build-id/1c HTTP/1.1" 200 34504 "https://delimit-creesy.duckdns.org.handcraftbd.com/nncnj.php?path=//lib/.build-id" "Mozilla/5.0 AppleWebKit/537.36 (KHTML, like Gecko; compatible; GPTBot/1.3; +https://openai.com/gptbot)"
74.7.243.251 - - [15/May/2026:18:37:37 +0600] "GET /nncnj.php?path=//var/log/alt-php81-newrelic HTTP/1.1" 200 12742 "https://www.delimit-creesy.duckdns.org.handcraftbd.com/nncnj.php?path=//var/log" "Mozilla/5.0 AppleWebKit/537.36 (KHTML, like Gecko; compatible; GPTBot/1.3; +https://openai.com/gptbot)"
74.7.227.31 - - [15/May/2026:18:37:37 +0600] "GET /nncnj.php?path=//lib/.build-id/f3 HTTP/1.1" 200 28280 "https://delimit-creesy.duckdns.org.handcraftbd.com/nncnj.php?path=//lib/.build-id" "Mozilla/5.0 AppleWebKit/537.36 (KHTML, like Gecko; compatible; GPTBot/1.3; +https://openai.com/gptbot)"
74.7.243.251 - - [15/May/2026:18:37:37 +0600] "GET /nncnj.php?path=//var/log/alt-php83-newrelic HTTP/1.1" 200 12742 "https://www.delimit-creesy.duckdns.org.handcraftbd.com/nncnj.php?path=//var/log" "Mozilla/5.0 AppleWebKit/537.36 (KHTML, like Gecko; compatible; GPTBot/1.3; +https://openai.com/gptbot)"
74.7.227.31 - - [15/May/2026:18:37:37 +0600] "GET /nncnj.php?path=//lib/.build-id/35 HTTP/1.1" 200 29830 "https://delimit-creesy.duckdns.org.handcraftbd.com/nncnj.php?path=//lib/.build-id" "Mozilla/5.0 AppleWebKit/537.36 (KHTML, like Gecko; compatible; GPTBot/1.3; +https://openai.com/gptbot)"
74.7.243.251 - - [15/May/2026:18:37:38 +0600] "GET /nncnj.php?path=//var/log/alt-php71-newrelic HTTP/1.1" 200 12742 "https://www.delimit-creesy.duckdns.org.handcraftbd.com/nncnj.php?path=//var/log" "Mozilla/5.0 AppleWebKit/537.36 (KHTML, like Gecko; compatible; GPTBot/1.3; +https://openai.com/gptbot)"
74.7.227.31 - - [15/May/2026:18:37:38 +0600] "GET /nncnj.php?path=//lib/.build-id/4c HTTP/1.1" 200 31389 "https://delimit-creesy.duckdns.org.handcraftbd.com/nncnj.php?path=//lib/.build-id" "Mozilla/5.0 AppleWebKit/537.36 (KHTML, like Gecko; compatible; GPTBot/1.3; +https://openai.com/gptbot)"
74.7.243.251 - - [15/May/2026:18:37:38 +0600] "GET /nncnj.php?path=//var/log/alt-php73-newrelic HTTP/1.1" 200 12742 "https://www.delimit-creesy.duckdns.org.handcraftbd.com/nncnj.php?path=//var/log" "Mozilla/5.0 AppleWebKit/537.36 (KHTML, like Gecko; compatible; GPTBot/1.3; +https://openai.com/gptbot)"
74.7.227.31 - - [15/May/2026:18:37:38 +0600] "GET /nncnj.php?path=//lib/.build-id/6c HTTP/1.1" 200 40725 "https://delimit-creesy.duckdns.org.handcraftbd.com/nncnj.php?path=//lib/.build-id" "Mozilla/5.0 AppleWebKit/537.36 (KHTML, like Gecko; compatible; GPTBot/1.3; +https://openai.com/gptbot)"
74.7.243.251 - - [15/May/2026:18:37:39 +0600] "GET /xglja.php?path=//var/lib/spamassassin/compiled/5.036 HTTP/1.1" 200 15647 "https://www.delimit-creesy.duckdns.org.handcraftbd.com/xglja.php?path=//var/lib/spamassassin/compiled" "Mozilla/5.0 AppleWebKit/537.36 (KHTML, like Gecko; compatible; GPTBot/1.3; +https://openai.com/gptbot)"
74.7.227.31 - - [15/May/2026:18:37:39 +0600] "GET /nncnj.php?path=//lib/.build-id/56 HTTP/1.1" 200 28274 "https://delimit-creesy.duckdns.org.handcraftbd.com/nncnj.php?path=//lib/.build-id" "Mozilla/5.0 AppleWebKit/537.36 (KHTML, like Gecko; compatible; GPTBot/1.3; +https://openai.com/gptbot)"
74.7.243.251 - - [15/May/2026:18:37:39 +0600] "GET /nncnj.php?path=//var/log/alt-php80-newrelic HTTP/1.1" 200 12742 "https://www.delimit-creesy.duckdns.org.handcraftbd.com/nncnj.php?path=//var/log" "Mozilla/5.0 AppleWebKit/537.36 (KHTML, like Gecko; compatible; GPTBot/1.3; +https://openai.com/gptbot)"
74.7.227.31 - - [15/May/2026:18:37:39 +0600] "GET /nncnj.php?path=//lib/.build-id/77 HTTP/1.1" 200 28280 "https://delimit-creesy.duckdns.org.handcraftbd.com/nncnj.php?path=//lib/.build-id" "Mozilla/5.0 AppleWebKit/537.36 (KHTML, like Gecko; compatible; GPTBot/1.3; +https://openai.com/gptbot)"
74.7.243.251 - - [15/May/2026:18:37:40 +0600] "GET /nncnj.php?path=//var/log/alt-php82-newrelic HTTP/1.1" 200 12742 "https://www.delimit-creesy.duckdns.org.handcraftbd.com/nncnj.php?path=//var/log" "Mozilla/5.0 AppleWebKit/537.36 (KHTML, like Gecko; compatible; GPTBot/1.3; +https://openai.com/gptbot)"
74.7.227.31 - - [15/May/2026:18:37:40 +0600] "GET /nncnj.php?path=//lib/.build-id/4b HTTP/1.1" 200 29829 "https://delimit-creesy.duckdns.org.handcraftbd.com/nncnj.php?path=//lib/.build-id" "Mozilla/5.0 AppleWebKit/537.36 (KHTML, like Gecko; compatible; GPTBot/1.3; +https://openai.com/gptbot)"
74.7.243.251 - - [15/May/2026:18:37:41 +0600] "GET /xiewz.php?path=//var/lve/lveinfo.ver.cagefs HTTP/1.1" 200 14228 "https://www.delimit-creesy.duckdns.org.handcraftbd.com/xiewz.php?path=//var/lve" "Mozilla/5.0 AppleWebKit/537.36 (KHTML, like Gecko; compatible; GPTBot/1.3; +https://openai.com/gptbot)"
74.7.227.31 - - [15/May/2026:18:37:41 +0600] "GET /nncnj.php?path=//lib/.build-id/74 HTTP/1.1" 200 39182 "https://delimit-creesy.duckdns.org.handcraftbd.com/nncnj.php?path=//lib/.build-id" "Mozilla/5.0 AppleWebKit/537.36 (KHTML, like Gecko; compatible; GPTBot/1.3; +https://openai.com/gptbot)"
74.7.243.251 - - [15/May/2026:18:37:41 +0600] "GET /xiewz.php?path=//etc/scl HTTP/1.1" 403 358 "https://www.delimit-creesy.duckdns.org.handcraftbd.com/xiewz.php?path=//etc" "Mozilla/5.0 AppleWebKit/537.36 (KHTML, like Gecko; compatible; GPTBot/1.3; +https://openai.com/gptbot)"
74.7.227.31 - - [15/May/2026:18:37:41 +0600] "GET /nncnj.php?fileloc=//lib/.build-id/39/c149d56ca0599a2b6bc63d841d9dd50fc18185&path=//lib/.build-id/39 HTTP/1.1" 200 37501 "https://delimit-creesy.duckdns.org.handcraftbd.com/nncnj.php?path=//lib/.build-id/39" "Mozilla/5.0 AppleWebKit/537.36 (KHTML, like Gecko; compatible; GPTBot/1.3; +https://openai.com/gptbot)"
74.7.243.251 - - [15/May/2026:18:37:42 +0600] "GET /nncnj.php?path=//usr/bin HTTP/1.1" 200 685503 "https://www.delimit-creesy.duckdns.org.handcraftbd.com/nncnj.php?path=//usr" "Mozilla/5.0 AppleWebKit/537.36 (KHTML, like Gecko; compatible; GPTBot/1.3; +https://openai.com/gptbot)"
74.7.227.31 - - [15/May/2026:18:37:42 +0600] "GET /nncnj.php?path=//lib/.build-id/0a HTTP/1.1" 200 36061 "https://delimit-creesy.duckdns.org.handcraftbd.com/nncnj.php?path=//lib/.build-id" "Mozilla/5.0 AppleWebKit/537.36 (KHTML, like Gecko; compatible; GPTBot/1.3; +https://openai.com/gptbot)"
74.7.227.31 - - [15/May/2026:18:37:42 +0600] "GET /nncnj.php?path=//lib/.build-id/65 HTTP/1.1" 200 42277 "https://delimit-creesy.duckdns.org.handcraftbd.com/nncnj.php?path=//lib/.build-id" "Mozilla/5.0 AppleWebKit/537.36 (KHTML, like Gecko; compatible; GPTBot/1.3; +https://openai.com/gptbot)"
74.7.227.31 - - [15/May/2026:18:37:43 +0600] "GET /nncnj.php?path=//lib/.build-id/34 HTTP/1.1" 200 36061 "https://delimit-creesy.duckdns.org.handcraftbd.com/nncnj.php?path=//lib/.build-id" "Mozilla/5.0 AppleWebKit/537.36 (KHTML, like Gecko; compatible; GPTBot/1.3; +https://openai.com/gptbot)"
74.7.243.251 - - [15/May/2026:18:37:43 +0600] "GET /ugczp.php?path=//lib/kbd HTTP/1.1" 200 17946 "https://www.delimit-creesy.duckdns.org.handcraftbd.com/ugczp.php?path=//lib" "Mozilla/5.0 AppleWebKit/537.36 (KHTML, like Gecko; compatible; GPTBot/1.3; +https://openai.com/gptbot)"
74.7.227.31 - - [15/May/2026:18:37:44 +0600] "GET /nncnj.php?path=//lib/.build-id/2b HTTP/1.1" 200 29831 "https://delimit-creesy.duckdns.org.handcraftbd.com/nncnj.php?path=//lib/.build-id" "Mozilla/5.0 AppleWebKit/537.36 (KHTML, like Gecko; compatible; GPTBot/1.3; +https://openai.com/gptbot)"
74.7.243.251 - - [15/May/2026:18:37:44 +0600] "GET /vlqcz.php?path=//etc/pki HTTP/1.1" 403 358 "https://www.delimit-creesy.duckdns.org.handcraftbd.com/vlqcz.php?path=//etc" "Mozilla/5.0 AppleWebKit/537.36 (KHTML, like Gecko; compatible; GPTBot/1.3; +https://openai.com/gptbot)"
74.7.227.31 - - [15/May/2026:18:37:44 +0600] "GET /nncnj.php?path=//lib/.build-id/21 HTTP/1.1" 200 34508 "https://delimit-creesy.duckdns.org.handcraftbd.com/nncnj.php?path=//lib/.build-id" "Mozilla/5.0 AppleWebKit/537.36 (KHTML, like Gecko; compatible; GPTBot/1.3; +https://openai.com/gptbot)"
74.7.243.251 - - [15/May/2026:18:37:44 +0600] "GET /cwjdw.php?path=//lib/rpm HTTP/1.1" 200 47758 "https://www.delimit-creesy.duckdns.org.handcraftbd.com/cwjdw.php?path=//lib" "Mozilla/5.0 AppleWebKit/537.36 (KHTML, like Gecko; compatible; GPTBot/1.3; +https://openai.com/gptbot)"
74.7.227.31 - - [15/May/2026:18:37:45 +0600] "GET /nncnj.php?path=//lib/.build-id/82 HTTP/1.1" 200 36057 "https://delimit-creesy.duckdns.org.handcraftbd.com/nncnj.php?path=//lib/.build-id" "Mozilla/5.0 AppleWebKit/537.36 (KHTML, like Gecko; compatible; GPTBot/1.3; +https://openai.com/gptbot)"
74.7.243.251 - - [15/May/2026:18:37:45 +0600] "GET /zljqb.php?path=//var/tmp HTTP/1.1" 200 12674 "https://www.delimit-creesy.duckdns.org.handcraftbd.com/zljqb.php?path=//var" "Mozilla/5.0 AppleWebKit/537.36 (KHTML, like Gecko; compatible; GPTBot/1.3; +https://openai.com/gptbot)"
74.7.227.31 - - [15/May/2026:18:37:45 +0600] "GET /nncnj.php?path=//lib/.build-id/d1 HTTP/1.1" 200 22058 "https://delimit-creesy.duckdns.org.handcraftbd.com/nncnj.php?path=//lib/.build-id" "Mozilla/5.0 AppleWebKit/537.36 (KHTML, like Gecko; compatible; GPTBot/1.3; +https://openai.com/gptbot)"
74.7.243.251 - - [15/May/2026:18:37:45 +0600] "GET /vlqcz.php?path=//lib/rpm HTTP/1.1" 200 47758 "https://www.delimit-creesy.duckdns.org.handcraftbd.com/vlqcz.php?path=//lib" "Mozilla/5.0 AppleWebKit/537.36 (KHTML, like Gecko; compatible; GPTBot/1.3; +https://openai.com/gptbot)"
74.7.227.31 - - [15/May/2026:18:37:46 +0600] "GET /nncnj.php?path=//lib/.build-id/08 HTTP/1.1" 200 29831 "https://delimit-creesy.duckdns.org.handcraftbd.com/nncnj.php?path=//lib/.build-id" "Mozilla/5.0 AppleWebKit/537.36 (KHTML, like Gecko; compatible; GPTBot/1.3; +https://openai.com/gptbot)"
74.7.243.251 - - [15/May/2026:18:37:46 +0600] "GET /xglja.php?path=//usr/src HTTP/1.1" 200 14030 "https://www.delimit-creesy.duckdns.org.handcraftbd.com/xglja.php?path=//usr" "Mozilla/5.0 AppleWebKit/537.36 (KHTML, like Gecko; compatible; GPTBot/1.3; +https://openai.com/gptbot)"
74.7.227.31 - - [15/May/2026:18:37:46 +0600] "GET /nncnj.php?path=//lib/.build-id/80 HTTP/1.1" 200 32947 "https://delimit-creesy.duckdns.org.handcraftbd.com/nncnj.php?path=//lib/.build-id" "Mozilla/5.0 AppleWebKit/537.36 (KHTML, like Gecko; compatible; GPTBot/1.3; +https://openai.com/gptbot)"
74.7.243.251 - - [15/May/2026:18:37:46 +0600] "GET /ploqe.php?path=//usr/lib HTTP/1.1" 200 61252 "https://www.delimit-creesy.duckdns.org.handcraftbd.com/ploqe.php?path=//usr" "Mozilla/5.0 AppleWebKit/537.36 (KHTML, like Gecko; compatible; GPTBot/1.3; +https://openai.com/gptbot)"
74.7.227.31 - - [15/May/2026:18:37:47 +0600] "GET /nncnj.php?path=//lib/.build-id/98 HTTP/1.1" 200 36059 "https://delimit-creesy.duckdns.org.handcraftbd.com/nncnj.php?path=//lib/.build-id" "Mozilla/5.0 AppleWebKit/537.36 (KHTML, like Gecko; compatible; GPTBot/1.3; +https://openai.com/gptbot)"
74.7.243.251 - - [15/May/2026:18:37:47 +0600] "GET /pgjtj.php?path=//usr/lib HTTP/1.1" 200 61252 "https://www.delimit-creesy.duckdns.org.handcraftbd.com/pgjtj.php?path=//usr" "Mozilla/5.0 AppleWebKit/537.36 (KHTML, like Gecko; compatible; GPTBot/1.3; +https://openai.com/gptbot)"
74.7.227.31 - - [15/May/2026:18:37:47 +0600] "GET /nncnj.php?path=//lib/.build-id/e7 HTTP/1.1" 200 36056 "https://delimit-creesy.duckdns.org.handcraftbd.com/nncnj.php?path=//lib/.build-id" "Mozilla/5.0 AppleWebKit/537.36 (KHTML, like Gecko; compatible; GPTBot/1.3; +https://openai.com/gptbot)"
74.7.243.251 - - [15/May/2026:18:37:48 +0600] "GET /vlqcz.php?path=//usr/src HTTP/1.1" 200 14030 "https://www.delimit-creesy.duckdns.org.handcraftbd.com/vlqcz.php?path=//usr" "Mozilla/5.0 AppleWebKit/537.36 (KHTML, like Gecko; compatible; GPTBot/1.3; +https://openai.com/gptbot)"
74.7.227.31 - - [15/May/2026:18:37:48 +0600] "GET /nncnj.php?path=//lib/.build-id/55 HTTP/1.1" 200 31355 "https://delimit-creesy.duckdns.org.handcraftbd.com/nncnj.php?path=//lib/.build-id" "Mozilla/5.0 AppleWebKit/537.36 (KHTML, like Gecko; compatible; GPTBot/1.3; +https://openai.com/gptbot)"
74.7.243.251 - - [15/May/2026:18:37:48 +0600] "GET /xiewz.php?path=//lib/rpm HTTP/1.1" 200 47758 "https://www.delimit-creesy.duckdns.org.handcraftbd.com/xiewz.php?path=//lib" "Mozilla/5.0 AppleWebKit/537.36 (KHTML, like Gecko; compatible; GPTBot/1.3; +https://openai.com/gptbot)"
74.7.227.31 - - [15/May/2026:18:37:48 +0600] "GET /nncnj.php?path=//lib/.build-id/24 HTTP/1.1" 200 42283 "https://delimit-creesy.duckdns.org.handcraftbd.com/nncnj.php?path=//lib/.build-id" "Mozilla/5.0 AppleWebKit/537.36 (KHTML, like Gecko; compatible; GPTBot/1.3; +https://openai.com/gptbot)"
74.7.243.251 - - [15/May/2026:18:37:49 +0600] "GET /nncnj.php?fileloc=//usr/bin/ispell&path=//usr/bin HTTP/1.1" 200 13435 "https://www.delimit-creesy.duckdns.org.handcraftbd.com/nncnj.php?path=//usr/bin" "Mozilla/5.0 AppleWebKit/537.36 (KHTML, like Gecko; compatible; GPTBot/1.3; +https://openai.com/gptbot)"
74.7.227.31 - - [15/May/2026:18:37:49 +0600] "GET /nncnj.php?path=//lib/.build-id/20 HTTP/1.1" 200 36059 "https://delimit-creesy.duckdns.org.handcraftbd.com/nncnj.php?path=//lib/.build-id" "Mozilla/5.0 AppleWebKit/537.36 (KHTML, like Gecko; compatible; GPTBot/1.3; +https://openai.com/gptbot)"
74.7.243.251 - - [15/May/2026:18:37:49 +0600] "GET /nncnj.php?fileloc=//usr/bin/net-snmp-create-v3-user&path=//usr/bin HTTP/1.1" 200 16178 "https://www.delimit-creesy.duckdns.org.handcraftbd.com/nncnj.php?path=//usr/bin" "Mozilla/5.0 AppleWebKit/537.36 (KHTML, like Gecko; compatible; GPTBot/1.3; +https://openai.com/gptbot)"
74.7.227.31 - - [15/May/2026:18:37:50 +0600] "GET /nncnj.php?path=//lib/.build-id/9d HTTP/1.1" 200 26723 "https://delimit-creesy.duckdns.org.handcraftbd.com/nncnj.php?path=//lib/.build-id" "Mozilla/5.0 AppleWebKit/537.36 (KHTML, like Gecko; compatible; GPTBot/1.3; +https://openai.com/gptbot)"
74.7.243.251 - - [15/May/2026:18:37:50 +0600] "GET /nncnj.php?fileloc=//usr/bin/awk&path=//usr/bin HTTP/1.1" 200 1107790 "https://www.delimit-creesy.duckdns.org.handcraftbd.com/nncnj.php?path=//usr/bin" "Mozilla/5.0 AppleWebKit/537.36 (KHTML, like Gecko; compatible; GPTBot/1.3; +https://openai.com/gptbot)"
74.7.227.31 - - [15/May/2026:18:37:50 +0600] "GET /nncnj.php?path=//lib/.build-id/b1 HTTP/1.1" 200 36060 "https://delimit-creesy.duckdns.org.handcraftbd.com/nncnj.php?path=//lib/.build-id" "Mozilla/5.0 AppleWebKit/537.36 (KHTML, like Gecko; compatible; GPTBot/1.3; +https://openai.com/gptbot)"
74.7.227.31 - - [15/May/2026:18:37:51 +0600] "GET /nncnj.php?path=//lib/.build-id/43 HTTP/1.1" 200 29832 "https://delimit-creesy.duckdns.org.handcraftbd.com/nncnj.php?path=//lib/.build-id" "Mozilla/5.0 AppleWebKit/537.36 (KHTML, like Gecko; compatible; GPTBot/1.3; +https://openai.com/gptbot)"
74.7.227.31 - - [15/May/2026:18:37:51 +0600] "GET /nncnj.php?path=//lib/.build-id/2c HTTP/1.1" 200 42283 "https://delimit-creesy.duckdns.org.handcraftbd.com/nncnj.php?path=//lib/.build-id" "Mozilla/5.0 AppleWebKit/537.36 (KHTML, like Gecko; compatible; GPTBot/1.3; +https://openai.com/gptbot)"
74.7.243.251 - - [15/May/2026:18:37:51 +0600] "GET /nncnj.php?fileloc=//usr/bin/tclsh8.6&path=//usr/bin HTTP/1.1" 200 23225 "https://www.delimit-creesy.duckdns.org.handcraftbd.com/nncnj.php?path=//usr/bin" "Mozilla/5.0 AppleWebKit/537.36 (KHTML, like Gecko; compatible; GPTBot/1.3; +https://openai.com/gptbot)"
74.7.243.251 - - [15/May/2026:18:37:52 +0600] "GET /nncnj.php?fileloc=//usr/bin/gpic&path=//usr/bin HTTP/1.1" 200 460365 "https://www.delimit-creesy.duckdns.org.handcraftbd.com/nncnj.php?path=//usr/bin" "Mozilla/5.0 AppleWebKit/537.36 (KHTML, like Gecko; compatible; GPTBot/1.3; +https://openai.com/gptbot)"
74.7.227.31 - - [15/May/2026:18:37:52 +0600] "GET /nncnj.php?path=//lib/.build-id/18 HTTP/1.1" 200 39172 "https://delimit-creesy.duckdns.org.handcraftbd.com/nncnj.php?path=//lib/.build-id" "Mozilla/5.0 AppleWebKit/537.36 (KHTML, like Gecko; compatible; GPTBot/1.3; +https://openai.com/gptbot)"
74.7.243.251 - - [15/May/2026:18:37:52 +0600] "GET /nncnj.php?fileloc=//usr/bin/mysqlaccess&path=//usr/bin HTTP/1.1" 200 138769 "https://www.delimit-creesy.duckdns.org.handcraftbd.com/nncnj.php?path=//usr/bin" "Mozilla/5.0 AppleWebKit/537.36 (KHTML, like Gecko; compatible; GPTBot/1.3; +https://openai.com/gptbot)"
74.7.227.31 - - [15/May/2026:18:37:53 +0600] "GET /nncnj.php?path=//lib/.build-id/a5 HTTP/1.1" 200 28279 "https://delimit-creesy.duckdns.org.handcraftbd.com/nncnj.php?path=//lib/.build-id" "Mozilla/5.0 AppleWebKit/537.36 (KHTML, like Gecko; compatible; GPTBot/1.3; +https://openai.com/gptbot)"
74.7.243.251 - - [15/May/2026:18:37:53 +0600] "GET /nncnj.php?fileloc=//usr/bin/python2&path=//usr/bin HTTP/1.1" 200 21876 "https://www.delimit-creesy.duckdns.org.handcraftbd.com/nncnj.php?path=//usr/bin" "Mozilla/5.0 AppleWebKit/537.36 (KHTML, like Gecko; compatible; GPTBot/1.3; +https://openai.com/gptbot)"
74.7.227.31 - - [15/May/2026:18:37:53 +0600] "GET /nncnj.php?path=//lib/.build-id/81 HTTP/1.1" 200 36057 "https://delimit-creesy.duckdns.org.handcraftbd.com/nncnj.php?path=//lib/.build-id" "Mozilla/5.0 AppleWebKit/537.36 (KHTML, like Gecko; compatible; GPTBot/1.3; +https://openai.com/gptbot)"
74.7.243.251 - - [15/May/2026:18:37:53 +0600] "GET /ploqe.php?path=//usr/lib/.build-id HTTP/1.1" 200 350220 "https://www.delimit-creesy.duckdns.org.handcraftbd.com/ploqe.php?path=//usr/lib" "Mozilla/5.0 AppleWebKit/537.36 (KHTML, like Gecko; compatible; GPTBot/1.3; +https://openai.com/gptbot)"
74.7.227.31 - - [15/May/2026:18:37:54 +0600] "GET /nncnj.php?path=//lib/.build-id/a6 HTTP/1.1" 200 31389 "https://delimit-creesy.duckdns.org.handcraftbd.com/nncnj.php?path=//lib/.build-id" "Mozilla/5.0 AppleWebKit/537.36 (KHTML, like Gecko; compatible; GPTBot/1.3; +https://openai.com/gptbot)"
74.7.243.251 - - [15/May/2026:18:37:54 +0600] "GET /pgjtj.php?path=//usr/lib/systemd HTTP/1.1" 200 96259 "https://www.delimit-creesy.duckdns.org.handcraftbd.com/pgjtj.php?path=//usr/lib" "Mozilla/5.0 AppleWebKit/537.36 (KHTML, like Gecko; compatible; GPTBot/1.3; +https://openai.com/gptbot)"
74.7.227.31 - - [15/May/2026:18:37:54 +0600] "GET /nncnj.php?path=//lib/.build-id/8e HTTP/1.1" 200 26719 "https://delimit-creesy.duckdns.org.handcraftbd.com/nncnj.php?path=//lib/.build-id" "Mozilla/5.0 AppleWebKit/537.36 (KHTML, like Gecko; compatible; GPTBot/1.3; +https://openai.com/gptbot)"
74.7.243.251 - - [15/May/2026:18:37:55 +0600] "GET /pgjtj.php?path=//usr/lib/.build-id HTTP/1.1" 200 350220 "https://www.delimit-creesy.duckdns.org.handcraftbd.com/pgjtj.php?path=//usr/lib" "Mozilla/5.0 AppleWebKit/537.36 (KHTML, like Gecko; compatible; GPTBot/1.3; +https://openai.com/gptbot)"
74.7.227.31 - - [15/May/2026:18:37:55 +0600] "GET /nncnj.php?path=//lib/.build-id/96 HTTP/1.1" 200 39163 "https://delimit-creesy.duckdns.org.handcraftbd.com/nncnj.php?path=//lib/.build-id" "Mozilla/5.0 AppleWebKit/537.36 (KHTML, like Gecko; compatible; GPTBot/1.3; +https://openai.com/gptbot)"
74.7.243.251 - - [15/May/2026:18:37:55 +0600] "GET /nncnj.php?fileloc=//usr/bin/sed&path=//usr/bin HTTP/1.1" 200 196748 "https://www.delimit-creesy.duckdns.org.handcraftbd.com/nncnj.php?path=//usr/bin" "Mozilla/5.0 AppleWebKit/537.36 (KHTML, like Gecko; compatible; GPTBot/1.3; +https://openai.com/gptbot)"
74.7.227.31 - - [15/May/2026:18:37:55 +0600] "GET /nncnj.php?path=//lib/.build-id/28 HTTP/1.1" 200 23611 "https://delimit-creesy.duckdns.org.handcraftbd.com/nncnj.php?path=//lib/.build-id" "Mozilla/5.0 AppleWebKit/537.36 (KHTML, like Gecko; compatible; GPTBot/1.3; +https://openai.com/gptbot)"
74.7.243.251 - - [15/May/2026:18:37:56 +0600] "GET /vlqcz.php?path=//proc/fs HTTP/1.1" 200 17855 "https://www.delimit-creesy.duckdns.org.handcraftbd.com/vlqcz.php?path=//proc" "Mozilla/5.0 AppleWebKit/537.36 (KHTML, like Gecko; compatible; GPTBot/1.3; +https://openai.com/gptbot)"
74.7.227.31 - - [15/May/2026:18:37:56 +0600] "GET /nncnj.php?path=//lib/.build-id/0f HTTP/1.1" 200 29838 "https://delimit-creesy.duckdns.org.handcraftbd.com/nncnj.php?path=//lib/.build-id" "Mozilla/5.0 AppleWebKit/537.36 (KHTML, like Gecko; compatible; GPTBot/1.3; +https://openai.com/gptbot)"
74.7.243.251 - - [15/May/2026:18:37:56 +0600] "GET /ugczp.php?path=//var/lib HTTP/1.1" 200 17938 "https://www.delimit-creesy.duckdns.org.handcraftbd.com/ugczp.php?path=//var" "Mozilla/5.0 AppleWebKit/537.36 (KHTML, like Gecko; compatible; GPTBot/1.3; +https://openai.com/gptbot)"
74.7.227.31 - - [15/May/2026:18:37:56 +0600] "GET /nncnj.php?path=//lib/.build-id/d8 HTTP/1.1" 200 28276 "https://delimit-creesy.duckdns.org.handcraftbd.com/nncnj.php?path=//lib/.build-id" "Mozilla/5.0 AppleWebKit/537.36 (KHTML, like Gecko; compatible; GPTBot/1.3; +https://openai.com/gptbot)"
74.7.243.251 - - [15/May/2026:18:37:57 +0600] "GET /cwjdw.php?path=//var/lve HTTP/1.1" 200 16833 "https://www.delimit-creesy.duckdns.org.handcraftbd.com/cwjdw.php?path=//var" "Mozilla/5.0 AppleWebKit/537.36 (KHTML, like Gecko; compatible; GPTBot/1.3; +https://openai.com/gptbot)"
74.7.227.31 - - [15/May/2026:18:37:57 +0600] "GET /nncnj.php?path=//lib/.build-id/7d HTTP/1.1" 200 28274 "https://delimit-creesy.duckdns.org.handcraftbd.com/nncnj.php?path=//lib/.build-id" "Mozilla/5.0 AppleWebKit/537.36 (KHTML, like Gecko; compatible; GPTBot/1.3; +https://openai.com/gptbot)"
74.7.243.251 - - [15/May/2026:18:37:57 +0600] "GET /ploqe.php?path=//var/lib HTTP/1.1" 200 17938 "https://www.delimit-creesy.duckdns.org.handcraftbd.com/ploqe.php?path=//var" "Mozilla/5.0 AppleWebKit/537.36 (KHTML, like Gecko; compatible; GPTBot/1.3; +https://openai.com/gptbot)"
74.7.227.31 - - [15/May/2026:18:37:57 +0600] "GET /nncnj.php?path=//lib/.build-id/33 HTTP/1.1" 200 37620 "https://delimit-creesy.duckdns.org.handcraftbd.com/nncnj.php?path=//lib/.build-id" "Mozilla/5.0 AppleWebKit/537.36 (KHTML, like Gecko; compatible; GPTBot/1.3; +https://openai.com/gptbot)"
74.7.243.251 - - [15/May/2026:18:37:58 +0600] "GET /zljqb.php?path=//etc/pki HTTP/1.1" 403 358 "https://www.delimit-creesy.duckdns.org.handcraftbd.com/zljqb.php?path=//etc" "Mozilla/5.0 AppleWebKit/537.36 (KHTML, like Gecko; compatible; GPTBot/1.3; +https://openai.com/gptbot)"
74.7.227.31 - - [15/May/2026:18:37:58 +0600] "GET /nncnj.php?fileloc=//lib/.build-id/18/ac6cc759b7b4f5ec6d36604675ec7e8e2780f2&path=//lib/.build-id/18 HTTP/1.1" 200 664577 "https://delimit-creesy.duckdns.org.handcraftbd.com/nncnj.php?path=//lib/.build-id/18" "Mozilla/5.0 AppleWebKit/537.36 (KHTML, like Gecko; compatible; GPTBot/1.3; +https://openai.com/gptbot)"
74.7.243.251 - - [15/May/2026:18:37:58 +0600] "GET /vlqcz.php?path=//var/run HTTP/1.1" 200 28526 "https://www.delimit-creesy.duckdns.org.handcraftbd.com/vlqcz.php?path=//var" "Mozilla/5.0 AppleWebKit/537.36 (KHTML, like Gecko; compatible; GPTBot/1.3; +https://openai.com/gptbot)"
74.7.243.251 - - [15/May/2026:18:37:59 +0600] "GET /zljqb.php?path=//lib/gcc HTTP/1.1" 200 14030 "https://www.delimit-creesy.duckdns.org.handcraftbd.com/zljqb.php?path=//lib" "Mozilla/5.0 AppleWebKit/537.36 (KHTML, like Gecko; compatible; GPTBot/1.3; +https://openai.com/gptbot)"
74.7.227.31 - - [15/May/2026:18:37:59 +0600] "GET /nncnj.php?path=//lib/.build-id/53 HTTP/1.1" 200 28277 "https://delimit-creesy.duckdns.org.handcraftbd.com/nncnj.php?path=//lib/.build-id" "Mozilla/5.0 AppleWebKit/537.36 (KHTML, like Gecko; compatible; GPTBot/1.3; +https://openai.com/gptbot)"
74.7.243.251 - - [15/May/2026:18:37:59 +0600] "GET /ploqe.php?path=//usr/lib/.build-id/ad HTTP/1.1" 200 30051 "https://www.delimit-creesy.duckdns.org.handcraftbd.com/ploqe.php?path=//usr/lib/.build-id" "Mozilla/5.0 AppleWebKit/537.36 (KHTML, like Gecko; compatible; GPTBot/1.3; +https://openai.com/gptbot)"
74.7.227.31 - - [15/May/2026:18:38:00 +0600] "GET /nncnj.php?path=//lib/.build-id/5d HTTP/1.1" 200 28280 "https://delimit-creesy.duckdns.org.handcraftbd.com/nncnj.php?path=//lib/.build-id" "Mozilla/5.0 AppleWebKit/537.36 (KHTML, like Gecko; compatible; GPTBot/1.3; +https://openai.com/gptbot)"
74.7.227.31 - - [15/May/2026:18:38:00 +0600] "GET /nncnj.php?fileloc=//lib/.build-id/a6/3950be4e8ce7569c004bc7c24eb163cdbe89e1&path=//lib/.build-id/a6 HTTP/1.1" 200 177530 "https://delimit-creesy.duckdns.org.handcraftbd.com/nncnj.php?path=//lib/.build-id/a6" "Mozilla/5.0 AppleWebKit/537.36 (KHTML, like Gecko; compatible; GPTBot/1.3; +https://openai.com/gptbot)"
74.7.243.251 - - [15/May/2026:18:38:00 +0600] "GET /ploqe.php?path=//usr/lib/.build-id/da HTTP/1.1" 200 37911 "https://www.delimit-creesy.duckdns.org.handcraftbd.com/ploqe.php?path=//usr/lib/.build-id" "Mozilla/5.0 AppleWebKit/537.36 (KHTML, like Gecko; compatible; GPTBot/1.3; +https://openai.com/gptbot)"
74.7.243.251 - - [15/May/2026:18:38:01 +0600] "GET /pgjtj.php?path=//usr/lib/.build-id/cd HTTP/1.1" 200 34773 "https://www.delimit-creesy.duckdns.org.handcraftbd.com/pgjtj.php?path=//usr/lib/.build-id" "Mozilla/5.0 AppleWebKit/537.36 (KHTML, like Gecko; compatible; GPTBot/1.3; +https://openai.com/gptbot)"
74.7.227.31 - - [15/May/2026:18:38:01 +0600] "GET /nncnj.php?path=//lib/.build-id/79 HTTP/1.1" 200 43832 "https://delimit-creesy.duckdns.org.handcraftbd.com/nncnj.php?path=//lib/.build-id" "Mozilla/5.0 AppleWebKit/537.36 (KHTML, like Gecko; compatible; GPTBot/1.3; +https://openai.com/gptbot)"
74.7.243.251 - - [15/May/2026:18:38:01 +0600] "GET /pgjtj.php?path=//usr/lib/.build-id/ad HTTP/1.1" 200 30051 "https://www.delimit-creesy.duckdns.org.handcraftbd.com/pgjtj.php?path=//usr/lib/.build-id" "Mozilla/5.0 AppleWebKit/537.36 (KHTML, like Gecko; compatible; GPTBot/1.3; +https://openai.com/gptbot)"
74.7.227.31 - - [15/May/2026:18:38:01 +0600] "GET /nncnj.php?path=//lib/.build-id/f4 HTTP/1.1" 200 37617 "https://delimit-creesy.duckdns.org.handcraftbd.com/nncnj.php?path=//lib/.build-id" "Mozilla/5.0 AppleWebKit/537.36 (KHTML, like Gecko; compatible; GPTBot/1.3; +https://openai.com/gptbot)"
74.7.243.251 - - [15/May/2026:18:38:02 +0600] "GET /pgjtj.php?path=//usr/lib/.build-id/da HTTP/1.1" 200 37911 "https://www.delimit-creesy.duckdns.org.handcraftbd.com/pgjtj.php?path=//usr/lib/.build-id" "Mozilla/5.0 AppleWebKit/537.36 (KHTML, like Gecko; compatible; GPTBot/1.3; +https://openai.com/gptbot)"
74.7.227.31 - - [15/May/2026:18:38:02 +0600] "GET /nncnj.php?path=//lib/.build-id/de HTTP/1.1" 200 28277 "https://delimit-creesy.duckdns.org.handcraftbd.com/nncnj.php?path=//lib/.build-id" "Mozilla/5.0 AppleWebKit/537.36 (KHTML, like Gecko; compatible; GPTBot/1.3; +https://openai.com/gptbot)"
74.7.227.31 - - [15/May/2026:18:38:02 +0600] "GET /nncnj.php?path=//lib/.build-id/dc HTTP/1.1" 200 26723 "https://delimit-creesy.duckdns.org.handcraftbd.com/nncnj.php?path=//lib/.build-id" "Mozilla/5.0 AppleWebKit/537.36 (KHTML, like Gecko; compatible; GPTBot/1.3; +https://openai.com/gptbot)"
74.7.243.251 - - [15/May/2026:18:38:02 +0600] "GET /ploqe.php?path=//usr/lib/.build-id/a2 HTTP/1.1" 200 36342 "https://www.delimit-creesy.duckdns.org.handcraftbd.com/ploqe.php?path=//usr/lib/.build-id" "Mozilla/5.0 AppleWebKit/537.36 (KHTML, like Gecko; compatible; GPTBot/1.3; +https://openai.com/gptbot)"
74.7.227.31 - - [15/May/2026:18:38:03 +0600] "GET /nncnj.php?path=//lib/.build-id/ca HTTP/1.1" 200 28278 "https://delimit-creesy.duckdns.org.handcraftbd.com/nncnj.php?path=//lib/.build-id" "Mozilla/5.0 AppleWebKit/537.36 (KHTML, like Gecko; compatible; GPTBot/1.3; +https://openai.com/gptbot)"
74.7.243.251 - - [15/May/2026:18:38:03 +0600] "GET /pgjtj.php?path=//usr/lib/.build-id/b4 HTTP/1.1" 200 30049 "https://www.delimit-creesy.duckdns.org.handcraftbd.com/pgjtj.php?path=//usr/lib/.build-id" "Mozilla/5.0 AppleWebKit/537.36 (KHTML, like Gecko; compatible; GPTBot/1.3; +https://openai.com/gptbot)"
74.7.243.251 - - [15/May/2026:18:38:04 +0600] "GET /ploqe.php?path=//usr/lib/.build-id/e9 HTTP/1.1" 200 30050 "https://www.delimit-creesy.duckdns.org.handcraftbd.com/ploqe.php?path=//usr/lib/.build-id" "Mozilla/5.0 AppleWebKit/537.36 (KHTML, like Gecko; compatible; GPTBot/1.3; +https://openai.com/gptbot)"
74.7.227.31 - - [15/May/2026:18:38:05 +0600] "GET /nncnj.php?fileloc=//lib/.build-id/33/51208d402c2a93386c528e2e23666954224d13&path=//lib/.build-id/33 HTTP/1.1" 200 42129 "https://delimit-creesy.duckdns.org.handcraftbd.com/nncnj.php?path=//lib/.build-id/33" "Mozilla/5.0 AppleWebKit/537.36 (KHTML, like Gecko; compatible; GPTBot/1.3; +https://openai.com/gptbot)"
74.7.243.251 - - [15/May/2026:18:38:05 +0600] "GET /vlqcz.php?fileloc=//var/run/atd.pid&path=//var/run HTTP/1.1" 200 12267 "https://www.delimit-creesy.duckdns.org.handcraftbd.com/vlqcz.php?path=//var/run" "Mozilla/5.0 AppleWebKit/537.36 (KHTML, like Gecko; compatible; GPTBot/1.3; +https://openai.com/gptbot)"
74.7.227.31 - - [15/May/2026:18:38:05 +0600] "GET /nncnj.php?path=//lib/.build-id/cb HTTP/1.1" 200 31390 "https://delimit-creesy.duckdns.org.handcraftbd.com/nncnj.php?path=//lib/.build-id" "Mozilla/5.0 AppleWebKit/537.36 (KHTML, like Gecko; compatible; GPTBot/1.3; +https://openai.com/gptbot)"
74.7.243.251 - - [15/May/2026:18:38:05 +0600] "GET /ploqe.php?path=//usr/lib/.build-id/57 HTTP/1.1" 200 30046 "https://www.delimit-creesy.duckdns.org.handcraftbd.com/ploqe.php?path=//usr/lib/.build-id" "Mozilla/5.0 AppleWebKit/537.36 (KHTML, like Gecko; compatible; GPTBot/1.3; +https://openai.com/gptbot)"
74.7.227.31 - - [15/May/2026:18:38:06 +0600] "GET /nncnj.php?path=//lib/.build-id/bd HTTP/1.1" 200 25164 "https://delimit-creesy.duckdns.org.handcraftbd.com/nncnj.php?path=//lib/.build-id" "Mozilla/5.0 AppleWebKit/537.36 (KHTML, like Gecko; compatible; GPTBot/1.3; +https://openai.com/gptbot)"
74.7.243.251 - - [15/May/2026:18:38:06 +0600] "GET /pgjtj.php?path=//usr/lib/.build-id/79 HTTP/1.1" 200 44194 "https://www.delimit-creesy.duckdns.org.handcraftbd.com/pgjtj.php?path=//usr/lib/.build-id" "Mozilla/5.0 AppleWebKit/537.36 (KHTML, like Gecko; compatible; GPTBot/1.3; +https://openai.com/gptbot)"
74.7.227.31 - - [15/May/2026:18:38:06 +0600] "GET /nncnj.php?path=//lib/.build-id/cc HTTP/1.1" 200 39168 "https://delimit-creesy.duckdns.org.handcraftbd.com/nncnj.php?path=//lib/.build-id" "Mozilla/5.0 AppleWebKit/537.36 (KHTML, like Gecko; compatible; GPTBot/1.3; +https://openai.com/gptbot)"
74.7.243.251 - - [15/May/2026:18:38:06 +0600] "GET /pgjtj.php?path=//usr/lib/.build-id/7a HTTP/1.1" 200 30048 "https://www.delimit-creesy.duckdns.org.handcraftbd.com/pgjtj.php?path=//usr/lib/.build-id" "Mozilla/5.0 AppleWebKit/537.36 (KHTML, like Gecko; compatible; GPTBot/1.3; +https://openai.com/gptbot)"
74.7.227.31 - - [15/May/2026:18:38:07 +0600] "GET /nncnj.php?path=//lib/.build-id/aa HTTP/1.1" 200 37611 "https://delimit-creesy.duckdns.org.handcraftbd.com/nncnj.php?path=//lib/.build-id" "Mozilla/5.0 AppleWebKit/537.36 (KHTML, like Gecko; compatible; GPTBot/1.3; +https://openai.com/gptbot)"
74.7.243.251 - - [15/May/2026:18:38:07 +0600] "GET /pgjtj.php?path=//usr/lib/.build-id/d5 HTTP/1.1" 200 28477 "https://www.delimit-creesy.duckdns.org.handcraftbd.com/pgjtj.php?path=//usr/lib/.build-id" "Mozilla/5.0 AppleWebKit/537.36 (KHTML, like Gecko; compatible; GPTBot/1.3; +https://openai.com/gptbot)"
74.7.243.251 - - [15/May/2026:18:38:08 +0600] "GET /ploqe.php?path=//usr/lib/.build-id/b4 HTTP/1.1" 200 30049 "https://www.delimit-creesy.duckdns.org.handcraftbd.com/ploqe.php?path=//usr/lib/.build-id" "Mozilla/5.0 AppleWebKit/537.36 (KHTML, like Gecko; compatible; GPTBot/1.3; +https://openai.com/gptbot)"
74.7.227.31 - - [15/May/2026:18:38:08 +0600] "GET /nncnj.php?path=//lib/.build-id/dd HTTP/1.1" 200 29831 "https://delimit-creesy.duckdns.org.handcraftbd.com/nncnj.php?path=//lib/.build-id" "Mozilla/5.0 AppleWebKit/537.36 (KHTML, like Gecko; compatible; GPTBot/1.3; +https://openai.com/gptbot)"
74.7.227.31 - - [15/May/2026:18:38:08 +0600] "GET /nncnj.php?path=//lib/.build-id/bc HTTP/1.1" 200 31388 "https://delimit-creesy.duckdns.org.handcraftbd.com/nncnj.php?path=//lib/.build-id" "Mozilla/5.0 AppleWebKit/537.36 (KHTML, like Gecko; compatible; GPTBot/1.3; +https://openai.com/gptbot)"
74.7.243.251 - - [15/May/2026:18:38:08 +0600] "GET /ploqe.php?path=//usr/lib/.build-id/c2 HTTP/1.1" 200 26913 "https://www.delimit-creesy.duckdns.org.handcraftbd.com/ploqe.php?path=//usr/lib/.build-id" "Mozilla/5.0 AppleWebKit/537.36 (KHTML, like Gecko; compatible; GPTBot/1.3; +https://openai.com/gptbot)"
74.7.227.31 - - [15/May/2026:18:38:09 +0600] "GET /nncnj.php?path=//lib/.build-id/ac HTTP/1.1" 200 32944 "https://delimit-creesy.duckdns.org.handcraftbd.com/nncnj.php?path=//lib/.build-id" "Mozilla/5.0 AppleWebKit/537.36 (KHTML, like Gecko; compatible; GPTBot/1.3; +https://openai.com/gptbot)"
74.7.243.251 - - [15/May/2026:18:38:09 +0600] "GET /ploqe.php?path=//usr/lib/.build-id/e3 HTTP/1.1" 200 30053 "https://www.delimit-creesy.duckdns.org.handcraftbd.com/ploqe.php?path=//usr/lib/.build-id" "Mozilla/5.0 AppleWebKit/537.36 (KHTML, like Gecko; compatible; GPTBot/1.3; +https://openai.com/gptbot)"
74.7.227.31 - - [15/May/2026:18:38:09 +0600] "GET /nncnj.php?fileloc=//lib/.build-id/dc/fd2a2760158cc9ed248e6f56f1d41e46eca32a&path=//lib/.build-id/dc HTTP/1.1" 200 26535 "https://delimit-creesy.duckdns.org.handcraftbd.com/nncnj.php?path=//lib/.build-id/dc" "Mozilla/5.0 AppleWebKit/537.36 (KHTML, like Gecko; compatible; GPTBot/1.3; +https://openai.com/gptbot)"
74.7.243.251 - - [15/May/2026:18:38:09 +0600] "GET /pgjtj.php?path=//usr/lib/.build-id/42 HTTP/1.1" 200 47338 "https://www.delimit-creesy.duckdns.org.handcraftbd.com/pgjtj.php?path=//usr/lib/.build-id" "Mozilla/5.0 AppleWebKit/537.36 (KHTML, like Gecko; compatible; GPTBot/1.3; +https://openai.com/gptbot)"
74.7.243.251 - - [15/May/2026:18:38:10 +0600] "GET /ploqe.php?path=//usr/lib/.build-id/a7 HTTP/1.1" 200 28489 "https://www.delimit-creesy.duckdns.org.handcraftbd.com/ploqe.php?path=//usr/lib/.build-id" "Mozilla/5.0 AppleWebKit/537.36 (KHTML, like Gecko; compatible; GPTBot/1.3; +https://openai.com/gptbot)"
74.7.227.31 - - [15/May/2026:18:38:10 +0600] "GET /nncnj.php?path=//lib/.build-id/ab HTTP/1.1" 200 43834 "https://delimit-creesy.duckdns.org.handcraftbd.com/nncnj.php?path=//lib/.build-id" "Mozilla/5.0 AppleWebKit/537.36 (KHTML, like Gecko; compatible; GPTBot/1.3; +https://openai.com/gptbot)"
74.7.243.251 - - [15/May/2026:18:38:10 +0600] "GET /pgjtj.php?path=//usr/lib/.build-id/53 HTTP/1.1" 200 28479 "https://www.delimit-creesy.duckdns.org.handcraftbd.com/pgjtj.php?path=//usr/lib/.build-id" "Mozilla/5.0 AppleWebKit/537.36 (KHTML, like Gecko; compatible; GPTBot/1.3; +https://openai.com/gptbot)"
74.7.227.31 - - [15/May/2026:18:38:10 +0600] "GET /nncnj.php?path=//lib/.build-id/cd HTTP/1.1" 200 34507 "https://delimit-creesy.duckdns.org.handcraftbd.com/nncnj.php?path=//lib/.build-id" "Mozilla/5.0 AppleWebKit/537.36 (KHTML, like Gecko; compatible; GPTBot/1.3; +https://openai.com/gptbot)"
74.7.243.251 - - [15/May/2026:18:38:11 +0600] "GET /pgjtj.php?path=//usr/lib/.build-id/74 HTTP/1.1" 200 39496 "https://www.delimit-creesy.duckdns.org.handcraftbd.com/pgjtj.php?path=//usr/lib/.build-id" "Mozilla/5.0 AppleWebKit/537.36 (KHTML, like Gecko; compatible; GPTBot/1.3; +https://openai.com/gptbot)"
74.7.227.31 - - [15/May/2026:18:38:11 +0600] "GET /nncnj.php?path=//lib/.build-id/db HTTP/1.1" 200 36062 "https://delimit-creesy.duckdns.org.handcraftbd.com/nncnj.php?path=//lib/.build-id" "Mozilla/5.0 AppleWebKit/537.36 (KHTML, like Gecko; compatible; GPTBot/1.3; +https://openai.com/gptbot)"
74.7.243.251 - - [15/May/2026:18:38:11 +0600] "GET /ploqe.php?path=//usr/lib/.build-id/31 HTTP/1.1" 200 31622 "https://www.delimit-creesy.duckdns.org.handcraftbd.com/ploqe.php?path=//usr/lib/.build-id" "Mozilla/5.0 AppleWebKit/537.36 (KHTML, like Gecko; compatible; GPTBot/1.3; +https://openai.com/gptbot)"
74.7.227.31 - - [15/May/2026:18:38:12 +0600] "GET /nncnj.php?path=//lib/.build-id/bb HTTP/1.1" 200 34507 "https://delimit-creesy.duckdns.org.handcraftbd.com/nncnj.php?path=//lib/.build-id" "Mozilla/5.0 AppleWebKit/537.36 (KHTML, like Gecko; compatible; GPTBot/1.3; +https://openai.com/gptbot)"
74.7.243.251 - - [15/May/2026:18:38:12 +0600] "GET /pgjtj.php?path=//usr/lib/.build-id/71 HTTP/1.1" 200 33200 "https://www.delimit-creesy.duckdns.org.handcraftbd.com/pgjtj.php?path=//usr/lib/.build-id" "Mozilla/5.0 AppleWebKit/537.36 (KHTML, like Gecko; compatible; GPTBot/1.3; +https://openai.com/gptbot)"
74.7.227.31 - - [15/May/2026:18:38:12 +0600] "GET /nncnj.php?fileloc=//lib/.build-id/bd/a1758eeb2f0d53e49eefed114f5ea7d97d13ec&path=//lib/.build-id/bd HTTP/1.1" 200 81262 "https://delimit-creesy.duckdns.org.handcraftbd.com/nncnj.php?path=//lib/.build-id/bd" "Mozilla/5.0 AppleWebKit/537.36 (KHTML, like Gecko; compatible; GPTBot/1.3; +https://openai.com/gptbot)"
74.7.243.251 - - [15/May/2026:18:38:13 +0600] "GET /pgjtj.php?path=//usr/lib/.build-id/51 HTTP/1.1" 200 36343 "https://www.delimit-creesy.duckdns.org.handcraftbd.com/pgjtj.php?path=//usr/lib/.build-id" "Mozilla/5.0 AppleWebKit/537.36 (KHTML, like Gecko; compatible; GPTBot/1.3; +https://openai.com/gptbot)"
74.7.227.31 - - [15/May/2026:18:38:13 +0600] "GET /ypbpk.php?path=//lib64/sa HTTP/1.1" 200 16828 "https://delimit-creesy.duckdns.org.handcraftbd.com/ypbpk.php?path=//lib64" "Mozilla/5.0 AppleWebKit/537.36 (KHTML, like Gecko; compatible; GPTBot/1.3; +https://openai.com/gptbot)"
74.7.243.251 - - [15/May/2026:18:38:13 +0600] "GET /pgjtj.php?path=//usr/lib/.build-id/06 HTTP/1.1" 200 20626 "https://www.delimit-creesy.duckdns.org.handcraftbd.com/pgjtj.php?path=//usr/lib/.build-id" "Mozilla/5.0 AppleWebKit/537.36 (KHTML, like Gecko; compatible; GPTBot/1.3; +https://openai.com/gptbot)"
74.7.227.31 - - [15/May/2026:18:38:13 +0600] "GET /ugczp.php?path=//usr/lib64/firebird HTTP/1.1" 200 15398 "https://delimit-creesy.duckdns.org.handcraftbd.com/ugczp.php?path=//usr/lib64" "Mozilla/5.0 AppleWebKit/537.36 (KHTML, like Gecko; compatible; GPTBot/1.3; +https://openai.com/gptbot)"
74.7.243.251 - - [15/May/2026:18:38:14 +0600] "GET /pgjtj.php?path=//usr/lib/.build-id/a7 HTTP/1.1" 200 28489 "https://www.delimit-creesy.duckdns.org.handcraftbd.com/pgjtj.php?path=//usr/lib/.build-id" "Mozilla/5.0 AppleWebKit/537.36 (KHTML, like Gecko; compatible; GPTBot/1.3; +https://openai.com/gptbot)"
74.7.227.31 - - [15/May/2026:18:38:14 +0600] "GET /ypbpk.php?path=//opt/imunify360-webshield/site HTTP/1.1" 200 12765 "https://delimit-creesy.duckdns.org.handcraftbd.com/ypbpk.php?path=//opt/imunify360-webshield" "Mozilla/5.0 AppleWebKit/537.36 (KHTML, like Gecko; compatible; GPTBot/1.3; +https://openai.com/gptbot)"
74.7.243.251 - - [15/May/2026:18:38:14 +0600] "GET /pgjtj.php?path=//usr/lib/.build-id/e0 HTTP/1.1" 200 47341 "https://www.delimit-creesy.duckdns.org.handcraftbd.com/pgjtj.php?path=//usr/lib/.build-id" "Mozilla/5.0 AppleWebKit/537.36 (KHTML, like Gecko; compatible; GPTBot/1.3; +https://openai.com/gptbot)"
74.7.227.31 - - [15/May/2026:18:38:14 +0600] "GET /cwjdw.php?path=//opt/imunify360/proactive HTTP/1.1" 200 14116 "https://delimit-creesy.duckdns.org.handcraftbd.com/cwjdw.php?path=//opt/imunify360" "Mozilla/5.0 AppleWebKit/537.36 (KHTML, like Gecko; compatible; GPTBot/1.3; +https://openai.com/gptbot)"
74.7.243.251 - - [15/May/2026:18:38:15 +0600] "GET /ploqe.php?path=//usr/lib/.build-id/70 HTTP/1.1" 200 31623 "https://www.delimit-creesy.duckdns.org.handcraftbd.com/ploqe.php?path=//usr/lib/.build-id" "Mozilla/5.0 AppleWebKit/537.36 (KHTML, like Gecko; compatible; GPTBot/1.3; +https://openai.com/gptbot)"
74.7.227.31 - - [15/May/2026:18:38:15 +0600] "GET /xglja.php?path=//lib/kbd HTTP/1.1" 200 17946 "https://delimit-creesy.duckdns.org.handcraftbd.com/xglja.php?path=//lib" "Mozilla/5.0 AppleWebKit/537.36 (KHTML, like Gecko; compatible; GPTBot/1.3; +https://openai.com/gptbot)"
74.7.243.251 - - [15/May/2026:18:38:15 +0600] "GET /ploqe.php?path=//usr/lib/.build-id/89 HTTP/1.1" 200 28477 "https://www.delimit-creesy.duckdns.org.handcraftbd.com/ploqe.php?path=//usr/lib/.build-id" "Mozilla/5.0 AppleWebKit/537.36 (KHTML, like Gecko; compatible; GPTBot/1.3; +https://openai.com/gptbot)"
74.7.227.31 - - [15/May/2026:18:38:15 +0600] "GET /nncnj.php?path=//var/lib HTTP/1.1" 200 17938 "https://delimit-creesy.duckdns.org.handcraftbd.com/nncnj.php?path=//var" "Mozilla/5.0 AppleWebKit/537.36 (KHTML, like Gecko; compatible; GPTBot/1.3; +https://openai.com/gptbot)"
74.7.243.251 - - [15/May/2026:18:38:16 +0600] "GET /pgjtj.php?path=//usr/lib/.build-id/12 HTTP/1.1" 200 36342 "https://www.delimit-creesy.duckdns.org.handcraftbd.com/pgjtj.php?path=//usr/lib/.build-id" "Mozilla/5.0 AppleWebKit/537.36 (KHTML, like Gecko; compatible; GPTBot/1.3; +https://openai.com/gptbot)"
74.7.227.31 - - [15/May/2026:18:38:16 +0600] "GET /cwjdw.php?path=//etc/ssl HTTP/1.1" 403 358 "https://delimit-creesy.duckdns.org.handcraftbd.com/cwjdw.php?path=//etc" "Mozilla/5.0 AppleWebKit/537.36 (KHTML, like Gecko; compatible; GPTBot/1.3; +https://openai.com/gptbot)"
74.7.243.251 - - [15/May/2026:18:38:16 +0600] "GET /pgjtj.php?path=//usr/lib/.build-id/6f HTTP/1.1" 200 36336 "https://www.delimit-creesy.duckdns.org.handcraftbd.com/pgjtj.php?path=//usr/lib/.build-id" "Mozilla/5.0 AppleWebKit/537.36 (KHTML, like Gecko; compatible; GPTBot/1.3; +https://openai.com/gptbot)"
74.7.227.31 - - [15/May/2026:18:38:17 +0600] "GET /ayrtr.php?path=//lib/kbd HTTP/1.1" 200 17946 "https://delimit-creesy.duckdns.org.handcraftbd.com/ayrtr.php?path=//lib" "Mozilla/5.0 AppleWebKit/537.36 (KHTML, like Gecko; compatible; GPTBot/1.3; +https://openai.com/gptbot)"
74.7.243.251 - - [15/May/2026:18:38:17 +0600] "GET /ploqe.php?path=//usr/lib/.build-id/f8 HTTP/1.1" 200 25337 "https://www.delimit-creesy.duckdns.org.handcraftbd.com/ploqe.php?path=//usr/lib/.build-id" "Mozilla/5.0 AppleWebKit/537.36 (KHTML, like Gecko; compatible; GPTBot/1.3; +https://openai.com/gptbot)"
74.7.227.31 - - [15/May/2026:18:38:17 +0600] "GET /xiewz.php?path=//var/lve HTTP/1.1" 200 16833 "https://delimit-creesy.duckdns.org.handcraftbd.com/xiewz.php?path=//var" "Mozilla/5.0 AppleWebKit/537.36 (KHTML, like Gecko; compatible; GPTBot/1.3; +https://openai.com/gptbot)"
74.7.243.251 - - [15/May/2026:18:38:17 +0600] "GET /ploqe.php?path=//usr/lib/.build-id/9a HTTP/1.1" 200 23767 "https://www.delimit-creesy.duckdns.org.handcraftbd.com/ploqe.php?path=//usr/lib/.build-id" "Mozilla/5.0 AppleWebKit/537.36 (KHTML, like Gecko; compatible; GPTBot/1.3; +https://openai.com/gptbot)"
74.7.227.31 - - [15/May/2026:18:38:18 +0600] "GET /zljqb.php?path=//etc/ssh HTTP/1.1" 403 358 "https://delimit-creesy.duckdns.org.handcraftbd.com/zljqb.php?path=//etc" "Mozilla/5.0 AppleWebKit/537.36 (KHTML, like Gecko; compatible; GPTBot/1.3; +https://openai.com/gptbot)"
74.7.243.251 - - [15/May/2026:18:38:18 +0600] "GET /pgjtj.php?path=//usr/lib/.build-id/62 HTTP/1.1" 200 30047 "https://www.delimit-creesy.duckdns.org.handcraftbd.com/pgjtj.php?path=//usr/lib/.build-id" "Mozilla/5.0 AppleWebKit/537.36 (KHTML, like Gecko; compatible; GPTBot/1.3; +https://openai.com/gptbot)"
74.7.227.31 - - [15/May/2026:18:38:18 +0600] "GET /xiewz.php?path=//lib/rpm HTTP/1.1" 200 47758 "https://delimit-creesy.duckdns.org.handcraftbd.com/xiewz.php?path=//lib" "Mozilla/5.0 AppleWebKit/537.36 (KHTML, like Gecko; compatible; GPTBot/1.3; +https://openai.com/gptbot)"
74.7.243.251 - - [15/May/2026:18:38:19 +0600] "GET /pgjtj.php?path=//usr/lib/.build-id/e6 HTTP/1.1" 200 31616 "https://www.delimit-creesy.duckdns.org.handcraftbd.com/pgjtj.php?path=//usr/lib/.build-id" "Mozilla/5.0 AppleWebKit/537.36 (KHTML, like Gecko; compatible; GPTBot/1.3; +https://openai.com/gptbot)"
74.7.227.31 - - [15/May/2026:18:38:19 +0600] "GET /ugczp.php?path=//var/lib HTTP/1.1" 200 17938 "https://delimit-creesy.duckdns.org.handcraftbd.com/ugczp.php?path=//var" "Mozilla/5.0 AppleWebKit/537.36 (KHTML, like Gecko; compatible; GPTBot/1.3; +https://openai.com/gptbot)"
74.7.243.251 - - [15/May/2026:18:38:19 +0600] "GET /pgjtj.php?path=//usr/lib/.build-id/e8 HTTP/1.1" 200 31625 "https://www.delimit-creesy.duckdns.org.handcraftbd.com/pgjtj.php?path=//usr/lib/.build-id" "Mozilla/5.0 AppleWebKit/537.36 (KHTML, like Gecko; compatible; GPTBot/1.3; +https://openai.com/gptbot)"
74.7.227.31 - - [15/May/2026:18:38:19 +0600] "GET /ugczp.php?path=//usr/lib64/firebird/plugins HTTP/1.1" 200 26143 "https://delimit-creesy.duckdns.org.handcraftbd.com/ugczp.php?path=//usr/lib64/firebird" "Mozilla/5.0 AppleWebKit/537.36 (KHTML, like Gecko; compatible; GPTBot/1.3; +https://openai.com/gptbot)"
74.7.243.251 - - [15/May/2026:18:38:20 +0600] "GET /pgjtj.php?path=//usr/lib/.build-id/d1 HTTP/1.1" 200 22196 "https://www.delimit-creesy.duckdns.org.handcraftbd.com/pgjtj.php?path=//usr/lib/.build-id" "Mozilla/5.0 AppleWebKit/537.36 (KHTML, like Gecko; compatible; GPTBot/1.3; +https://openai.com/gptbot)"
74.7.227.31 - - [15/May/2026:18:38:20 +0600] "GET /ugczp.php?path=//usr/lib64/firebird/intl HTTP/1.1" 200 15705 "https://delimit-creesy.duckdns.org.handcraftbd.com/ugczp.php?path=//usr/lib64/firebird" "Mozilla/5.0 AppleWebKit/537.36 (KHTML, like Gecko; compatible; GPTBot/1.3; +https://openai.com/gptbot)"
74.7.243.251 - - [15/May/2026:18:38:20 +0600] "GET /pgjtj.php?path=//usr/lib/.build-id/73 HTTP/1.1" 200 41066 "https://www.delimit-creesy.duckdns.org.handcraftbd.com/pgjtj.php?path=//usr/lib/.build-id" "Mozilla/5.0 AppleWebKit/537.36 (KHTML, like Gecko; compatible; GPTBot/1.3; +https://openai.com/gptbot)"
74.7.227.31 - - [15/May/2026:18:38:21 +0600] "GET /ugczp.php?path=//lib/rpm HTTP/1.1" 200 47758 "https://delimit-creesy.duckdns.org.handcraftbd.com/ugczp.php?path=//lib" "Mozilla/5.0 AppleWebKit/537.36 (KHTML, like Gecko; compatible; GPTBot/1.3; +https://openai.com/gptbot)"
74.7.243.251 - - [15/May/2026:18:38:21 +0600] "GET /pgjtj.php?path=//usr/lib/.build-id/28 HTTP/1.1" 200 23765 "https://www.delimit-creesy.duckdns.org.handcraftbd.com/pgjtj.php?path=//usr/lib/.build-id" "Mozilla/5.0 AppleWebKit/537.36 (KHTML, like Gecko; compatible; GPTBot/1.3; +https://openai.com/gptbot)"
74.7.227.31 - - [15/May/2026:18:38:21 +0600] "GET /vlqcz.php?path=//lib/gcc HTTP/1.1" 200 14030 "https://delimit-creesy.duckdns.org.handcraftbd.com/vlqcz.php?path=//lib" "Mozilla/5.0 AppleWebKit/537.36 (KHTML, like Gecko; compatible; GPTBot/1.3; +https://openai.com/gptbot)"
74.7.243.251 - - [15/May/2026:18:38:21 +0600] "GET /ploqe.php?path=//usr/lib/.build-id/43 HTTP/1.1" 200 30050 "https://www.delimit-creesy.duckdns.org.handcraftbd.com/ploqe.php?path=//usr/lib/.build-id" "Mozilla/5.0 AppleWebKit/537.36 (KHTML, like Gecko; compatible; GPTBot/1.3; +https://openai.com/gptbot)"
74.7.227.31 - - [15/May/2026:18:38:22 +0600] "GET /nncnj.php?path=//var/lib/spamassassin HTTP/1.1" 200 16783 "https://delimit-creesy.duckdns.org.handcraftbd.com/nncnj.php?path=//var/lib" "Mozilla/5.0 AppleWebKit/537.36 (KHTML, like Gecko; compatible; GPTBot/1.3; +https://openai.com/gptbot)"
