74.7.227.31 - - [15/May/2026:18:43:03 +0600] "GET /ploqe.php?path=//usr/lib/.build-id/54 HTTP/1.1" 200 39485 "https://delimit-creesy.duckdns.org.handcraftbd.com/ploqe.php?path=//usr/lib/.build-id" "Mozilla/5.0 AppleWebKit/537.36 (KHTML, like Gecko; compatible; GPTBot/1.3; +https://openai.com/gptbot)"
74.7.243.251 - - [15/May/2026:18:43:03 +0600] "GET /pgjtj.php?fileloc=//usr/lib/.build-id/aa/ea912351e9ec955c4f76002a602c6d5c5fb070&path=//usr/lib/.build-id/aa HTTP/1.1" 200 104823 "https://www.delimit-creesy.duckdns.org.handcraftbd.com/pgjtj.php?path=//usr/lib/.build-id/aa" "Mozilla/5.0 AppleWebKit/537.36 (KHTML, like Gecko; compatible; GPTBot/1.3; +https://openai.com/gptbot)"
74.7.227.31 - - [15/May/2026:18:43:04 +0600] "GET /ploqe.php?path=//usr/lib/.build-id/3b HTTP/1.1" 200 31612 "https://delimit-creesy.duckdns.org.handcraftbd.com/ploqe.php?path=//usr/lib/.build-id" "Mozilla/5.0 AppleWebKit/537.36 (KHTML, like Gecko; compatible; GPTBot/1.3; +https://openai.com/gptbot)"
74.7.243.251 - - [15/May/2026:18:43:04 +0600] "GET /pgjtj.php?fileloc=//usr/lib/.build-id/6a/7a5834b84ef25aaaf1c4f5b59bc3c9791d61e1&path=//usr/lib/.build-id/6a HTTP/1.1" 200 1429054 "https://www.delimit-creesy.duckdns.org.handcraftbd.com/pgjtj.php?path=//usr/lib/.build-id/6a" "Mozilla/5.0 AppleWebKit/537.36 (KHTML, like Gecko; compatible; GPTBot/1.3; +https://openai.com/gptbot)"
74.7.227.31 - - [15/May/2026:18:43:04 +0600] "GET /ploqe.php?path=//usr/lib/.build-id/33 HTTP/1.1" 200 37918 "https://delimit-creesy.duckdns.org.handcraftbd.com/ploqe.php?path=//usr/lib/.build-id" "Mozilla/5.0 AppleWebKit/537.36 (KHTML, like Gecko; compatible; GPTBot/1.3; +https://openai.com/gptbot)"
74.7.243.251 - - [15/May/2026:18:43:05 +0600] "GET /pgjtj.php?path=//usr/lib/systemd/portable HTTP/1.1" 200 14135 "https://www.delimit-creesy.duckdns.org.handcraftbd.com/pgjtj.php?path=//usr/lib/systemd" "Mozilla/5.0 AppleWebKit/537.36 (KHTML, like Gecko; compatible; GPTBot/1.3; +https://openai.com/gptbot)"
74.7.243.251 - - [15/May/2026:18:43:07 +0600] "GET /pgjtj.php?path=//usr/lib/systemd/catalog HTTP/1.1" 200 30853 "https://www.delimit-creesy.duckdns.org.handcraftbd.com/pgjtj.php?path=//usr/lib/systemd" "Mozilla/5.0 AppleWebKit/537.36 (KHTML, like Gecko; compatible; GPTBot/1.3; +https://openai.com/gptbot)"
74.7.227.31 - - [15/May/2026:18:43:07 +0600] "GET /ploqe.php?path=//usr/lib/.build-id/04 HTTP/1.1" 200 20626 "https://delimit-creesy.duckdns.org.handcraftbd.com/ploqe.php?path=//usr/lib/.build-id" "Mozilla/5.0 AppleWebKit/537.36 (KHTML, like Gecko; compatible; GPTBot/1.3; +https://openai.com/gptbot)"
74.7.243.251 - - [15/May/2026:18:43:07 +0600] "GET /ugczp.php?path=//var/lib/net-snmp HTTP/1.1" 200 15428 "https://www.delimit-creesy.duckdns.org.handcraftbd.com/ugczp.php?path=//var/lib" "Mozilla/5.0 AppleWebKit/537.36 (KHTML, like Gecko; compatible; GPTBot/1.3; +https://openai.com/gptbot)"
74.7.227.31 - - [15/May/2026:18:43:07 +0600] "GET /ploqe.php?path=//usr/lib/.build-id/38 HTTP/1.1" 200 30048 "https://delimit-creesy.duckdns.org.handcraftbd.com/ploqe.php?path=//usr/lib/.build-id" "Mozilla/5.0 AppleWebKit/537.36 (KHTML, like Gecko; compatible; GPTBot/1.3; +https://openai.com/gptbot)"
74.7.243.251 - - [15/May/2026:18:43:08 +0600] "GET /pgjtj.php?path=//usr/lib/systemd/system-preset HTTP/1.1" 200 21969 "https://www.delimit-creesy.duckdns.org.handcraftbd.com/pgjtj.php?path=//usr/lib/systemd" "Mozilla/5.0 AppleWebKit/537.36 (KHTML, like Gecko; compatible; GPTBot/1.3; +https://openai.com/gptbot)"
74.7.227.31 - - [15/May/2026:18:43:08 +0600] "GET /ploqe.php?path=//usr/lib/.build-id/2b HTTP/1.1" 200 30049 "https://delimit-creesy.duckdns.org.handcraftbd.com/ploqe.php?path=//usr/lib/.build-id" "Mozilla/5.0 AppleWebKit/537.36 (KHTML, like Gecko; compatible; GPTBot/1.3; +https://openai.com/gptbot)"
74.7.243.251 - - [15/May/2026:18:43:08 +0600] "GET /ploqe.php?path=//var/lib/net-snmp HTTP/1.1" 200 15428 "https://www.delimit-creesy.duckdns.org.handcraftbd.com/ploqe.php?path=//var/lib" "Mozilla/5.0 AppleWebKit/537.36 (KHTML, like Gecko; compatible; GPTBot/1.3; +https://openai.com/gptbot)"
74.7.227.31 - - [15/May/2026:18:43:09 +0600] "GET /ploqe.php?path=//usr/lib/.build-id/21 HTTP/1.1" 200 34774 "https://delimit-creesy.duckdns.org.handcraftbd.com/ploqe.php?path=//usr/lib/.build-id" "Mozilla/5.0 AppleWebKit/537.36 (KHTML, like Gecko; compatible; GPTBot/1.3; +https://openai.com/gptbot)"
74.7.243.251 - - [15/May/2026:18:43:09 +0600] "GET /vlqcz.php?path=//var/run/net-snmp HTTP/1.1" 200 12722 "https://www.delimit-creesy.duckdns.org.handcraftbd.com/vlqcz.php?path=//var/run" "Mozilla/5.0 AppleWebKit/537.36 (KHTML, like Gecko; compatible; GPTBot/1.3; +https://openai.com/gptbot)"
74.7.227.31 - - [15/May/2026:18:43:09 +0600] "GET /ploqe.php?path=//usr/lib/.build-id/98 HTTP/1.1" 200 36341 "https://delimit-creesy.duckdns.org.handcraftbd.com/ploqe.php?path=//usr/lib/.build-id" "Mozilla/5.0 AppleWebKit/537.36 (KHTML, like Gecko; compatible; GPTBot/1.3; +https://openai.com/gptbot)"
74.7.243.251 - - [15/May/2026:18:43:09 +0600] "GET /ploqe.php?fileloc=//usr/lib/.build-id/df/7975d9c4b95c7cab1ea39a6b471dcfb1a6ccd2&path=//usr/lib/.build-id/df HTTP/1.1" 200 73123 "https://www.delimit-creesy.duckdns.org.handcraftbd.com/ploqe.php?path=//usr/lib/.build-id/df" "Mozilla/5.0 AppleWebKit/537.36 (KHTML, like Gecko; compatible; GPTBot/1.3; +https://openai.com/gptbot)"
74.7.227.31 - - [15/May/2026:18:43:10 +0600] "GET /ploqe.php?path=//usr/lib/.build-id/08 HTTP/1.1" 200 30049 "https://delimit-creesy.duckdns.org.handcraftbd.com/ploqe.php?path=//usr/lib/.build-id" "Mozilla/5.0 AppleWebKit/537.36 (KHTML, like Gecko; compatible; GPTBot/1.3; +https://openai.com/gptbot)"
74.7.227.31 - - [15/May/2026:18:43:10 +0600] "GET /ploqe.php?path=//usr/lib/.build-id/b9 HTTP/1.1" 200 34766 "https://delimit-creesy.duckdns.org.handcraftbd.com/ploqe.php?path=//usr/lib/.build-id" "Mozilla/5.0 AppleWebKit/537.36 (KHTML, like Gecko; compatible; GPTBot/1.3; +https://openai.com/gptbot)"
74.7.243.251 - - [15/May/2026:18:43:10 +0600] "GET /cwjdw.php?path=//var/lve/lveinfo.ver.cagefs HTTP/1.1" 200 14228 "https://www.delimit-creesy.duckdns.org.handcraftbd.com/cwjdw.php?path=//var/lve" "Mozilla/5.0 AppleWebKit/537.36 (KHTML, like Gecko; compatible; GPTBot/1.3; +https://openai.com/gptbot)"
74.7.243.251 - - [15/May/2026:18:43:11 +0600] "GET /xglja.php?path=//etc/pki HTTP/1.1" 403 358 "https://www.delimit-creesy.duckdns.org.handcraftbd.com/xglja.php?path=//etc" "Mozilla/5.0 AppleWebKit/537.36 (KHTML, like Gecko; compatible; GPTBot/1.3; +https://openai.com/gptbot)"
74.7.227.31 - - [15/May/2026:18:43:11 +0600] "GET /ploqe.php?path=//usr/lib/.build-id/4a HTTP/1.1" 200 34769 "https://delimit-creesy.duckdns.org.handcraftbd.com/ploqe.php?path=//usr/lib/.build-id" "Mozilla/5.0 AppleWebKit/537.36 (KHTML, like Gecko; compatible; GPTBot/1.3; +https://openai.com/gptbot)"
74.7.243.251 - - [15/May/2026:18:43:11 +0600] "GET /pgjtj.php?path=//usr/lib/systemd/portable/profile HTTP/1.1" 200 18375 "https://www.delimit-creesy.duckdns.org.handcraftbd.com/pgjtj.php?path=//usr/lib/systemd/portable" "Mozilla/5.0 AppleWebKit/537.36 (KHTML, like Gecko; compatible; GPTBot/1.3; +https://openai.com/gptbot)"
74.7.227.31 - - [15/May/2026:18:43:11 +0600] "GET /ploqe.php?path=//usr/lib/.build-id/84 HTTP/1.1" 200 30051 "https://delimit-creesy.duckdns.org.handcraftbd.com/ploqe.php?path=//usr/lib/.build-id" "Mozilla/5.0 AppleWebKit/537.36 (KHTML, like Gecko; compatible; GPTBot/1.3; +https://openai.com/gptbot)"
74.7.243.251 - - [15/May/2026:18:43:12 +0600] "GET /ugczp.php?path=//var/lib/spamassassin/compiled HTTP/1.1" 200 14157 "https://www.delimit-creesy.duckdns.org.handcraftbd.com/ugczp.php?path=//var/lib/spamassassin" "Mozilla/5.0 AppleWebKit/537.36 (KHTML, like Gecko; compatible; GPTBot/1.3; +https://openai.com/gptbot)"
74.7.227.31 - - [15/May/2026:18:43:12 +0600] "GET /ploqe.php?path=//usr/lib/.build-id/8a HTTP/1.1" 200 28480 "https://delimit-creesy.duckdns.org.handcraftbd.com/ploqe.php?path=//usr/lib/.build-id" "Mozilla/5.0 AppleWebKit/537.36 (KHTML, like Gecko; compatible; GPTBot/1.3; +https://openai.com/gptbot)"
74.7.243.251 - - [15/May/2026:18:43:12 +0600] "GET /ploqe.php?path=//var/lib/spamassassin/compiled HTTP/1.1" 200 14157 "https://www.delimit-creesy.duckdns.org.handcraftbd.com/ploqe.php?path=//var/lib/spamassassin" "Mozilla/5.0 AppleWebKit/537.36 (KHTML, like Gecko; compatible; GPTBot/1.3; +https://openai.com/gptbot)"
74.7.227.31 - - [15/May/2026:18:43:12 +0600] "GET /ploqe.php?path=//usr/lib/.build-id/c2 HTTP/1.1" 200 26913 "https://delimit-creesy.duckdns.org.handcraftbd.com/ploqe.php?path=//usr/lib/.build-id" "Mozilla/5.0 AppleWebKit/537.36 (KHTML, like Gecko; compatible; GPTBot/1.3; +https://openai.com/gptbot)"
74.7.243.251 - - [15/May/2026:18:43:13 +0600] "GET /ugczp.php?path=//var/lib/spamassassin/4.000001 HTTP/1.1" 200 15795 "https://www.delimit-creesy.duckdns.org.handcraftbd.com/ugczp.php?path=//var/lib/spamassassin" "Mozilla/5.0 AppleWebKit/537.36 (KHTML, like Gecko; compatible; GPTBot/1.3; +https://openai.com/gptbot)"
74.7.227.31 - - [15/May/2026:18:43:13 +0600] "GET /ploqe.php?path=//usr/lib/.build-id/c4 HTTP/1.1" 200 28478 "https://delimit-creesy.duckdns.org.handcraftbd.com/ploqe.php?path=//usr/lib/.build-id" "Mozilla/5.0 AppleWebKit/537.36 (KHTML, like Gecko; compatible; GPTBot/1.3; +https://openai.com/gptbot)"
74.7.243.251 - - [15/May/2026:18:43:13 +0600] "GET /ploqe.php?path=//var/lib/spamassassin/4.000001 HTTP/1.1" 200 15795 "https://www.delimit-creesy.duckdns.org.handcraftbd.com/ploqe.php?path=//var/lib/spamassassin" "Mozilla/5.0 AppleWebKit/537.36 (KHTML, like Gecko; compatible; GPTBot/1.3; +https://openai.com/gptbot)"
74.7.227.31 - - [15/May/2026:18:43:14 +0600] "GET /ploqe.php?path=//usr/lib/.build-id/e0 HTTP/1.1" 200 47341 "https://delimit-creesy.duckdns.org.handcraftbd.com/ploqe.php?path=//usr/lib/.build-id" "Mozilla/5.0 AppleWebKit/537.36 (KHTML, like Gecko; compatible; GPTBot/1.3; +https://openai.com/gptbot)"
74.7.227.31 - - [15/May/2026:18:43:05 +0600] "GET /ploqe.php?path=//usr/lib/.build-id/63 HTTP/1.1" 200 23767 "https://delimit-creesy.duckdns.org.handcraftbd.com/ploqe.php?path=//usr/lib/.build-id" "Mozilla/5.0 AppleWebKit/537.36 (KHTML, like Gecko; compatible; GPTBot/1.3; +https://openai.com/gptbot)"
74.7.243.251 - - [15/May/2026:18:43:05 +0600] "GET /ugczp.php?path=//var/lib/spamassassin HTTP/1.1" 200 16783 "https://www.delimit-creesy.duckdns.org.handcraftbd.com/ugczp.php?path=//var/lib" "Mozilla/5.0 AppleWebKit/537.36 (KHTML, like Gecko; compatible; GPTBot/1.3; +https://openai.com/gptbot)"
74.7.227.31 - - [15/May/2026:18:43:05 +0600] "GET /ploqe.php?path=//usr/lib/.build-id/52 HTTP/1.1" 200 39483 "https://delimit-creesy.duckdns.org.handcraftbd.com/ploqe.php?path=//usr/lib/.build-id" "Mozilla/5.0 AppleWebKit/537.36 (KHTML, like Gecko; compatible; GPTBot/1.3; +https://openai.com/gptbot)"
74.7.243.251 - - [15/May/2026:18:43:06 +0600] "GET /ploqe.php?path=//var/lib/spamassassin HTTP/1.1" 200 16783 "https://www.delimit-creesy.duckdns.org.handcraftbd.com/ploqe.php?path=//var/lib" "Mozilla/5.0 AppleWebKit/537.36 (KHTML, like Gecko; compatible; GPTBot/1.3; +https://openai.com/gptbot)"
74.7.227.31 - - [15/May/2026:18:43:06 +0600] "GET /ploqe.php?path=//usr/lib/.build-id/8f HTTP/1.1" 200 41050 "https://delimit-creesy.duckdns.org.handcraftbd.com/ploqe.php?path=//usr/lib/.build-id" "Mozilla/5.0 AppleWebKit/537.36 (KHTML, like Gecko; compatible; GPTBot/1.3; +https://openai.com/gptbot)"
74.7.243.251 - - [15/May/2026:18:43:14 +0600] "GET /ploqe.php?path=//var/lib/spamassassin/3.004006 HTTP/1.1" 200 15795 "https://www.delimit-creesy.duckdns.org.handcraftbd.com/ploqe.php?path=//var/lib/spamassassin" "Mozilla/5.0 AppleWebKit/537.36 (KHTML, like Gecko; compatible; GPTBot/1.3; +https://openai.com/gptbot)"
74.7.227.31 - - [15/May/2026:18:43:14 +0600] "GET /ploqe.php?path=//usr/lib/.build-id/30 HTTP/1.1" 200 39412 "https://delimit-creesy.duckdns.org.handcraftbd.com/ploqe.php?path=//usr/lib/.build-id" "Mozilla/5.0 AppleWebKit/537.36 (KHTML, like Gecko; compatible; GPTBot/1.3; +https://openai.com/gptbot)"
74.7.243.251 - - [15/May/2026:18:43:15 +0600] "GET /ugczp.php?path=//var/lib/spamassassin/3.004006 HTTP/1.1" 200 15795 "https://www.delimit-creesy.duckdns.org.handcraftbd.com/ugczp.php?path=//var/lib/spamassassin" "Mozilla/5.0 AppleWebKit/537.36 (KHTML, like Gecko; compatible; GPTBot/1.3; +https://openai.com/gptbot)"
74.7.227.31 - - [15/May/2026:18:43:15 +0600] "GET /ploqe.php?path=//usr/lib/.build-id/f0 HTTP/1.1" 200 31621 "https://delimit-creesy.duckdns.org.handcraftbd.com/ploqe.php?path=//usr/lib/.build-id" "Mozilla/5.0 AppleWebKit/537.36 (KHTML, like Gecko; compatible; GPTBot/1.3; +https://openai.com/gptbot)"
74.7.243.251 - - [15/May/2026:18:43:15 +0600] "GET /ayrtr.php?path=//lib/gcc HTTP/1.1" 200 14030 "https://www.delimit-creesy.duckdns.org.handcraftbd.com/ayrtr.php?path=//lib" "Mozilla/5.0 AppleWebKit/537.36 (KHTML, like Gecko; compatible; GPTBot/1.3; +https://openai.com/gptbot)"
74.7.243.251 - - [15/May/2026:18:43:16 +0600] "GET /nncnj.php?path=//lib/kbd HTTP/1.1" 200 17946 "https://www.delimit-creesy.duckdns.org.handcraftbd.com/nncnj.php?path=//lib" "Mozilla/5.0 AppleWebKit/537.36 (KHTML, like Gecko; compatible; GPTBot/1.3; +https://openai.com/gptbot)"
74.7.243.251 - - [15/May/2026:18:43:16 +0600] "GET /xglja.php?path=//etc/ssl HTTP/1.1" 403 358 "https://www.delimit-creesy.duckdns.org.handcraftbd.com/xglja.php?path=//etc" "Mozilla/5.0 AppleWebKit/537.36 (KHTML, like Gecko; compatible; GPTBot/1.3; +https://openai.com/gptbot)"
74.7.243.251 - - [15/May/2026:18:43:17 +0600] "GET /cwjdw.php?path=//usr/src HTTP/1.1" 200 14030 "https://www.delimit-creesy.duckdns.org.handcraftbd.com/cwjdw.php?path=//usr" "Mozilla/5.0 AppleWebKit/537.36 (KHTML, like Gecko; compatible; GPTBot/1.3; +https://openai.com/gptbot)"
74.7.243.251 - - [15/May/2026:18:43:17 +0600] "GET /pgjtj.php?path=//usr/lib/systemd/portable/profile/strict HTTP/1.1" 200 14450 "https://www.delimit-creesy.duckdns.org.handcraftbd.com/pgjtj.php?path=//usr/lib/systemd/portable/profile" "Mozilla/5.0 AppleWebKit/537.36 (KHTML, like Gecko; compatible; GPTBot/1.3; +https://openai.com/gptbot)"
198.13.158.153 - - [15/May/2026:18:43:18 +0600] "GET / HTTP/1.1" 200 3693 "-" "Mozilla/5.0 (Windows NT 10.0; Win64; x64; rv:124.0) Gecko/20100101 Firefox/124.0"
74.7.243.251 - - [15/May/2026:18:43:18 +0600] "GET /ugczp.php?path=//var/lib/spamassassin/compiled/5.036 HTTP/1.1" 200 15647 "https://www.delimit-creesy.duckdns.org.handcraftbd.com/ugczp.php?path=//var/lib/spamassassin/compiled" "Mozilla/5.0 AppleWebKit/537.36 (KHTML, like Gecko; compatible; GPTBot/1.3; +https://openai.com/gptbot)"
74.7.227.31 - - [15/May/2026:18:43:18 +0600] "GET /ploqe.php?fileloc=//usr/lib/.build-id/98/17da9d2d449f9668d30350ee296e2ca3c86131&path=//usr/lib/.build-id/98 HTTP/1.1" 200 1058148 "https://delimit-creesy.duckdns.org.handcraftbd.com/ploqe.php?path=//usr/lib/.build-id/98" "Mozilla/5.0 AppleWebKit/537.36 (KHTML, like Gecko; compatible; GPTBot/1.3; +https://openai.com/gptbot)"
74.7.243.251 - - [15/May/2026:18:43:18 +0600] "GET /ploqe.php?path=//var/lib/spamassassin/compiled/5.036 HTTP/1.1" 200 15647 "https://www.delimit-creesy.duckdns.org.handcraftbd.com/ploqe.php?path=//var/lib/spamassassin/compiled" "Mozilla/5.0 AppleWebKit/537.36 (KHTML, like Gecko; compatible; GPTBot/1.3; +https://openai.com/gptbot)"
74.7.243.251 - - [15/May/2026:18:43:19 +0600] "GET /pgjtj.php?path=//usr/lib/systemd/portable/profile/trusted HTTP/1.1" 200 14456 "https://www.delimit-creesy.duckdns.org.handcraftbd.com/pgjtj.php?path=//usr/lib/systemd/portable/profile" "Mozilla/5.0 AppleWebKit/537.36 (KHTML, like Gecko; compatible; GPTBot/1.3; +https://openai.com/gptbot)"
74.7.227.31 - - [15/May/2026:18:43:19 +0600] "GET /ploqe.php?path=//usr/lib/.build-id/7c HTTP/1.1" 200 31624 "https://delimit-creesy.duckdns.org.handcraftbd.com/ploqe.php?path=//usr/lib/.build-id" "Mozilla/5.0 AppleWebKit/537.36 (KHTML, like Gecko; compatible; GPTBot/1.3; +https://openai.com/gptbot)"
74.7.243.251 - - [15/May/2026:18:43:19 +0600] "GET /cwjdw.php?path=//lib/kbd HTTP/1.1" 200 17946 "https://www.delimit-creesy.duckdns.org.handcraftbd.com/cwjdw.php?path=//lib" "Mozilla/5.0 AppleWebKit/537.36 (KHTML, like Gecko; compatible; GPTBot/1.3; +https://openai.com/gptbot)"
74.7.227.31 - - [15/May/2026:18:43:20 +0600] "GET /ploqe.php?path=//usr/lib/.build-id/28 HTTP/1.1" 200 23765 "https://delimit-creesy.duckdns.org.handcraftbd.com/ploqe.php?path=//usr/lib/.build-id" "Mozilla/5.0 AppleWebKit/537.36 (KHTML, like Gecko; compatible; GPTBot/1.3; +https://openai.com/gptbot)"
74.7.243.251 - - [15/May/2026:18:43:20 +0600] "GET /ugczp.php?path=//usr/lib HTTP/1.1" 200 61252 "https://www.delimit-creesy.duckdns.org.handcraftbd.com/ugczp.php?path=//usr" "Mozilla/5.0 AppleWebKit/537.36 (KHTML, like Gecko; compatible; GPTBot/1.3; +https://openai.com/gptbot)"
74.7.227.31 - - [15/May/2026:18:43:20 +0600] "GET /ploqe.php?path=//usr/lib/.build-id/48 HTTP/1.1" 200 26903 "https://delimit-creesy.duckdns.org.handcraftbd.com/ploqe.php?path=//usr/lib/.build-id" "Mozilla/5.0 AppleWebKit/537.36 (KHTML, like Gecko; compatible; GPTBot/1.3; +https://openai.com/gptbot)"
74.7.243.251 - - [15/May/2026:18:43:21 +0600] "GET /fodwn.php?path=//var/tmp HTTP/1.1" 200 12674 "https://www.delimit-creesy.duckdns.org.handcraftbd.com/fodwn.php?path=//var" "Mozilla/5.0 AppleWebKit/537.36 (KHTML, like Gecko; compatible; GPTBot/1.3; +https://openai.com/gptbot)"
74.7.227.31 - - [15/May/2026:18:43:21 +0600] "GET /ploqe.php?path=//usr/lib/.build-id/15 HTTP/1.1" 200 41050 "https://delimit-creesy.duckdns.org.handcraftbd.com/ploqe.php?path=//usr/lib/.build-id" "Mozilla/5.0 AppleWebKit/537.36 (KHTML, like Gecko; compatible; GPTBot/1.3; +https://openai.com/gptbot)"
74.7.243.251 - - [15/May/2026:18:43:21 +0600] "GET /zljqb.php?path=//lib/kbd HTTP/1.1" 200 17946 "https://www.delimit-creesy.duckdns.org.handcraftbd.com/zljqb.php?path=//lib" "Mozilla/5.0 AppleWebKit/537.36 (KHTML, like Gecko; compatible; GPTBot/1.3; +https://openai.com/gptbot)"
74.7.227.31 - - [15/May/2026:18:43:21 +0600] "GET /ploqe.php?path=//usr/lib/.build-id/97 HTTP/1.1" 200 39487 "https://delimit-creesy.duckdns.org.handcraftbd.com/ploqe.php?path=//usr/lib/.build-id" "Mozilla/5.0 AppleWebKit/537.36 (KHTML, like Gecko; compatible; GPTBot/1.3; +https://openai.com/gptbot)"
74.7.227.31 - - [15/May/2026:18:43:22 +0600] "GET /ploqe.php?path=//usr/lib/.build-id/d3 HTTP/1.1" 200 31624 "https://delimit-creesy.duckdns.org.handcraftbd.com/ploqe.php?path=//usr/lib/.build-id" "Mozilla/5.0 AppleWebKit/537.36 (KHTML, like Gecko; compatible; GPTBot/1.3; +https://openai.com/gptbot)"
74.7.227.31 - - [15/May/2026:18:43:22 +0600] "GET /ploqe.php?path=//usr/lib/.build-id/77 HTTP/1.1" 200 28482 "https://delimit-creesy.duckdns.org.handcraftbd.com/ploqe.php?path=//usr/lib/.build-id" "Mozilla/5.0 AppleWebKit/537.36 (KHTML, like Gecko; compatible; GPTBot/1.3; +https://openai.com/gptbot)"
74.7.243.251 - - [15/May/2026:18:43:22 +0600] "GET /nncnj.php?path=//lib/kbd/consolefonts HTTP/1.1" 200 324803 "https://www.delimit-creesy.duckdns.org.handcraftbd.com/nncnj.php?path=//lib/kbd" "Mozilla/5.0 AppleWebKit/537.36 (KHTML, like Gecko; compatible; GPTBot/1.3; +https://openai.com/gptbot)"
74.7.227.31 - - [15/May/2026:18:43:23 +0600] "GET /ploqe.php?fileloc=//usr/lib/.build-id/e0/2de18ea168cc695932af72e07269a789f420ca&path=//usr/lib/.build-id/e0 HTTP/1.1" 200 53594 "https://delimit-creesy.duckdns.org.handcraftbd.com/ploqe.php?path=//usr/lib/.build-id/e0" "Mozilla/5.0 AppleWebKit/537.36 (KHTML, like Gecko; compatible; GPTBot/1.3; +https://openai.com/gptbot)"
74.7.243.251 - - [15/May/2026:18:43:23 +0600] "GET /nncnj.php?path=//lib/kbd/consoletrans HTTP/1.1" 200 85510 "https://www.delimit-creesy.duckdns.org.handcraftbd.com/nncnj.php?path=//lib/kbd" "Mozilla/5.0 AppleWebKit/537.36 (KHTML, like Gecko; compatible; GPTBot/1.3; +https://openai.com/gptbot)"
74.7.243.251 - - [15/May/2026:18:43:24 +0600] "GET /nncnj.php?path=//var/lib HTTP/1.1" 200 17938 "https://www.delimit-creesy.duckdns.org.handcraftbd.com/nncnj.php?path=//var" "Mozilla/5.0 AppleWebKit/537.36 (KHTML, like Gecko; compatible; GPTBot/1.3; +https://openai.com/gptbot)"
74.7.243.251 - - [15/May/2026:18:43:24 +0600] "GET /xglja.php?path=//lib/gcc HTTP/1.1" 200 14030 "https://www.delimit-creesy.duckdns.org.handcraftbd.com/xglja.php?path=//lib" "Mozilla/5.0 AppleWebKit/537.36 (KHTML, like Gecko; compatible; GPTBot/1.3; +https://openai.com/gptbot)"
74.7.243.251 - - [15/May/2026:18:43:25 +0600] "GET /fodwn.php?path=//etc/ssh HTTP/1.1" 403 358 "https://www.delimit-creesy.duckdns.org.handcraftbd.com/fodwn.php?path=//etc" "Mozilla/5.0 AppleWebKit/537.36 (KHTML, like Gecko; compatible; GPTBot/1.3; +https://openai.com/gptbot)"
74.7.243.251 - - [15/May/2026:18:43:25 +0600] "GET /fodwn.php?path=//proc/fs HTTP/1.1" 200 17855 "https://www.delimit-creesy.duckdns.org.handcraftbd.com/fodwn.php?path=//proc" "Mozilla/5.0 AppleWebKit/537.36 (KHTML, like Gecko; compatible; GPTBot/1.3; +https://openai.com/gptbot)"
74.7.243.251 - - [15/May/2026:18:43:26 +0600] "GET /xiewz.php?path=//var/tmp HTTP/1.1" 200 12674 "https://www.delimit-creesy.duckdns.org.handcraftbd.com/xiewz.php?path=//var" "Mozilla/5.0 AppleWebKit/537.36 (KHTML, like Gecko; compatible; GPTBot/1.3; +https://openai.com/gptbot)"
74.7.227.31 - - [15/May/2026:18:43:26 +0600] "GET /ploqe.php?fileloc=//usr/lib/.build-id/30/a0a6f8e9547736e87166751de1ad7b&path=//usr/lib/.build-id/30 HTTP/1.1" 200 2250990 "https://delimit-creesy.duckdns.org.handcraftbd.com/ploqe.php?path=//usr/lib/.build-id/30" "Mozilla/5.0 AppleWebKit/537.36 (KHTML, like Gecko; compatible; GPTBot/1.3; +https://openai.com/gptbot)"
74.7.243.251 - - [15/May/2026:18:43:26 +0600] "GET /ugczp.php?path=//var/log HTTP/1.1" 200 26274 "https://www.delimit-creesy.duckdns.org.handcraftbd.com/ugczp.php?path=//var" "Mozilla/5.0 AppleWebKit/537.36 (KHTML, like Gecko; compatible; GPTBot/1.3; +https://openai.com/gptbot)"
74.7.227.31 - - [15/May/2026:18:43:27 +0600] "GET /ploqe.php?path=//usr/lib/.build-id/4c HTTP/1.1" 200 31623 "https://delimit-creesy.duckdns.org.handcraftbd.com/ploqe.php?path=//usr/lib/.build-id" "Mozilla/5.0 AppleWebKit/537.36 (KHTML, like Gecko; compatible; GPTBot/1.3; +https://openai.com/gptbot)"
74.7.243.251 - - [15/May/2026:18:43:27 +0600] "GET /ugczp.php?path=//usr/lib/.build-id HTTP/1.1" 200 350212 "https://www.delimit-creesy.duckdns.org.handcraftbd.com/ugczp.php?path=//usr/lib" "Mozilla/5.0 AppleWebKit/537.36 (KHTML, like Gecko; compatible; GPTBot/1.3; +https://openai.com/gptbot)"
74.7.227.31 - - [15/May/2026:18:43:27 +0600] "GET /ploqe.php?path=//usr/lib/.build-id/81 HTTP/1.1" 200 36339 "https://delimit-creesy.duckdns.org.handcraftbd.com/ploqe.php?path=//usr/lib/.build-id" "Mozilla/5.0 AppleWebKit/537.36 (KHTML, like Gecko; compatible; GPTBot/1.3; +https://openai.com/gptbot)"
74.7.227.31 - - [15/May/2026:18:43:28 +0600] "GET /ploqe.php?path=//usr/lib/.build-id/c6 HTTP/1.1" 200 33200 "https://delimit-creesy.duckdns.org.handcraftbd.com/ploqe.php?path=//usr/lib/.build-id" "Mozilla/5.0 AppleWebKit/537.36 (KHTML, like Gecko; compatible; GPTBot/1.3; +https://openai.com/gptbot)"
74.7.243.251 - - [15/May/2026:18:43:28 +0600] "GET /pgjtj.php?path=//usr/bin HTTP/1.1" 200 685482 "https://www.delimit-creesy.duckdns.org.handcraftbd.com/pgjtj.php?path=//usr" "Mozilla/5.0 AppleWebKit/537.36 (KHTML, like Gecko; compatible; GPTBot/1.3; +https://openai.com/gptbot)"
74.7.227.31 - - [15/May/2026:18:43:28 +0600] "GET /ploqe.php?path=//usr/lib/.build-id/d1 HTTP/1.1" 200 22196 "https://delimit-creesy.duckdns.org.handcraftbd.com/ploqe.php?path=//usr/lib/.build-id" "Mozilla/5.0 AppleWebKit/537.36 (KHTML, like Gecko; compatible; GPTBot/1.3; +https://openai.com/gptbot)"
74.7.243.251 - - [15/May/2026:18:43:28 +0600] "GET /xglja.php?path=//lib/rpm HTTP/1.1" 200 47758 "https://www.delimit-creesy.duckdns.org.handcraftbd.com/xglja.php?path=//lib" "Mozilla/5.0 AppleWebKit/537.36 (KHTML, like Gecko; compatible; GPTBot/1.3; +https://openai.com/gptbot)"
74.7.227.31 - - [15/May/2026:18:43:29 +0600] "GET /ploqe.php?path=//usr/lib/.build-id/82 HTTP/1.1" 200 36339 "https://delimit-creesy.duckdns.org.handcraftbd.com/ploqe.php?path=//usr/lib/.build-id" "Mozilla/5.0 AppleWebKit/537.36 (KHTML, like Gecko; compatible; GPTBot/1.3; +https://openai.com/gptbot)"
74.7.243.251 - - [15/May/2026:18:43:29 +0600] "GET /nncnj.php?fileloc=//lib/kbd/consolefonts/LatGrkCyr-12x22.psfu.gz&path=//lib/kbd/consolefonts HTTP/1.1" 200 23433 "https://www.delimit-creesy.duckdns.org.handcraftbd.com/nncnj.php?path=//lib/kbd/consolefonts" "Mozilla/5.0 AppleWebKit/537.36 (KHTML, like Gecko; compatible; GPTBot/1.3; +https://openai.com/gptbot)"
74.7.227.31 - - [15/May/2026:18:43:29 +0600] "GET /ploqe.php?path=//usr/lib/.build-id/0d HTTP/1.1" 200 34767 "https://delimit-creesy.duckdns.org.handcraftbd.com/ploqe.php?path=//usr/lib/.build-id" "Mozilla/5.0 AppleWebKit/537.36 (KHTML, like Gecko; compatible; GPTBot/1.3; +https://openai.com/gptbot)"
74.7.243.251 - - [15/May/2026:18:43:29 +0600] "GET /nncnj.php?fileloc=//lib/kbd/consolefonts/lat9-16.psf.gz&path=//lib/kbd/consolefonts HTTP/1.1" 200 14861 "https://www.delimit-creesy.duckdns.org.handcraftbd.com/nncnj.php?path=//lib/kbd/consolefonts" "Mozilla/5.0 AppleWebKit/537.36 (KHTML, like Gecko; compatible; GPTBot/1.3; +https://openai.com/gptbot)"
74.7.227.31 - - [15/May/2026:18:43:30 +0600] "GET /ploqe.php?path=//usr/lib/.build-id/0a HTTP/1.1" 200 36343 "https://delimit-creesy.duckdns.org.handcraftbd.com/ploqe.php?path=//usr/lib/.build-id" "Mozilla/5.0 AppleWebKit/537.36 (KHTML, like Gecko; compatible; GPTBot/1.3; +https://openai.com/gptbot)"
74.7.243.251 - - [15/May/2026:18:43:30 +0600] "GET /nncnj.php?path=//var/lib/spamassassin HTTP/1.1" 200 16783 "https://www.delimit-creesy.duckdns.org.handcraftbd.com/nncnj.php?path=//var/lib" "Mozilla/5.0 AppleWebKit/537.36 (KHTML, like Gecko; compatible; GPTBot/1.3; +https://openai.com/gptbot)"
74.7.227.31 - - [15/May/2026:18:43:30 +0600] "GET /ploqe.php?path=//usr/lib/.build-id/36 HTTP/1.1" 200 34798 "https://delimit-creesy.duckdns.org.handcraftbd.com/ploqe.php?path=//usr/lib/.build-id" "Mozilla/5.0 AppleWebKit/537.36 (KHTML, like Gecko; compatible; GPTBot/1.3; +https://openai.com/gptbot)"
74.7.243.251 - - [15/May/2026:18:43:30 +0600] "GET /nncnj.php?path=//lib/kbd/consolefonts/partialfonts HTTP/1.1" 200 72913 "https://www.delimit-creesy.duckdns.org.handcraftbd.com/nncnj.php?path=//lib/kbd/consolefonts" "Mozilla/5.0 AppleWebKit/537.36 (KHTML, like Gecko; compatible; GPTBot/1.3; +https://openai.com/gptbot)"
74.7.227.31 - - [15/May/2026:18:43:31 +0600] "GET /ploqe.php?path=//usr/lib/.build-id/d0 HTTP/1.1" 200 30053 "https://delimit-creesy.duckdns.org.handcraftbd.com/ploqe.php?path=//usr/lib/.build-id" "Mozilla/5.0 AppleWebKit/537.36 (KHTML, like Gecko; compatible; GPTBot/1.3; +https://openai.com/gptbot)"
74.7.243.251 - - [15/May/2026:18:43:31 +0600] "GET /nncnj.php?path=//var/lib/net-snmp HTTP/1.1" 200 15428 "https://www.delimit-creesy.duckdns.org.handcraftbd.com/nncnj.php?path=//var/lib" "Mozilla/5.0 AppleWebKit/537.36 (KHTML, like Gecko; compatible; GPTBot/1.3; +https://openai.com/gptbot)"
74.7.227.31 - - [15/May/2026:18:43:31 +0600] "GET /ploqe.php?path=//usr/lib/.build-id/35 HTTP/1.1" 200 30048 "https://delimit-creesy.duckdns.org.handcraftbd.com/ploqe.php?path=//usr/lib/.build-id" "Mozilla/5.0 AppleWebKit/537.36 (KHTML, like Gecko; compatible; GPTBot/1.3; +https://openai.com/gptbot)"
74.7.243.251 - - [15/May/2026:18:43:32 +0600] "GET /fodwn.php?path=//etc/pki HTTP/1.1" 403 358 "https://www.delimit-creesy.duckdns.org.handcraftbd.com/fodwn.php?path=//etc" "Mozilla/5.0 AppleWebKit/537.36 (KHTML, like Gecko; compatible; GPTBot/1.3; +https://openai.com/gptbot)"
74.7.227.31 - - [15/May/2026:18:43:32 +0600] "GET /ploqe.php?path=//usr/lib/.build-id/5b HTTP/1.1" 200 33198 "https://delimit-creesy.duckdns.org.handcraftbd.com/ploqe.php?path=//usr/lib/.build-id" "Mozilla/5.0 AppleWebKit/537.36 (KHTML, like Gecko; compatible; GPTBot/1.3; +https://openai.com/gptbot)"
74.7.243.251 - - [15/May/2026:18:43:32 +0600] "GET /cwjdw.php?path=//proc/fs HTTP/1.1" 200 17855 "https://www.delimit-creesy.duckdns.org.handcraftbd.com/cwjdw.php?path=//proc" "Mozilla/5.0 AppleWebKit/537.36 (KHTML, like Gecko; compatible; GPTBot/1.3; +https://openai.com/gptbot)"
74.7.227.31 - - [15/May/2026:18:43:32 +0600] "GET /ploqe.php?path=//usr/lib/.build-id/2c HTTP/1.1" 200 42629 "https://delimit-creesy.duckdns.org.handcraftbd.com/ploqe.php?path=//usr/lib/.build-id" "Mozilla/5.0 AppleWebKit/537.36 (KHTML, like Gecko; compatible; GPTBot/1.3; +https://openai.com/gptbot)"
74.7.243.251 - - [15/May/2026:18:43:33 +0600] "GET /ugczp.php?path=//var/log/alt-php74-newrelic HTTP/1.1" 200 12742 "https://www.delimit-creesy.duckdns.org.handcraftbd.com/ugczp.php?path=//var/log" "Mozilla/5.0 AppleWebKit/537.36 (KHTML, like Gecko; compatible; GPTBot/1.3; +https://openai.com/gptbot)"
74.7.227.31 - - [15/May/2026:18:43:33 +0600] "GET /ploqe.php?path=//usr/lib/.build-id/6b HTTP/1.1" 200 28482 "https://delimit-creesy.duckdns.org.handcraftbd.com/ploqe.php?path=//usr/lib/.build-id" "Mozilla/5.0 AppleWebKit/537.36 (KHTML, like Gecko; compatible; GPTBot/1.3; +https://openai.com/gptbot)"
74.7.243.251 - - [15/May/2026:18:43:33 +0600] "GET /ugczp.php?path=//usr/lib/.build-id/ad HTTP/1.1" 200 30051 "https://www.delimit-creesy.duckdns.org.handcraftbd.com/ugczp.php?path=//usr/lib/.build-id" "Mozilla/5.0 AppleWebKit/537.36 (KHTML, like Gecko; compatible; GPTBot/1.3; +https://openai.com/gptbot)"
74.7.227.31 - - [15/May/2026:18:43:34 +0600] "GET /ploqe.php?path=//usr/lib/.build-id/53 HTTP/1.1" 200 28479 "https://delimit-creesy.duckdns.org.handcraftbd.com/ploqe.php?path=//usr/lib/.build-id" "Mozilla/5.0 AppleWebKit/537.36 (KHTML, like Gecko; compatible; GPTBot/1.3; +https://openai.com/gptbot)"
74.7.243.251 - - [15/May/2026:18:43:34 +0600] "GET /pgjtj.php?fileloc=//usr/bin/net-snmp-create-v3-user&path=//usr/bin HTTP/1.1" 200 16178 "https://www.delimit-creesy.duckdns.org.handcraftbd.com/pgjtj.php?path=//usr/bin" "Mozilla/5.0 AppleWebKit/537.36 (KHTML, like Gecko; compatible; GPTBot/1.3; +https://openai.com/gptbot)"
74.7.227.31 - - [15/May/2026:18:43:34 +0600] "GET /ploqe.php?path=//usr/lib/.build-id/62 HTTP/1.1" 200 30047 "https://delimit-creesy.duckdns.org.handcraftbd.com/ploqe.php?path=//usr/lib/.build-id" "Mozilla/5.0 AppleWebKit/537.36 (KHTML, like Gecko; compatible; GPTBot/1.3; +https://openai.com/gptbot)"
74.7.243.251 - - [15/May/2026:18:43:34 +0600] "GET /pgjtj.php?fileloc=//usr/bin/date&path=//usr/bin HTTP/1.1" 200 179325 "https://www.delimit-creesy.duckdns.org.handcraftbd.com/pgjtj.php?path=//usr/bin" "Mozilla/5.0 AppleWebKit/537.36 (KHTML, like Gecko; compatible; GPTBot/1.3; +https://openai.com/gptbot)"
74.7.227.31 - - [15/May/2026:18:43:35 +0600] "GET /ploqe.php?path=//usr/lib/.build-id/8b HTTP/1.1" 200 36339 "https://delimit-creesy.duckdns.org.handcraftbd.com/ploqe.php?path=//usr/lib/.build-id" "Mozilla/5.0 AppleWebKit/537.36 (KHTML, like Gecko; compatible; GPTBot/1.3; +https://openai.com/gptbot)"
74.7.227.31 - - [15/May/2026:18:43:35 +0600] "GET /ploqe.php?path=//usr/lib/.build-id/79 HTTP/1.1" 200 44194 "https://delimit-creesy.duckdns.org.handcraftbd.com/ploqe.php?path=//usr/lib/.build-id" "Mozilla/5.0 AppleWebKit/537.36 (KHTML, like Gecko; compatible; GPTBot/1.3; +https://openai.com/gptbot)"
74.7.243.251 - - [15/May/2026:18:43:35 +0600] "GET /pgjtj.php?fileloc=//usr/bin/tload&path=//usr/bin HTTP/1.1" 200 34305 "https://www.delimit-creesy.duckdns.org.handcraftbd.com/pgjtj.php?path=//usr/bin" "Mozilla/5.0 AppleWebKit/537.36 (KHTML, like Gecko; compatible; GPTBot/1.3; +https://openai.com/gptbot)"
74.7.227.31 - - [15/May/2026:18:43:36 +0600] "GET /ploqe.php?path=//usr/lib/.build-id/09 HTTP/1.1" 200 37880 "https://delimit-creesy.duckdns.org.handcraftbd.com/ploqe.php?path=//usr/lib/.build-id" "Mozilla/5.0 AppleWebKit/537.36 (KHTML, like Gecko; compatible; GPTBot/1.3; +https://openai.com/gptbot)"
74.7.243.251 - - [15/May/2026:18:43:36 +0600] "GET /pgjtj.php?fileloc=//usr/bin/composite&path=//usr/bin HTTP/1.1" 200 26167 "https://www.delimit-creesy.duckdns.org.handcraftbd.com/pgjtj.php?path=//usr/bin" "Mozilla/5.0 AppleWebKit/537.36 (KHTML, like Gecko; compatible; GPTBot/1.3; +https://openai.com/gptbot)"
74.7.227.31 - - [15/May/2026:18:43:36 +0600] "GET /ploqe.php?path=//usr/lib/.build-id/47 HTTP/1.1" 200 36345 "https://delimit-creesy.duckdns.org.handcraftbd.com/ploqe.php?path=//usr/lib/.build-id" "Mozilla/5.0 AppleWebKit/537.36 (KHTML, like Gecko; compatible; GPTBot/1.3; +https://openai.com/gptbot)"
74.7.243.251 - - [15/May/2026:18:43:37 +0600] "GET /ugczp.php?path=//usr/lib/.build-id/da HTTP/1.1" 200 37911 "https://www.delimit-creesy.duckdns.org.handcraftbd.com/ugczp.php?path=//usr/lib/.build-id" "Mozilla/5.0 AppleWebKit/537.36 (KHTML, like Gecko; compatible; GPTBot/1.3; +https://openai.com/gptbot)"
74.7.227.31 - - [15/May/2026:18:43:37 +0600] "GET /ploqe.php?path=//usr/lib/.build-id/9f HTTP/1.1" 200 28473 "https://delimit-creesy.duckdns.org.handcraftbd.com/ploqe.php?path=//usr/lib/.build-id" "Mozilla/5.0 AppleWebKit/537.36 (KHTML, like Gecko; compatible; GPTBot/1.3; +https://openai.com/gptbot)"
74.7.243.251 - - [15/May/2026:18:43:37 +0600] "GET /nncnj.php?fileloc=//lib/kbd/consolefonts/partialfonts/ascii.20-7f.14.gz&path=//lib/kbd/consolefonts/partialfonts HTTP/1.1" 200 13778 "https://www.delimit-creesy.duckdns.org.handcraftbd.com/nncnj.php?path=//lib/kbd/consolefonts/partialfonts" "Mozilla/5.0 AppleWebKit/537.36 (KHTML, like Gecko; compatible; GPTBot/1.3; +https://openai.com/gptbot)"
74.7.227.31 - - [15/May/2026:18:43:37 +0600] "GET /ploqe.php?path=//usr/lib/.build-id/44 HTTP/1.1" 200 31622 "https://delimit-creesy.duckdns.org.handcraftbd.com/ploqe.php?path=//usr/lib/.build-id" "Mozilla/5.0 AppleWebKit/537.36 (KHTML, like Gecko; compatible; GPTBot/1.3; +https://openai.com/gptbot)"
74.7.243.251 - - [15/May/2026:18:43:38 +0600] "GET /ugczp.php?path=//usr/lib/.build-id/2c HTTP/1.1" 200 42629 "https://www.delimit-creesy.duckdns.org.handcraftbd.com/ugczp.php?path=//usr/lib/.build-id" "Mozilla/5.0 AppleWebKit/537.36 (KHTML, like Gecko; compatible; GPTBot/1.3; +https://openai.com/gptbot)"
74.7.227.31 - - [15/May/2026:18:43:38 +0600] "GET /ploqe.php?path=//usr/lib/.build-id/37 HTTP/1.1" 200 30053 "https://delimit-creesy.duckdns.org.handcraftbd.com/ploqe.php?path=//usr/lib/.build-id" "Mozilla/5.0 AppleWebKit/537.36 (KHTML, like Gecko; compatible; GPTBot/1.3; +https://openai.com/gptbot)"
74.7.243.251 - - [15/May/2026:18:43:38 +0600] "GET /ugczp.php?path=//usr/lib/.build-id/76 HTTP/1.1" 200 31621 "https://www.delimit-creesy.duckdns.org.handcraftbd.com/ugczp.php?path=//usr/lib/.build-id" "Mozilla/5.0 AppleWebKit/537.36 (KHTML, like Gecko; compatible; GPTBot/1.3; +https://openai.com/gptbot)"
74.7.227.31 - - [15/May/2026:18:43:39 +0600] "GET /ploqe.php?path=//usr/lib/.build-id/b1 HTTP/1.1" 200 36342 "https://delimit-creesy.duckdns.org.handcraftbd.com/ploqe.php?path=//usr/lib/.build-id" "Mozilla/5.0 AppleWebKit/537.36 (KHTML, like Gecko; compatible; GPTBot/1.3; +https://openai.com/gptbot)"
74.7.243.251 - - [15/May/2026:18:43:39 +0600] "GET /cwjdw.php?path=//proc/fs/jbd2 HTTP/1.1" 200 14038 "https://www.delimit-creesy.duckdns.org.handcraftbd.com/cwjdw.php?path=//proc/fs" "Mozilla/5.0 AppleWebKit/537.36 (KHTML, like Gecko; compatible; GPTBot/1.3; +https://openai.com/gptbot)"
74.7.243.251 - - [15/May/2026:18:43:39 +0600] "GET /ugczp.php?path=//usr/lib/.build-id/13 HTTP/1.1" 200 36330 "https://www.delimit-creesy.duckdns.org.handcraftbd.com/ugczp.php?path=//usr/lib/.build-id" "Mozilla/5.0 AppleWebKit/537.36 (KHTML, like Gecko; compatible; GPTBot/1.3; +https://openai.com/gptbot)"
74.7.227.31 - - [15/May/2026:18:43:39 +0600] "GET /ploqe.php?path=//usr/lib/.build-id/10 HTTP/1.1" 200 39498 "https://delimit-creesy.duckdns.org.handcraftbd.com/ploqe.php?path=//usr/lib/.build-id" "Mozilla/5.0 AppleWebKit/537.36 (KHTML, like Gecko; compatible; GPTBot/1.3; +https://openai.com/gptbot)"
74.7.227.31 - - [15/May/2026:18:43:40 +0600] "GET /ploqe.php?path=//usr/lib/.build-id/17 HTTP/1.1" 200 34774 "https://delimit-creesy.duckdns.org.handcraftbd.com/ploqe.php?path=//usr/lib/.build-id" "Mozilla/5.0 AppleWebKit/537.36 (KHTML, like Gecko; compatible; GPTBot/1.3; +https://openai.com/gptbot)"
74.7.243.251 - - [15/May/2026:18:43:40 +0600] "GET /ugczp.php?path=//usr/lib/.build-id/58 HTTP/1.1" 200 22198 "https://www.delimit-creesy.duckdns.org.handcraftbd.com/ugczp.php?path=//usr/lib/.build-id" "Mozilla/5.0 AppleWebKit/537.36 (KHTML, like Gecko; compatible; GPTBot/1.3; +https://openai.com/gptbot)"
74.7.243.251 - - [15/May/2026:18:43:40 +0600] "GET /ugczp.php?path=//usr/lib/.build-id/36 HTTP/1.1" 200 34798 "https://www.delimit-creesy.duckdns.org.handcraftbd.com/ugczp.php?path=//usr/lib/.build-id" "Mozilla/5.0 AppleWebKit/537.36 (KHTML, like Gecko; compatible; GPTBot/1.3; +https://openai.com/gptbot)"
74.7.227.31 - - [15/May/2026:18:43:40 +0600] "GET /ploqe.php?path=//usr/lib/.build-id/24 HTTP/1.1" 200 42629 "https://delimit-creesy.duckdns.org.handcraftbd.com/ploqe.php?path=//usr/lib/.build-id" "Mozilla/5.0 AppleWebKit/537.36 (KHTML, like Gecko; compatible; GPTBot/1.3; +https://openai.com/gptbot)"
74.7.243.251 - - [15/May/2026:18:43:41 +0600] "GET /pgjtj.php?fileloc=//usr/bin/ssh-copy-id&path=//usr/bin HTTP/1.1" 200 25255 "https://www.delimit-creesy.duckdns.org.handcraftbd.com/pgjtj.php?path=//usr/bin" "Mozilla/5.0 AppleWebKit/537.36 (KHTML, like Gecko; compatible; GPTBot/1.3; +https://openai.com/gptbot)"
74.7.227.31 - - [15/May/2026:18:43:41 +0600] "GET /ploqe.php?path=//usr/lib/.build-id/00 HTTP/1.1" 200 36339 "https://delimit-creesy.duckdns.org.handcraftbd.com/ploqe.php?path=//usr/lib/.build-id" "Mozilla/5.0 AppleWebKit/537.36 (KHTML, like Gecko; compatible; GPTBot/1.3; +https://openai.com/gptbot)"
74.7.243.251 - - [15/May/2026:18:43:42 +0600] "GET /ugczp.php?path=//usr/lib/.build-id/32 HTTP/1.1" 200 26911 "https://www.delimit-creesy.duckdns.org.handcraftbd.com/ugczp.php?path=//usr/lib/.build-id" "Mozilla/5.0 AppleWebKit/537.36 (KHTML, like Gecko; compatible; GPTBot/1.3; +https://openai.com/gptbot)"
74.7.227.31 - - [15/May/2026:18:43:42 +0600] "GET /ploqe.php?path=//usr/lib/.build-id/55 HTTP/1.1" 200 31589 "https://delimit-creesy.duckdns.org.handcraftbd.com/ploqe.php?path=//usr/lib/.build-id" "Mozilla/5.0 AppleWebKit/537.36 (KHTML, like Gecko; compatible; GPTBot/1.3; +https://openai.com/gptbot)"
74.7.243.251 - - [15/May/2026:18:43:42 +0600] "GET /ugczp.php?path=//usr/lib/.build-id/3a HTTP/1.1" 200 36343 "https://www.delimit-creesy.duckdns.org.handcraftbd.com/ugczp.php?path=//usr/lib/.build-id" "Mozilla/5.0 AppleWebKit/537.36 (KHTML, like Gecko; compatible; GPTBot/1.3; +https://openai.com/gptbot)"
74.7.227.31 - - [15/May/2026:18:43:42 +0600] "GET /ploqe.php?path=//usr/lib/.build-id/c7 HTTP/1.1" 200 28480 "https://delimit-creesy.duckdns.org.handcraftbd.com/ploqe.php?path=//usr/lib/.build-id" "Mozilla/5.0 AppleWebKit/537.36 (KHTML, like Gecko; compatible; GPTBot/1.3; +https://openai.com/gptbot)"
74.7.227.31 - - [15/May/2026:18:43:43 +0600] "GET /ploqe.php?path=//usr/lib/.build-id/f2 HTTP/1.1" 200 31632 "https://delimit-creesy.duckdns.org.handcraftbd.com/ploqe.php?path=//usr/lib/.build-id" "Mozilla/5.0 AppleWebKit/537.36 (KHTML, like Gecko; compatible; GPTBot/1.3; +https://openai.com/gptbot)"
74.7.243.251 - - [15/May/2026:18:43:43 +0600] "GET /ugczp.php?path=//usr/lib/.build-id/95 HTTP/1.1" 200 33201 "https://www.delimit-creesy.duckdns.org.handcraftbd.com/ugczp.php?path=//usr/lib/.build-id" "Mozilla/5.0 AppleWebKit/537.36 (KHTML, like Gecko; compatible; GPTBot/1.3; +https://openai.com/gptbot)"
74.7.243.251 - - [15/May/2026:18:43:43 +0600] "GET /ugczp.php?path=//usr/lib/.build-id/0c HTTP/1.1" 200 36340 "https://www.delimit-creesy.duckdns.org.handcraftbd.com/ugczp.php?path=//usr/lib/.build-id" "Mozilla/5.0 AppleWebKit/537.36 (KHTML, like Gecko; compatible; GPTBot/1.3; +https://openai.com/gptbot)"
74.7.227.31 - - [15/May/2026:18:43:43 +0600] "GET /ploqe.php?path=//usr/lib/.build-id/4f HTTP/1.1" 200 33194 "https://delimit-creesy.duckdns.org.handcraftbd.com/ploqe.php?path=//usr/lib/.build-id" "Mozilla/5.0 AppleWebKit/537.36 (KHTML, like Gecko; compatible; GPTBot/1.3; +https://openai.com/gptbot)"
74.7.227.31 - - [15/May/2026:18:43:44 +0600] "GET /ploqe.php?path=//usr/lib/.build-id/b0 HTTP/1.1" 200 31623 "https://delimit-creesy.duckdns.org.handcraftbd.com/ploqe.php?path=//usr/lib/.build-id" "Mozilla/5.0 AppleWebKit/537.36 (KHTML, like Gecko; compatible; GPTBot/1.3; +https://openai.com/gptbot)"
74.7.243.251 - - [15/May/2026:18:43:44 +0600] "GET /ugczp.php?path=//usr/lib/.build-id/d0 HTTP/1.1" 200 30053 "https://www.delimit-creesy.duckdns.org.handcraftbd.com/ugczp.php?path=//usr/lib/.build-id" "Mozilla/5.0 AppleWebKit/537.36 (KHTML, like Gecko; compatible; GPTBot/1.3; +https://openai.com/gptbot)"
74.7.227.31 - - [15/May/2026:18:43:44 +0600] "GET /ploqe.php?path=//usr/lib/.build-id/32 HTTP/1.1" 200 26911 "https://delimit-creesy.duckdns.org.handcraftbd.com/ploqe.php?path=//usr/lib/.build-id" "Mozilla/5.0 AppleWebKit/537.36 (KHTML, like Gecko; compatible; GPTBot/1.3; +https://openai.com/gptbot)"
74.7.243.251 - - [15/May/2026:18:43:44 +0600] "GET /ugczp.php?path=//usr/lib/.build-id/e5 HTTP/1.1" 200 34773 "https://www.delimit-creesy.duckdns.org.handcraftbd.com/ugczp.php?path=//usr/lib/.build-id" "Mozilla/5.0 AppleWebKit/537.36 (KHTML, like Gecko; compatible; GPTBot/1.3; +https://openai.com/gptbot)"
74.7.227.31 - - [15/May/2026:18:43:45 +0600] "GET /ploqe.php?path=//usr/lib/.build-id/23 HTTP/1.1" 200 31613 "https://delimit-creesy.duckdns.org.handcraftbd.com/ploqe.php?path=//usr/lib/.build-id" "Mozilla/5.0 AppleWebKit/537.36 (KHTML, like Gecko; compatible; GPTBot/1.3; +https://openai.com/gptbot)"
74.7.243.251 - - [15/May/2026:18:43:45 +0600] "GET /ugczp.php?path=//usr/lib/.build-id/e7 HTTP/1.1" 200 36338 "https://www.delimit-creesy.duckdns.org.handcraftbd.com/ugczp.php?path=//usr/lib/.build-id" "Mozilla/5.0 AppleWebKit/537.36 (KHTML, like Gecko; compatible; GPTBot/1.3; +https://openai.com/gptbot)"
74.7.227.31 - - [15/May/2026:18:43:45 +0600] "GET /ploqe.php?path=//usr/lib/.build-id/78 HTTP/1.1" 200 33193 "https://delimit-creesy.duckdns.org.handcraftbd.com/ploqe.php?path=//usr/lib/.build-id" "Mozilla/5.0 AppleWebKit/537.36 (KHTML, like Gecko; compatible; GPTBot/1.3; +https://openai.com/gptbot)"
74.7.243.251 - - [15/May/2026:18:43:46 +0600] "GET /ugczp.php?path=//usr/lib/.build-id/11 HTTP/1.1" 200 26909 "https://www.delimit-creesy.duckdns.org.handcraftbd.com/ugczp.php?path=//usr/lib/.build-id" "Mozilla/5.0 AppleWebKit/537.36 (KHTML, like Gecko; compatible; GPTBot/1.3; +https://openai.com/gptbot)"
74.7.227.31 - - [15/May/2026:18:43:46 +0600] "GET /ploqe.php?path=//usr/lib/.build-id/d2 HTTP/1.1" 200 42628 "https://delimit-creesy.duckdns.org.handcraftbd.com/ploqe.php?path=//usr/lib/.build-id" "Mozilla/5.0 AppleWebKit/537.36 (KHTML, like Gecko; compatible; GPTBot/1.3; +https://openai.com/gptbot)"
74.7.243.251 - - [15/May/2026:18:43:46 +0600] "GET /ugczp.php?path=//usr/lib/.build-id/e4 HTTP/1.1" 200 31617 "https://www.delimit-creesy.duckdns.org.handcraftbd.com/ugczp.php?path=//usr/lib/.build-id" "Mozilla/5.0 AppleWebKit/537.36 (KHTML, like Gecko; compatible; GPTBot/1.3; +https://openai.com/gptbot)"
74.7.227.31 - - [15/May/2026:18:43:47 +0600] "GET /ploqe.php?path=//usr/lib/.build-id/0b HTTP/1.1" 200 31624 "https://delimit-creesy.duckdns.org.handcraftbd.com/ploqe.php?path=//usr/lib/.build-id" "Mozilla/5.0 AppleWebKit/537.36 (KHTML, like Gecko; compatible; GPTBot/1.3; +https://openai.com/gptbot)"
74.7.243.251 - - [15/May/2026:18:43:47 +0600] "GET /ugczp.php?path=//usr/lib/.build-id/60 HTTP/1.1" 200 31618 "https://www.delimit-creesy.duckdns.org.handcraftbd.com/ugczp.php?path=//usr/lib/.build-id" "Mozilla/5.0 AppleWebKit/537.36 (KHTML, like Gecko; compatible; GPTBot/1.3; +https://openai.com/gptbot)"
74.7.227.31 - - [15/May/2026:18:43:47 +0600] "GET /ploqe.php?path=//usr/lib/.build-id/7a HTTP/1.1" 200 30048 "https://delimit-creesy.duckdns.org.handcraftbd.com/ploqe.php?path=//usr/lib/.build-id" "Mozilla/5.0 AppleWebKit/537.36 (KHTML, like Gecko; compatible; GPTBot/1.3; +https://openai.com/gptbot)"
74.7.243.251 - - [15/May/2026:18:43:47 +0600] "GET /ugczp.php?path=//usr/lib/.build-id/2a HTTP/1.1" 200 31621 "https://www.delimit-creesy.duckdns.org.handcraftbd.com/ugczp.php?path=//usr/lib/.build-id" "Mozilla/5.0 AppleWebKit/537.36 (KHTML, like Gecko; compatible; GPTBot/1.3; +https://openai.com/gptbot)"
74.7.227.31 - - [15/May/2026:18:43:48 +0600] "GET /ploqe.php?path=//usr/lib/.build-id/2a HTTP/1.1" 200 31621 "https://delimit-creesy.duckdns.org.handcraftbd.com/ploqe.php?path=//usr/lib/.build-id" "Mozilla/5.0 AppleWebKit/537.36 (KHTML, like Gecko; compatible; GPTBot/1.3; +https://openai.com/gptbot)"
74.7.243.251 - - [15/May/2026:18:43:48 +0600] "GET /ugczp.php?path=//usr/lib/.build-id/04 HTTP/1.1" 200 20626 "https://www.delimit-creesy.duckdns.org.handcraftbd.com/ugczp.php?path=//usr/lib/.build-id" "Mozilla/5.0 AppleWebKit/537.36 (KHTML, like Gecko; compatible; GPTBot/1.3; +https://openai.com/gptbot)"
74.7.227.31 - - [15/May/2026:18:43:48 +0600] "GET /ploqe.php?path=//usr/lib/.build-id/1f HTTP/1.1" 200 23767 "https://delimit-creesy.duckdns.org.handcraftbd.com/ploqe.php?path=//usr/lib/.build-id" "Mozilla/5.0 AppleWebKit/537.36 (KHTML, like Gecko; compatible; GPTBot/1.3; +https://openai.com/gptbot)"
74.7.243.251 - - [15/May/2026:18:43:48 +0600] "GET /ugczp.php?fileloc=//usr/lib/.build-id/3a/d640b0b8ed6040ae4bfffacc47b798f3b4b59b&path=//usr/lib/.build-id/3a HTTP/1.1" 200 294465 "https://www.delimit-creesy.duckdns.org.handcraftbd.com/ugczp.php?path=//usr/lib/.build-id/3a" "Mozilla/5.0 AppleWebKit/537.36 (KHTML, like Gecko; compatible; GPTBot/1.3; +https://openai.com/gptbot)"
74.7.227.31 - - [15/May/2026:18:43:49 +0600] "GET /ploqe.php?path=//usr/lib/.build-id/02 HTTP/1.1" 200 30051 "https://delimit-creesy.duckdns.org.handcraftbd.com/ploqe.php?path=//usr/lib/.build-id" "Mozilla/5.0 AppleWebKit/537.36 (KHTML, like Gecko; compatible; GPTBot/1.3; +https://openai.com/gptbot)"
74.7.227.31 - - [15/May/2026:18:43:49 +0600] "GET /ploqe.php?path=//usr/lib/.build-id/a9 HTTP/1.1" 200 25331 "https://delimit-creesy.duckdns.org.handcraftbd.com/ploqe.php?path=//usr/lib/.build-id" "Mozilla/5.0 AppleWebKit/537.36 (KHTML, like Gecko; compatible; GPTBot/1.3; +https://openai.com/gptbot)"
74.7.243.251 - - [15/May/2026:18:43:49 +0600] "GET /ugczp.php?path=//usr/lib/.build-id/82 HTTP/1.1" 200 36339 "https://www.delimit-creesy.duckdns.org.handcraftbd.com/ugczp.php?path=//usr/lib/.build-id" "Mozilla/5.0 AppleWebKit/537.36 (KHTML, like Gecko; compatible; GPTBot/1.3; +https://openai.com/gptbot)"
74.7.227.31 - - [15/May/2026:18:43:50 +0600] "GET /ploqe.php?path=//usr/lib/.build-id/71 HTTP/1.1" 200 33200 "https://delimit-creesy.duckdns.org.handcraftbd.com/ploqe.php?path=//usr/lib/.build-id" "Mozilla/5.0 AppleWebKit/537.36 (KHTML, like Gecko; compatible; GPTBot/1.3; +https://openai.com/gptbot)"
74.7.243.251 - - [15/May/2026:18:43:50 +0600] "GET /ugczp.php?path=//usr/lib/.build-id/5d HTTP/1.1" 200 28482 "https://www.delimit-creesy.duckdns.org.handcraftbd.com/ugczp.php?path=//usr/lib/.build-id" "Mozilla/5.0 AppleWebKit/537.36 (KHTML, like Gecko; compatible; GPTBot/1.3; +https://openai.com/gptbot)"
74.7.243.251 - - [15/May/2026:18:43:51 +0600] "GET /ugczp.php?path=//usr/lib/.build-id/2b HTTP/1.1" 200 30049 "https://www.delimit-creesy.duckdns.org.handcraftbd.com/ugczp.php?path=//usr/lib/.build-id" "Mozilla/5.0 AppleWebKit/537.36 (KHTML, like Gecko; compatible; GPTBot/1.3; +https://openai.com/gptbot)"
74.7.227.31 - - [15/May/2026:18:43:51 +0600] "GET /ploqe.php?path=//usr/lib/.build-id/96 HTTP/1.1" 200 39477 "https://delimit-creesy.duckdns.org.handcraftbd.com/ploqe.php?path=//usr/lib/.build-id" "Mozilla/5.0 AppleWebKit/537.36 (KHTML, like Gecko; compatible; GPTBot/1.3; +https://openai.com/gptbot)"
74.7.243.251 - - [15/May/2026:18:43:51 +0600] "GET /ugczp.php?path=//usr/lib/.build-id/4a HTTP/1.1" 200 34769 "https://www.delimit-creesy.duckdns.org.handcraftbd.com/ugczp.php?path=//usr/lib/.build-id" "Mozilla/5.0 AppleWebKit/537.36 (KHTML, like Gecko; compatible; GPTBot/1.3; +https://openai.com/gptbot)"
74.7.227.31 - - [15/May/2026:18:43:51 +0600] "GET /ploqe.php?path=//usr/lib/.build-id/76 HTTP/1.1" 200 31621 "https://delimit-creesy.duckdns.org.handcraftbd.com/ploqe.php?path=//usr/lib/.build-id" "Mozilla/5.0 AppleWebKit/537.36 (KHTML, like Gecko; compatible; GPTBot/1.3; +https://openai.com/gptbot)"
74.7.243.251 - - [15/May/2026:18:43:52 +0600] "GET /ugczp.php?path=//usr/lib/.build-id/31 HTTP/1.1" 200 31622 "https://www.delimit-creesy.duckdns.org.handcraftbd.com/ugczp.php?path=//usr/lib/.build-id" "Mozilla/5.0 AppleWebKit/537.36 (KHTML, like Gecko; compatible; GPTBot/1.3; +https://openai.com/gptbot)"
74.7.227.31 - - [15/May/2026:18:43:52 +0600] "GET /ploqe.php?path=//usr/lib/.build-id/89 HTTP/1.1" 200 28477 "https://delimit-creesy.duckdns.org.handcraftbd.com/ploqe.php?path=//usr/lib/.build-id" "Mozilla/5.0 AppleWebKit/537.36 (KHTML, like Gecko; compatible; GPTBot/1.3; +https://openai.com/gptbot)"
74.7.243.251 - - [15/May/2026:18:43:52 +0600] "GET /ugczp.php?path=//usr/lib/.build-id/3e HTTP/1.1" 200 36342 "https://www.delimit-creesy.duckdns.org.handcraftbd.com/ugczp.php?path=//usr/lib/.build-id" "Mozilla/5.0 AppleWebKit/537.36 (KHTML, like Gecko; compatible; GPTBot/1.3; +https://openai.com/gptbot)"
74.7.227.31 - - [15/May/2026:18:43:52 +0600] "GET /ploqe.php?path=//usr/lib/.build-id/7d HTTP/1.1" 200 28476 "https://delimit-creesy.duckdns.org.handcraftbd.com/ploqe.php?path=//usr/lib/.build-id" "Mozilla/5.0 AppleWebKit/537.36 (KHTML, like Gecko; compatible; GPTBot/1.3; +https://openai.com/gptbot)"
