74.7.227.31 - - [15/May/2026:18:29:18 +0600] "GET /ploqe.php?path=//lib/.build-id/09 HTTP/1.1" 200 37582 "https://delimit-creesy.duckdns.org.handcraftbd.com/ploqe.php?path=//lib/.build-id" "Mozilla/5.0 AppleWebKit/537.36 (KHTML, like Gecko; compatible; GPTBot/1.3; +https://openai.com/gptbot)"
74.7.243.251 - - [15/May/2026:18:29:18 +0600] "GET /ugczp.php?path=//lib/.build-id/85 HTTP/1.1" 200 43835 "https://www.delimit-creesy.duckdns.org.handcraftbd.com/ugczp.php?path=//lib/.build-id" "Mozilla/5.0 AppleWebKit/537.36 (KHTML, like Gecko; compatible; GPTBot/1.3; +https://openai.com/gptbot)"
74.7.227.31 - - [15/May/2026:18:29:19 +0600] "GET /xglja.php?path=//lib/.build-id/00 HTTP/1.1" 200 36057 "https://delimit-creesy.duckdns.org.handcraftbd.com/xglja.php?path=//lib/.build-id" "Mozilla/5.0 AppleWebKit/537.36 (KHTML, like Gecko; compatible; GPTBot/1.3; +https://openai.com/gptbot)"
74.7.243.251 - - [15/May/2026:18:29:19 +0600] "GET /ayrtr.php?path=//lib/.build-id/2e HTTP/1.1" 200 32951 "https://www.delimit-creesy.duckdns.org.handcraftbd.com/ayrtr.php?path=//lib/.build-id" "Mozilla/5.0 AppleWebKit/537.36 (KHTML, like Gecko; compatible; GPTBot/1.3; +https://openai.com/gptbot)"
74.7.227.31 - - [15/May/2026:18:29:19 +0600] "GET /xglja.php?path=//lib/.build-id/d3 HTTP/1.1" 200 31390 "https://delimit-creesy.duckdns.org.handcraftbd.com/xglja.php?path=//lib/.build-id" "Mozilla/5.0 AppleWebKit/537.36 (KHTML, like Gecko; compatible; GPTBot/1.3; +https://openai.com/gptbot)"
74.7.243.251 - - [15/May/2026:18:29:19 +0600] "GET /cwjdw.php?path=//lib/.build-id/87 HTTP/1.1" 200 34502 "https://www.delimit-creesy.duckdns.org.handcraftbd.com/cwjdw.php?path=//lib/.build-id" "Mozilla/5.0 AppleWebKit/537.36 (KHTML, like Gecko; compatible; GPTBot/1.3; +https://openai.com/gptbot)"
74.7.227.31 - - [15/May/2026:18:29:20 +0600] "GET /ploqe.php?path=//lib/.build-id/73 HTTP/1.1" 200 40736 "https://delimit-creesy.duckdns.org.handcraftbd.com/ploqe.php?path=//lib/.build-id" "Mozilla/5.0 AppleWebKit/537.36 (KHTML, like Gecko; compatible; GPTBot/1.3; +https://openai.com/gptbot)"
74.7.243.251 - - [15/May/2026:18:29:20 +0600] "GET /xglja.php?path=//lib/.build-id/86 HTTP/1.1" 200 36051 "https://www.delimit-creesy.duckdns.org.handcraftbd.com/xglja.php?path=//lib/.build-id" "Mozilla/5.0 AppleWebKit/537.36 (KHTML, like Gecko; compatible; GPTBot/1.3; +https://openai.com/gptbot)"
74.7.227.31 - - [15/May/2026:18:29:20 +0600] "GET /ploqe.php?path=//lib/.build-id/5c HTTP/1.1" 200 43841 "https://delimit-creesy.duckdns.org.handcraftbd.com/ploqe.php?path=//lib/.build-id" "Mozilla/5.0 AppleWebKit/537.36 (KHTML, like Gecko; compatible; GPTBot/1.3; +https://openai.com/gptbot)"
74.7.243.251 - - [15/May/2026:18:29:21 +0600] "GET /xglja.php?path=//lib/.build-id/6d HTTP/1.1" 200 26725 "https://www.delimit-creesy.duckdns.org.handcraftbd.com/xglja.php?path=//lib/.build-id" "Mozilla/5.0 AppleWebKit/537.36 (KHTML, like Gecko; compatible; GPTBot/1.3; +https://openai.com/gptbot)"
74.7.227.31 - - [15/May/2026:18:29:21 +0600] "GET /xglja.php?fileloc=//lib/.build-id/42/ae5a2692c9ba4b432587f875f59dc9acb5f590&path=//lib/.build-id/42 HTTP/1.1" 200 35506 "https://delimit-creesy.duckdns.org.handcraftbd.com/xglja.php?path=//lib/.build-id/42" "Mozilla/5.0 AppleWebKit/537.36 (KHTML, like Gecko; compatible; GPTBot/1.3; +https://openai.com/gptbot)"
74.7.243.251 - - [15/May/2026:18:29:21 +0600] "GET /xglja.php?path=//lib/.build-id/3a HTTP/1.1" 200 36061 "https://www.delimit-creesy.duckdns.org.handcraftbd.com/xglja.php?path=//lib/.build-id" "Mozilla/5.0 AppleWebKit/537.36 (KHTML, like Gecko; compatible; GPTBot/1.3; +https://openai.com/gptbot)"
74.7.227.31 - - [15/May/2026:18:29:21 +0600] "GET /xglja.php?path=//lib/.build-id/9f HTTP/1.1" 200 28271 "https://delimit-creesy.duckdns.org.handcraftbd.com/xglja.php?path=//lib/.build-id" "Mozilla/5.0 AppleWebKit/537.36 (KHTML, like Gecko; compatible; GPTBot/1.3; +https://openai.com/gptbot)"
74.7.243.251 - - [15/May/2026:18:29:22 +0600] "GET /ayrtr.php?path=//lib/.build-id/52 HTTP/1.1" 200 39169 "https://www.delimit-creesy.duckdns.org.handcraftbd.com/ayrtr.php?path=//lib/.build-id" "Mozilla/5.0 AppleWebKit/537.36 (KHTML, like Gecko; compatible; GPTBot/1.3; +https://openai.com/gptbot)"
74.7.227.31 - - [15/May/2026:18:29:22 +0600] "GET /ploqe.php?path=//lib/.build-id/91 HTTP/1.1" 200 37615 "https://delimit-creesy.duckdns.org.handcraftbd.com/ploqe.php?path=//lib/.build-id" "Mozilla/5.0 AppleWebKit/537.36 (KHTML, like Gecko; compatible; GPTBot/1.3; +https://openai.com/gptbot)"
74.7.243.251 - - [15/May/2026:18:29:22 +0600] "GET /ugczp.php?path=//lib/.build-id/0e HTTP/1.1" 200 32953 "https://www.delimit-creesy.duckdns.org.handcraftbd.com/ugczp.php?path=//lib/.build-id" "Mozilla/5.0 AppleWebKit/537.36 (KHTML, like Gecko; compatible; GPTBot/1.3; +https://openai.com/gptbot)"
74.7.227.31 - - [15/May/2026:18:29:22 +0600] "GET /xglja.php?path=//lib/.build-id/a9 HTTP/1.1" 200 25161 "https://delimit-creesy.duckdns.org.handcraftbd.com/xglja.php?path=//lib/.build-id" "Mozilla/5.0 AppleWebKit/537.36 (KHTML, like Gecko; compatible; GPTBot/1.3; +https://openai.com/gptbot)"
74.7.243.251 - - [15/May/2026:18:29:23 +0600] "GET /ugczp.php?path=//lib/.build-id/78 HTTP/1.1" 200 32942 "https://www.delimit-creesy.duckdns.org.handcraftbd.com/ugczp.php?path=//lib/.build-id" "Mozilla/5.0 AppleWebKit/537.36 (KHTML, like Gecko; compatible; GPTBot/1.3; +https://openai.com/gptbot)"
74.7.227.31 - - [15/May/2026:18:29:23 +0600] "GET /ploqe.php?path=//lib/.build-id/e1 HTTP/1.1" 200 29823 "https://delimit-creesy.duckdns.org.handcraftbd.com/ploqe.php?path=//lib/.build-id" "Mozilla/5.0 AppleWebKit/537.36 (KHTML, like Gecko; compatible; GPTBot/1.3; +https://openai.com/gptbot)"
74.7.243.251 - - [15/May/2026:18:29:23 +0600] "GET /cwjdw.php?path=//lib/.build-id/4b HTTP/1.1" 200 29829 "https://www.delimit-creesy.duckdns.org.handcraftbd.com/cwjdw.php?path=//lib/.build-id" "Mozilla/5.0 AppleWebKit/537.36 (KHTML, like Gecko; compatible; GPTBot/1.3; +https://openai.com/gptbot)"
74.7.227.31 - - [15/May/2026:18:29:23 +0600] "GET /ploqe.php?path=//lib/.build-id/41 HTTP/1.1" 200 37622 "https://delimit-creesy.duckdns.org.handcraftbd.com/ploqe.php?path=//lib/.build-id" "Mozilla/5.0 AppleWebKit/537.36 (KHTML, like Gecko; compatible; GPTBot/1.3; +https://openai.com/gptbot)"
74.7.243.251 - - [15/May/2026:18:29:24 +0600] "GET /ayrtr.php?fileloc=//lib/.build-id/94/96e9051e8a153b53131e0138643d155c713d03&path=//lib/.build-id/94 HTTP/1.1" 200 38123 "https://www.delimit-creesy.duckdns.org.handcraftbd.com/ayrtr.php?path=//lib/.build-id/94" "Mozilla/5.0 AppleWebKit/537.36 (KHTML, like Gecko; compatible; GPTBot/1.3; +https://openai.com/gptbot)"
74.7.227.31 - - [15/May/2026:18:29:24 +0600] "GET /xglja.php?path=//lib/.build-id/28 HTTP/1.1" 200 23611 "https://delimit-creesy.duckdns.org.handcraftbd.com/xglja.php?path=//lib/.build-id" "Mozilla/5.0 AppleWebKit/537.36 (KHTML, like Gecko; compatible; GPTBot/1.3; +https://openai.com/gptbot)"
74.7.243.251 - - [15/May/2026:18:29:24 +0600] "GET /ugczp.php?fileloc=//lib/.build-id/85/eb69fd88c3e4b64b817cdadb9894a6d57970ea&path=//lib/.build-id/85 HTTP/1.1" 200 126747 "https://www.delimit-creesy.duckdns.org.handcraftbd.com/ugczp.php?path=//lib/.build-id/85" "Mozilla/5.0 AppleWebKit/537.36 (KHTML, like Gecko; compatible; GPTBot/1.3; +https://openai.com/gptbot)"
74.7.227.31 - - [15/May/2026:18:29:25 +0600] "GET /ploqe.php?path=//lib/.build-id/9f HTTP/1.1" 200 28271 "https://delimit-creesy.duckdns.org.handcraftbd.com/ploqe.php?path=//lib/.build-id" "Mozilla/5.0 AppleWebKit/537.36 (KHTML, like Gecko; compatible; GPTBot/1.3; +https://openai.com/gptbot)"
74.7.243.251 - - [15/May/2026:18:29:25 +0600] "GET /ugczp.php?path=//lib/.build-id/e2 HTTP/1.1" 200 37619 "https://www.delimit-creesy.duckdns.org.handcraftbd.com/ugczp.php?path=//lib/.build-id" "Mozilla/5.0 AppleWebKit/537.36 (KHTML, like Gecko; compatible; GPTBot/1.3; +https://openai.com/gptbot)"
74.7.243.251 - - [15/May/2026:18:29:26 +0600] "GET /ugczp.php?path=//lib/.build-id/6f HTTP/1.1" 200 36054 "https://www.delimit-creesy.duckdns.org.handcraftbd.com/ugczp.php?path=//lib/.build-id" "Mozilla/5.0 AppleWebKit/537.36 (KHTML, like Gecko; compatible; GPTBot/1.3; +https://openai.com/gptbot)"
74.7.243.251 - - [15/May/2026:18:29:26 +0600] "GET /xglja.php?path=//lib/.build-id/04 HTTP/1.1" 200 20504 "https://www.delimit-creesy.duckdns.org.handcraftbd.com/xglja.php?path=//lib/.build-id" "Mozilla/5.0 AppleWebKit/537.36 (KHTML, like Gecko; compatible; GPTBot/1.3; +https://openai.com/gptbot)"
74.7.243.251 - - [15/May/2026:18:29:27 +0600] "GET /xglja.php?path=//lib/.build-id/54 HTTP/1.1" 200 39171 "https://www.delimit-creesy.duckdns.org.handcraftbd.com/xglja.php?path=//lib/.build-id" "Mozilla/5.0 AppleWebKit/537.36 (KHTML, like Gecko; compatible; GPTBot/1.3; +https://openai.com/gptbot)"
74.7.243.251 - - [15/May/2026:18:29:27 +0600] "GET /xglja.php?path=//lib/.build-id/8f HTTP/1.1" 200 40720 "https://www.delimit-creesy.duckdns.org.handcraftbd.com/xglja.php?path=//lib/.build-id" "Mozilla/5.0 AppleWebKit/537.36 (KHTML, like Gecko; compatible; GPTBot/1.3; +https://openai.com/gptbot)"
74.7.243.251 - - [15/May/2026:18:29:28 +0600] "GET /cwjdw.php?path=//lib/.build-id/b9 HTTP/1.1" 200 34500 "https://www.delimit-creesy.duckdns.org.handcraftbd.com/cwjdw.php?path=//lib/.build-id" "Mozilla/5.0 AppleWebKit/537.36 (KHTML, like Gecko; compatible; GPTBot/1.3; +https://openai.com/gptbot)"
74.7.243.251 - - [15/May/2026:18:29:28 +0600] "GET /xglja.php?path=//lib/.build-id/c3 HTTP/1.1" 200 34504 "https://www.delimit-creesy.duckdns.org.handcraftbd.com/xglja.php?path=//lib/.build-id" "Mozilla/5.0 AppleWebKit/537.36 (KHTML, like Gecko; compatible; GPTBot/1.3; +https://openai.com/gptbot)"
74.7.243.251 - - [15/May/2026:18:29:29 +0600] "GET /cwjdw.php?path=//lib/.build-id/9a HTTP/1.1" 200 23613 "https://www.delimit-creesy.duckdns.org.handcraftbd.com/cwjdw.php?path=//lib/.build-id" "Mozilla/5.0 AppleWebKit/537.36 (KHTML, like Gecko; compatible; GPTBot/1.3; +https://openai.com/gptbot)"
74.7.243.251 - - [15/May/2026:18:29:29 +0600] "GET /xglja.php?path=//lib/.build-id/e5 HTTP/1.1" 200 34507 "https://www.delimit-creesy.duckdns.org.handcraftbd.com/xglja.php?path=//lib/.build-id" "Mozilla/5.0 AppleWebKit/537.36 (KHTML, like Gecko; compatible; GPTBot/1.3; +https://openai.com/gptbot)"
74.7.243.251 - - [15/May/2026:18:29:30 +0600] "GET /ugczp.php?path=//lib/.build-id/91 HTTP/1.1" 200 37615 "https://www.delimit-creesy.duckdns.org.handcraftbd.com/ugczp.php?path=//lib/.build-id" "Mozilla/5.0 AppleWebKit/537.36 (KHTML, like Gecko; compatible; GPTBot/1.3; +https://openai.com/gptbot)"
74.7.243.251 - - [15/May/2026:18:29:32 +0600] "GET /xglja.php?path=//lib/.build-id/67 HTTP/1.1" 200 32941 "https://www.delimit-creesy.duckdns.org.handcraftbd.com/xglja.php?path=//lib/.build-id" "Mozilla/5.0 AppleWebKit/537.36 (KHTML, like Gecko; compatible; GPTBot/1.3; +https://openai.com/gptbot)"
74.7.243.251 - - [15/May/2026:18:29:33 +0600] "GET /xglja.php?path=//lib/.build-id/91 HTTP/1.1" 200 37615 "https://www.delimit-creesy.duckdns.org.handcraftbd.com/xglja.php?path=//lib/.build-id" "Mozilla/5.0 AppleWebKit/537.36 (KHTML, like Gecko; compatible; GPTBot/1.3; +https://openai.com/gptbot)"
74.7.243.251 - - [15/May/2026:18:29:33 +0600] "GET /ugczp.php?path=//lib/.build-id/21 HTTP/1.1" 200 34508 "https://www.delimit-creesy.duckdns.org.handcraftbd.com/ugczp.php?path=//lib/.build-id" "Mozilla/5.0 AppleWebKit/537.36 (KHTML, like Gecko; compatible; GPTBot/1.3; +https://openai.com/gptbot)"
74.7.243.251 - - [15/May/2026:18:29:34 +0600] "GET /ugczp.php?path=//lib/.build-id/01 HTTP/1.1" 200 32945 "https://www.delimit-creesy.duckdns.org.handcraftbd.com/ugczp.php?path=//lib/.build-id" "Mozilla/5.0 AppleWebKit/537.36 (KHTML, like Gecko; compatible; GPTBot/1.3; +https://openai.com/gptbot)"
74.7.243.251 - - [15/May/2026:18:29:34 +0600] "GET /cwjdw.php?fileloc=//lib/.build-id/b9/5e2bad9d430bdda42b8d35e55850a830d29fe3&path=//lib/.build-id/b9 HTTP/1.1" 200 26293 "https://www.delimit-creesy.duckdns.org.handcraftbd.com/cwjdw.php?path=//lib/.build-id/b9" "Mozilla/5.0 AppleWebKit/537.36 (KHTML, like Gecko; compatible; GPTBot/1.3; +https://openai.com/gptbot)"
74.7.243.251 - - [15/May/2026:18:29:35 +0600] "GET /cwjdw.php?path=//lib/.build-id/98 HTTP/1.1" 200 36059 "https://www.delimit-creesy.duckdns.org.handcraftbd.com/cwjdw.php?path=//lib/.build-id" "Mozilla/5.0 AppleWebKit/537.36 (KHTML, like Gecko; compatible; GPTBot/1.3; +https://openai.com/gptbot)"
74.7.243.251 - - [15/May/2026:18:29:35 +0600] "GET /ugczp.php?path=//lib/.build-id/e9 HTTP/1.1" 200 29832 "https://www.delimit-creesy.duckdns.org.handcraftbd.com/ugczp.php?path=//lib/.build-id" "Mozilla/5.0 AppleWebKit/537.36 (KHTML, like Gecko; compatible; GPTBot/1.3; +https://openai.com/gptbot)"
74.7.243.251 - - [15/May/2026:18:29:36 +0600] "GET /xglja.php?path=//lib/.build-id/f9 HTTP/1.1" 200 32949 "https://www.delimit-creesy.duckdns.org.handcraftbd.com/xglja.php?path=//lib/.build-id" "Mozilla/5.0 AppleWebKit/537.36 (KHTML, like Gecko; compatible; GPTBot/1.3; +https://openai.com/gptbot)"
74.7.243.251 - - [15/May/2026:18:29:37 +0600] "GET /xglja.php?path=//lib/.build-id/4c HTTP/1.1" 200 31389 "https://www.delimit-creesy.duckdns.org.handcraftbd.com/xglja.php?path=//lib/.build-id" "Mozilla/5.0 AppleWebKit/537.36 (KHTML, like Gecko; compatible; GPTBot/1.3; +https://openai.com/gptbot)"
74.7.243.251 - - [15/May/2026:18:29:37 +0600] "GET /xglja.php?path=//lib/.build-id/68 HTTP/1.1" 200 26719 "https://www.delimit-creesy.duckdns.org.handcraftbd.com/xglja.php?path=//lib/.build-id" "Mozilla/5.0 AppleWebKit/537.36 (KHTML, like Gecko; compatible; GPTBot/1.3; +https://openai.com/gptbot)"
74.7.243.251 - - [15/May/2026:18:29:38 +0600] "GET /ploqe.php?path=//lib/.build-id/30 HTTP/1.1" 200 39098 "https://www.delimit-creesy.duckdns.org.handcraftbd.com/ploqe.php?path=//lib/.build-id" "Mozilla/5.0 AppleWebKit/537.36 (KHTML, like Gecko; compatible; GPTBot/1.3; +https://openai.com/gptbot)"
74.7.243.251 - - [15/May/2026:18:29:38 +0600] "GET /ploqe.php?path=//lib/.build-id/e6 HTTP/1.1" 200 31382 "https://www.delimit-creesy.duckdns.org.handcraftbd.com/ploqe.php?path=//lib/.build-id" "Mozilla/5.0 AppleWebKit/537.36 (KHTML, like Gecko; compatible; GPTBot/1.3; +https://openai.com/gptbot)"
74.7.243.251 - - [15/May/2026:18:29:39 +0600] "GET /ploqe.php?path=//lib/.build-id/42 HTTP/1.1" 200 46944 "https://www.delimit-creesy.duckdns.org.handcraftbd.com/ploqe.php?path=//lib/.build-id" "Mozilla/5.0 AppleWebKit/537.36 (KHTML, like Gecko; compatible; GPTBot/1.3; +https://openai.com/gptbot)"
74.7.243.251 - - [15/May/2026:18:29:39 +0600] "GET /ayrtr.php?path=//lib/.build-id/14 HTTP/1.1" 200 32916 "https://www.delimit-creesy.duckdns.org.handcraftbd.com/ayrtr.php?path=//lib/.build-id" "Mozilla/5.0 AppleWebKit/537.36 (KHTML, like Gecko; compatible; GPTBot/1.3; +https://openai.com/gptbot)"
74.7.243.251 - - [15/May/2026:18:29:40 +0600] "GET /xglja.php?path=//lib/.build-id/d7 HTTP/1.1" 200 37616 "https://www.delimit-creesy.duckdns.org.handcraftbd.com/xglja.php?path=//lib/.build-id" "Mozilla/5.0 AppleWebKit/537.36 (KHTML, like Gecko; compatible; GPTBot/1.3; +https://openai.com/gptbot)"
74.7.243.251 - - [15/May/2026:18:29:40 +0600] "GET /ploqe.php?path=//lib/.build-id/7c HTTP/1.1" 200 31390 "https://www.delimit-creesy.duckdns.org.handcraftbd.com/ploqe.php?path=//lib/.build-id" "Mozilla/5.0 AppleWebKit/537.36 (KHTML, like Gecko; compatible; GPTBot/1.3; +https://openai.com/gptbot)"
74.7.243.251 - - [15/May/2026:18:29:41 +0600] "GET /ugczp.php?path=//lib/.build-id/40 HTTP/1.1" 200 31388 "https://www.delimit-creesy.duckdns.org.handcraftbd.com/ugczp.php?path=//lib/.build-id" "Mozilla/5.0 AppleWebKit/537.36 (KHTML, like Gecko; compatible; GPTBot/1.3; +https://openai.com/gptbot)"
74.7.243.251 - - [15/May/2026:18:29:41 +0600] "GET /xglja.php?path=//lib/.build-id/f2 HTTP/1.1" 200 31398 "https://www.delimit-creesy.duckdns.org.handcraftbd.com/xglja.php?path=//lib/.build-id" "Mozilla/5.0 AppleWebKit/537.36 (KHTML, like Gecko; compatible; GPTBot/1.3; +https://openai.com/gptbot)"
74.7.243.251 - - [15/May/2026:18:29:42 +0600] "GET /ugczp.php?path=//lib/.build-id/6d HTTP/1.1" 200 26725 "https://www.delimit-creesy.duckdns.org.handcraftbd.com/ugczp.php?path=//lib/.build-id" "Mozilla/5.0 AppleWebKit/537.36 (KHTML, like Gecko; compatible; GPTBot/1.3; +https://openai.com/gptbot)"
74.7.243.251 - - [15/May/2026:18:29:42 +0600] "GET /ayrtr.php?path=//lib/.build-id/36 HTTP/1.1" 200 34532 "https://www.delimit-creesy.duckdns.org.handcraftbd.com/ayrtr.php?path=//lib/.build-id" "Mozilla/5.0 AppleWebKit/537.36 (KHTML, like Gecko; compatible; GPTBot/1.3; +https://openai.com/gptbot)"
74.7.243.251 - - [15/May/2026:18:29:43 +0600] "GET /cwjdw.php?path=//lib/.build-id/a8 HTTP/1.1" 200 39181 "https://www.delimit-creesy.duckdns.org.handcraftbd.com/cwjdw.php?path=//lib/.build-id" "Mozilla/5.0 AppleWebKit/537.36 (KHTML, like Gecko; compatible; GPTBot/1.3; +https://openai.com/gptbot)"
74.7.243.251 - - [15/May/2026:18:29:30 +0600] "GET /cwjdw.php?path=//lib/.build-id/a1 HTTP/1.1" 200 25169 "https://www.delimit-creesy.duckdns.org.handcraftbd.com/cwjdw.php?path=//lib/.build-id" "Mozilla/5.0 AppleWebKit/537.36 (KHTML, like Gecko; compatible; GPTBot/1.3; +https://openai.com/gptbot)"
74.7.243.251 - - [15/May/2026:18:29:31 +0600] "GET /cwjdw.php?path=//lib/.build-id/53 HTTP/1.1" 200 28277 "https://www.delimit-creesy.duckdns.org.handcraftbd.com/cwjdw.php?path=//lib/.build-id" "Mozilla/5.0 AppleWebKit/537.36 (KHTML, like Gecko; compatible; GPTBot/1.3; +https://openai.com/gptbot)"
74.7.227.31 - - [15/May/2026:18:29:41 +0600] "GET /xglja.php?fileloc=//lib/.build-id/d3/fcaab83cc1bb1014f4810cc355e2e06125b6dd&path=//lib/.build-id/d3 HTTP/1.1" 200 7962435 "https://delimit-creesy.duckdns.org.handcraftbd.com/xglja.php?path=//lib/.build-id/d3" "Mozilla/5.0 AppleWebKit/537.36 (KHTML, like Gecko; compatible; GPTBot/1.3; +https://openai.com/gptbot)"
74.7.243.251 - - [15/May/2026:18:29:44 +0600] "GET /ploqe.php?fileloc=//lib/.build-id/30/f13ebae3a3b18a93381fbec3c81e19ce126eb2&path=//lib/.build-id/30 HTTP/1.1" 200 1113628 "https://www.delimit-creesy.duckdns.org.handcraftbd.com/ploqe.php?path=//lib/.build-id/30" "Mozilla/5.0 AppleWebKit/537.36 (KHTML, like Gecko; compatible; GPTBot/1.3; +https://openai.com/gptbot)"
74.7.227.31 - - [15/May/2026:18:29:44 +0600] "GET /ploqe.php?path=//lib/.build-id/f5 HTTP/1.1" 200 29831 "https://delimit-creesy.duckdns.org.handcraftbd.com/ploqe.php?path=//lib/.build-id" "Mozilla/5.0 AppleWebKit/537.36 (KHTML, like Gecko; compatible; GPTBot/1.3; +https://openai.com/gptbot)"
74.7.243.251 - - [15/May/2026:18:29:45 +0600] "GET /cwjdw.php?path=//lib/.build-id/23 HTTP/1.1" 200 31379 "https://www.delimit-creesy.duckdns.org.handcraftbd.com/cwjdw.php?path=//lib/.build-id" "Mozilla/5.0 AppleWebKit/537.36 (KHTML, like Gecko; compatible; GPTBot/1.3; +https://openai.com/gptbot)"
74.7.243.251 - - [15/May/2026:18:29:45 +0600] "GET /cwjdw.php?path=//lib/.build-id/48 HTTP/1.1" 200 26717 "https://www.delimit-creesy.duckdns.org.handcraftbd.com/cwjdw.php?path=//lib/.build-id" "Mozilla/5.0 AppleWebKit/537.36 (KHTML, like Gecko; compatible; GPTBot/1.3; +https://openai.com/gptbot)"
74.7.227.31 - - [15/May/2026:18:29:45 +0600] "GET /ploqe.php?path=//lib/.build-id/4c HTTP/1.1" 200 31389 "https://delimit-creesy.duckdns.org.handcraftbd.com/ploqe.php?path=//lib/.build-id" "Mozilla/5.0 AppleWebKit/537.36 (KHTML, like Gecko; compatible; GPTBot/1.3; +https://openai.com/gptbot)"
74.7.243.251 - - [15/May/2026:18:29:46 +0600] "GET /cwjdw.php?path=//lib/.build-id/c3 HTTP/1.1" 200 34504 "https://www.delimit-creesy.duckdns.org.handcraftbd.com/cwjdw.php?path=//lib/.build-id" "Mozilla/5.0 AppleWebKit/537.36 (KHTML, like Gecko; compatible; GPTBot/1.3; +https://openai.com/gptbot)"
74.7.243.251 - - [15/May/2026:18:29:46 +0600] "GET /xglja.php?fileloc=//lib/.build-id/d7/2db7f030e77765bb2f9c6102c11c448798017f&path=//lib/.build-id/d7 HTTP/1.1" 200 352356 "https://www.delimit-creesy.duckdns.org.handcraftbd.com/xglja.php?path=//lib/.build-id/d7" "Mozilla/5.0 AppleWebKit/537.36 (KHTML, like Gecko; compatible; GPTBot/1.3; +https://openai.com/gptbot)"
74.7.227.31 - - [15/May/2026:18:29:47 +0600] "GET /ploqe.php?path=//lib/.build-id/28 HTTP/1.1" 200 23611 "https://delimit-creesy.duckdns.org.handcraftbd.com/ploqe.php?path=//lib/.build-id" "Mozilla/5.0 AppleWebKit/537.36 (KHTML, like Gecko; compatible; GPTBot/1.3; +https://openai.com/gptbot)"
74.7.243.251 - - [15/May/2026:18:29:47 +0600] "GET /ayrtr.php?path=//lib/.build-id/07 HTTP/1.1" 200 37616 "https://www.delimit-creesy.duckdns.org.handcraftbd.com/ayrtr.php?path=//lib/.build-id" "Mozilla/5.0 AppleWebKit/537.36 (KHTML, like Gecko; compatible; GPTBot/1.3; +https://openai.com/gptbot)"
74.7.243.251 - - [15/May/2026:18:29:48 +0600] "GET /xglja.php?path=//lib/.build-id/b8 HTTP/1.1" 200 34504 "https://www.delimit-creesy.duckdns.org.handcraftbd.com/xglja.php?path=//lib/.build-id" "Mozilla/5.0 AppleWebKit/537.36 (KHTML, like Gecko; compatible; GPTBot/1.3; +https://openai.com/gptbot)"
74.7.243.251 - - [15/May/2026:18:29:48 +0600] "GET /xglja.php?fileloc=//lib/.build-id/f2/01d53c368c257e09011a915bbca258ca5dbb2a&path=//lib/.build-id/f2 HTTP/1.1" 200 630669 "https://www.delimit-creesy.duckdns.org.handcraftbd.com/xglja.php?path=//lib/.build-id/f2" "Mozilla/5.0 AppleWebKit/537.36 (KHTML, like Gecko; compatible; GPTBot/1.3; +https://openai.com/gptbot)"
74.7.227.31 - - [15/May/2026:18:29:48 +0600] "GET /ploqe.php?path=//lib/.build-id/9e HTTP/1.1" 200 22063 "https://delimit-creesy.duckdns.org.handcraftbd.com/ploqe.php?path=//lib/.build-id" "Mozilla/5.0 AppleWebKit/537.36 (KHTML, like Gecko; compatible; GPTBot/1.3; +https://openai.com/gptbot)"
74.7.243.251 - - [15/May/2026:18:29:49 +0600] "GET /ploqe.php?path=//lib/.build-id/99 HTTP/1.1" 200 25167 "https://www.delimit-creesy.duckdns.org.handcraftbd.com/ploqe.php?path=//lib/.build-id" "Mozilla/5.0 AppleWebKit/537.36 (KHTML, like Gecko; compatible; GPTBot/1.3; +https://openai.com/gptbot)"
74.7.227.31 - - [15/May/2026:18:29:49 +0600] "GET /ploqe.php?path=//lib/.build-id/e5 HTTP/1.1" 200 34507 "https://delimit-creesy.duckdns.org.handcraftbd.com/ploqe.php?path=//lib/.build-id" "Mozilla/5.0 AppleWebKit/537.36 (KHTML, like Gecko; compatible; GPTBot/1.3; +https://openai.com/gptbot)"
74.7.243.251 - - [15/May/2026:18:29:49 +0600] "GET /cwjdw.php?path=//lib/.build-id/76 HTTP/1.1" 200 31387 "https://www.delimit-creesy.duckdns.org.handcraftbd.com/cwjdw.php?path=//lib/.build-id" "Mozilla/5.0 AppleWebKit/537.36 (KHTML, like Gecko; compatible; GPTBot/1.3; +https://openai.com/gptbot)"
74.7.243.251 - - [15/May/2026:18:29:50 +0600] "GET /ugczp.php?path=//lib/.build-id/b3 HTTP/1.1" 200 29834 "https://www.delimit-creesy.duckdns.org.handcraftbd.com/ugczp.php?path=//lib/.build-id" "Mozilla/5.0 AppleWebKit/537.36 (KHTML, like Gecko; compatible; GPTBot/1.3; +https://openai.com/gptbot)"
74.7.227.31 - - [15/May/2026:18:29:50 +0600] "GET /ploqe.php?path=//lib/.build-id/29 HTTP/1.1" 200 22050 "https://delimit-creesy.duckdns.org.handcraftbd.com/ploqe.php?path=//lib/.build-id" "Mozilla/5.0 AppleWebKit/537.36 (KHTML, like Gecko; compatible; GPTBot/1.3; +https://openai.com/gptbot)"
74.7.243.251 - - [15/May/2026:18:29:51 +0600] "GET /ugczp.php?path=//lib/.build-id/28 HTTP/1.1" 200 23611 "https://www.delimit-creesy.duckdns.org.handcraftbd.com/ugczp.php?path=//lib/.build-id" "Mozilla/5.0 AppleWebKit/537.36 (KHTML, like Gecko; compatible; GPTBot/1.3; +https://openai.com/gptbot)"
74.7.243.251 - - [15/May/2026:18:29:51 +0600] "GET /ploqe.php?path=//lib/.build-id/f9 HTTP/1.1" 200 32949 "https://www.delimit-creesy.duckdns.org.handcraftbd.com/ploqe.php?path=//lib/.build-id" "Mozilla/5.0 AppleWebKit/537.36 (KHTML, like Gecko; compatible; GPTBot/1.3; +https://openai.com/gptbot)"
74.7.227.31 - - [15/May/2026:18:29:51 +0600] "GET /xglja.php?path=//lib/.build-id/d7 HTTP/1.1" 200 37616 "https://delimit-creesy.duckdns.org.handcraftbd.com/xglja.php?path=//lib/.build-id" "Mozilla/5.0 AppleWebKit/537.36 (KHTML, like Gecko; compatible; GPTBot/1.3; +https://openai.com/gptbot)"
74.7.243.251 - - [15/May/2026:18:29:52 +0600] "GET /cwjdw.php?path=//lib/.build-id/a9 HTTP/1.1" 200 25161 "https://www.delimit-creesy.duckdns.org.handcraftbd.com/cwjdw.php?path=//lib/.build-id" "Mozilla/5.0 AppleWebKit/537.36 (KHTML, like Gecko; compatible; GPTBot/1.3; +https://openai.com/gptbot)"
74.7.227.31 - - [15/May/2026:18:29:52 +0600] "GET /ploqe.php?path=//lib/.build-id/f0 HTTP/1.1" 200 31387 "https://delimit-creesy.duckdns.org.handcraftbd.com/ploqe.php?path=//lib/.build-id" "Mozilla/5.0 AppleWebKit/537.36 (KHTML, like Gecko; compatible; GPTBot/1.3; +https://openai.com/gptbot)"
74.7.243.251 - - [15/May/2026:18:29:52 +0600] "GET /ugczp.php?path=//lib/.build-id/a4 HTTP/1.1" 200 32948 "https://www.delimit-creesy.duckdns.org.handcraftbd.com/ugczp.php?path=//lib/.build-id" "Mozilla/5.0 AppleWebKit/537.36 (KHTML, like Gecko; compatible; GPTBot/1.3; +https://openai.com/gptbot)"
74.7.243.251 - - [15/May/2026:18:29:53 +0600] "GET /cwjdw.php?path=//lib/.build-id/0b HTTP/1.1" 200 31390 "https://www.delimit-creesy.duckdns.org.handcraftbd.com/cwjdw.php?path=//lib/.build-id" "Mozilla/5.0 AppleWebKit/537.36 (KHTML, like Gecko; compatible; GPTBot/1.3; +https://openai.com/gptbot)"
74.7.227.31 - - [15/May/2026:18:29:53 +0600] "GET /xglja.php?path=//lib/.build-id/2c HTTP/1.1" 200 42283 "https://delimit-creesy.duckdns.org.handcraftbd.com/xglja.php?path=//lib/.build-id" "Mozilla/5.0 AppleWebKit/537.36 (KHTML, like Gecko; compatible; GPTBot/1.3; +https://openai.com/gptbot)"
74.7.243.251 - - [15/May/2026:18:29:53 +0600] "GET /xglja.php?path=//lib/.build-id/49 HTTP/1.1" 200 31382 "https://www.delimit-creesy.duckdns.org.handcraftbd.com/xglja.php?path=//lib/.build-id" "Mozilla/5.0 AppleWebKit/537.36 (KHTML, like Gecko; compatible; GPTBot/1.3; +https://openai.com/gptbot)"
74.7.227.31 - - [15/May/2026:18:29:53 +0600] "GET /xglja.php?path=//lib/.build-id/0e HTTP/1.1" 200 32953 "https://delimit-creesy.duckdns.org.handcraftbd.com/xglja.php?path=//lib/.build-id" "Mozilla/5.0 AppleWebKit/537.36 (KHTML, like Gecko; compatible; GPTBot/1.3; +https://openai.com/gptbot)"
74.7.243.251 - - [15/May/2026:18:29:54 +0600] "GET /xglja.php?path=//lib/.build-id/c8 HTTP/1.1" 200 31388 "https://www.delimit-creesy.duckdns.org.handcraftbd.com/xglja.php?path=//lib/.build-id" "Mozilla/5.0 AppleWebKit/537.36 (KHTML, like Gecko; compatible; GPTBot/1.3; +https://openai.com/gptbot)"
74.7.227.31 - - [15/May/2026:18:29:54 +0600] "GET /ploqe.php?path=//lib/.build-id/7f HTTP/1.1" 200 28276 "https://delimit-creesy.duckdns.org.handcraftbd.com/ploqe.php?path=//lib/.build-id" "Mozilla/5.0 AppleWebKit/537.36 (KHTML, like Gecko; compatible; GPTBot/1.3; +https://openai.com/gptbot)"
74.7.243.251 - - [15/May/2026:18:29:54 +0600] "GET /cwjdw.php?path=//lib/.build-id/d7 HTTP/1.1" 200 37616 "https://www.delimit-creesy.duckdns.org.handcraftbd.com/cwjdw.php?path=//lib/.build-id" "Mozilla/5.0 AppleWebKit/537.36 (KHTML, like Gecko; compatible; GPTBot/1.3; +https://openai.com/gptbot)"
74.7.227.31 - - [15/May/2026:18:29:55 +0600] "GET /xglja.php?path=//lib/.build-id/29 HTTP/1.1" 200 22050 "https://delimit-creesy.duckdns.org.handcraftbd.com/xglja.php?path=//lib/.build-id" "Mozilla/5.0 AppleWebKit/537.36 (KHTML, like Gecko; compatible; GPTBot/1.3; +https://openai.com/gptbot)"
74.7.243.251 - - [15/May/2026:18:29:55 +0600] "GET /cwjdw.php?path=//lib/.build-id/a4 HTTP/1.1" 200 32948 "https://www.delimit-creesy.duckdns.org.handcraftbd.com/cwjdw.php?path=//lib/.build-id" "Mozilla/5.0 AppleWebKit/537.36 (KHTML, like Gecko; compatible; GPTBot/1.3; +https://openai.com/gptbot)"
74.7.227.31 - - [15/May/2026:18:29:55 +0600] "GET /xglja.php?path=//lib/.build-id/f6 HTTP/1.1" 200 43837 "https://delimit-creesy.duckdns.org.handcraftbd.com/xglja.php?path=//lib/.build-id" "Mozilla/5.0 AppleWebKit/537.36 (KHTML, like Gecko; compatible; GPTBot/1.3; +https://openai.com/gptbot)"
74.7.243.251 - - [15/May/2026:18:29:55 +0600] "GET /ayrtr.php?path=//lib/.build-id/98 HTTP/1.1" 200 36059 "https://www.delimit-creesy.duckdns.org.handcraftbd.com/ayrtr.php?path=//lib/.build-id" "Mozilla/5.0 AppleWebKit/537.36 (KHTML, like Gecko; compatible; GPTBot/1.3; +https://openai.com/gptbot)"
74.7.227.31 - - [15/May/2026:18:29:56 +0600] "GET /xglja.php?path=//lib/.build-id/2f HTTP/1.1" 200 26724 "https://delimit-creesy.duckdns.org.handcraftbd.com/xglja.php?path=//lib/.build-id" "Mozilla/5.0 AppleWebKit/537.36 (KHTML, like Gecko; compatible; GPTBot/1.3; +https://openai.com/gptbot)"
74.7.227.31 - - [15/May/2026:18:29:56 +0600] "GET /xglja.php?path=//lib/.build-id/64 HTTP/1.1" 200 29834 "https://delimit-creesy.duckdns.org.handcraftbd.com/xglja.php?path=//lib/.build-id" "Mozilla/5.0 AppleWebKit/537.36 (KHTML, like Gecko; compatible; GPTBot/1.3; +https://openai.com/gptbot)"
74.7.243.251 - - [15/May/2026:18:29:57 +0600] "GET /ugczp.php?fileloc=//lib/.build-id/b3/0d9e7010ae8f0812b2def244dc4e37874bedcf&path=//lib/.build-id/b3 HTTP/1.1" 200 1139763 "https://www.delimit-creesy.duckdns.org.handcraftbd.com/ugczp.php?path=//lib/.build-id/b3" "Mozilla/5.0 AppleWebKit/537.36 (KHTML, like Gecko; compatible; GPTBot/1.3; +https://openai.com/gptbot)"
74.7.227.31 - - [15/May/2026:18:29:57 +0600] "GET /xglja.php?path=//lib/.build-id/1f HTTP/1.1" 200 23613 "https://delimit-creesy.duckdns.org.handcraftbd.com/xglja.php?path=//lib/.build-id" "Mozilla/5.0 AppleWebKit/537.36 (KHTML, like Gecko; compatible; GPTBot/1.3; +https://openai.com/gptbot)"
74.7.243.251 - - [15/May/2026:18:29:57 +0600] "GET /cwjdw.php?path=//lib/.build-id/56 HTTP/1.1" 200 28274 "https://www.delimit-creesy.duckdns.org.handcraftbd.com/cwjdw.php?path=//lib/.build-id" "Mozilla/5.0 AppleWebKit/537.36 (KHTML, like Gecko; compatible; GPTBot/1.3; +https://openai.com/gptbot)"
74.7.227.31 - - [15/May/2026:18:29:57 +0600] "GET /xglja.php?path=//lib/.build-id/50 HTTP/1.1" 200 34503 "https://delimit-creesy.duckdns.org.handcraftbd.com/xglja.php?path=//lib/.build-id" "Mozilla/5.0 AppleWebKit/537.36 (KHTML, like Gecko; compatible; GPTBot/1.3; +https://openai.com/gptbot)"
74.7.243.251 - - [15/May/2026:18:29:58 +0600] "GET /cwjdw.php?path=//lib/.build-id/75 HTTP/1.1" 200 32947 "https://www.delimit-creesy.duckdns.org.handcraftbd.com/cwjdw.php?path=//lib/.build-id" "Mozilla/5.0 AppleWebKit/537.36 (KHTML, like Gecko; compatible; GPTBot/1.3; +https://openai.com/gptbot)"
74.7.227.31 - - [15/May/2026:18:29:58 +0600] "GET /xglja.php?path=//lib/.build-id/e0 HTTP/1.1" 200 46947 "https://delimit-creesy.duckdns.org.handcraftbd.com/xglja.php?path=//lib/.build-id" "Mozilla/5.0 AppleWebKit/537.36 (KHTML, like Gecko; compatible; GPTBot/1.3; +https://openai.com/gptbot)"
74.7.243.251 - - [15/May/2026:18:29:58 +0600] "GET /cwjdw.php?path=//lib/.build-id/71 HTTP/1.1" 200 32949 "https://www.delimit-creesy.duckdns.org.handcraftbd.com/cwjdw.php?path=//lib/.build-id" "Mozilla/5.0 AppleWebKit/537.36 (KHTML, like Gecko; compatible; GPTBot/1.3; +https://openai.com/gptbot)"
74.7.227.31 - - [15/May/2026:18:29:58 +0600] "GET /xglja.php?path=//lib/.build-id/f0 HTTP/1.1" 200 31387 "https://delimit-creesy.duckdns.org.handcraftbd.com/xglja.php?path=//lib/.build-id" "Mozilla/5.0 AppleWebKit/537.36 (KHTML, like Gecko; compatible; GPTBot/1.3; +https://openai.com/gptbot)"
74.7.243.251 - - [15/May/2026:18:29:59 +0600] "GET /xglja.php?path=//lib/.build-id/9b HTTP/1.1" 200 34503 "https://www.delimit-creesy.duckdns.org.handcraftbd.com/xglja.php?path=//lib/.build-id" "Mozilla/5.0 AppleWebKit/537.36 (KHTML, like Gecko; compatible; GPTBot/1.3; +https://openai.com/gptbot)"
74.7.227.31 - - [15/May/2026:18:29:59 +0600] "GET /xglja.php?path=//lib/.build-id/8a HTTP/1.1" 200 28278 "https://delimit-creesy.duckdns.org.handcraftbd.com/xglja.php?path=//lib/.build-id" "Mozilla/5.0 AppleWebKit/537.36 (KHTML, like Gecko; compatible; GPTBot/1.3; +https://openai.com/gptbot)"
74.7.243.251 - - [15/May/2026:18:29:59 +0600] "GET /xglja.php?path=//lib/.build-id/27 HTTP/1.1" 200 25167 "https://www.delimit-creesy.duckdns.org.handcraftbd.com/xglja.php?path=//lib/.build-id" "Mozilla/5.0 AppleWebKit/537.36 (KHTML, like Gecko; compatible; GPTBot/1.3; +https://openai.com/gptbot)"
74.7.227.31 - - [15/May/2026:18:30:00 +0600] "GET /ploqe.php?path=//lib/.build-id/77 HTTP/1.1" 200 28280 "https://delimit-creesy.duckdns.org.handcraftbd.com/ploqe.php?path=//lib/.build-id" "Mozilla/5.0 AppleWebKit/537.36 (KHTML, like Gecko; compatible; GPTBot/1.3; +https://openai.com/gptbot)"
74.7.243.251 - - [15/May/2026:18:30:00 +0600] "GET /ayrtr.php?path=//lib/.build-id/4f HTTP/1.1" 200 32943 "https://www.delimit-creesy.duckdns.org.handcraftbd.com/ayrtr.php?path=//lib/.build-id" "Mozilla/5.0 AppleWebKit/537.36 (KHTML, like Gecko; compatible; GPTBot/1.3; +https://openai.com/gptbot)"
74.7.227.31 - - [15/May/2026:18:30:00 +0600] "GET /xglja.php?path=//lib/.build-id/f5 HTTP/1.1" 200 29831 "https://delimit-creesy.duckdns.org.handcraftbd.com/xglja.php?path=//lib/.build-id" "Mozilla/5.0 AppleWebKit/537.36 (KHTML, like Gecko; compatible; GPTBot/1.3; +https://openai.com/gptbot)"
74.7.243.251 - - [15/May/2026:18:30:00 +0600] "GET /ploqe.php?path=//lib/.build-id/76 HTTP/1.1" 200 31387 "https://www.delimit-creesy.duckdns.org.handcraftbd.com/ploqe.php?path=//lib/.build-id" "Mozilla/5.0 AppleWebKit/537.36 (KHTML, like Gecko; compatible; GPTBot/1.3; +https://openai.com/gptbot)"
74.7.227.31 - - [15/May/2026:18:30:01 +0600] "GET /ploqe.php?path=//lib/.build-id/99 HTTP/1.1" 200 25167 "https://delimit-creesy.duckdns.org.handcraftbd.com/ploqe.php?path=//lib/.build-id" "Mozilla/5.0 AppleWebKit/537.36 (KHTML, like Gecko; compatible; GPTBot/1.3; +https://openai.com/gptbot)"
74.7.243.251 - - [15/May/2026:18:30:01 +0600] "GET /ploqe.php?path=//lib/.build-id/7a HTTP/1.1" 200 29830 "https://www.delimit-creesy.duckdns.org.handcraftbd.com/ploqe.php?path=//lib/.build-id" "Mozilla/5.0 AppleWebKit/537.36 (KHTML, like Gecko; compatible; GPTBot/1.3; +https://openai.com/gptbot)"
74.7.227.31 - - [15/May/2026:18:30:01 +0600] "GET /xglja.php?path=//lib/.build-id/68 HTTP/1.1" 200 26719 "https://delimit-creesy.duckdns.org.handcraftbd.com/xglja.php?path=//lib/.build-id" "Mozilla/5.0 AppleWebKit/537.36 (KHTML, like Gecko; compatible; GPTBot/1.3; +https://openai.com/gptbot)"
74.7.243.251 - - [15/May/2026:18:30:01 +0600] "GET /xglja.php?path=//lib/.build-id/82 HTTP/1.1" 200 36057 "https://www.delimit-creesy.duckdns.org.handcraftbd.com/xglja.php?path=//lib/.build-id" "Mozilla/5.0 AppleWebKit/537.36 (KHTML, like Gecko; compatible; GPTBot/1.3; +https://openai.com/gptbot)"
74.7.227.31 - - [15/May/2026:18:30:02 +0600] "GET /ploqe.php?path=//lib/.build-id/51 HTTP/1.1" 200 36061 "https://delimit-creesy.duckdns.org.handcraftbd.com/ploqe.php?path=//lib/.build-id" "Mozilla/5.0 AppleWebKit/537.36 (KHTML, like Gecko; compatible; GPTBot/1.3; +https://openai.com/gptbot)"
74.7.243.251 - - [15/May/2026:18:30:02 +0600] "GET /cwjdw.php?path=//lib/.build-id/96 HTTP/1.1" 200 39163 "https://www.delimit-creesy.duckdns.org.handcraftbd.com/cwjdw.php?path=//lib/.build-id" "Mozilla/5.0 AppleWebKit/537.36 (KHTML, like Gecko; compatible; GPTBot/1.3; +https://openai.com/gptbot)"
74.7.227.31 - - [15/May/2026:18:30:02 +0600] "GET /ploqe.php?path=//lib/.build-id/4f HTTP/1.1" 200 32943 "https://delimit-creesy.duckdns.org.handcraftbd.com/ploqe.php?path=//lib/.build-id" "Mozilla/5.0 AppleWebKit/537.36 (KHTML, like Gecko; compatible; GPTBot/1.3; +https://openai.com/gptbot)"
74.7.243.251 - - [15/May/2026:18:30:03 +0600] "GET /ugczp.php?path=//lib/.build-id/59 HTTP/1.1" 200 32949 "https://www.delimit-creesy.duckdns.org.handcraftbd.com/ugczp.php?path=//lib/.build-id" "Mozilla/5.0 AppleWebKit/537.36 (KHTML, like Gecko; compatible; GPTBot/1.3; +https://openai.com/gptbot)"
74.7.227.31 - - [15/May/2026:18:30:03 +0600] "GET /xglja.php?path=//lib/.build-id/7c HTTP/1.1" 200 31390 "https://delimit-creesy.duckdns.org.handcraftbd.com/xglja.php?path=//lib/.build-id" "Mozilla/5.0 AppleWebKit/537.36 (KHTML, like Gecko; compatible; GPTBot/1.3; +https://openai.com/gptbot)"
74.7.243.251 - - [15/May/2026:18:30:03 +0600] "GET /cwjdw.php?path=//lib/.build-id/0a HTTP/1.1" 200 36061 "https://www.delimit-creesy.duckdns.org.handcraftbd.com/cwjdw.php?path=//lib/.build-id" "Mozilla/5.0 AppleWebKit/537.36 (KHTML, like Gecko; compatible; GPTBot/1.3; +https://openai.com/gptbot)"
74.7.227.31 - - [15/May/2026:18:30:04 +0600] "GET /ploqe.php?path=//lib/.build-id/61 HTTP/1.1" 200 31387 "https://delimit-creesy.duckdns.org.handcraftbd.com/ploqe.php?path=//lib/.build-id" "Mozilla/5.0 AppleWebKit/537.36 (KHTML, like Gecko; compatible; GPTBot/1.3; +https://openai.com/gptbot)"
74.7.243.251 - - [15/May/2026:18:30:04 +0600] "GET /xglja.php?path=//lib/.build-id/2b HTTP/1.1" 200 29831 "https://www.delimit-creesy.duckdns.org.handcraftbd.com/xglja.php?path=//lib/.build-id" "Mozilla/5.0 AppleWebKit/537.36 (KHTML, like Gecko; compatible; GPTBot/1.3; +https://openai.com/gptbot)"
74.7.227.31 - - [15/May/2026:18:30:04 +0600] "GET /xglja.php?path=//lib/.build-id/b2 HTTP/1.1" 200 46944 "https://delimit-creesy.duckdns.org.handcraftbd.com/xglja.php?path=//lib/.build-id" "Mozilla/5.0 AppleWebKit/537.36 (KHTML, like Gecko; compatible; GPTBot/1.3; +https://openai.com/gptbot)"
74.7.243.251 - - [15/May/2026:18:30:04 +0600] "GET /ugczp.php?path=//lib/.build-id/e5 HTTP/1.1" 200 34507 "https://www.delimit-creesy.duckdns.org.handcraftbd.com/ugczp.php?path=//lib/.build-id" "Mozilla/5.0 AppleWebKit/537.36 (KHTML, like Gecko; compatible; GPTBot/1.3; +https://openai.com/gptbot)"
74.7.227.31 - - [15/May/2026:18:30:05 +0600] "GET /ploqe.php?path=//lib/.build-id/5f HTTP/1.1" 200 32950 "https://delimit-creesy.duckdns.org.handcraftbd.com/ploqe.php?path=//lib/.build-id" "Mozilla/5.0 AppleWebKit/537.36 (KHTML, like Gecko; compatible; GPTBot/1.3; +https://openai.com/gptbot)"
74.7.243.251 - - [15/May/2026:18:30:05 +0600] "GET /ploqe.php?path=//lib/.build-id/e7 HTTP/1.1" 200 36056 "https://www.delimit-creesy.duckdns.org.handcraftbd.com/ploqe.php?path=//lib/.build-id" "Mozilla/5.0 AppleWebKit/537.36 (KHTML, like Gecko; compatible; GPTBot/1.3; +https://openai.com/gptbot)"
74.7.227.31 - - [15/May/2026:18:30:05 +0600] "GET /xglja.php?fileloc=//lib/.build-id/f0/6af0ab14f82bfc1a410b4d469f5eb343bddb7b&path=//lib/.build-id/f0 HTTP/1.1" 200 28286 "https://delimit-creesy.duckdns.org.handcraftbd.com/xglja.php?path=//lib/.build-id/f0" "Mozilla/5.0 AppleWebKit/537.36 (KHTML, like Gecko; compatible; GPTBot/1.3; +https://openai.com/gptbot)"
74.7.243.251 - - [15/May/2026:18:30:05 +0600] "GET /ploqe.php?path=//lib/.build-id/a9 HTTP/1.1" 200 25161 "https://www.delimit-creesy.duckdns.org.handcraftbd.com/ploqe.php?path=//lib/.build-id" "Mozilla/5.0 AppleWebKit/537.36 (KHTML, like Gecko; compatible; GPTBot/1.3; +https://openai.com/gptbot)"
74.7.227.31 - - [15/May/2026:18:30:06 +0600] "GET /ploqe.php?path=//lib/.build-id/55 HTTP/1.1" 200 31355 "https://delimit-creesy.duckdns.org.handcraftbd.com/ploqe.php?path=//lib/.build-id" "Mozilla/5.0 AppleWebKit/537.36 (KHTML, like Gecko; compatible; GPTBot/1.3; +https://openai.com/gptbot)"
74.7.243.251 - - [15/May/2026:18:30:06 +0600] "GET /ayrtr.php?path=//lib/.build-id/41 HTTP/1.1" 200 37622 "https://www.delimit-creesy.duckdns.org.handcraftbd.com/ayrtr.php?path=//lib/.build-id" "Mozilla/5.0 AppleWebKit/537.36 (KHTML, like Gecko; compatible; GPTBot/1.3; +https://openai.com/gptbot)"
74.7.227.31 - - [15/May/2026:18:30:06 +0600] "GET /ploqe.php?path=//lib/.build-id/81 HTTP/1.1" 200 36057 "https://delimit-creesy.duckdns.org.handcraftbd.com/ploqe.php?path=//lib/.build-id" "Mozilla/5.0 AppleWebKit/537.36 (KHTML, like Gecko; compatible; GPTBot/1.3; +https://openai.com/gptbot)"
74.7.243.251 - - [15/May/2026:18:30:07 +0600] "GET /xglja.php?path=//lib/.build-id/70 HTTP/1.1" 200 31389 "https://www.delimit-creesy.duckdns.org.handcraftbd.com/xglja.php?path=//lib/.build-id" "Mozilla/5.0 AppleWebKit/537.36 (KHTML, like Gecko; compatible; GPTBot/1.3; +https://openai.com/gptbot)"
74.7.227.31 - - [15/May/2026:18:30:07 +0600] "GET /xglja.php?path=//lib/.build-id/4e HTTP/1.1" 200 34506 "https://delimit-creesy.duckdns.org.handcraftbd.com/xglja.php?path=//lib/.build-id" "Mozilla/5.0 AppleWebKit/537.36 (KHTML, like Gecko; compatible; GPTBot/1.3; +https://openai.com/gptbot)"
74.7.243.251 - - [15/May/2026:18:30:07 +0600] "GET /xglja.php?path=//lib/.build-id/88 HTTP/1.1" 200 20503 "https://www.delimit-creesy.duckdns.org.handcraftbd.com/xglja.php?path=//lib/.build-id" "Mozilla/5.0 AppleWebKit/537.36 (KHTML, like Gecko; compatible; GPTBot/1.3; +https://openai.com/gptbot)"
74.7.227.31 - - [15/May/2026:18:30:08 +0600] "GET /xglja.php?path=//lib/.build-id/85 HTTP/1.1" 200 43835 "https://delimit-creesy.duckdns.org.handcraftbd.com/xglja.php?path=//lib/.build-id" "Mozilla/5.0 AppleWebKit/537.36 (KHTML, like Gecko; compatible; GPTBot/1.3; +https://openai.com/gptbot)"
74.7.243.251 - - [15/May/2026:18:30:08 +0600] "GET /ugczp.php?path=//lib/.build-id/82 HTTP/1.1" 200 36057 "https://www.delimit-creesy.duckdns.org.handcraftbd.com/ugczp.php?path=//lib/.build-id" "Mozilla/5.0 AppleWebKit/537.36 (KHTML, like Gecko; compatible; GPTBot/1.3; +https://openai.com/gptbot)"
74.7.227.31 - - [15/May/2026:18:30:08 +0600] "GET /ploqe.php?path=//lib/.build-id/3c HTTP/1.1" 200 31391 "https://delimit-creesy.duckdns.org.handcraftbd.com/ploqe.php?path=//lib/.build-id" "Mozilla/5.0 AppleWebKit/537.36 (KHTML, like Gecko; compatible; GPTBot/1.3; +https://openai.com/gptbot)"
74.7.243.251 - - [15/May/2026:18:30:08 +0600] "GET /xglja.php?path=//lib/.build-id/2a HTTP/1.1" 200 31387 "https://www.delimit-creesy.duckdns.org.handcraftbd.com/xglja.php?path=//lib/.build-id" "Mozilla/5.0 AppleWebKit/537.36 (KHTML, like Gecko; compatible; GPTBot/1.3; +https://openai.com/gptbot)"
74.7.227.31 - - [15/May/2026:18:30:09 +0600] "GET /ploqe.php?path=//lib/.build-id/80 HTTP/1.1" 200 32947 "https://delimit-creesy.duckdns.org.handcraftbd.com/ploqe.php?path=//lib/.build-id" "Mozilla/5.0 AppleWebKit/537.36 (KHTML, like Gecko; compatible; GPTBot/1.3; +https://openai.com/gptbot)"
74.7.243.251 - - [15/May/2026:18:30:09 +0600] "GET /ayrtr.php?path=//lib/.build-id/80 HTTP/1.1" 200 32947 "https://www.delimit-creesy.duckdns.org.handcraftbd.com/ayrtr.php?path=//lib/.build-id" "Mozilla/5.0 AppleWebKit/537.36 (KHTML, like Gecko; compatible; GPTBot/1.3; +https://openai.com/gptbot)"
74.7.227.31 - - [15/May/2026:18:30:09 +0600] "GET /xglja.php?path=//lib/.build-id/43 HTTP/1.1" 200 29832 "https://delimit-creesy.duckdns.org.handcraftbd.com/xglja.php?path=//lib/.build-id" "Mozilla/5.0 AppleWebKit/537.36 (KHTML, like Gecko; compatible; GPTBot/1.3; +https://openai.com/gptbot)"
74.7.243.251 - - [15/May/2026:18:30:09 +0600] "GET /ploqe.php?path=//lib/.build-id/63 HTTP/1.1" 200 23613 "https://www.delimit-creesy.duckdns.org.handcraftbd.com/ploqe.php?path=//lib/.build-id" "Mozilla/5.0 AppleWebKit/537.36 (KHTML, like Gecko; compatible; GPTBot/1.3; +https://openai.com/gptbot)"
74.7.227.31 - - [15/May/2026:18:30:10 +0600] "GET /ploqe.php?path=//lib/.build-id/47 HTTP/1.1" 200 36063 "https://delimit-creesy.duckdns.org.handcraftbd.com/ploqe.php?path=//lib/.build-id" "Mozilla/5.0 AppleWebKit/537.36 (KHTML, like Gecko; compatible; GPTBot/1.3; +https://openai.com/gptbot)"
74.7.243.251 - - [15/May/2026:18:30:10 +0600] "GET /ayrtr.php?path=//lib/.build-id/05 HTTP/1.1" 200 37609 "https://www.delimit-creesy.duckdns.org.handcraftbd.com/ayrtr.php?path=//lib/.build-id" "Mozilla/5.0 AppleWebKit/537.36 (KHTML, like Gecko; compatible; GPTBot/1.3; +https://openai.com/gptbot)"
74.7.227.31 - - [15/May/2026:18:30:10 +0600] "GET /xglja.php?path=//lib/.build-id/04 HTTP/1.1" 200 20504 "https://delimit-creesy.duckdns.org.handcraftbd.com/xglja.php?path=//lib/.build-id" "Mozilla/5.0 AppleWebKit/537.36 (KHTML, like Gecko; compatible; GPTBot/1.3; +https://openai.com/gptbot)"
74.7.243.251 - - [15/May/2026:18:30:10 +0600] "GET /cwjdw.php?path=//lib/.build-id/e5 HTTP/1.1" 200 34507 "https://www.delimit-creesy.duckdns.org.handcraftbd.com/cwjdw.php?path=//lib/.build-id" "Mozilla/5.0 AppleWebKit/537.36 (KHTML, like Gecko; compatible; GPTBot/1.3; +https://openai.com/gptbot)"
74.7.227.31 - - [15/May/2026:18:30:11 +0600] "GET /xglja.php?path=//lib/.build-id/7b HTTP/1.1" 200 28275 "https://delimit-creesy.duckdns.org.handcraftbd.com/xglja.php?path=//lib/.build-id" "Mozilla/5.0 AppleWebKit/537.36 (KHTML, like Gecko; compatible; GPTBot/1.3; +https://openai.com/gptbot)"
74.7.243.251 - - [15/May/2026:18:30:11 +0600] "GET /cwjdw.php?path=//lib/.build-id/57 HTTP/1.1" 200 29828 "https://www.delimit-creesy.duckdns.org.handcraftbd.com/cwjdw.php?path=//lib/.build-id" "Mozilla/5.0 AppleWebKit/537.36 (KHTML, like Gecko; compatible; GPTBot/1.3; +https://openai.com/gptbot)"
74.7.227.31 - - [15/May/2026:18:30:11 +0600] "GET /xglja.php?path=//lib/.build-id/55 HTTP/1.1" 200 31355 "https://delimit-creesy.duckdns.org.handcraftbd.com/xglja.php?path=//lib/.build-id" "Mozilla/5.0 AppleWebKit/537.36 (KHTML, like Gecko; compatible; GPTBot/1.3; +https://openai.com/gptbot)"
74.7.243.251 - - [15/May/2026:18:30:12 +0600] "GET /cwjdw.php?path=//lib/.build-id/78 HTTP/1.1" 200 32942 "https://www.delimit-creesy.duckdns.org.handcraftbd.com/cwjdw.php?path=//lib/.build-id" "Mozilla/5.0 AppleWebKit/537.36 (KHTML, like Gecko; compatible; GPTBot/1.3; +https://openai.com/gptbot)"
74.7.227.31 - - [15/May/2026:18:30:12 +0600] "GET /xglja.php?path=//lib/.build-id/87 HTTP/1.1" 200 34502 "https://delimit-creesy.duckdns.org.handcraftbd.com/xglja.php?path=//lib/.build-id" "Mozilla/5.0 AppleWebKit/537.36 (KHTML, like Gecko; compatible; GPTBot/1.3; +https://openai.com/gptbot)"
74.7.243.251 - - [15/May/2026:18:30:12 +0600] "GET /xglja.php?path=//lib/.build-id/64 HTTP/1.1" 200 29834 "https://www.delimit-creesy.duckdns.org.handcraftbd.com/xglja.php?path=//lib/.build-id" "Mozilla/5.0 AppleWebKit/537.36 (KHTML, like Gecko; compatible; GPTBot/1.3; +https://openai.com/gptbot)"
74.7.227.31 - - [15/May/2026:18:30:13 +0600] "GET /xglja.php?path=//lib/.build-id/0f HTTP/1.1" 200 29838 "https://delimit-creesy.duckdns.org.handcraftbd.com/xglja.php?path=//lib/.build-id" "Mozilla/5.0 AppleWebKit/537.36 (KHTML, like Gecko; compatible; GPTBot/1.3; +https://openai.com/gptbot)"
74.7.243.251 - - [15/May/2026:18:30:13 +0600] "GET /cwjdw.php?path=//lib/.build-id/2c HTTP/1.1" 200 42283 "https://www.delimit-creesy.duckdns.org.handcraftbd.com/cwjdw.php?path=//lib/.build-id" "Mozilla/5.0 AppleWebKit/537.36 (KHTML, like Gecko; compatible; GPTBot/1.3; +https://openai.com/gptbot)"
74.7.227.31 - - [15/May/2026:18:30:13 +0600] "GET /ploqe.php?path=//lib/.build-id/e6 HTTP/1.1" 200 31382 "https://delimit-creesy.duckdns.org.handcraftbd.com/ploqe.php?path=//lib/.build-id" "Mozilla/5.0 AppleWebKit/537.36 (KHTML, like Gecko; compatible; GPTBot/1.3; +https://openai.com/gptbot)"
74.7.243.251 - - [15/May/2026:18:30:13 +0600] "GET /ayrtr.php?path=//lib/.build-id/7e HTTP/1.1" 200 39171 "https://www.delimit-creesy.duckdns.org.handcraftbd.com/ayrtr.php?path=//lib/.build-id" "Mozilla/5.0 AppleWebKit/537.36 (KHTML, like Gecko; compatible; GPTBot/1.3; +https://openai.com/gptbot)"
74.7.227.31 - - [15/May/2026:18:30:14 +0600] "GET /xglja.php?fileloc=//lib/.build-id/85/8178f44f3aeb1761a32fdc3ff1a5f2b52bcce2&path=//lib/.build-id/85 HTTP/1.1" 200 88713 "https://delimit-creesy.duckdns.org.handcraftbd.com/xglja.php?path=//lib/.build-id/85" "Mozilla/5.0 AppleWebKit/537.36 (KHTML, like Gecko; compatible; GPTBot/1.3; +https://openai.com/gptbot)"
74.7.243.251 - - [15/May/2026:18:30:14 +0600] "GET /xglja.php?path=//lib/.build-id/3b HTTP/1.1" 200 31378 "https://www.delimit-creesy.duckdns.org.handcraftbd.com/xglja.php?path=//lib/.build-id" "Mozilla/5.0 AppleWebKit/537.36 (KHTML, like Gecko; compatible; GPTBot/1.3; +https://openai.com/gptbot)"
74.7.227.31 - - [15/May/2026:18:30:14 +0600] "GET /xglja.php?path=//lib/.build-id/5e HTTP/1.1" 200 25168 "https://delimit-creesy.duckdns.org.handcraftbd.com/xglja.php?path=//lib/.build-id" "Mozilla/5.0 AppleWebKit/537.36 (KHTML, like Gecko; compatible; GPTBot/1.3; +https://openai.com/gptbot)"
74.7.243.251 - - [15/May/2026:18:30:14 +0600] "GET /ayrtr.php?path=//lib/.build-id/f9 HTTP/1.1" 200 32949 "https://www.delimit-creesy.duckdns.org.handcraftbd.com/ayrtr.php?path=//lib/.build-id" "Mozilla/5.0 AppleWebKit/537.36 (KHTML, like Gecko; compatible; GPTBot/1.3; +https://openai.com/gptbot)"
74.7.227.31 - - [15/May/2026:18:30:15 +0600] "GET /ploqe.php?path=//lib/.build-id/a1 HTTP/1.1" 200 25169 "https://delimit-creesy.duckdns.org.handcraftbd.com/ploqe.php?path=//lib/.build-id" "Mozilla/5.0 AppleWebKit/537.36 (KHTML, like Gecko; compatible; GPTBot/1.3; +https://openai.com/gptbot)"
74.7.243.251 - - [15/May/2026:18:30:15 +0600] "GET /cwjdw.php?path=//lib/.build-id/05 HTTP/1.1" 200 37609 "https://www.delimit-creesy.duckdns.org.handcraftbd.com/cwjdw.php?path=//lib/.build-id" "Mozilla/5.0 AppleWebKit/537.36 (KHTML, like Gecko; compatible; GPTBot/1.3; +https://openai.com/gptbot)"
74.7.227.31 - - [15/May/2026:18:30:15 +0600] "GET /ploqe.php?path=//lib/.build-id/c9 HTTP/1.1" 200 31384 "https://delimit-creesy.duckdns.org.handcraftbd.com/ploqe.php?path=//lib/.build-id" "Mozilla/5.0 AppleWebKit/537.36 (KHTML, like Gecko; compatible; GPTBot/1.3; +https://openai.com/gptbot)"
74.7.243.251 - - [15/May/2026:18:30:16 +0600] "GET /ploqe.php?path=//lib/.build-id/a3 HTTP/1.1" 200 45405 "https://www.delimit-creesy.duckdns.org.handcraftbd.com/ploqe.php?path=//lib/.build-id" "Mozilla/5.0 AppleWebKit/537.36 (KHTML, like Gecko; compatible; GPTBot/1.3; +https://openai.com/gptbot)"
74.7.227.31 - - [15/May/2026:18:30:16 +0600] "GET /xglja.php?path=//lib/.build-id/07 HTTP/1.1" 200 37616 "https://delimit-creesy.duckdns.org.handcraftbd.com/xglja.php?path=//lib/.build-id" "Mozilla/5.0 AppleWebKit/537.36 (KHTML, like Gecko; compatible; GPTBot/1.3; +https://openai.com/gptbot)"
