74.7.243.251 - - [15/May/2026:18:44:38 +0600] "GET /ugczp.php?path=//usr/lib/.build-id/d4 HTTP/1.1" 200 33199 "https://www.delimit-creesy.duckdns.org.handcraftbd.com/ugczp.php?path=//usr/lib/.build-id" "Mozilla/5.0 AppleWebKit/537.36 (KHTML, like Gecko; compatible; GPTBot/1.3; +https://openai.com/gptbot)"
74.7.227.31 - - [15/May/2026:18:44:38 +0600] "GET /ploqe.php?path=//usr/lib/.build-id/bb HTTP/1.1" 200 34773 "https://delimit-creesy.duckdns.org.handcraftbd.com/ploqe.php?path=//usr/lib/.build-id" "Mozilla/5.0 AppleWebKit/537.36 (KHTML, like Gecko; compatible; GPTBot/1.3; +https://openai.com/gptbot)"
74.7.243.251 - - [15/May/2026:18:44:39 +0600] "GET /ugczp.php?path=//usr/lib/.build-id/1c HTTP/1.1" 200 34770 "https://www.delimit-creesy.duckdns.org.handcraftbd.com/ugczp.php?path=//usr/lib/.build-id" "Mozilla/5.0 AppleWebKit/537.36 (KHTML, like Gecko; compatible; GPTBot/1.3; +https://openai.com/gptbot)"
74.7.227.31 - - [15/May/2026:18:44:39 +0600] "GET /ploqe.php?path=//usr/lib/.build-id/ef HTTP/1.1" 200 33200 "https://delimit-creesy.duckdns.org.handcraftbd.com/ploqe.php?path=//usr/lib/.build-id" "Mozilla/5.0 AppleWebKit/537.36 (KHTML, like Gecko; compatible; GPTBot/1.3; +https://openai.com/gptbot)"
74.7.243.251 - - [15/May/2026:18:44:39 +0600] "GET /ugczp.php?path=//usr/lib/.build-id/55 HTTP/1.1" 200 31589 "https://www.delimit-creesy.duckdns.org.handcraftbd.com/ugczp.php?path=//usr/lib/.build-id" "Mozilla/5.0 AppleWebKit/537.36 (KHTML, like Gecko; compatible; GPTBot/1.3; +https://openai.com/gptbot)"
74.7.227.31 - - [15/May/2026:18:44:40 +0600] "GET /ploqe.php?path=//usr/lib/.build-id/ac HTTP/1.1" 200 33195 "https://delimit-creesy.duckdns.org.handcraftbd.com/ploqe.php?path=//usr/lib/.build-id" "Mozilla/5.0 AppleWebKit/537.36 (KHTML, like Gecko; compatible; GPTBot/1.3; +https://openai.com/gptbot)"
74.7.243.251 - - [15/May/2026:18:44:40 +0600] "GET /ugczp.php?path=//usr/lib/.build-id/b8 HTTP/1.1" 200 34770 "https://www.delimit-creesy.duckdns.org.handcraftbd.com/ugczp.php?path=//usr/lib/.build-id" "Mozilla/5.0 AppleWebKit/537.36 (KHTML, like Gecko; compatible; GPTBot/1.3; +https://openai.com/gptbot)"
74.7.227.31 - - [15/May/2026:18:44:40 +0600] "GET /ploqe.php?path=//usr/lib/.build-id/af HTTP/1.1" 200 31620 "https://delimit-creesy.duckdns.org.handcraftbd.com/ploqe.php?path=//usr/lib/.build-id" "Mozilla/5.0 AppleWebKit/537.36 (KHTML, like Gecko; compatible; GPTBot/1.3; +https://openai.com/gptbot)"
74.7.243.251 - - [15/May/2026:18:44:41 +0600] "GET /ugczp.php?path=//usr/lib/.build-id/2d HTTP/1.1" 200 36343 "https://www.delimit-creesy.duckdns.org.handcraftbd.com/ugczp.php?path=//usr/lib/.build-id" "Mozilla/5.0 AppleWebKit/537.36 (KHTML, like Gecko; compatible; GPTBot/1.3; +https://openai.com/gptbot)"
74.7.227.31 - - [15/May/2026:18:44:41 +0600] "GET /nncnj.php?path=//var/log/alt-php82-newrelic HTTP/1.1" 200 12742 "https://delimit-creesy.duckdns.org.handcraftbd.com/nncnj.php?path=//var/log" "Mozilla/5.0 AppleWebKit/537.36 (KHTML, like Gecko; compatible; GPTBot/1.3; +https://openai.com/gptbot)"
74.7.243.251 - - [15/May/2026:18:44:41 +0600] "GET /ugczp.php?path=//usr/lib/.build-id/9e HTTP/1.1" 200 22201 "https://www.delimit-creesy.duckdns.org.handcraftbd.com/ugczp.php?path=//usr/lib/.build-id" "Mozilla/5.0 AppleWebKit/537.36 (KHTML, like Gecko; compatible; GPTBot/1.3; +https://openai.com/gptbot)"
74.7.227.31 - - [15/May/2026:18:44:41 +0600] "GET /nncnj.php?path=//var/log/alt-php83-newrelic HTTP/1.1" 200 12742 "https://delimit-creesy.duckdns.org.handcraftbd.com/nncnj.php?path=//var/log" "Mozilla/5.0 AppleWebKit/537.36 (KHTML, like Gecko; compatible; GPTBot/1.3; +https://openai.com/gptbot)"
74.7.243.251 - - [15/May/2026:18:44:42 +0600] "GET /ugczp.php?path=//usr/lib/.build-id/9f HTTP/1.1" 200 28473 "https://www.delimit-creesy.duckdns.org.handcraftbd.com/ugczp.php?path=//usr/lib/.build-id" "Mozilla/5.0 AppleWebKit/537.36 (KHTML, like Gecko; compatible; GPTBot/1.3; +https://openai.com/gptbot)"
74.7.227.31 - - [15/May/2026:18:44:42 +0600] "GET /cwjdw.php?path=//var/run/net-snmp HTTP/1.1" 200 12722 "https://delimit-creesy.duckdns.org.handcraftbd.com/cwjdw.php?path=//var/run" "Mozilla/5.0 AppleWebKit/537.36 (KHTML, like Gecko; compatible; GPTBot/1.3; +https://openai.com/gptbot)"
74.7.243.251 - - [15/May/2026:18:44:42 +0600] "GET /ugczp.php?path=//usr/lib/.build-id/0e HTTP/1.1" 200 33204 "https://www.delimit-creesy.duckdns.org.handcraftbd.com/ugczp.php?path=//usr/lib/.build-id" "Mozilla/5.0 AppleWebKit/537.36 (KHTML, like Gecko; compatible; GPTBot/1.3; +https://openai.com/gptbot)"
74.7.227.31 - - [15/May/2026:18:44:42 +0600] "GET /vlqcz.php?path=//var/run/net-snmp HTTP/1.1" 200 12722 "https://delimit-creesy.duckdns.org.handcraftbd.com/vlqcz.php?path=//var/run" "Mozilla/5.0 AppleWebKit/537.36 (KHTML, like Gecko; compatible; GPTBot/1.3; +https://openai.com/gptbot)"
74.7.243.251 - - [15/May/2026:18:44:43 +0600] "GET /ugczp.php?path=//usr/lib/.build-id/73 HTTP/1.1" 200 41066 "https://www.delimit-creesy.duckdns.org.handcraftbd.com/ugczp.php?path=//usr/lib/.build-id" "Mozilla/5.0 AppleWebKit/537.36 (KHTML, like Gecko; compatible; GPTBot/1.3; +https://openai.com/gptbot)"
74.7.243.251 - - [15/May/2026:18:44:43 +0600] "GET /ugczp.php?path=//usr/lib/.build-id/a0 HTTP/1.1" 200 25334 "https://www.delimit-creesy.duckdns.org.handcraftbd.com/ugczp.php?path=//usr/lib/.build-id" "Mozilla/5.0 AppleWebKit/537.36 (KHTML, like Gecko; compatible; GPTBot/1.3; +https://openai.com/gptbot)"
74.7.243.251 - - [15/May/2026:18:44:44 +0600] "GET /ugczp.php?path=//usr/lib/.build-id/72 HTTP/1.1" 200 36348 "https://www.delimit-creesy.duckdns.org.handcraftbd.com/ugczp.php?path=//usr/lib/.build-id" "Mozilla/5.0 AppleWebKit/537.36 (KHTML, like Gecko; compatible; GPTBot/1.3; +https://openai.com/gptbot)"
74.7.243.251 - - [15/May/2026:18:44:47 +0600] "GET /ugczp.php?path=//usr/lib/.build-id/59 HTTP/1.1" 200 33200 "https://www.delimit-creesy.duckdns.org.handcraftbd.com/ugczp.php?path=//usr/lib/.build-id" "Mozilla/5.0 AppleWebKit/537.36 (KHTML, like Gecko; compatible; GPTBot/1.3; +https://openai.com/gptbot)"
74.7.227.31 - - [15/May/2026:18:44:47 +0600] "GET /vlqcz.php?path=//var/lib HTTP/1.1" 200 17938 "https://delimit-creesy.duckdns.org.handcraftbd.com/vlqcz.php?path=//var" "Mozilla/5.0 AppleWebKit/537.36 (KHTML, like Gecko; compatible; GPTBot/1.3; +https://openai.com/gptbot)"
74.7.243.251 - - [15/May/2026:18:44:47 +0600] "GET /ugczp.php?path=//usr/lib/.build-id/90 HTTP/1.1" 200 33201 "https://www.delimit-creesy.duckdns.org.handcraftbd.com/ugczp.php?path=//usr/lib/.build-id" "Mozilla/5.0 AppleWebKit/537.36 (KHTML, like Gecko; compatible; GPTBot/1.3; +https://openai.com/gptbot)"
74.7.227.31 - - [15/May/2026:18:44:48 +0600] "GET /vlqcz.php?path=//usr/src HTTP/1.1" 200 14030 "https://delimit-creesy.duckdns.org.handcraftbd.com/vlqcz.php?path=//usr" "Mozilla/5.0 AppleWebKit/537.36 (KHTML, like Gecko; compatible; GPTBot/1.3; +https://openai.com/gptbot)"
74.7.227.31 - - [15/May/2026:18:44:48 +0600] "GET /xglja.php?path=//usr/src HTTP/1.1" 200 14030 "https://delimit-creesy.duckdns.org.handcraftbd.com/xglja.php?path=//usr" "Mozilla/5.0 AppleWebKit/537.36 (KHTML, like Gecko; compatible; GPTBot/1.3; +https://openai.com/gptbot)"
74.7.243.251 - - [15/May/2026:18:44:48 +0600] "GET /ugczp.php?path=//usr/lib/.build-id/17 HTTP/1.1" 200 34774 "https://www.delimit-creesy.duckdns.org.handcraftbd.com/ugczp.php?path=//usr/lib/.build-id" "Mozilla/5.0 AppleWebKit/537.36 (KHTML, like Gecko; compatible; GPTBot/1.3; +https://openai.com/gptbot)"
74.7.243.251 - - [15/May/2026:18:44:49 +0600] "GET /ugczp.php?path=//usr/lib/.build-id/96 HTTP/1.1" 200 39477 "https://www.delimit-creesy.duckdns.org.handcraftbd.com/ugczp.php?path=//usr/lib/.build-id" "Mozilla/5.0 AppleWebKit/537.36 (KHTML, like Gecko; compatible; GPTBot/1.3; +https://openai.com/gptbot)"
74.7.227.31 - - [15/May/2026:18:44:49 +0600] "GET /ugczp.php?path=//usr/lib HTTP/1.1" 200 61252 "https://delimit-creesy.duckdns.org.handcraftbd.com/ugczp.php?path=//usr" "Mozilla/5.0 AppleWebKit/537.36 (KHTML, like Gecko; compatible; GPTBot/1.3; +https://openai.com/gptbot)"
74.7.243.251 - - [15/May/2026:18:44:49 +0600] "GET /ugczp.php?path=//usr/lib/.build-id/22 HTTP/1.1" 200 28481 "https://www.delimit-creesy.duckdns.org.handcraftbd.com/ugczp.php?path=//usr/lib/.build-id" "Mozilla/5.0 AppleWebKit/537.36 (KHTML, like Gecko; compatible; GPTBot/1.3; +https://openai.com/gptbot)"
74.7.227.31 - - [15/May/2026:18:44:44 +0600] "GET /nncnj.php?path=//usr/bin HTTP/1.1" 200 685453 "https://delimit-creesy.duckdns.org.handcraftbd.com/nncnj.php?path=//usr" "Mozilla/5.0 AppleWebKit/537.36 (KHTML, like Gecko; compatible; GPTBot/1.3; +https://openai.com/gptbot)"
74.7.243.251 - - [15/May/2026:18:44:45 +0600] "GET /ugczp.php?path=//usr/lib/.build-id/4f HTTP/1.1" 200 33194 "https://www.delimit-creesy.duckdns.org.handcraftbd.com/ugczp.php?path=//usr/lib/.build-id" "Mozilla/5.0 AppleWebKit/537.36 (KHTML, like Gecko; compatible; GPTBot/1.3; +https://openai.com/gptbot)"
74.7.227.31 - - [15/May/2026:18:44:45 +0600] "GET /ploqe.php?fileloc=//usr/lib/.build-id/ab/e0136e64bfabaf0950c25860785db8bc82a91f&path=//usr/lib/.build-id/ab HTTP/1.1" 200 27212 "https://delimit-creesy.duckdns.org.handcraftbd.com/ploqe.php?path=//usr/lib/.build-id/ab" "Mozilla/5.0 AppleWebKit/537.36 (KHTML, like Gecko; compatible; GPTBot/1.3; +https://openai.com/gptbot)"
74.7.243.251 - - [15/May/2026:18:44:45 +0600] "GET /ugczp.php?path=//usr/lib/.build-id/18 HTTP/1.1" 200 39486 "https://www.delimit-creesy.duckdns.org.handcraftbd.com/ugczp.php?path=//usr/lib/.build-id" "Mozilla/5.0 AppleWebKit/537.36 (KHTML, like Gecko; compatible; GPTBot/1.3; +https://openai.com/gptbot)"
74.7.227.31 - - [15/May/2026:18:44:45 +0600] "GET /zljqb.php?path=//var/tmp HTTP/1.1" 200 12674 "https://delimit-creesy.duckdns.org.handcraftbd.com/zljqb.php?path=//var" "Mozilla/5.0 AppleWebKit/537.36 (KHTML, like Gecko; compatible; GPTBot/1.3; +https://openai.com/gptbot)"
74.7.243.251 - - [15/May/2026:18:44:46 +0600] "GET /ugczp.php?path=//usr/lib/.build-id/71 HTTP/1.1" 200 33200 "https://www.delimit-creesy.duckdns.org.handcraftbd.com/ugczp.php?path=//usr/lib/.build-id" "Mozilla/5.0 AppleWebKit/537.36 (KHTML, like Gecko; compatible; GPTBot/1.3; +https://openai.com/gptbot)"
74.7.227.31 - - [15/May/2026:18:44:50 +0600] "GET /ugczp.php?path=//var/log HTTP/1.1" 200 26274 "https://delimit-creesy.duckdns.org.handcraftbd.com/ugczp.php?path=//var" "Mozilla/5.0 AppleWebKit/537.36 (KHTML, like Gecko; compatible; GPTBot/1.3; +https://openai.com/gptbot)"
74.7.227.31 - - [15/May/2026:18:44:50 +0600] "GET /xiewz.php?path=//etc/ssl HTTP/1.1" 403 358 "https://delimit-creesy.duckdns.org.handcraftbd.com/xiewz.php?path=//etc" "Mozilla/5.0 AppleWebKit/537.36 (KHTML, like Gecko; compatible; GPTBot/1.3; +https://openai.com/gptbot)"
74.7.243.251 - - [15/May/2026:18:44:50 +0600] "GET /ugczp.php?fileloc=//usr/lib/.build-id/73/98d94bcf0b67157b50e0a74075014357af0ed0&path=//usr/lib/.build-id/73 HTTP/1.1" 200 252621 "https://www.delimit-creesy.duckdns.org.handcraftbd.com/ugczp.php?path=//usr/lib/.build-id/73" "Mozilla/5.0 AppleWebKit/537.36 (KHTML, like Gecko; compatible; GPTBot/1.3; +https://openai.com/gptbot)"
74.7.227.31 - - [15/May/2026:18:44:51 +0600] "GET /ploqe.php?path=//lib/kbd HTTP/1.1" 200 17946 "https://delimit-creesy.duckdns.org.handcraftbd.com/ploqe.php?path=//lib" "Mozilla/5.0 AppleWebKit/537.36 (KHTML, like Gecko; compatible; GPTBot/1.3; +https://openai.com/gptbot)"
74.7.243.251 - - [15/May/2026:18:44:51 +0600] "GET /ugczp.php?path=//usr/lib/.build-id/53 HTTP/1.1" 200 28479 "https://www.delimit-creesy.duckdns.org.handcraftbd.com/ugczp.php?path=//usr/lib/.build-id" "Mozilla/5.0 AppleWebKit/537.36 (KHTML, like Gecko; compatible; GPTBot/1.3; +https://openai.com/gptbot)"
74.7.227.31 - - [15/May/2026:18:44:51 +0600] "GET /xglja.php?path=//var/run HTTP/1.1" 200 28526 "https://delimit-creesy.duckdns.org.handcraftbd.com/xglja.php?path=//var" "Mozilla/5.0 AppleWebKit/537.36 (KHTML, like Gecko; compatible; GPTBot/1.3; +https://openai.com/gptbot)"
74.7.243.251 - - [15/May/2026:18:44:51 +0600] "GET /ugczp.php?path=//usr/lib/.build-id/34 HTTP/1.1" 200 36343 "https://www.delimit-creesy.duckdns.org.handcraftbd.com/ugczp.php?path=//usr/lib/.build-id" "Mozilla/5.0 AppleWebKit/537.36 (KHTML, like Gecko; compatible; GPTBot/1.3; +https://openai.com/gptbot)"
74.7.243.251 - - [15/May/2026:18:44:52 +0600] "GET /ugczp.php?path=//usr/lib/.build-id/4c HTTP/1.1" 200 31623 "https://www.delimit-creesy.duckdns.org.handcraftbd.com/ugczp.php?path=//usr/lib/.build-id" "Mozilla/5.0 AppleWebKit/537.36 (KHTML, like Gecko; compatible; GPTBot/1.3; +https://openai.com/gptbot)"
74.7.227.31 - - [15/May/2026:18:44:52 +0600] "GET /nncnj.php?fileloc=//usr/bin/nsupdate&path=//usr/bin HTTP/1.1" 200 117507 "https://delimit-creesy.duckdns.org.handcraftbd.com/nncnj.php?path=//usr/bin" "Mozilla/5.0 AppleWebKit/537.36 (KHTML, like Gecko; compatible; GPTBot/1.3; +https://openai.com/gptbot)"
74.7.243.251 - - [15/May/2026:18:44:52 +0600] "GET /ugczp.php?path=//usr/lib/.build-id/d1 HTTP/1.1" 200 22196 "https://www.delimit-creesy.duckdns.org.handcraftbd.com/ugczp.php?path=//usr/lib/.build-id" "Mozilla/5.0 AppleWebKit/537.36 (KHTML, like Gecko; compatible; GPTBot/1.3; +https://openai.com/gptbot)"
74.7.227.31 - - [15/May/2026:18:44:52 +0600] "GET /nncnj.php?fileloc=//usr/bin/realpath&path=//usr/bin HTTP/1.1" 200 87183 "https://delimit-creesy.duckdns.org.handcraftbd.com/nncnj.php?path=//usr/bin" "Mozilla/5.0 AppleWebKit/537.36 (KHTML, like Gecko; compatible; GPTBot/1.3; +https://openai.com/gptbot)"
74.7.243.251 - - [15/May/2026:18:44:53 +0600] "GET /ugczp.php?path=//usr/lib/.build-id/b0 HTTP/1.1" 200 31623 "https://www.delimit-creesy.duckdns.org.handcraftbd.com/ugczp.php?path=//usr/lib/.build-id" "Mozilla/5.0 AppleWebKit/537.36 (KHTML, like Gecko; compatible; GPTBot/1.3; +https://openai.com/gptbot)"
74.7.227.31 - - [15/May/2026:18:44:53 +0600] "GET /nncnj.php?fileloc=//usr/bin/net-snmp-create-v3-user&path=//usr/bin HTTP/1.1" 200 16178 "https://delimit-creesy.duckdns.org.handcraftbd.com/nncnj.php?path=//usr/bin" "Mozilla/5.0 AppleWebKit/537.36 (KHTML, like Gecko; compatible; GPTBot/1.3; +https://openai.com/gptbot)"
74.7.243.251 - - [15/May/2026:18:44:53 +0600] "GET /ugczp.php?path=//usr/lib/.build-id/8a HTTP/1.1" 200 28480 "https://www.delimit-creesy.duckdns.org.handcraftbd.com/ugczp.php?path=//usr/lib/.build-id" "Mozilla/5.0 AppleWebKit/537.36 (KHTML, like Gecko; compatible; GPTBot/1.3; +https://openai.com/gptbot)"
74.7.227.31 - - [15/May/2026:18:44:54 +0600] "GET /nncnj.php?fileloc=//usr/bin/lesspipe.sh&path=//usr/bin HTTP/1.1" 200 15960 "https://delimit-creesy.duckdns.org.handcraftbd.com/nncnj.php?path=//usr/bin" "Mozilla/5.0 AppleWebKit/537.36 (KHTML, like Gecko; compatible; GPTBot/1.3; +https://openai.com/gptbot)"
74.7.243.251 - - [15/May/2026:18:44:54 +0600] "GET /ugczp.php?path=//usr/lib/.build-id/68 HTTP/1.1" 200 26905 "https://www.delimit-creesy.duckdns.org.handcraftbd.com/ugczp.php?path=//usr/lib/.build-id" "Mozilla/5.0 AppleWebKit/537.36 (KHTML, like Gecko; compatible; GPTBot/1.3; +https://openai.com/gptbot)"
74.7.227.31 - - [15/May/2026:18:44:54 +0600] "GET /nncnj.php?fileloc=//usr/bin/unlink&path=//usr/bin HTTP/1.1" 200 60204 "https://delimit-creesy.duckdns.org.handcraftbd.com/nncnj.php?path=//usr/bin" "Mozilla/5.0 AppleWebKit/537.36 (KHTML, like Gecko; compatible; GPTBot/1.3; +https://openai.com/gptbot)"
74.7.243.251 - - [15/May/2026:18:44:54 +0600] "GET /ugczp.php?path=//usr/lib/.build-id/97 HTTP/1.1" 200 39487 "https://www.delimit-creesy.duckdns.org.handcraftbd.com/ugczp.php?path=//usr/lib/.build-id" "Mozilla/5.0 AppleWebKit/537.36 (KHTML, like Gecko; compatible; GPTBot/1.3; +https://openai.com/gptbot)"
74.7.227.31 - - [15/May/2026:18:44:55 +0600] "GET /nncnj.php?fileloc=//usr/bin/zipcloak&path=//usr/bin HTTP/1.1" 200 168567 "https://delimit-creesy.duckdns.org.handcraftbd.com/nncnj.php?path=//usr/bin" "Mozilla/5.0 AppleWebKit/537.36 (KHTML, like Gecko; compatible; GPTBot/1.3; +https://openai.com/gptbot)"
74.7.243.251 - - [15/May/2026:18:44:55 +0600] "GET /ugczp.php?path=//usr/lib/.build-id/77 HTTP/1.1" 200 28482 "https://www.delimit-creesy.duckdns.org.handcraftbd.com/ugczp.php?path=//usr/lib/.build-id" "Mozilla/5.0 AppleWebKit/537.36 (KHTML, like Gecko; compatible; GPTBot/1.3; +https://openai.com/gptbot)"
74.7.243.251 - - [15/May/2026:18:44:56 +0600] "GET /ugczp.php?path=//usr/lib/.build-id/1e HTTP/1.1" 200 26913 "https://www.delimit-creesy.duckdns.org.handcraftbd.com/ugczp.php?path=//usr/lib/.build-id" "Mozilla/5.0 AppleWebKit/537.36 (KHTML, like Gecko; compatible; GPTBot/1.3; +https://openai.com/gptbot)"
74.7.243.251 - - [15/May/2026:18:44:56 +0600] "GET /ugczp.php?path=//usr/lib/.build-id/4b HTTP/1.1" 200 30047 "https://www.delimit-creesy.duckdns.org.handcraftbd.com/ugczp.php?path=//usr/lib/.build-id" "Mozilla/5.0 AppleWebKit/537.36 (KHTML, like Gecko; compatible; GPTBot/1.3; +https://openai.com/gptbot)"
74.7.243.251 - - [15/May/2026:18:44:57 +0600] "GET /ugczp.php?path=//usr/lib/.build-id/75 HTTP/1.1" 200 33198 "https://www.delimit-creesy.duckdns.org.handcraftbd.com/ugczp.php?path=//usr/lib/.build-id" "Mozilla/5.0 AppleWebKit/537.36 (KHTML, like Gecko; compatible; GPTBot/1.3; +https://openai.com/gptbot)"
74.7.227.31 - - [15/May/2026:18:44:57 +0600] "GET /ugczp.php?path=//usr/lib/.build-id HTTP/1.1" 200 350213 "https://delimit-creesy.duckdns.org.handcraftbd.com/ugczp.php?path=//usr/lib" "Mozilla/5.0 AppleWebKit/537.36 (KHTML, like Gecko; compatible; GPTBot/1.3; +https://openai.com/gptbot)"
74.7.243.251 - - [15/May/2026:18:44:57 +0600] "GET /ugczp.php?path=//usr/lib/.build-id/26 HTTP/1.1" 200 34775 "https://www.delimit-creesy.duckdns.org.handcraftbd.com/ugczp.php?path=//usr/lib/.build-id" "Mozilla/5.0 AppleWebKit/537.36 (KHTML, like Gecko; compatible; GPTBot/1.3; +https://openai.com/gptbot)"
74.7.227.31 - - [15/May/2026:18:44:57 +0600] "GET /vlqcz.php?path=//var/lib/spamassassin HTTP/1.1" 200 16783 "https://delimit-creesy.duckdns.org.handcraftbd.com/vlqcz.php?path=//var/lib" "Mozilla/5.0 AppleWebKit/537.36 (KHTML, like Gecko; compatible; GPTBot/1.3; +https://openai.com/gptbot)"
74.7.243.251 - - [15/May/2026:18:44:58 +0600] "GET /ugczp.php?path=//usr/lib/.build-id/d9 HTTP/1.1" 200 33194 "https://www.delimit-creesy.duckdns.org.handcraftbd.com/ugczp.php?path=//usr/lib/.build-id" "Mozilla/5.0 AppleWebKit/537.36 (KHTML, like Gecko; compatible; GPTBot/1.3; +https://openai.com/gptbot)"
74.7.227.31 - - [15/May/2026:18:44:58 +0600] "GET /vlqcz.php?path=//var/lib/net-snmp HTTP/1.1" 200 15428 "https://delimit-creesy.duckdns.org.handcraftbd.com/vlqcz.php?path=//var/lib" "Mozilla/5.0 AppleWebKit/537.36 (KHTML, like Gecko; compatible; GPTBot/1.3; +https://openai.com/gptbot)"
74.7.243.251 - - [15/May/2026:18:44:58 +0600] "GET /ugczp.php?path=//usr/lib/.build-id/e6 HTTP/1.1" 200 31616 "https://www.delimit-creesy.duckdns.org.handcraftbd.com/ugczp.php?path=//usr/lib/.build-id" "Mozilla/5.0 AppleWebKit/537.36 (KHTML, like Gecko; compatible; GPTBot/1.3; +https://openai.com/gptbot)"
74.7.243.251 - - [15/May/2026:18:44:59 +0600] "GET /ugczp.php?path=//usr/lib/.build-id/65 HTTP/1.1" 200 42623 "https://www.delimit-creesy.duckdns.org.handcraftbd.com/ugczp.php?path=//usr/lib/.build-id" "Mozilla/5.0 AppleWebKit/537.36 (KHTML, like Gecko; compatible; GPTBot/1.3; +https://openai.com/gptbot)"
74.7.227.31 - - [15/May/2026:18:44:59 +0600] "GET /ploqe.php?path=//lib/kbd/consolefonts HTTP/1.1" 200 324825 "https://delimit-creesy.duckdns.org.handcraftbd.com/ploqe.php?path=//lib/kbd" "Mozilla/5.0 AppleWebKit/537.36 (KHTML, like Gecko; compatible; GPTBot/1.3; +https://openai.com/gptbot)"
74.7.243.251 - - [15/May/2026:18:44:59 +0600] "GET /ugczp.php?path=//usr/lib/.build-id/a4 HTTP/1.1" 200 33199 "https://www.delimit-creesy.duckdns.org.handcraftbd.com/ugczp.php?path=//usr/lib/.build-id" "Mozilla/5.0 AppleWebKit/537.36 (KHTML, like Gecko; compatible; GPTBot/1.3; +https://openai.com/gptbot)"
74.7.243.251 - - [15/May/2026:18:45:00 +0600] "GET /ugczp.php?path=//usr/lib/.build-id/06 HTTP/1.1" 200 20626 "https://www.delimit-creesy.duckdns.org.handcraftbd.com/ugczp.php?path=//usr/lib/.build-id" "Mozilla/5.0 AppleWebKit/537.36 (KHTML, like Gecko; compatible; GPTBot/1.3; +https://openai.com/gptbot)"
74.7.227.31 - - [15/May/2026:18:45:00 +0600] "GET /ploqe.php?path=//lib/kbd/consoletrans HTTP/1.1" 200 85510 "https://delimit-creesy.duckdns.org.handcraftbd.com/ploqe.php?path=//lib/kbd" "Mozilla/5.0 AppleWebKit/537.36 (KHTML, like Gecko; compatible; GPTBot/1.3; +https://openai.com/gptbot)"
74.7.227.31 - - [15/May/2026:18:45:00 +0600] "GET /ugczp.php?path=//var/log/alt-php81-newrelic HTTP/1.1" 200 12742 "https://delimit-creesy.duckdns.org.handcraftbd.com/ugczp.php?path=//var/log" "Mozilla/5.0 AppleWebKit/537.36 (KHTML, like Gecko; compatible; GPTBot/1.3; +https://openai.com/gptbot)"
74.7.243.251 - - [15/May/2026:18:45:01 +0600] "GET /ugczp.php?path=//usr/lib/.build-id/0d HTTP/1.1" 200 34767 "https://www.delimit-creesy.duckdns.org.handcraftbd.com/ugczp.php?path=//usr/lib/.build-id" "Mozilla/5.0 AppleWebKit/537.36 (KHTML, like Gecko; compatible; GPTBot/1.3; +https://openai.com/gptbot)"
74.7.227.31 - - [15/May/2026:18:45:01 +0600] "GET /ugczp.php?path=//var/log/alt-php56-newrelic HTTP/1.1" 200 12742 "https://delimit-creesy.duckdns.org.handcraftbd.com/ugczp.php?path=//var/log" "Mozilla/5.0 AppleWebKit/537.36 (KHTML, like Gecko; compatible; GPTBot/1.3; +https://openai.com/gptbot)"
74.7.243.251 - - [15/May/2026:18:45:01 +0600] "GET /ugczp.php?path=//usr/lib/.build-id/a2 HTTP/1.1" 200 36342 "https://www.delimit-creesy.duckdns.org.handcraftbd.com/ugczp.php?path=//usr/lib/.build-id" "Mozilla/5.0 AppleWebKit/537.36 (KHTML, like Gecko; compatible; GPTBot/1.3; +https://openai.com/gptbot)"
74.7.227.31 - - [15/May/2026:18:45:01 +0600] "GET /ugczp.php?path=//var/log/alt-php74-newrelic HTTP/1.1" 200 12742 "https://delimit-creesy.duckdns.org.handcraftbd.com/ugczp.php?path=//var/log" "Mozilla/5.0 AppleWebKit/537.36 (KHTML, like Gecko; compatible; GPTBot/1.3; +https://openai.com/gptbot)"
74.7.243.251 - - [15/May/2026:18:45:02 +0600] "GET /ugczp.php?path=//usr/lib/.build-id/3b HTTP/1.1" 200 31612 "https://www.delimit-creesy.duckdns.org.handcraftbd.com/ugczp.php?path=//usr/lib/.build-id" "Mozilla/5.0 AppleWebKit/537.36 (KHTML, like Gecko; compatible; GPTBot/1.3; +https://openai.com/gptbot)"
74.7.227.31 - - [15/May/2026:18:45:02 +0600] "GET /ugczp.php?path=//var/log/alt-php72-newrelic HTTP/1.1" 200 12742 "https://delimit-creesy.duckdns.org.handcraftbd.com/ugczp.php?path=//var/log" "Mozilla/5.0 AppleWebKit/537.36 (KHTML, like Gecko; compatible; GPTBot/1.3; +https://openai.com/gptbot)"
74.7.243.251 - - [15/May/2026:18:45:02 +0600] "GET /ugczp.php?path=//usr/lib/.build-id/92 HTTP/1.1" 200 28482 "https://www.delimit-creesy.duckdns.org.handcraftbd.com/ugczp.php?path=//usr/lib/.build-id" "Mozilla/5.0 AppleWebKit/537.36 (KHTML, like Gecko; compatible; GPTBot/1.3; +https://openai.com/gptbot)"
74.7.227.31 - - [15/May/2026:18:45:02 +0600] "GET /ugczp.php?path=//var/log/alt-php73-newrelic HTTP/1.1" 200 12742 "https://delimit-creesy.duckdns.org.handcraftbd.com/ugczp.php?path=//var/log" "Mozilla/5.0 AppleWebKit/537.36 (KHTML, like Gecko; compatible; GPTBot/1.3; +https://openai.com/gptbot)"
74.7.243.251 - - [15/May/2026:18:45:03 +0600] "GET /ugczp.php?path=//usr/lib/.build-id/c7 HTTP/1.1" 200 28480 "https://www.delimit-creesy.duckdns.org.handcraftbd.com/ugczp.php?path=//usr/lib/.build-id" "Mozilla/5.0 AppleWebKit/537.36 (KHTML, like Gecko; compatible; GPTBot/1.3; +https://openai.com/gptbot)"
74.7.227.31 - - [15/May/2026:18:45:03 +0600] "GET /ugczp.php?path=//var/log/alt-php70-newrelic HTTP/1.1" 200 12742 "https://delimit-creesy.duckdns.org.handcraftbd.com/ugczp.php?path=//var/log" "Mozilla/5.0 AppleWebKit/537.36 (KHTML, like Gecko; compatible; GPTBot/1.3; +https://openai.com/gptbot)"
74.7.243.251 - - [15/May/2026:18:45:03 +0600] "GET /ugczp.php?path=//usr/lib/.build-id/38 HTTP/1.1" 200 30048 "https://www.delimit-creesy.duckdns.org.handcraftbd.com/ugczp.php?path=//usr/lib/.build-id" "Mozilla/5.0 AppleWebKit/537.36 (KHTML, like Gecko; compatible; GPTBot/1.3; +https://openai.com/gptbot)"
74.7.227.31 - - [15/May/2026:18:45:04 +0600] "GET /ugczp.php?path=//var/log/alt-php71-newrelic HTTP/1.1" 200 12742 "https://delimit-creesy.duckdns.org.handcraftbd.com/ugczp.php?path=//var/log" "Mozilla/5.0 AppleWebKit/537.36 (KHTML, like Gecko; compatible; GPTBot/1.3; +https://openai.com/gptbot)"
74.7.243.251 - - [15/May/2026:18:45:04 +0600] "GET /ugczp.php?path=//usr/lib/.build-id/9d HTTP/1.1" 200 26909 "https://www.delimit-creesy.duckdns.org.handcraftbd.com/ugczp.php?path=//usr/lib/.build-id" "Mozilla/5.0 AppleWebKit/537.36 (KHTML, like Gecko; compatible; GPTBot/1.3; +https://openai.com/gptbot)"
74.7.227.31 - - [15/May/2026:18:45:04 +0600] "GET /ugczp.php?path=//usr/lib/.build-id/45 HTTP/1.1" 200 36338 "https://delimit-creesy.duckdns.org.handcraftbd.com/ugczp.php?path=//usr/lib/.build-id" "Mozilla/5.0 AppleWebKit/537.36 (KHTML, like Gecko; compatible; GPTBot/1.3; +https://openai.com/gptbot)"
74.7.243.251 - - [15/May/2026:18:45:04 +0600] "GET /ugczp.php?path=//usr/lib/.build-id/44 HTTP/1.1" 200 31622 "https://www.delimit-creesy.duckdns.org.handcraftbd.com/ugczp.php?path=//usr/lib/.build-id" "Mozilla/5.0 AppleWebKit/537.36 (KHTML, like Gecko; compatible; GPTBot/1.3; +https://openai.com/gptbot)"
74.7.227.31 - - [15/May/2026:18:45:05 +0600] "GET /ugczp.php?path=//usr/lib/.build-id/b3 HTTP/1.1" 200 30052 "https://delimit-creesy.duckdns.org.handcraftbd.com/ugczp.php?path=//usr/lib/.build-id" "Mozilla/5.0 AppleWebKit/537.36 (KHTML, like Gecko; compatible; GPTBot/1.3; +https://openai.com/gptbot)"
74.7.243.251 - - [15/May/2026:18:45:05 +0600] "GET /ugczp.php?path=//usr/lib/.build-id/c0 HTTP/1.1" 200 28474 "https://www.delimit-creesy.duckdns.org.handcraftbd.com/ugczp.php?path=//usr/lib/.build-id" "Mozilla/5.0 AppleWebKit/537.36 (KHTML, like Gecko; compatible; GPTBot/1.3; +https://openai.com/gptbot)"
74.7.227.31 - - [15/May/2026:18:45:05 +0600] "GET /ugczp.php?path=//usr/lib/.build-id/ad HTTP/1.1" 200 30051 "https://delimit-creesy.duckdns.org.handcraftbd.com/ugczp.php?path=//usr/lib/.build-id" "Mozilla/5.0 AppleWebKit/537.36 (KHTML, like Gecko; compatible; GPTBot/1.3; +https://openai.com/gptbot)"
74.7.243.251 - - [15/May/2026:18:45:05 +0600] "GET /ugczp.php?path=//usr/lib/.build-id/39 HTTP/1.1" 200 44199 "https://www.delimit-creesy.duckdns.org.handcraftbd.com/ugczp.php?path=//usr/lib/.build-id" "Mozilla/5.0 AppleWebKit/537.36 (KHTML, like Gecko; compatible; GPTBot/1.3; +https://openai.com/gptbot)"
74.7.227.31 - - [15/May/2026:18:45:06 +0600] "GET /ploqe.php?fileloc=//lib/kbd/consolefonts/lat4a-14.psfu.gz&path=//lib/kbd/consolefonts HTTP/1.1" 200 16104 "https://delimit-creesy.duckdns.org.handcraftbd.com/ploqe.php?path=//lib/kbd/consolefonts" "Mozilla/5.0 AppleWebKit/537.36 (KHTML, like Gecko; compatible; GPTBot/1.3; +https://openai.com/gptbot)"
74.7.243.251 - - [15/May/2026:18:45:06 +0600] "GET /ugczp.php?path=//usr/lib/.build-id/c2 HTTP/1.1" 200 26913 "https://www.delimit-creesy.duckdns.org.handcraftbd.com/ugczp.php?path=//usr/lib/.build-id" "Mozilla/5.0 AppleWebKit/537.36 (KHTML, like Gecko; compatible; GPTBot/1.3; +https://openai.com/gptbot)"
74.7.227.31 - - [15/May/2026:18:45:06 +0600] "GET /ploqe.php?fileloc=//lib/kbd/consoletrans/cp863_to_uni.trans&path=//lib/kbd/consoletrans HTTP/1.1" 200 21769 "https://delimit-creesy.duckdns.org.handcraftbd.com/ploqe.php?path=//lib/kbd/consoletrans" "Mozilla/5.0 AppleWebKit/537.36 (KHTML, like Gecko; compatible; GPTBot/1.3; +https://openai.com/gptbot)"
74.7.243.251 - - [15/May/2026:18:45:07 +0600] "GET /ugczp.php?path=//usr/lib/.build-id/37 HTTP/1.1" 200 30053 "https://www.delimit-creesy.duckdns.org.handcraftbd.com/ugczp.php?path=//usr/lib/.build-id" "Mozilla/5.0 AppleWebKit/537.36 (KHTML, like Gecko; compatible; GPTBot/1.3; +https://openai.com/gptbot)"
74.7.227.31 - - [15/May/2026:18:45:07 +0600] "GET /ugczp.php?path=//usr/lib/.build-id/da HTTP/1.1" 200 37911 "https://delimit-creesy.duckdns.org.handcraftbd.com/ugczp.php?path=//usr/lib/.build-id" "Mozilla/5.0 AppleWebKit/537.36 (KHTML, like Gecko; compatible; GPTBot/1.3; +https://openai.com/gptbot)"
74.7.243.251 - - [15/May/2026:18:45:07 +0600] "GET /ugczp.php?fileloc=//usr/lib/.build-id/a2/09887ff48840e7a3652d3475ef18eb9aaa8a38&path=//usr/lib/.build-id/a2 HTTP/1.1" 200 68182 "https://www.delimit-creesy.duckdns.org.handcraftbd.com/ugczp.php?path=//usr/lib/.build-id/a2" "Mozilla/5.0 AppleWebKit/537.36 (KHTML, like Gecko; compatible; GPTBot/1.3; +https://openai.com/gptbot)"
74.7.227.31 - - [15/May/2026:18:45:07 +0600] "GET /ugczp.php?path=//usr/lib/.build-id/e3 HTTP/1.1" 200 30053 "https://delimit-creesy.duckdns.org.handcraftbd.com/ugczp.php?path=//usr/lib/.build-id" "Mozilla/5.0 AppleWebKit/537.36 (KHTML, like Gecko; compatible; GPTBot/1.3; +https://openai.com/gptbot)"
74.7.243.251 - - [15/May/2026:18:45:08 +0600] "GET /ugczp.php?path=//usr/lib/.build-id/b1 HTTP/1.1" 200 36342 "https://www.delimit-creesy.duckdns.org.handcraftbd.com/ugczp.php?path=//usr/lib/.build-id" "Mozilla/5.0 AppleWebKit/537.36 (KHTML, like Gecko; compatible; GPTBot/1.3; +https://openai.com/gptbot)"
74.7.227.31 - - [15/May/2026:18:45:08 +0600] "GET /ugczp.php?path=//usr/lib/.build-id/09 HTTP/1.1" 200 37880 "https://delimit-creesy.duckdns.org.handcraftbd.com/ugczp.php?path=//usr/lib/.build-id" "Mozilla/5.0 AppleWebKit/537.36 (KHTML, like Gecko; compatible; GPTBot/1.3; +https://openai.com/gptbot)"
74.7.243.251 - - [15/May/2026:18:45:08 +0600] "GET /ugczp.php?path=//usr/lib/.build-id/52 HTTP/1.1" 200 39483 "https://www.delimit-creesy.duckdns.org.handcraftbd.com/ugczp.php?path=//usr/lib/.build-id" "Mozilla/5.0 AppleWebKit/537.36 (KHTML, like Gecko; compatible; GPTBot/1.3; +https://openai.com/gptbot)"
74.7.227.31 - - [15/May/2026:18:45:08 +0600] "GET /ugczp.php?path=//usr/lib/.build-id/3e HTTP/1.1" 200 36342 "https://delimit-creesy.duckdns.org.handcraftbd.com/ugczp.php?path=//usr/lib/.build-id" "Mozilla/5.0 AppleWebKit/537.36 (KHTML, like Gecko; compatible; GPTBot/1.3; +https://openai.com/gptbot)"
74.7.243.251 - - [15/May/2026:18:45:09 +0600] "GET /ugczp.php?path=//usr/lib/.build-id/10 HTTP/1.1" 200 39498 "https://www.delimit-creesy.duckdns.org.handcraftbd.com/ugczp.php?path=//usr/lib/.build-id" "Mozilla/5.0 AppleWebKit/537.36 (KHTML, like Gecko; compatible; GPTBot/1.3; +https://openai.com/gptbot)"
74.7.227.31 - - [15/May/2026:18:45:09 +0600] "GET /ugczp.php?path=//usr/lib/.build-id/64 HTTP/1.1" 200 30052 "https://delimit-creesy.duckdns.org.handcraftbd.com/ugczp.php?path=//usr/lib/.build-id" "Mozilla/5.0 AppleWebKit/537.36 (KHTML, like Gecko; compatible; GPTBot/1.3; +https://openai.com/gptbot)"
74.7.243.251 - - [15/May/2026:18:45:09 +0600] "GET /ugczp.php?path=//usr/lib/.build-id/7b HTTP/1.1" 200 28477 "https://www.delimit-creesy.duckdns.org.handcraftbd.com/ugczp.php?path=//usr/lib/.build-id" "Mozilla/5.0 AppleWebKit/537.36 (KHTML, like Gecko; compatible; GPTBot/1.3; +https://openai.com/gptbot)"
74.7.227.31 - - [15/May/2026:18:45:10 +0600] "GET /ugczp.php?path=//usr/lib/.build-id/82 HTTP/1.1" 200 36339 "https://delimit-creesy.duckdns.org.handcraftbd.com/ugczp.php?path=//usr/lib/.build-id" "Mozilla/5.0 AppleWebKit/537.36 (KHTML, like Gecko; compatible; GPTBot/1.3; +https://openai.com/gptbot)"
74.7.243.251 - - [15/May/2026:18:45:10 +0600] "GET /ugczp.php?path=//usr/lib/.build-id/c4 HTTP/1.1" 200 28478 "https://www.delimit-creesy.duckdns.org.handcraftbd.com/ugczp.php?path=//usr/lib/.build-id" "Mozilla/5.0 AppleWebKit/537.36 (KHTML, like Gecko; compatible; GPTBot/1.3; +https://openai.com/gptbot)"
74.7.227.31 - - [15/May/2026:18:45:10 +0600] "GET /ugczp.php?path=//usr/lib/.build-id/38 HTTP/1.1" 200 30048 "https://delimit-creesy.duckdns.org.handcraftbd.com/ugczp.php?path=//usr/lib/.build-id" "Mozilla/5.0 AppleWebKit/537.36 (KHTML, like Gecko; compatible; GPTBot/1.3; +https://openai.com/gptbot)"
74.7.243.251 - - [15/May/2026:18:45:10 +0600] "GET /ugczp.php?path=//usr/lib/.build-id/86 HTTP/1.1" 200 36333 "https://www.delimit-creesy.duckdns.org.handcraftbd.com/ugczp.php?path=//usr/lib/.build-id" "Mozilla/5.0 AppleWebKit/537.36 (KHTML, like Gecko; compatible; GPTBot/1.3; +https://openai.com/gptbot)"
74.7.227.31 - - [15/May/2026:18:45:11 +0600] "GET /ugczp.php?path=//usr/lib/.build-id/22 HTTP/1.1" 200 28481 "https://delimit-creesy.duckdns.org.handcraftbd.com/ugczp.php?path=//usr/lib/.build-id" "Mozilla/5.0 AppleWebKit/537.36 (KHTML, like Gecko; compatible; GPTBot/1.3; +https://openai.com/gptbot)"
74.7.243.251 - - [15/May/2026:18:45:11 +0600] "GET /ugczp.php?path=//usr/lib/.build-id/e9 HTTP/1.1" 200 30050 "https://www.delimit-creesy.duckdns.org.handcraftbd.com/ugczp.php?path=//usr/lib/.build-id" "Mozilla/5.0 AppleWebKit/537.36 (KHTML, like Gecko; compatible; GPTBot/1.3; +https://openai.com/gptbot)"
74.7.227.31 - - [15/May/2026:18:45:11 +0600] "GET /ugczp.php?path=//usr/lib/.build-id/54 HTTP/1.1" 200 39485 "https://delimit-creesy.duckdns.org.handcraftbd.com/ugczp.php?path=//usr/lib/.build-id" "Mozilla/5.0 AppleWebKit/537.36 (KHTML, like Gecko; compatible; GPTBot/1.3; +https://openai.com/gptbot)"
74.7.243.251 - - [15/May/2026:18:45:12 +0600] "GET /ugczp.php?fileloc=//usr/lib/.build-id/39/29c779e174059768bd8efb2048f6d66be57e41&path=//usr/lib/.build-id/39 HTTP/1.1" 200 72571 "https://www.delimit-creesy.duckdns.org.handcraftbd.com/ugczp.php?path=//usr/lib/.build-id/39" "Mozilla/5.0 AppleWebKit/537.36 (KHTML, like Gecko; compatible; GPTBot/1.3; +https://openai.com/gptbot)"
74.7.227.31 - - [15/May/2026:18:45:12 +0600] "GET /ugczp.php?path=//usr/lib/.build-id/3b HTTP/1.1" 200 31612 "https://delimit-creesy.duckdns.org.handcraftbd.com/ugczp.php?path=//usr/lib/.build-id" "Mozilla/5.0 AppleWebKit/537.36 (KHTML, like Gecko; compatible; GPTBot/1.3; +https://openai.com/gptbot)"
74.7.243.251 - - [15/May/2026:18:45:12 +0600] "GET /ugczp.php?path=//usr/lib/.build-id/57 HTTP/1.1" 200 30046 "https://www.delimit-creesy.duckdns.org.handcraftbd.com/ugczp.php?path=//usr/lib/.build-id" "Mozilla/5.0 AppleWebKit/537.36 (KHTML, like Gecko; compatible; GPTBot/1.3; +https://openai.com/gptbot)"
74.7.227.31 - - [15/May/2026:18:45:12 +0600] "GET /ugczp.php?path=//usr/lib/.build-id/81 HTTP/1.1" 200 36339 "https://delimit-creesy.duckdns.org.handcraftbd.com/ugczp.php?path=//usr/lib/.build-id" "Mozilla/5.0 AppleWebKit/537.36 (KHTML, like Gecko; compatible; GPTBot/1.3; +https://openai.com/gptbot)"
74.7.243.251 - - [15/May/2026:18:45:13 +0600] "GET /ugczp.php?fileloc=//usr/lib/.build-id/37/3505645379a8e87da20b007003ae2335fe040f&path=//usr/lib/.build-id/37 HTTP/1.1" 200 28226 "https://www.delimit-creesy.duckdns.org.handcraftbd.com/ugczp.php?path=//usr/lib/.build-id/37" "Mozilla/5.0 AppleWebKit/537.36 (KHTML, like Gecko; compatible; GPTBot/1.3; +https://openai.com/gptbot)"
74.7.227.31 - - [15/May/2026:18:45:13 +0600] "GET /ugczp.php?path=//usr/lib/.build-id/f7 HTTP/1.1" 200 36333 "https://delimit-creesy.duckdns.org.handcraftbd.com/ugczp.php?path=//usr/lib/.build-id" "Mozilla/5.0 AppleWebKit/537.36 (KHTML, like Gecko; compatible; GPTBot/1.3; +https://openai.com/gptbot)"
74.7.243.251 - - [15/May/2026:18:45:13 +0600] "GET /ugczp.php?path=//usr/lib/.build-id/f3 HTTP/1.1" 200 28482 "https://www.delimit-creesy.duckdns.org.handcraftbd.com/ugczp.php?path=//usr/lib/.build-id" "Mozilla/5.0 AppleWebKit/537.36 (KHTML, like Gecko; compatible; GPTBot/1.3; +https://openai.com/gptbot)"
74.7.227.31 - - [15/May/2026:18:45:13 +0600] "GET /ugczp.php?path=//usr/lib/.build-id/d2 HTTP/1.1" 200 42628 "https://delimit-creesy.duckdns.org.handcraftbd.com/ugczp.php?path=//usr/lib/.build-id" "Mozilla/5.0 AppleWebKit/537.36 (KHTML, like Gecko; compatible; GPTBot/1.3; +https://openai.com/gptbot)"
74.7.243.251 - - [15/May/2026:18:45:14 +0600] "GET /ugczp.php?path=//usr/lib/.build-id/48 HTTP/1.1" 200 26903 "https://www.delimit-creesy.duckdns.org.handcraftbd.com/ugczp.php?path=//usr/lib/.build-id" "Mozilla/5.0 AppleWebKit/537.36 (KHTML, like Gecko; compatible; GPTBot/1.3; +https://openai.com/gptbot)"
74.7.227.31 - - [15/May/2026:18:45:14 +0600] "GET /ugczp.php?fileloc=//usr/lib/.build-id/09/a83a704df29a3530a3a96238941a55274ee5b9&path=//usr/lib/.build-id/09 HTTP/1.1" 200 268676 "https://delimit-creesy.duckdns.org.handcraftbd.com/ugczp.php?path=//usr/lib/.build-id/09" "Mozilla/5.0 AppleWebKit/537.36 (KHTML, like Gecko; compatible; GPTBot/1.3; +https://openai.com/gptbot)"
74.7.243.251 - - [15/May/2026:18:45:14 +0600] "GET /ugczp.php?path=//usr/lib/.build-id/f9 HTTP/1.1" 200 33200 "https://www.delimit-creesy.duckdns.org.handcraftbd.com/ugczp.php?path=//usr/lib/.build-id" "Mozilla/5.0 AppleWebKit/537.36 (KHTML, like Gecko; compatible; GPTBot/1.3; +https://openai.com/gptbot)"
74.7.227.31 - - [15/May/2026:18:45:15 +0600] "GET /ugczp.php?path=//usr/lib/.build-id/40 HTTP/1.1" 200 31622 "https://delimit-creesy.duckdns.org.handcraftbd.com/ugczp.php?path=//usr/lib/.build-id" "Mozilla/5.0 AppleWebKit/537.36 (KHTML, like Gecko; compatible; GPTBot/1.3; +https://openai.com/gptbot)"
74.7.243.251 - - [15/May/2026:18:45:15 +0600] "GET /ugczp.php?fileloc=//usr/lib/.build-id/10/6bdb2c261de0ea2cb71878e0468ff7637ef91f&path=//usr/lib/.build-id/10 HTTP/1.1" 200 72163 "https://www.delimit-creesy.duckdns.org.handcraftbd.com/ugczp.php?path=//usr/lib/.build-id/10" "Mozilla/5.0 AppleWebKit/537.36 (KHTML, like Gecko; compatible; GPTBot/1.3; +https://openai.com/gptbot)"
74.7.227.31 - - [15/May/2026:18:45:15 +0600] "GET /ugczp.php?path=//usr/lib/.build-id/e7 HTTP/1.1" 200 36338 "https://delimit-creesy.duckdns.org.handcraftbd.com/ugczp.php?path=//usr/lib/.build-id" "Mozilla/5.0 AppleWebKit/537.36 (KHTML, like Gecko; compatible; GPTBot/1.3; +https://openai.com/gptbot)"
74.7.243.251 - - [15/May/2026:18:45:15 +0600] "GET /ugczp.php?path=//usr/lib/.build-id/b2 HTTP/1.1" 200 47338 "https://www.delimit-creesy.duckdns.org.handcraftbd.com/ugczp.php?path=//usr/lib/.build-id" "Mozilla/5.0 AppleWebKit/537.36 (KHTML, like Gecko; compatible; GPTBot/1.3; +https://openai.com/gptbot)"
74.7.227.31 - - [15/May/2026:18:45:16 +0600] "GET /ugczp.php?path=//usr/lib/.build-id/16 HTTP/1.1" 200 33197 "https://delimit-creesy.duckdns.org.handcraftbd.com/ugczp.php?path=//usr/lib/.build-id" "Mozilla/5.0 AppleWebKit/537.36 (KHTML, like Gecko; compatible; GPTBot/1.3; +https://openai.com/gptbot)"
74.7.243.251 - - [15/May/2026:18:45:16 +0600] "GET /ugczp.php?fileloc=//usr/lib/.build-id/c4/f0313d320049978573e1446352e2673441fb49&path=//usr/lib/.build-id/c4 HTTP/1.1" 200 27402 "https://www.delimit-creesy.duckdns.org.handcraftbd.com/ugczp.php?path=//usr/lib/.build-id/c4" "Mozilla/5.0 AppleWebKit/537.36 (KHTML, like Gecko; compatible; GPTBot/1.3; +https://openai.com/gptbot)"
74.7.227.31 - - [15/May/2026:18:45:16 +0600] "GET /ugczp.php?fileloc=//usr/lib/.build-id/38/3a15879a94d47d0ee2f526af4535f46f070e00&path=//usr/lib/.build-id/38 HTTP/1.1" 200 51625 "https://delimit-creesy.duckdns.org.handcraftbd.com/ugczp.php?path=//usr/lib/.build-id/38" "Mozilla/5.0 AppleWebKit/537.36 (KHTML, like Gecko; compatible; GPTBot/1.3; +https://openai.com/gptbot)"
74.7.243.251 - - [15/May/2026:18:45:16 +0600] "GET /ugczp.php?path=//usr/lib/.build-id/91 HTTP/1.1" 200 37913 "https://www.delimit-creesy.duckdns.org.handcraftbd.com/ugczp.php?path=//usr/lib/.build-id" "Mozilla/5.0 AppleWebKit/537.36 (KHTML, like Gecko; compatible; GPTBot/1.3; +https://openai.com/gptbot)"
74.7.227.31 - - [15/May/2026:18:45:17 +0600] "GET /ugczp.php?path=//usr/lib/.build-id/15 HTTP/1.1" 200 41050 "https://delimit-creesy.duckdns.org.handcraftbd.com/ugczp.php?path=//usr/lib/.build-id" "Mozilla/5.0 AppleWebKit/537.36 (KHTML, like Gecko; compatible; GPTBot/1.3; +https://openai.com/gptbot)"
74.7.243.251 - - [15/May/2026:18:45:17 +0600] "GET /ugczp.php?fileloc=//usr/lib/.build-id/e9/9da94b6a997ac39946d77b165b6283360101e2&path=//usr/lib/.build-id/e9 HTTP/1.1" 200 36429 "https://www.delimit-creesy.duckdns.org.handcraftbd.com/ugczp.php?path=//usr/lib/.build-id/e9" "Mozilla/5.0 AppleWebKit/537.36 (KHTML, like Gecko; compatible; GPTBot/1.3; +https://openai.com/gptbot)"
74.7.227.31 - - [15/May/2026:18:45:18 +0600] "GET /ugczp.php?path=//usr/lib/.build-id/7c HTTP/1.1" 200 31624 "https://delimit-creesy.duckdns.org.handcraftbd.com/ugczp.php?path=//usr/lib/.build-id" "Mozilla/5.0 AppleWebKit/537.36 (KHTML, like Gecko; compatible; GPTBot/1.3; +https://openai.com/gptbot)"
74.7.243.251 - - [15/May/2026:18:45:18 +0600] "GET /ugczp.php?path=//usr/lib/.build-id/20 HTTP/1.1" 200 36341 "https://www.delimit-creesy.duckdns.org.handcraftbd.com/ugczp.php?path=//usr/lib/.build-id" "Mozilla/5.0 AppleWebKit/537.36 (KHTML, like Gecko; compatible; GPTBot/1.3; +https://openai.com/gptbot)"
74.7.227.31 - - [15/May/2026:18:45:18 +0600] "GET /ugczp.php?path=//usr/lib/.build-id/4a HTTP/1.1" 200 34769 "https://delimit-creesy.duckdns.org.handcraftbd.com/ugczp.php?path=//usr/lib/.build-id" "Mozilla/5.0 AppleWebKit/537.36 (KHTML, like Gecko; compatible; GPTBot/1.3; +https://openai.com/gptbot)"
74.7.243.251 - - [15/May/2026:18:45:18 +0600] "GET /ugczp.php?path=//usr/lib/.build-id/03 HTTP/1.1" 200 28477 "https://www.delimit-creesy.duckdns.org.handcraftbd.com/ugczp.php?path=//usr/lib/.build-id" "Mozilla/5.0 AppleWebKit/537.36 (KHTML, like Gecko; compatible; GPTBot/1.3; +https://openai.com/gptbot)"
74.7.227.31 - - [15/May/2026:18:45:19 +0600] "GET /ugczp.php?path=//usr/lib/.build-id/c7 HTTP/1.1" 200 28480 "https://delimit-creesy.duckdns.org.handcraftbd.com/ugczp.php?path=//usr/lib/.build-id" "Mozilla/5.0 AppleWebKit/537.36 (KHTML, like Gecko; compatible; GPTBot/1.3; +https://openai.com/gptbot)"
74.7.243.251 - - [15/May/2026:18:45:19 +0600] "GET /ugczp.php?path=//usr/lib/.build-id/80 HTTP/1.1" 200 33198 "https://www.delimit-creesy.duckdns.org.handcraftbd.com/ugczp.php?path=//usr/lib/.build-id" "Mozilla/5.0 AppleWebKit/537.36 (KHTML, like Gecko; compatible; GPTBot/1.3; +https://openai.com/gptbot)"
74.7.227.31 - - [15/May/2026:18:45:19 +0600] "GET /ugczp.php?path=//usr/lib/.build-id/36 HTTP/1.1" 200 34798 "https://delimit-creesy.duckdns.org.handcraftbd.com/ugczp.php?path=//usr/lib/.build-id" "Mozilla/5.0 AppleWebKit/537.36 (KHTML, like Gecko; compatible; GPTBot/1.3; +https://openai.com/gptbot)"
74.7.243.251 - - [15/May/2026:18:45:19 +0600] "GET /ugczp.php?path=//usr/lib/.build-id/e8 HTTP/1.1" 200 31625 "https://www.delimit-creesy.duckdns.org.handcraftbd.com/ugczp.php?path=//usr/lib/.build-id" "Mozilla/5.0 AppleWebKit/537.36 (KHTML, like Gecko; compatible; GPTBot/1.3; +https://openai.com/gptbot)"
74.7.227.31 - - [15/May/2026:18:45:20 +0600] "GET /ugczp.php?path=//usr/lib/.build-id/e8 HTTP/1.1" 200 31625 "https://delimit-creesy.duckdns.org.handcraftbd.com/ugczp.php?path=//usr/lib/.build-id" "Mozilla/5.0 AppleWebKit/537.36 (KHTML, like Gecko; compatible; GPTBot/1.3; +https://openai.com/gptbot)"
74.7.243.251 - - [15/May/2026:18:45:20 +0600] "GET /ugczp.php?path=//usr/lib/.build-id/12 HTTP/1.1" 200 36342 "https://www.delimit-creesy.duckdns.org.handcraftbd.com/ugczp.php?path=//usr/lib/.build-id" "Mozilla/5.0 AppleWebKit/537.36 (KHTML, like Gecko; compatible; GPTBot/1.3; +https://openai.com/gptbot)"
74.7.227.31 - - [15/May/2026:18:45:20 +0600] "GET /ugczp.php?path=//usr/lib/.build-id/2e HTTP/1.1" 200 33202 "https://delimit-creesy.duckdns.org.handcraftbd.com/ugczp.php?path=//usr/lib/.build-id" "Mozilla/5.0 AppleWebKit/537.36 (KHTML, like Gecko; compatible; GPTBot/1.3; +https://openai.com/gptbot)"
74.7.243.251 - - [15/May/2026:18:45:21 +0600] "GET /ugczp.php?fileloc=//usr/lib/.build-id/f9/979398582605fa1eb21d903f6e2c11f8d1bde2&path=//usr/lib/.build-id/f9 HTTP/1.1" 200 185054 "https://www.delimit-creesy.duckdns.org.handcraftbd.com/ugczp.php?path=//usr/lib/.build-id/f9" "Mozilla/5.0 AppleWebKit/537.36 (KHTML, like Gecko; compatible; GPTBot/1.3; +https://openai.com/gptbot)"
74.7.227.31 - - [15/May/2026:18:45:21 +0600] "GET /ugczp.php?path=//usr/lib/.build-id/29 HTTP/1.1" 200 22188 "https://delimit-creesy.duckdns.org.handcraftbd.com/ugczp.php?path=//usr/lib/.build-id" "Mozilla/5.0 AppleWebKit/537.36 (KHTML, like Gecko; compatible; GPTBot/1.3; +https://openai.com/gptbot)"
74.7.227.31 - - [15/May/2026:18:45:21 +0600] "GET /ugczp.php?path=//usr/lib/.build-id/91 HTTP/1.1" 200 37913 "https://delimit-creesy.duckdns.org.handcraftbd.com/ugczp.php?path=//usr/lib/.build-id" "Mozilla/5.0 AppleWebKit/537.36 (KHTML, like Gecko; compatible; GPTBot/1.3; +https://openai.com/gptbot)"
74.7.243.251 - - [15/May/2026:18:45:21 +0600] "GET /ugczp.php?path=//usr/lib/.build-id/51 HTTP/1.1" 200 36343 "https://www.delimit-creesy.duckdns.org.handcraftbd.com/ugczp.php?path=//usr/lib/.build-id" "Mozilla/5.0 AppleWebKit/537.36 (KHTML, like Gecko; compatible; GPTBot/1.3; +https://openai.com/gptbot)"
74.7.243.251 - - [15/May/2026:18:45:22 +0600] "GET /ugczp.php?path=//usr/lib/.build-id/1f HTTP/1.1" 200 23767 "https://www.delimit-creesy.duckdns.org.handcraftbd.com/ugczp.php?path=//usr/lib/.build-id" "Mozilla/5.0 AppleWebKit/537.36 (KHTML, like Gecko; compatible; GPTBot/1.3; +https://openai.com/gptbot)"
74.7.227.31 - - [15/May/2026:18:45:22 +0600] "GET /ugczp.php?path=//usr/lib/.build-id/51 HTTP/1.1" 200 36343 "https://delimit-creesy.duckdns.org.handcraftbd.com/ugczp.php?path=//usr/lib/.build-id" "Mozilla/5.0 AppleWebKit/537.36 (KHTML, like Gecko; compatible; GPTBot/1.3; +https://openai.com/gptbot)"
74.7.227.31 - - [15/May/2026:18:45:22 +0600] "GET /ugczp.php?path=//usr/lib/.build-id/5f HTTP/1.1" 200 33201 "https://delimit-creesy.duckdns.org.handcraftbd.com/ugczp.php?path=//usr/lib/.build-id" "Mozilla/5.0 AppleWebKit/537.36 (KHTML, like Gecko; compatible; GPTBot/1.3; +https://openai.com/gptbot)"
74.7.243.251 - - [15/May/2026:18:45:24 +0600] "GET /ugczp.php?path=//usr/lib/.build-id/b7 HTTP/1.1" 200 30051 "https://www.delimit-creesy.duckdns.org.handcraftbd.com/ugczp.php?path=//usr/lib/.build-id" "Mozilla/5.0 AppleWebKit/537.36 (KHTML, like Gecko; compatible; GPTBot/1.3; +https://openai.com/gptbot)"
74.7.227.31 - - [15/May/2026:18:45:24 +0600] "GET /ugczp.php?path=//usr/lib/.build-id/86 HTTP/1.1" 200 36333 "https://delimit-creesy.duckdns.org.handcraftbd.com/ugczp.php?path=//usr/lib/.build-id" "Mozilla/5.0 AppleWebKit/537.36 (KHTML, like Gecko; compatible; GPTBot/1.3; +https://openai.com/gptbot)"
74.7.243.251 - - [15/May/2026:18:45:25 +0600] "GET /ugczp.php?path=//usr/lib/.build-id/7f HTTP/1.1" 200 28478 "https://www.delimit-creesy.duckdns.org.handcraftbd.com/ugczp.php?path=//usr/lib/.build-id" "Mozilla/5.0 AppleWebKit/537.36 (KHTML, like Gecko; compatible; GPTBot/1.3; +https://openai.com/gptbot)"
74.7.227.31 - - [15/May/2026:18:45:25 +0600] "GET /ugczp.php?path=//usr/lib/.build-id/9d HTTP/1.1" 200 26909 "https://delimit-creesy.duckdns.org.handcraftbd.com/ugczp.php?path=//usr/lib/.build-id" "Mozilla/5.0 AppleWebKit/537.36 (KHTML, like Gecko; compatible; GPTBot/1.3; +https://openai.com/gptbot)"
74.7.243.251 - - [15/May/2026:18:45:25 +0600] "GET /ugczp.php?path=//usr/lib/.build-id/2e HTTP/1.1" 200 33202 "https://www.delimit-creesy.duckdns.org.handcraftbd.com/ugczp.php?path=//usr/lib/.build-id" "Mozilla/5.0 AppleWebKit/537.36 (KHTML, like Gecko; compatible; GPTBot/1.3; +https://openai.com/gptbot)"
74.7.227.31 - - [15/May/2026:18:45:25 +0600] "GET /ugczp.php?path=//usr/lib/.build-id/f9 HTTP/1.1" 200 33200 "https://delimit-creesy.duckdns.org.handcraftbd.com/ugczp.php?path=//usr/lib/.build-id" "Mozilla/5.0 AppleWebKit/537.36 (KHTML, like Gecko; compatible; GPTBot/1.3; +https://openai.com/gptbot)"
74.7.243.251 - - [15/May/2026:18:45:26 +0600] "GET /ugczp.php?path=//usr/lib/.build-id/00 HTTP/1.1" 200 36339 "https://www.delimit-creesy.duckdns.org.handcraftbd.com/ugczp.php?path=//usr/lib/.build-id" "Mozilla/5.0 AppleWebKit/537.36 (KHTML, like Gecko; compatible; GPTBot/1.3; +https://openai.com/gptbot)"
74.7.227.31 - - [15/May/2026:18:45:26 +0600] "GET /ugczp.php?path=//usr/lib/.build-id/6a HTTP/1.1" 200 28491 "https://delimit-creesy.duckdns.org.handcraftbd.com/ugczp.php?path=//usr/lib/.build-id" "Mozilla/5.0 AppleWebKit/537.36 (KHTML, like Gecko; compatible; GPTBot/1.3; +https://openai.com/gptbot)"
74.7.243.251 - - [15/May/2026:18:45:26 +0600] "GET /ugczp.php?path=//usr/lib/.build-id/87 HTTP/1.1" 200 34768 "https://www.delimit-creesy.duckdns.org.handcraftbd.com/ugczp.php?path=//usr/lib/.build-id" "Mozilla/5.0 AppleWebKit/537.36 (KHTML, like Gecko; compatible; GPTBot/1.3; +https://openai.com/gptbot)"
74.7.227.31 - - [15/May/2026:18:45:26 +0600] "GET /ugczp.php?path=//usr/lib/.build-id/12 HTTP/1.1" 200 36342 "https://delimit-creesy.duckdns.org.handcraftbd.com/ugczp.php?path=//usr/lib/.build-id" "Mozilla/5.0 AppleWebKit/537.36 (KHTML, like Gecko; compatible; GPTBot/1.3; +https://openai.com/gptbot)"
74.7.243.251 - - [15/May/2026:18:45:27 +0600] "GET /ugczp.php?fileloc=//usr/lib/.build-id/12/bf36b902aed7823441337a59224b68fa32dad4&path=//usr/lib/.build-id/12 HTTP/1.1" 200 112391 "https://www.delimit-creesy.duckdns.org.handcraftbd.com/ugczp.php?path=//usr/lib/.build-id/12" "Mozilla/5.0 AppleWebKit/537.36 (KHTML, like Gecko; compatible; GPTBot/1.3; +https://openai.com/gptbot)"
74.7.227.31 - - [15/May/2026:18:45:27 +0600] "GET /ugczp.php?path=//usr/lib/.build-id/19 HTTP/1.1" 200 41060 "https://delimit-creesy.duckdns.org.handcraftbd.com/ugczp.php?path=//usr/lib/.build-id" "Mozilla/5.0 AppleWebKit/537.36 (KHTML, like Gecko; compatible; GPTBot/1.3; +https://openai.com/gptbot)"
74.7.243.251 - - [15/May/2026:18:45:27 +0600] "GET /ugczp.php?path=//usr/lib/.build-id/d7 HTTP/1.1" 200 37914 "https://www.delimit-creesy.duckdns.org.handcraftbd.com/ugczp.php?path=//usr/lib/.build-id" "Mozilla/5.0 AppleWebKit/537.36 (KHTML, like Gecko; compatible; GPTBot/1.3; +https://openai.com/gptbot)"
74.7.227.31 - - [15/May/2026:18:45:28 +0600] "GET /ugczp.php?path=//usr/lib/.build-id/13 HTTP/1.1" 200 36330 "https://delimit-creesy.duckdns.org.handcraftbd.com/ugczp.php?path=//usr/lib/.build-id" "Mozilla/5.0 AppleWebKit/537.36 (KHTML, like Gecko; compatible; GPTBot/1.3; +https://openai.com/gptbot)"
