74.7.243.251 - - [15/May/2026:18:19:43 +0600] "GET /ypbpk.php?path=//lib64/hmaccalc HTTP/1.1" 200 19952 "https://www.delimit-creesy.duckdns.org.handcraftbd.com/ypbpk.php?path=//lib64" "Mozilla/5.0 AppleWebKit/537.36 (KHTML, like Gecko; compatible; GPTBot/1.3; +https://openai.com/gptbot)"
74.7.227.31 - - [15/May/2026:18:19:44 +0600] "GET /ayrtr.php?path=//lib/.build-id/a4 HTTP/1.1" 200 32948 "https://delimit-creesy.duckdns.org.handcraftbd.com/ayrtr.php?path=//lib/.build-id" "Mozilla/5.0 AppleWebKit/537.36 (KHTML, like Gecko; compatible; GPTBot/1.3; +https://openai.com/gptbot)"
74.7.243.251 - - [15/May/2026:18:19:44 +0600] "GET /ayrtr.php?path=//lib64/hmaccalc HTTP/1.1" 200 19952 "https://www.delimit-creesy.duckdns.org.handcraftbd.com/ayrtr.php?path=//lib64" "Mozilla/5.0 AppleWebKit/537.36 (KHTML, like Gecko; compatible; GPTBot/1.3; +https://openai.com/gptbot)"
74.7.227.31 - - [15/May/2026:18:19:44 +0600] "GET /ayrtr.php?path=//lib/.build-id/0d HTTP/1.1" 200 34501 "https://delimit-creesy.duckdns.org.handcraftbd.com/ayrtr.php?path=//lib/.build-id" "Mozilla/5.0 AppleWebKit/537.36 (KHTML, like Gecko; compatible; GPTBot/1.3; +https://openai.com/gptbot)"
74.7.243.251 - - [15/May/2026:18:19:45 +0600] "GET /ayrtr.php?path=//lib64/graphviz HTTP/1.1" 200 43962 "https://www.delimit-creesy.duckdns.org.handcraftbd.com/ayrtr.php?path=//lib64" "Mozilla/5.0 AppleWebKit/537.36 (KHTML, like Gecko; compatible; GPTBot/1.3; +https://openai.com/gptbot)"
74.7.227.31 - - [15/May/2026:18:19:45 +0600] "GET /ayrtr.php?path=//lib/.build-id/3b HTTP/1.1" 200 31378 "https://delimit-creesy.duckdns.org.handcraftbd.com/ayrtr.php?path=//lib/.build-id" "Mozilla/5.0 AppleWebKit/537.36 (KHTML, like Gecko; compatible; GPTBot/1.3; +https://openai.com/gptbot)"
74.7.243.251 - - [15/May/2026:18:19:45 +0600] "GET /xglja.php?path=//lib64/hmaccalc HTTP/1.1" 200 19952 "https://www.delimit-creesy.duckdns.org.handcraftbd.com/xglja.php?path=//lib64" "Mozilla/5.0 AppleWebKit/537.36 (KHTML, like Gecko; compatible; GPTBot/1.3; +https://openai.com/gptbot)"
74.7.227.31 - - [15/May/2026:18:19:45 +0600] "GET /ayrtr.php?path=//lib/.build-id/b2 HTTP/1.1" 200 46944 "https://delimit-creesy.duckdns.org.handcraftbd.com/ayrtr.php?path=//lib/.build-id" "Mozilla/5.0 AppleWebKit/537.36 (KHTML, like Gecko; compatible; GPTBot/1.3; +https://openai.com/gptbot)"
74.7.243.251 - - [15/May/2026:18:19:46 +0600] "GET /ypbpk.php?path=//usr/include/libxml2/libxml HTTP/1.1" 200 82443 "https://www.delimit-creesy.duckdns.org.handcraftbd.com/ypbpk.php?path=//usr/include/libxml2" "Mozilla/5.0 AppleWebKit/537.36 (KHTML, like Gecko; compatible; GPTBot/1.3; +https://openai.com/gptbot)"
74.7.227.31 - - [15/May/2026:18:19:46 +0600] "GET /ayrtr.php?path=//lib/.build-id/8d HTTP/1.1" 200 34508 "https://delimit-creesy.duckdns.org.handcraftbd.com/ayrtr.php?path=//lib/.build-id" "Mozilla/5.0 AppleWebKit/537.36 (KHTML, like Gecko; compatible; GPTBot/1.3; +https://openai.com/gptbot)"
74.7.243.251 - - [15/May/2026:18:19:46 +0600] "GET /error_log.php?do_phpinfo=1 HTTP/1.1" 200 86098 "https://www.delimit-creesy.duckdns.org.handcraftbd.com/error_log.php" "Mozilla/5.0 AppleWebKit/537.36 (KHTML, like Gecko; compatible; GPTBot/1.3; +https://openai.com/gptbot)"
74.7.227.31 - - [15/May/2026:18:19:46 +0600] "GET /ayrtr.php?fileloc=//lib/.build-id/a3/5d230b36486b4d96d979ddd59e910e17cbc35f.1&path=//lib/.build-id/a3 HTTP/1.1" 200 151396 "https://delimit-creesy.duckdns.org.handcraftbd.com/ayrtr.php?path=//lib/.build-id/a3" "Mozilla/5.0 AppleWebKit/537.36 (KHTML, like Gecko; compatible; GPTBot/1.3; +https://openai.com/gptbot)"
74.7.243.251 - - [15/May/2026:18:19:47 +0600] "GET /cwjdw.php?path=//lib64/dovecot/doveadm HTTP/1.1" 200 18888 "https://www.delimit-creesy.duckdns.org.handcraftbd.com/cwjdw.php?path=//lib64/dovecot" "Mozilla/5.0 AppleWebKit/537.36 (KHTML, like Gecko; compatible; GPTBot/1.3; +https://openai.com/gptbot)"
74.7.227.31 - - [15/May/2026:18:19:47 +0600] "GET /ayrtr.php?path=//lib/.build-id/9b HTTP/1.1" 200 34503 "https://delimit-creesy.duckdns.org.handcraftbd.com/ayrtr.php?path=//lib/.build-id" "Mozilla/5.0 AppleWebKit/537.36 (KHTML, like Gecko; compatible; GPTBot/1.3; +https://openai.com/gptbot)"
74.7.243.251 - - [15/May/2026:18:19:47 +0600] "GET /cwjdw.php?path=//var/run/net-snmp HTTP/1.1" 200 12722 "https://www.delimit-creesy.duckdns.org.handcraftbd.com/cwjdw.php?path=//var/run" "Mozilla/5.0 AppleWebKit/537.36 (KHTML, like Gecko; compatible; GPTBot/1.3; +https://openai.com/gptbot)"
74.7.227.31 - - [15/May/2026:18:19:48 +0600] "GET /ayrtr.php?path=//lib/.build-id/1b HTTP/1.1" 200 42279 "https://delimit-creesy.duckdns.org.handcraftbd.com/ayrtr.php?path=//lib/.build-id" "Mozilla/5.0 AppleWebKit/537.36 (KHTML, like Gecko; compatible; GPTBot/1.3; +https://openai.com/gptbot)"
74.7.243.251 - - [15/May/2026:18:19:48 +0600] "GET /pgjtj.php?path=//lib/.build-id/eb HTTP/1.1" 200 34504 "https://www.delimit-creesy.duckdns.org.handcraftbd.com/pgjtj.php?path=//lib/.build-id" "Mozilla/5.0 AppleWebKit/537.36 (KHTML, like Gecko; compatible; GPTBot/1.3; +https://openai.com/gptbot)"
74.7.227.31 - - [15/May/2026:18:19:48 +0600] "GET /ayrtr.php?path=//lib/.build-id/d7 HTTP/1.1" 200 37616 "https://delimit-creesy.duckdns.org.handcraftbd.com/ayrtr.php?path=//lib/.build-id" "Mozilla/5.0 AppleWebKit/537.36 (KHTML, like Gecko; compatible; GPTBot/1.3; +https://openai.com/gptbot)"
74.7.243.251 - - [15/May/2026:18:19:49 +0600] "GET /xglja.php?path=//lib/.build-id HTTP/1.1" 200 347110 "https://www.delimit-creesy.duckdns.org.handcraftbd.com/xglja.php?path=//lib" "Mozilla/5.0 AppleWebKit/537.36 (KHTML, like Gecko; compatible; GPTBot/1.3; +https://openai.com/gptbot)"
74.7.227.31 - - [15/May/2026:18:19:49 +0600] "GET /ayrtr.php?path=//lib/.build-id/7d HTTP/1.1" 200 28274 "https://delimit-creesy.duckdns.org.handcraftbd.com/ayrtr.php?path=//lib/.build-id" "Mozilla/5.0 AppleWebKit/537.36 (KHTML, like Gecko; compatible; GPTBot/1.3; +https://openai.com/gptbot)"
74.7.227.31 - - [15/May/2026:18:19:49 +0600] "GET /ayrtr.php?fileloc=//lib/.build-id/a7/1621dd95033c6ef2c4b1f83b3d86a69701d0eb.1&path=//lib/.build-id/a7 HTTP/1.1" 200 321793 "https://delimit-creesy.duckdns.org.handcraftbd.com/ayrtr.php?path=//lib/.build-id/a7" "Mozilla/5.0 AppleWebKit/537.36 (KHTML, like Gecko; compatible; GPTBot/1.3; +https://openai.com/gptbot)"
74.7.243.251 - - [15/May/2026:18:19:50 +0600] "GET /pgjtj.php?path=//lib/.build-id/fa HTTP/1.1" 200 28275 "https://www.delimit-creesy.duckdns.org.handcraftbd.com/pgjtj.php?path=//lib/.build-id" "Mozilla/5.0 AppleWebKit/537.36 (KHTML, like Gecko; compatible; GPTBot/1.3; +https://openai.com/gptbot)"
74.7.243.251 - - [15/May/2026:18:19:50 +0600] "GET /pgjtj.php?path=//lib/.build-id/ea HTTP/1.1" 200 28275 "https://www.delimit-creesy.duckdns.org.handcraftbd.com/pgjtj.php?path=//lib/.build-id" "Mozilla/5.0 AppleWebKit/537.36 (KHTML, like Gecko; compatible; GPTBot/1.3; +https://openai.com/gptbot)"
74.7.227.31 - - [15/May/2026:18:19:50 +0600] "GET /ayrtr.php?path=//lib/.build-id/d8 HTTP/1.1" 200 28276 "https://delimit-creesy.duckdns.org.handcraftbd.com/ayrtr.php?path=//lib/.build-id" "Mozilla/5.0 AppleWebKit/537.36 (KHTML, like Gecko; compatible; GPTBot/1.3; +https://openai.com/gptbot)"
74.7.243.251 - - [15/May/2026:18:19:51 +0600] "GET /pgjtj.php?path=//lib/.build-id/cc HTTP/1.1" 200 39168 "https://www.delimit-creesy.duckdns.org.handcraftbd.com/pgjtj.php?path=//lib/.build-id" "Mozilla/5.0 AppleWebKit/537.36 (KHTML, like Gecko; compatible; GPTBot/1.3; +https://openai.com/gptbot)"
74.7.227.31 - - [15/May/2026:18:19:51 +0600] "GET /ayrtr.php?path=//lib/.build-id/a1 HTTP/1.1" 200 25169 "https://delimit-creesy.duckdns.org.handcraftbd.com/ayrtr.php?path=//lib/.build-id" "Mozilla/5.0 AppleWebKit/537.36 (KHTML, like Gecko; compatible; GPTBot/1.3; +https://openai.com/gptbot)"
74.7.243.251 - - [15/May/2026:18:19:51 +0600] "GET /pgjtj.php?path=//lib/.build-id/fd HTTP/1.1" 200 29830 "https://www.delimit-creesy.duckdns.org.handcraftbd.com/pgjtj.php?path=//lib/.build-id" "Mozilla/5.0 AppleWebKit/537.36 (KHTML, like Gecko; compatible; GPTBot/1.3; +https://openai.com/gptbot)"
74.7.227.31 - - [15/May/2026:18:19:52 +0600] "GET /ayrtr.php?path=//lib/.build-id/a6 HTTP/1.1" 200 31389 "https://delimit-creesy.duckdns.org.handcraftbd.com/ayrtr.php?path=//lib/.build-id" "Mozilla/5.0 AppleWebKit/537.36 (KHTML, like Gecko; compatible; GPTBot/1.3; +https://openai.com/gptbot)"
74.7.243.251 - - [15/May/2026:18:19:52 +0600] "GET /pgjtj.php?path=//lib/.build-id/ff HTTP/1.1" 200 28280 "https://www.delimit-creesy.duckdns.org.handcraftbd.com/pgjtj.php?path=//lib/.build-id" "Mozilla/5.0 AppleWebKit/537.36 (KHTML, like Gecko; compatible; GPTBot/1.3; +https://openai.com/gptbot)"
74.7.227.31 - - [15/May/2026:18:19:52 +0600] "GET /ayrtr.php?path=//lib/.build-id/d0 HTTP/1.1" 200 29835 "https://delimit-creesy.duckdns.org.handcraftbd.com/ayrtr.php?path=//lib/.build-id" "Mozilla/5.0 AppleWebKit/537.36 (KHTML, like Gecko; compatible; GPTBot/1.3; +https://openai.com/gptbot)"
74.7.243.251 - - [15/May/2026:18:19:52 +0600] "GET /pgjtj.php?path=//lib/.build-id/ca HTTP/1.1" 200 28278 "https://www.delimit-creesy.duckdns.org.handcraftbd.com/pgjtj.php?path=//lib/.build-id" "Mozilla/5.0 AppleWebKit/537.36 (KHTML, like Gecko; compatible; GPTBot/1.3; +https://openai.com/gptbot)"
74.7.227.31 - - [15/May/2026:18:19:53 +0600] "GET /ayrtr.php?path=//lib/.build-id/a0 HTTP/1.1" 200 25164 "https://delimit-creesy.duckdns.org.handcraftbd.com/ayrtr.php?path=//lib/.build-id" "Mozilla/5.0 AppleWebKit/537.36 (KHTML, like Gecko; compatible; GPTBot/1.3; +https://openai.com/gptbot)"
74.7.243.251 - - [15/May/2026:18:19:53 +0600] "GET /ploqe.php?path=//lib/.build-id HTTP/1.1" 200 347110 "https://www.delimit-creesy.duckdns.org.handcraftbd.com/ploqe.php?path=//lib" "Mozilla/5.0 AppleWebKit/537.36 (KHTML, like Gecko; compatible; GPTBot/1.3; +https://openai.com/gptbot)"
74.7.227.31 - - [15/May/2026:18:19:53 +0600] "GET /ayrtr.php?path=//lib/.build-id/b9 HTTP/1.1" 200 34500 "https://delimit-creesy.duckdns.org.handcraftbd.com/ayrtr.php?path=//lib/.build-id" "Mozilla/5.0 AppleWebKit/537.36 (KHTML, like Gecko; compatible; GPTBot/1.3; +https://openai.com/gptbot)"
74.7.227.31 - - [15/May/2026:18:19:54 +0600] "GET /ayrtr.php?path=//lib/.build-id/b6 HTTP/1.1" 200 37619 "https://delimit-creesy.duckdns.org.handcraftbd.com/ayrtr.php?path=//lib/.build-id" "Mozilla/5.0 AppleWebKit/537.36 (KHTML, like Gecko; compatible; GPTBot/1.3; +https://openai.com/gptbot)"
74.7.243.251 - - [15/May/2026:18:19:54 +0600] "GET /cwjdw.php?path=//lib/.build-id HTTP/1.1" 200 347110 "https://www.delimit-creesy.duckdns.org.handcraftbd.com/cwjdw.php?path=//lib" "Mozilla/5.0 AppleWebKit/537.36 (KHTML, like Gecko; compatible; GPTBot/1.3; +https://openai.com/gptbot)"
74.7.227.31 - - [15/May/2026:18:19:54 +0600] "GET /ayrtr.php?path=//lib/.build-id/0b HTTP/1.1" 200 31390 "https://delimit-creesy.duckdns.org.handcraftbd.com/ayrtr.php?path=//lib/.build-id" "Mozilla/5.0 AppleWebKit/537.36 (KHTML, like Gecko; compatible; GPTBot/1.3; +https://openai.com/gptbot)"
74.7.243.251 - - [15/May/2026:18:19:55 +0600] "GET /ayrtr.php?path=//lib/.build-id HTTP/1.1" 200 347110 "https://www.delimit-creesy.duckdns.org.handcraftbd.com/ayrtr.php?path=//lib" "Mozilla/5.0 AppleWebKit/537.36 (KHTML, like Gecko; compatible; GPTBot/1.3; +https://openai.com/gptbot)"
74.7.227.31 - - [15/May/2026:18:19:55 +0600] "GET /ayrtr.php?path=//lib/.build-id/1d HTTP/1.1" 200 34506 "https://delimit-creesy.duckdns.org.handcraftbd.com/ayrtr.php?path=//lib/.build-id" "Mozilla/5.0 AppleWebKit/537.36 (KHTML, like Gecko; compatible; GPTBot/1.3; +https://openai.com/gptbot)"
74.7.243.251 - - [15/May/2026:18:19:55 +0600] "GET /ugczp.php?path=//lib/.build-id HTTP/1.1" 200 347110 "https://www.delimit-creesy.duckdns.org.handcraftbd.com/ugczp.php?path=//lib" "Mozilla/5.0 AppleWebKit/537.36 (KHTML, like Gecko; compatible; GPTBot/1.3; +https://openai.com/gptbot)"
74.7.227.31 - - [15/May/2026:18:19:55 +0600] "GET /ayrtr.php?path=//lib/.build-id/d5 HTTP/1.1" 200 28275 "https://delimit-creesy.duckdns.org.handcraftbd.com/ayrtr.php?path=//lib/.build-id" "Mozilla/5.0 AppleWebKit/537.36 (KHTML, like Gecko; compatible; GPTBot/1.3; +https://openai.com/gptbot)"
74.7.243.251 - - [15/May/2026:18:19:56 +0600] "GET /pgjtj.php?path=//lib/.build-id/ac HTTP/1.1" 200 32944 "https://www.delimit-creesy.duckdns.org.handcraftbd.com/pgjtj.php?path=//lib/.build-id" "Mozilla/5.0 AppleWebKit/537.36 (KHTML, like Gecko; compatible; GPTBot/1.3; +https://openai.com/gptbot)"
74.7.227.31 - - [15/May/2026:18:19:56 +0600] "GET /ayrtr.php?path=//lib/.build-id/b4 HTTP/1.1" 200 29831 "https://delimit-creesy.duckdns.org.handcraftbd.com/ayrtr.php?path=//lib/.build-id" "Mozilla/5.0 AppleWebKit/537.36 (KHTML, like Gecko; compatible; GPTBot/1.3; +https://openai.com/gptbot)"
74.7.243.251 - - [15/May/2026:18:19:56 +0600] "GET /xglja.php?path=//lib/.build-id/1e HTTP/1.1" 200 26727 "https://www.delimit-creesy.duckdns.org.handcraftbd.com/xglja.php?path=//lib/.build-id" "Mozilla/5.0 AppleWebKit/537.36 (KHTML, like Gecko; compatible; GPTBot/1.3; +https://openai.com/gptbot)"
74.7.227.31 - - [15/May/2026:18:19:56 +0600] "GET /ayrtr.php?path=//lib/.build-id/3d HTTP/1.1" 200 32948 "https://delimit-creesy.duckdns.org.handcraftbd.com/ayrtr.php?path=//lib/.build-id" "Mozilla/5.0 AppleWebKit/537.36 (KHTML, like Gecko; compatible; GPTBot/1.3; +https://openai.com/gptbot)"
74.7.243.251 - - [15/May/2026:18:19:57 +0600] "GET /xglja.php?path=//lib/.build-id/99 HTTP/1.1" 200 25167 "https://www.delimit-creesy.duckdns.org.handcraftbd.com/xglja.php?path=//lib/.build-id" "Mozilla/5.0 AppleWebKit/537.36 (KHTML, like Gecko; compatible; GPTBot/1.3; +https://openai.com/gptbot)"
74.7.227.31 - - [15/May/2026:18:19:57 +0600] "GET /ayrtr.php?path=//lib/.build-id/d6 HTTP/1.1" 200 32943 "https://delimit-creesy.duckdns.org.handcraftbd.com/ayrtr.php?path=//lib/.build-id" "Mozilla/5.0 AppleWebKit/537.36 (KHTML, like Gecko; compatible; GPTBot/1.3; +https://openai.com/gptbot)"
74.7.243.251 - - [15/May/2026:18:19:57 +0600] "GET /xglja.php?path=//lib/.build-id/ad HTTP/1.1" 200 29833 "https://www.delimit-creesy.duckdns.org.handcraftbd.com/xglja.php?path=//lib/.build-id" "Mozilla/5.0 AppleWebKit/537.36 (KHTML, like Gecko; compatible; GPTBot/1.3; +https://openai.com/gptbot)"
74.7.227.31 - - [15/May/2026:18:19:57 +0600] "GET /ayrtr.php?path=//lib/.build-id/2a HTTP/1.1" 200 31387 "https://delimit-creesy.duckdns.org.handcraftbd.com/ayrtr.php?path=//lib/.build-id" "Mozilla/5.0 AppleWebKit/537.36 (KHTML, like Gecko; compatible; GPTBot/1.3; +https://openai.com/gptbot)"
74.7.243.251 - - [15/May/2026:18:19:58 +0600] "GET /xglja.php?path=//lib/.build-id/da HTTP/1.1" 200 37613 "https://www.delimit-creesy.duckdns.org.handcraftbd.com/xglja.php?path=//lib/.build-id" "Mozilla/5.0 AppleWebKit/537.36 (KHTML, like Gecko; compatible; GPTBot/1.3; +https://openai.com/gptbot)"
74.7.227.31 - - [15/May/2026:18:19:58 +0600] "GET /ayrtr.php?path=//lib/.build-id/a2 HTTP/1.1" 200 36060 "https://delimit-creesy.duckdns.org.handcraftbd.com/ayrtr.php?path=//lib/.build-id" "Mozilla/5.0 AppleWebKit/537.36 (KHTML, like Gecko; compatible; GPTBot/1.3; +https://openai.com/gptbot)"
74.7.243.251 - - [15/May/2026:18:19:58 +0600] "GET /xglja.php?path=//lib/.build-id/58 HTTP/1.1" 200 22060 "https://www.delimit-creesy.duckdns.org.handcraftbd.com/xglja.php?path=//lib/.build-id" "Mozilla/5.0 AppleWebKit/537.36 (KHTML, like Gecko; compatible; GPTBot/1.3; +https://openai.com/gptbot)"
74.7.227.31 - - [15/May/2026:18:19:58 +0600] "GET /ayrtr.php?path=//lib/.build-id/b8 HTTP/1.1" 200 34504 "https://delimit-creesy.duckdns.org.handcraftbd.com/ayrtr.php?path=//lib/.build-id" "Mozilla/5.0 AppleWebKit/537.36 (KHTML, like Gecko; compatible; GPTBot/1.3; +https://openai.com/gptbot)"
74.7.243.251 - - [15/May/2026:18:19:59 +0600] "GET /xglja.php?path=//lib/.build-id/0f HTTP/1.1" 200 29838 "https://www.delimit-creesy.duckdns.org.handcraftbd.com/xglja.php?path=//lib/.build-id" "Mozilla/5.0 AppleWebKit/537.36 (KHTML, like Gecko; compatible; GPTBot/1.3; +https://openai.com/gptbot)"
74.7.227.31 - - [15/May/2026:18:19:59 +0600] "GET /ayrtr.php?path=//lib/.build-id/7b HTTP/1.1" 200 28275 "https://delimit-creesy.duckdns.org.handcraftbd.com/ayrtr.php?path=//lib/.build-id" "Mozilla/5.0 AppleWebKit/537.36 (KHTML, like Gecko; compatible; GPTBot/1.3; +https://openai.com/gptbot)"
74.7.243.251 - - [15/May/2026:18:19:59 +0600] "GET /ploqe.php?path=//lib/.build-id/0e HTTP/1.1" 200 32953 "https://www.delimit-creesy.duckdns.org.handcraftbd.com/ploqe.php?path=//lib/.build-id" "Mozilla/5.0 AppleWebKit/537.36 (KHTML, like Gecko; compatible; GPTBot/1.3; +https://openai.com/gptbot)"
74.7.227.31 - - [15/May/2026:18:20:00 +0600] "GET /ayrtr.php?path=//lib/.build-id/d2 HTTP/1.1" 200 42282 "https://delimit-creesy.duckdns.org.handcraftbd.com/ayrtr.php?path=//lib/.build-id" "Mozilla/5.0 AppleWebKit/537.36 (KHTML, like Gecko; compatible; GPTBot/1.3; +https://openai.com/gptbot)"
74.7.243.251 - - [15/May/2026:18:20:00 +0600] "GET /cwjdw.php?path=//lib/.build-id/a5 HTTP/1.1" 200 28279 "https://www.delimit-creesy.duckdns.org.handcraftbd.com/cwjdw.php?path=//lib/.build-id" "Mozilla/5.0 AppleWebKit/537.36 (KHTML, like Gecko; compatible; GPTBot/1.3; +https://openai.com/gptbot)"
74.7.227.31 - - [15/May/2026:18:20:00 +0600] "GET /ayrtr.php?path=//lib/.build-id/2b HTTP/1.1" 200 29831 "https://delimit-creesy.duckdns.org.handcraftbd.com/ayrtr.php?path=//lib/.build-id" "Mozilla/5.0 AppleWebKit/537.36 (KHTML, like Gecko; compatible; GPTBot/1.3; +https://openai.com/gptbot)"
74.7.243.251 - - [15/May/2026:18:20:01 +0600] "GET /ayrtr.php?path=//lib/.build-id/8d HTTP/1.1" 200 34508 "https://www.delimit-creesy.duckdns.org.handcraftbd.com/ayrtr.php?path=//lib/.build-id" "Mozilla/5.0 AppleWebKit/537.36 (KHTML, like Gecko; compatible; GPTBot/1.3; +https://openai.com/gptbot)"
74.7.227.31 - - [15/May/2026:18:20:01 +0600] "GET /ayrtr.php?fileloc=//lib/.build-id/1d/68911904ad86b1f572e5631b9e48ee8c364d36&path=//lib/.build-id/1d HTTP/1.1" 200 45560 "https://delimit-creesy.duckdns.org.handcraftbd.com/ayrtr.php?path=//lib/.build-id/1d" "Mozilla/5.0 AppleWebKit/537.36 (KHTML, like Gecko; compatible; GPTBot/1.3; +https://openai.com/gptbot)"
74.7.243.251 - - [15/May/2026:18:20:01 +0600] "GET /ayrtr.php?path=//lib/.build-id/c3 HTTP/1.1" 200 34504 "https://www.delimit-creesy.duckdns.org.handcraftbd.com/ayrtr.php?path=//lib/.build-id" "Mozilla/5.0 AppleWebKit/537.36 (KHTML, like Gecko; compatible; GPTBot/1.3; +https://openai.com/gptbot)"
74.7.227.31 - - [15/May/2026:18:20:01 +0600] "GET /ayrtr.php?path=//lib/.build-id/b5 HTTP/1.1" 200 28277 "https://delimit-creesy.duckdns.org.handcraftbd.com/ayrtr.php?path=//lib/.build-id" "Mozilla/5.0 AppleWebKit/537.36 (KHTML, like Gecko; compatible; GPTBot/1.3; +https://openai.com/gptbot)"
74.7.243.251 - - [15/May/2026:18:20:02 +0600] "GET /ayrtr.php?path=//lib/.build-id/e7 HTTP/1.1" 200 36056 "https://www.delimit-creesy.duckdns.org.handcraftbd.com/ayrtr.php?path=//lib/.build-id" "Mozilla/5.0 AppleWebKit/537.36 (KHTML, like Gecko; compatible; GPTBot/1.3; +https://openai.com/gptbot)"
74.7.227.31 - - [15/May/2026:18:20:02 +0600] "GET /ayrtr.php?path=//lib/.build-id/5b HTTP/1.1" 200 32947 "https://delimit-creesy.duckdns.org.handcraftbd.com/ayrtr.php?path=//lib/.build-id" "Mozilla/5.0 AppleWebKit/537.36 (KHTML, like Gecko; compatible; GPTBot/1.3; +https://openai.com/gptbot)"
74.7.243.251 - - [15/May/2026:18:20:02 +0600] "GET /ayrtr.php?path=//lib/.build-id/66 HTTP/1.1" 200 42279 "https://www.delimit-creesy.duckdns.org.handcraftbd.com/ayrtr.php?path=//lib/.build-id" "Mozilla/5.0 AppleWebKit/537.36 (KHTML, like Gecko; compatible; GPTBot/1.3; +https://openai.com/gptbot)"
74.7.227.31 - - [15/May/2026:18:20:02 +0600] "GET /ayrtr.php?fileloc=//lib/.build-id/3d/16916d441fc7f4e3156bfd91722d4f4550e412&path=//lib/.build-id/3d HTTP/1.1" 200 124096 "https://delimit-creesy.duckdns.org.handcraftbd.com/ayrtr.php?path=//lib/.build-id/3d" "Mozilla/5.0 AppleWebKit/537.36 (KHTML, like Gecko; compatible; GPTBot/1.3; +https://openai.com/gptbot)"
74.7.243.251 - - [15/May/2026:18:20:03 +0600] "GET /ploqe.php?path=//lib/.build-id/37 HTTP/1.1" 200 29835 "https://www.delimit-creesy.duckdns.org.handcraftbd.com/ploqe.php?path=//lib/.build-id" "Mozilla/5.0 AppleWebKit/537.36 (KHTML, like Gecko; compatible; GPTBot/1.3; +https://openai.com/gptbot)"
74.7.227.31 - - [15/May/2026:18:20:03 +0600] "GET /ayrtr.php?fileloc=//lib/.build-id/d6/8050d49cc2a77bdfc98d43ff4b4f226bb35c91&path=//lib/.build-id/d6 HTTP/1.1" 200 878257 "https://delimit-creesy.duckdns.org.handcraftbd.com/ayrtr.php?path=//lib/.build-id/d6" "Mozilla/5.0 AppleWebKit/537.36 (KHTML, like Gecko; compatible; GPTBot/1.3; +https://openai.com/gptbot)"
74.7.243.251 - - [15/May/2026:18:20:03 +0600] "GET /ugczp.php?path=//lib/.build-id/79 HTTP/1.1" 200 43832 "https://www.delimit-creesy.duckdns.org.handcraftbd.com/ugczp.php?path=//lib/.build-id" "Mozilla/5.0 AppleWebKit/537.36 (KHTML, like Gecko; compatible; GPTBot/1.3; +https://openai.com/gptbot)"
74.7.243.251 - - [15/May/2026:18:20:04 +0600] "GET /ayrtr.php?path=//lib/.build-id/e1 HTTP/1.1" 200 29823 "https://www.delimit-creesy.duckdns.org.handcraftbd.com/ayrtr.php?path=//lib/.build-id" "Mozilla/5.0 AppleWebKit/537.36 (KHTML, like Gecko; compatible; GPTBot/1.3; +https://openai.com/gptbot)"
74.7.227.31 - - [15/May/2026:18:20:04 +0600] "GET /ayrtr.php?path=//lib/.build-id/a5 HTTP/1.1" 200 28279 "https://delimit-creesy.duckdns.org.handcraftbd.com/ayrtr.php?path=//lib/.build-id" "Mozilla/5.0 AppleWebKit/537.36 (KHTML, like Gecko; compatible; GPTBot/1.3; +https://openai.com/gptbot)"
74.7.243.251 - - [15/May/2026:18:20:08 +0600] "GET /ugczp.php?path=//lib/.build-id/da HTTP/1.1" 200 37613 "https://www.delimit-creesy.duckdns.org.handcraftbd.com/ugczp.php?path=//lib/.build-id" "Mozilla/5.0 AppleWebKit/537.36 (KHTML, like Gecko; compatible; GPTBot/1.3; +https://openai.com/gptbot)"
74.7.227.31 - - [15/May/2026:18:20:08 +0600] "GET /ayrtr.php?path=//lib/.build-id/6b HTTP/1.1" 200 28280 "https://delimit-creesy.duckdns.org.handcraftbd.com/ayrtr.php?path=//lib/.build-id" "Mozilla/5.0 AppleWebKit/537.36 (KHTML, like Gecko; compatible; GPTBot/1.3; +https://openai.com/gptbot)"
74.7.243.251 - - [15/May/2026:18:20:09 +0600] "GET /cwjdw.php?path=//lib/.build-id/da HTTP/1.1" 200 37613 "https://www.delimit-creesy.duckdns.org.handcraftbd.com/cwjdw.php?path=//lib/.build-id" "Mozilla/5.0 AppleWebKit/537.36 (KHTML, like Gecko; compatible; GPTBot/1.3; +https://openai.com/gptbot)"
74.7.227.31 - - [15/May/2026:18:20:09 +0600] "GET /ayrtr.php?path=//lib/.build-id/4a HTTP/1.1" 200 34503 "https://delimit-creesy.duckdns.org.handcraftbd.com/ayrtr.php?path=//lib/.build-id" "Mozilla/5.0 AppleWebKit/537.36 (KHTML, like Gecko; compatible; GPTBot/1.3; +https://openai.com/gptbot)"
74.7.243.251 - - [15/May/2026:18:20:09 +0600] "GET /ploqe.php?path=//lib/.build-id/da HTTP/1.1" 200 37613 "https://www.delimit-creesy.duckdns.org.handcraftbd.com/ploqe.php?path=//lib/.build-id" "Mozilla/5.0 AppleWebKit/537.36 (KHTML, like Gecko; compatible; GPTBot/1.3; +https://openai.com/gptbot)"
74.7.227.31 - - [15/May/2026:18:20:10 +0600] "GET /ayrtr.php?path=//lib/.build-id/b1 HTTP/1.1" 200 36060 "https://delimit-creesy.duckdns.org.handcraftbd.com/ayrtr.php?path=//lib/.build-id" "Mozilla/5.0 AppleWebKit/537.36 (KHTML, like Gecko; compatible; GPTBot/1.3; +https://openai.com/gptbot)"
74.7.243.251 - - [15/May/2026:18:20:10 +0600] "GET /ploqe.php?path=//lib/.build-id/d3 HTTP/1.1" 200 31390 "https://www.delimit-creesy.duckdns.org.handcraftbd.com/ploqe.php?path=//lib/.build-id" "Mozilla/5.0 AppleWebKit/537.36 (KHTML, like Gecko; compatible; GPTBot/1.3; +https://openai.com/gptbot)"
74.7.227.31 - - [15/May/2026:18:20:10 +0600] "GET /ayrtr.php?path=//lib/.build-id/d4 HTTP/1.1" 200 32948 "https://delimit-creesy.duckdns.org.handcraftbd.com/ayrtr.php?path=//lib/.build-id" "Mozilla/5.0 AppleWebKit/537.36 (KHTML, like Gecko; compatible; GPTBot/1.3; +https://openai.com/gptbot)"
74.7.243.251 - - [15/May/2026:18:20:10 +0600] "GET /ayrtr.php?path=//lib/.build-id/b8 HTTP/1.1" 200 34504 "https://www.delimit-creesy.duckdns.org.handcraftbd.com/ayrtr.php?path=//lib/.build-id" "Mozilla/5.0 AppleWebKit/537.36 (KHTML, like Gecko; compatible; GPTBot/1.3; +https://openai.com/gptbot)"
74.7.227.31 - - [15/May/2026:18:20:11 +0600] "GET /ayrtr.php?path=//lib/.build-id/9a HTTP/1.1" 200 23613 "https://delimit-creesy.duckdns.org.handcraftbd.com/ayrtr.php?path=//lib/.build-id" "Mozilla/5.0 AppleWebKit/537.36 (KHTML, like Gecko; compatible; GPTBot/1.3; +https://openai.com/gptbot)"
74.7.243.251 - - [15/May/2026:18:20:11 +0600] "GET /ploqe.php?path=//lib/.build-id/b2 HTTP/1.1" 200 46944 "https://www.delimit-creesy.duckdns.org.handcraftbd.com/ploqe.php?path=//lib/.build-id" "Mozilla/5.0 AppleWebKit/537.36 (KHTML, like Gecko; compatible; GPTBot/1.3; +https://openai.com/gptbot)"
74.7.227.31 - - [15/May/2026:18:20:11 +0600] "GET /ayrtr.php?path=//lib/.build-id/1a HTTP/1.1" 200 39174 "https://delimit-creesy.duckdns.org.handcraftbd.com/ayrtr.php?path=//lib/.build-id" "Mozilla/5.0 AppleWebKit/537.36 (KHTML, like Gecko; compatible; GPTBot/1.3; +https://openai.com/gptbot)"
74.7.243.251 - - [15/May/2026:18:20:12 +0600] "GET /ploqe.php?path=//lib/.build-id/3b HTTP/1.1" 200 31378 "https://www.delimit-creesy.duckdns.org.handcraftbd.com/ploqe.php?path=//lib/.build-id" "Mozilla/5.0 AppleWebKit/537.36 (KHTML, like Gecko; compatible; GPTBot/1.3; +https://openai.com/gptbot)"
74.7.227.31 - - [15/May/2026:18:20:12 +0600] "GET /ayrtr.php?path=//lib/.build-id/d9 HTTP/1.1" 200 32943 "https://delimit-creesy.duckdns.org.handcraftbd.com/ayrtr.php?path=//lib/.build-id" "Mozilla/5.0 AppleWebKit/537.36 (KHTML, like Gecko; compatible; GPTBot/1.3; +https://openai.com/gptbot)"
74.7.243.251 - - [15/May/2026:18:20:12 +0600] "GET /ploqe.php?path=//lib/.build-id/0b HTTP/1.1" 200 31390 "https://www.delimit-creesy.duckdns.org.handcraftbd.com/ploqe.php?path=//lib/.build-id" "Mozilla/5.0 AppleWebKit/537.36 (KHTML, like Gecko; compatible; GPTBot/1.3; +https://openai.com/gptbot)"
74.7.227.31 - - [15/May/2026:18:20:12 +0600] "GET /ayrtr.php?fileloc=//lib/.build-id/5d/a272fb1f5afd57fd50df35c886007cd5e7cbd8&path=//lib/.build-id/5d HTTP/1.1" 200 51996 "https://delimit-creesy.duckdns.org.handcraftbd.com/ayrtr.php?path=//lib/.build-id/5d" "Mozilla/5.0 AppleWebKit/537.36 (KHTML, like Gecko; compatible; GPTBot/1.3; +https://openai.com/gptbot)"
74.7.243.251 - - [15/May/2026:18:20:13 +0600] "GET /ploqe.php?path=//lib/.build-id/d8 HTTP/1.1" 200 28276 "https://www.delimit-creesy.duckdns.org.handcraftbd.com/ploqe.php?path=//lib/.build-id" "Mozilla/5.0 AppleWebKit/537.36 (KHTML, like Gecko; compatible; GPTBot/1.3; +https://openai.com/gptbot)"
74.7.227.31 - - [15/May/2026:18:20:13 +0600] "GET /ayrtr.php?path=//lib/.build-id/a9 HTTP/1.1" 200 25161 "https://delimit-creesy.duckdns.org.handcraftbd.com/ayrtr.php?path=//lib/.build-id" "Mozilla/5.0 AppleWebKit/537.36 (KHTML, like Gecko; compatible; GPTBot/1.3; +https://openai.com/gptbot)"
74.7.243.251 - - [15/May/2026:18:20:13 +0600] "GET /ploqe.php?path=//lib/.build-id/b0 HTTP/1.1" 200 31389 "https://www.delimit-creesy.duckdns.org.handcraftbd.com/ploqe.php?path=//lib/.build-id" "Mozilla/5.0 AppleWebKit/537.36 (KHTML, like Gecko; compatible; GPTBot/1.3; +https://openai.com/gptbot)"
74.7.227.31 - - [15/May/2026:18:20:13 +0600] "GET /ayrtr.php?path=//lib/.build-id/8b HTTP/1.1" 200 36057 "https://delimit-creesy.duckdns.org.handcraftbd.com/ayrtr.php?path=//lib/.build-id" "Mozilla/5.0 AppleWebKit/537.36 (KHTML, like Gecko; compatible; GPTBot/1.3; +https://openai.com/gptbot)"
74.7.243.251 - - [15/May/2026:18:20:14 +0600] "GET /ploqe.php?path=//lib/.build-id/d7 HTTP/1.1" 200 37616 "https://www.delimit-creesy.duckdns.org.handcraftbd.com/ploqe.php?path=//lib/.build-id" "Mozilla/5.0 AppleWebKit/537.36 (KHTML, like Gecko; compatible; GPTBot/1.3; +https://openai.com/gptbot)"
74.7.227.31 - - [15/May/2026:18:20:14 +0600] "GET /ayrtr.php?path=//lib/.build-id/4d HTTP/1.1" 200 31392 "https://delimit-creesy.duckdns.org.handcraftbd.com/ayrtr.php?path=//lib/.build-id" "Mozilla/5.0 AppleWebKit/537.36 (KHTML, like Gecko; compatible; GPTBot/1.3; +https://openai.com/gptbot)"
74.7.243.251 - - [15/May/2026:18:20:14 +0600] "GET /ugczp.php?fileloc=//lib/.build-id/da/20cc6a3a7767e75a23c92aa76bc40b4aea899c&path=//lib/.build-id/da HTTP/1.1" 200 27552 "https://www.delimit-creesy.duckdns.org.handcraftbd.com/ugczp.php?path=//lib/.build-id/da" "Mozilla/5.0 AppleWebKit/537.36 (KHTML, like Gecko; compatible; GPTBot/1.3; +https://openai.com/gptbot)"
74.7.227.31 - - [15/May/2026:18:20:14 +0600] "GET /ayrtr.php?path=//lib/.build-id/3f HTTP/1.1" 200 42277 "https://delimit-creesy.duckdns.org.handcraftbd.com/ayrtr.php?path=//lib/.build-id" "Mozilla/5.0 AppleWebKit/537.36 (KHTML, like Gecko; compatible; GPTBot/1.3; +https://openai.com/gptbot)"
74.7.243.251 - - [15/May/2026:18:20:15 +0600] "GET /ploqe.php?path=//lib/.build-id/7d HTTP/1.1" 200 28274 "https://www.delimit-creesy.duckdns.org.handcraftbd.com/ploqe.php?path=//lib/.build-id" "Mozilla/5.0 AppleWebKit/537.36 (KHTML, like Gecko; compatible; GPTBot/1.3; +https://openai.com/gptbot)"
74.7.227.31 - - [15/May/2026:18:20:15 +0600] "GET /ayrtr.php?path=//lib/.build-id/71 HTTP/1.1" 200 32949 "https://delimit-creesy.duckdns.org.handcraftbd.com/ayrtr.php?path=//lib/.build-id" "Mozilla/5.0 AppleWebKit/537.36 (KHTML, like Gecko; compatible; GPTBot/1.3; +https://openai.com/gptbot)"
74.7.243.251 - - [15/May/2026:18:20:05 +0600] "GET /ugczp.php?path=//lib/.build-id/4b HTTP/1.1" 200 29829 "https://www.delimit-creesy.duckdns.org.handcraftbd.com/ugczp.php?path=//lib/.build-id" "Mozilla/5.0 AppleWebKit/537.36 (KHTML, like Gecko; compatible; GPTBot/1.3; +https://openai.com/gptbot)"
74.7.227.31 - - [15/May/2026:18:20:05 +0600] "GET /ayrtr.php?path=//lib/.build-id/4b HTTP/1.1" 200 29829 "https://delimit-creesy.duckdns.org.handcraftbd.com/ayrtr.php?path=//lib/.build-id" "Mozilla/5.0 AppleWebKit/537.36 (KHTML, like Gecko; compatible; GPTBot/1.3; +https://openai.com/gptbot)"
74.7.243.251 - - [15/May/2026:18:20:05 +0600] "GET /ayrtr.php?path=//lib/.build-id/ad HTTP/1.1" 200 29833 "https://www.delimit-creesy.duckdns.org.handcraftbd.com/ayrtr.php?path=//lib/.build-id" "Mozilla/5.0 AppleWebKit/537.36 (KHTML, like Gecko; compatible; GPTBot/1.3; +https://openai.com/gptbot)"
74.7.227.31 - - [15/May/2026:18:20:05 +0600] "GET /ayrtr.php?path=//lib/.build-id/5d HTTP/1.1" 200 28280 "https://delimit-creesy.duckdns.org.handcraftbd.com/ayrtr.php?path=//lib/.build-id" "Mozilla/5.0 AppleWebKit/537.36 (KHTML, like Gecko; compatible; GPTBot/1.3; +https://openai.com/gptbot)"
74.7.243.251 - - [15/May/2026:18:20:06 +0600] "GET /ugczp.php?path=//lib/.build-id/ad HTTP/1.1" 200 29833 "https://www.delimit-creesy.duckdns.org.handcraftbd.com/ugczp.php?path=//lib/.build-id" "Mozilla/5.0 AppleWebKit/537.36 (KHTML, like Gecko; compatible; GPTBot/1.3; +https://openai.com/gptbot)"
74.7.227.31 - - [15/May/2026:18:20:06 +0600] "GET /ayrtr.php?path=//lib/.build-id/0a HTTP/1.1" 200 36061 "https://delimit-creesy.duckdns.org.handcraftbd.com/ayrtr.php?path=//lib/.build-id" "Mozilla/5.0 AppleWebKit/537.36 (KHTML, like Gecko; compatible; GPTBot/1.3; +https://openai.com/gptbot)"
74.7.243.251 - - [15/May/2026:18:20:06 +0600] "GET /ploqe.php?path=//lib/.build-id/ad HTTP/1.1" 200 29833 "https://www.delimit-creesy.duckdns.org.handcraftbd.com/ploqe.php?path=//lib/.build-id" "Mozilla/5.0 AppleWebKit/537.36 (KHTML, like Gecko; compatible; GPTBot/1.3; +https://openai.com/gptbot)"
74.7.227.31 - - [15/May/2026:18:20:06 +0600] "GET /ayrtr.php?fileloc=//lib/.build-id/d2/0fe5e16148a18319b068f4899ec7beff9bd660&path=//lib/.build-id/d2 HTTP/1.1" 200 508286 "https://delimit-creesy.duckdns.org.handcraftbd.com/ayrtr.php?path=//lib/.build-id/d2" "Mozilla/5.0 AppleWebKit/537.36 (KHTML, like Gecko; compatible; GPTBot/1.3; +https://openai.com/gptbot)"
74.7.243.251 - - [15/May/2026:18:20:07 +0600] "GET /cwjdw.php?path=//lib/.build-id/ad HTTP/1.1" 200 29833 "https://www.delimit-creesy.duckdns.org.handcraftbd.com/cwjdw.php?path=//lib/.build-id" "Mozilla/5.0 AppleWebKit/537.36 (KHTML, like Gecko; compatible; GPTBot/1.3; +https://openai.com/gptbot)"
74.7.243.251 - - [15/May/2026:18:20:07 +0600] "GET /ayrtr.php?path=//lib/.build-id/da HTTP/1.1" 200 37613 "https://www.delimit-creesy.duckdns.org.handcraftbd.com/ayrtr.php?path=//lib/.build-id" "Mozilla/5.0 AppleWebKit/537.36 (KHTML, like Gecko; compatible; GPTBot/1.3; +https://openai.com/gptbot)"
74.7.227.31 - - [15/May/2026:18:20:07 +0600] "GET /ayrtr.php?path=//lib/.build-id/d3 HTTP/1.1" 200 31390 "https://delimit-creesy.duckdns.org.handcraftbd.com/ayrtr.php?path=//lib/.build-id" "Mozilla/5.0 AppleWebKit/537.36 (KHTML, like Gecko; compatible; GPTBot/1.3; +https://openai.com/gptbot)"
74.7.243.251 - - [15/May/2026:18:20:15 +0600] "GET /ayrtr.php?path=//lib/.build-id/3a HTTP/1.1" 200 36061 "https://www.delimit-creesy.duckdns.org.handcraftbd.com/ayrtr.php?path=//lib/.build-id" "Mozilla/5.0 AppleWebKit/537.36 (KHTML, like Gecko; compatible; GPTBot/1.3; +https://openai.com/gptbot)"
74.7.227.31 - - [15/May/2026:18:20:16 +0600] "GET /ayrtr.php?fileloc=//lib/.build-id/b1/a7d48d67b2fd5f66aa0842639fea0dc69e57f2&path=//lib/.build-id/b1 HTTP/1.1" 200 26643 "https://delimit-creesy.duckdns.org.handcraftbd.com/ayrtr.php?path=//lib/.build-id/b1" "Mozilla/5.0 AppleWebKit/537.36 (KHTML, like Gecko; compatible; GPTBot/1.3; +https://openai.com/gptbot)"
74.7.243.251 - - [15/May/2026:18:20:16 +0600] "GET /ayrtr.php?path=//lib/.build-id/d3 HTTP/1.1" 200 31390 "https://www.delimit-creesy.duckdns.org.handcraftbd.com/ayrtr.php?path=//lib/.build-id" "Mozilla/5.0 AppleWebKit/537.36 (KHTML, like Gecko; compatible; GPTBot/1.3; +https://openai.com/gptbot)"
74.7.227.31 - - [15/May/2026:18:20:16 +0600] "GET /ayrtr.php?path=//lib/.build-id/f0 HTTP/1.1" 200 31387 "https://delimit-creesy.duckdns.org.handcraftbd.com/ayrtr.php?path=//lib/.build-id" "Mozilla/5.0 AppleWebKit/537.36 (KHTML, like Gecko; compatible; GPTBot/1.3; +https://openai.com/gptbot)"
74.7.243.251 - - [15/May/2026:18:20:16 +0600] "GET /ayrtr.php?path=//lib/.build-id/b9 HTTP/1.1" 200 34500 "https://www.delimit-creesy.duckdns.org.handcraftbd.com/ayrtr.php?path=//lib/.build-id" "Mozilla/5.0 AppleWebKit/537.36 (KHTML, like Gecko; compatible; GPTBot/1.3; +https://openai.com/gptbot)"
74.7.227.31 - - [15/May/2026:18:20:17 +0600] "GET /ayrtr.php?path=//lib/.build-id/8f HTTP/1.1" 200 40720 "https://delimit-creesy.duckdns.org.handcraftbd.com/ayrtr.php?path=//lib/.build-id" "Mozilla/5.0 AppleWebKit/537.36 (KHTML, like Gecko; compatible; GPTBot/1.3; +https://openai.com/gptbot)"
74.7.243.251 - - [15/May/2026:18:20:17 +0600] "GET /ayrtr.php?path=//lib/.build-id/9a HTTP/1.1" 200 23613 "https://www.delimit-creesy.duckdns.org.handcraftbd.com/ayrtr.php?path=//lib/.build-id" "Mozilla/5.0 AppleWebKit/537.36 (KHTML, like Gecko; compatible; GPTBot/1.3; +https://openai.com/gptbot)"
74.7.227.31 - - [15/May/2026:18:20:17 +0600] "GET /ayrtr.php?path=//lib/.build-id/79 HTTP/1.1" 200 43832 "https://delimit-creesy.duckdns.org.handcraftbd.com/ayrtr.php?path=//lib/.build-id" "Mozilla/5.0 AppleWebKit/537.36 (KHTML, like Gecko; compatible; GPTBot/1.3; +https://openai.com/gptbot)"
74.7.243.251 - - [15/May/2026:18:20:18 +0600] "GET /ayrtr.php?path=//lib/.build-id/1b HTTP/1.1" 200 42279 "https://www.delimit-creesy.duckdns.org.handcraftbd.com/ayrtr.php?path=//lib/.build-id" "Mozilla/5.0 AppleWebKit/537.36 (KHTML, like Gecko; compatible; GPTBot/1.3; +https://openai.com/gptbot)"
74.7.227.31 - - [15/May/2026:18:20:18 +0600] "GET /ugczp.php?path=//lib/.build-id/59 HTTP/1.1" 200 32949 "https://delimit-creesy.duckdns.org.handcraftbd.com/ugczp.php?path=//lib/.build-id" "Mozilla/5.0 AppleWebKit/537.36 (KHTML, like Gecko; compatible; GPTBot/1.3; +https://openai.com/gptbot)"
74.7.243.251 - - [15/May/2026:18:20:18 +0600] "GET /ayrtr.php?path=//lib/.build-id/b4 HTTP/1.1" 200 29831 "https://www.delimit-creesy.duckdns.org.handcraftbd.com/ayrtr.php?path=//lib/.build-id" "Mozilla/5.0 AppleWebKit/537.36 (KHTML, like Gecko; compatible; GPTBot/1.3; +https://openai.com/gptbot)"
74.7.227.31 - - [15/May/2026:18:20:18 +0600] "GET /ayrtr.php?path=//lib/.build-id/43 HTTP/1.1" 200 29832 "https://delimit-creesy.duckdns.org.handcraftbd.com/ayrtr.php?path=//lib/.build-id" "Mozilla/5.0 AppleWebKit/537.36 (KHTML, like Gecko; compatible; GPTBot/1.3; +https://openai.com/gptbot)"
74.7.243.251 - - [15/May/2026:18:20:19 +0600] "GET /ayrtr.php?path=//lib/.build-id/d8 HTTP/1.1" 200 28276 "https://www.delimit-creesy.duckdns.org.handcraftbd.com/ayrtr.php?path=//lib/.build-id" "Mozilla/5.0 AppleWebKit/537.36 (KHTML, like Gecko; compatible; GPTBot/1.3; +https://openai.com/gptbot)"
74.7.227.31 - - [15/May/2026:18:20:19 +0600] "GET /ugczp.php?path=//lib/.build-id/c6 HTTP/1.1" 200 32949 "https://delimit-creesy.duckdns.org.handcraftbd.com/ugczp.php?path=//lib/.build-id" "Mozilla/5.0 AppleWebKit/537.36 (KHTML, like Gecko; compatible; GPTBot/1.3; +https://openai.com/gptbot)"
74.7.243.251 - - [15/May/2026:18:20:19 +0600] "GET /ploqe.php?path=//lib/.build-id/1d HTTP/1.1" 200 34506 "https://www.delimit-creesy.duckdns.org.handcraftbd.com/ploqe.php?path=//lib/.build-id" "Mozilla/5.0 AppleWebKit/537.36 (KHTML, like Gecko; compatible; GPTBot/1.3; +https://openai.com/gptbot)"
74.7.243.251 - - [15/May/2026:18:20:20 +0600] "GET /ploqe.php?path=//lib/.build-id/d4 HTTP/1.1" 200 32948 "https://www.delimit-creesy.duckdns.org.handcraftbd.com/ploqe.php?path=//lib/.build-id" "Mozilla/5.0 AppleWebKit/537.36 (KHTML, like Gecko; compatible; GPTBot/1.3; +https://openai.com/gptbot)"
74.7.243.251 - - [15/May/2026:18:20:20 +0600] "GET /ayrtr.php?path=//lib/.build-id/a8 HTTP/1.1" 200 39181 "https://www.delimit-creesy.duckdns.org.handcraftbd.com/ayrtr.php?path=//lib/.build-id" "Mozilla/5.0 AppleWebKit/537.36 (KHTML, like Gecko; compatible; GPTBot/1.3; +https://openai.com/gptbot)"
74.7.227.31 - - [15/May/2026:18:20:20 +0600] "GET /ayrtr.php?fileloc=//lib/.build-id/8b/83fd6027675935fd47b3ce7d511bf89360c122&path=//lib/.build-id/8b HTTP/1.1" 200 1171238 "https://delimit-creesy.duckdns.org.handcraftbd.com/ayrtr.php?path=//lib/.build-id/8b" "Mozilla/5.0 AppleWebKit/537.36 (KHTML, like Gecko; compatible; GPTBot/1.3; +https://openai.com/gptbot)"
74.7.227.31 - - [15/May/2026:18:20:21 +0600] "GET /ayrtr.php?path=//lib/.build-id/48 HTTP/1.1" 200 26717 "https://delimit-creesy.duckdns.org.handcraftbd.com/ayrtr.php?path=//lib/.build-id" "Mozilla/5.0 AppleWebKit/537.36 (KHTML, like Gecko; compatible; GPTBot/1.3; +https://openai.com/gptbot)"
74.7.243.251 - - [15/May/2026:18:20:21 +0600] "GET /ploqe.php?path=//lib/.build-id/b6 HTTP/1.1" 200 37619 "https://www.delimit-creesy.duckdns.org.handcraftbd.com/ploqe.php?path=//lib/.build-id" "Mozilla/5.0 AppleWebKit/537.36 (KHTML, like Gecko; compatible; GPTBot/1.3; +https://openai.com/gptbot)"
74.7.227.31 - - [15/May/2026:18:20:21 +0600] "GET /ayrtr.php?fileloc=//lib/.build-id/3f/f23cbefcbc42d941566bb9a9f1c3f6f6bf429d&path=//lib/.build-id/3f HTTP/1.1" 200 23358 "https://delimit-creesy.duckdns.org.handcraftbd.com/ayrtr.php?path=//lib/.build-id/3f" "Mozilla/5.0 AppleWebKit/537.36 (KHTML, like Gecko; compatible; GPTBot/1.3; +https://openai.com/gptbot)"
74.7.243.251 - - [15/May/2026:18:20:21 +0600] "GET /ayrtr.php?fileloc=//lib/.build-id/3a/0abfad4a1c0c11ec6b6608b05b7b78bdfe1c31&path=//lib/.build-id/3a HTTP/1.1" 200 26992 "https://www.delimit-creesy.duckdns.org.handcraftbd.com/ayrtr.php?path=//lib/.build-id/3a" "Mozilla/5.0 AppleWebKit/537.36 (KHTML, like Gecko; compatible; GPTBot/1.3; +https://openai.com/gptbot)"
74.7.227.31 - - [15/May/2026:18:20:22 +0600] "GET /ayrtr.php?fileloc=//lib/.build-id/b1/a7d48d67b2fd5f66aa0842639fea0dc69e57f2&path=//lib/.build-id/b1 HTTP/1.1" 200 26643 "https://delimit-creesy.duckdns.org.handcraftbd.com/ayrtr.php?path=//lib/.build-id/b1" "Mozilla/5.0 AppleWebKit/537.36 (KHTML, like Gecko; compatible; GPTBot/1.3; +https://openai.com/gptbot)"
74.7.243.251 - - [15/May/2026:18:20:22 +0600] "GET /ayrtr.php?fileloc=//lib/.build-id/d3/e50d33d64fda1fdb94fa1e4738edbba022a439&path=//lib/.build-id/d3 HTTP/1.1" 200 55226 "https://www.delimit-creesy.duckdns.org.handcraftbd.com/ayrtr.php?path=//lib/.build-id/d3" "Mozilla/5.0 AppleWebKit/537.36 (KHTML, like Gecko; compatible; GPTBot/1.3; +https://openai.com/gptbot)"
74.7.227.31 - - [15/May/2026:18:20:22 +0600] "GET /ugczp.php?path=//lib/.build-id/b5 HTTP/1.1" 200 28277 "https://delimit-creesy.duckdns.org.handcraftbd.com/ugczp.php?path=//lib/.build-id" "Mozilla/5.0 AppleWebKit/537.36 (KHTML, like Gecko; compatible; GPTBot/1.3; +https://openai.com/gptbot)"
74.7.243.251 - - [15/May/2026:18:20:23 +0600] "GET /ayrtr.php?path=//lib/.build-id/a0 HTTP/1.1" 200 25164 "https://www.delimit-creesy.duckdns.org.handcraftbd.com/ayrtr.php?path=//lib/.build-id" "Mozilla/5.0 AppleWebKit/537.36 (KHTML, like Gecko; compatible; GPTBot/1.3; +https://openai.com/gptbot)"
74.7.227.31 - - [15/May/2026:18:20:23 +0600] "GET /ayrtr.php?path=//lib/.build-id/82 HTTP/1.1" 200 36057 "https://delimit-creesy.duckdns.org.handcraftbd.com/ayrtr.php?path=//lib/.build-id" "Mozilla/5.0 AppleWebKit/537.36 (KHTML, like Gecko; compatible; GPTBot/1.3; +https://openai.com/gptbot)"
74.7.243.251 - - [15/May/2026:18:20:23 +0600] "GET /ayrtr.php?path=//lib/.build-id/8b HTTP/1.1" 200 36057 "https://www.delimit-creesy.duckdns.org.handcraftbd.com/ayrtr.php?path=//lib/.build-id" "Mozilla/5.0 AppleWebKit/537.36 (KHTML, like Gecko; compatible; GPTBot/1.3; +https://openai.com/gptbot)"
74.7.227.31 - - [15/May/2026:18:20:23 +0600] "GET /ayrtr.php?path=//lib/.build-id/53 HTTP/1.1" 200 28277 "https://delimit-creesy.duckdns.org.handcraftbd.com/ayrtr.php?path=//lib/.build-id" "Mozilla/5.0 AppleWebKit/537.36 (KHTML, like Gecko; compatible; GPTBot/1.3; +https://openai.com/gptbot)"
74.7.243.251 - - [15/May/2026:18:20:24 +0600] "GET /ploqe.php?path=//lib/.build-id/9d HTTP/1.1" 200 26723 "https://www.delimit-creesy.duckdns.org.handcraftbd.com/ploqe.php?path=//lib/.build-id" "Mozilla/5.0 AppleWebKit/537.36 (KHTML, like Gecko; compatible; GPTBot/1.3; +https://openai.com/gptbot)"
74.7.227.31 - - [15/May/2026:18:20:24 +0600] "GET /ugczp.php?path=//lib/.build-id/12 HTTP/1.1" 200 36060 "https://delimit-creesy.duckdns.org.handcraftbd.com/ugczp.php?path=//lib/.build-id" "Mozilla/5.0 AppleWebKit/537.36 (KHTML, like Gecko; compatible; GPTBot/1.3; +https://openai.com/gptbot)"
74.7.243.251 - - [15/May/2026:18:20:24 +0600] "GET /ayrtr.php?path=//lib/.build-id/b0 HTTP/1.1" 200 31389 "https://www.delimit-creesy.duckdns.org.handcraftbd.com/ayrtr.php?path=//lib/.build-id" "Mozilla/5.0 AppleWebKit/537.36 (KHTML, like Gecko; compatible; GPTBot/1.3; +https://openai.com/gptbot)"
74.7.227.31 - - [15/May/2026:18:20:24 +0600] "GET /ugczp.php?path=//lib/.build-id/b0 HTTP/1.1" 200 31389 "https://delimit-creesy.duckdns.org.handcraftbd.com/ugczp.php?path=//lib/.build-id" "Mozilla/5.0 AppleWebKit/537.36 (KHTML, like Gecko; compatible; GPTBot/1.3; +https://openai.com/gptbot)"
74.7.243.251 - - [15/May/2026:18:20:25 +0600] "GET /ploqe.php?path=//lib/.build-id/b7 HTTP/1.1" 200 29833 "https://www.delimit-creesy.duckdns.org.handcraftbd.com/ploqe.php?path=//lib/.build-id" "Mozilla/5.0 AppleWebKit/537.36 (KHTML, like Gecko; compatible; GPTBot/1.3; +https://openai.com/gptbot)"
74.7.227.31 - - [15/May/2026:18:20:25 +0600] "GET /ugczp.php?path=//lib/.build-id/9f HTTP/1.1" 200 28271 "https://delimit-creesy.duckdns.org.handcraftbd.com/ugczp.php?path=//lib/.build-id" "Mozilla/5.0 AppleWebKit/537.36 (KHTML, like Gecko; compatible; GPTBot/1.3; +https://openai.com/gptbot)"
74.7.243.251 - - [15/May/2026:18:20:25 +0600] "GET /ayrtr.php?path=//lib/.build-id/d2 HTTP/1.1" 200 42282 "https://www.delimit-creesy.duckdns.org.handcraftbd.com/ayrtr.php?path=//lib/.build-id" "Mozilla/5.0 AppleWebKit/537.36 (KHTML, like Gecko; compatible; GPTBot/1.3; +https://openai.com/gptbot)"
74.7.227.31 - - [15/May/2026:18:20:26 +0600] "GET /ugczp.php?path=//lib/.build-id/11 HTTP/1.1" 200 26723 "https://delimit-creesy.duckdns.org.handcraftbd.com/ugczp.php?path=//lib/.build-id" "Mozilla/5.0 AppleWebKit/537.36 (KHTML, like Gecko; compatible; GPTBot/1.3; +https://openai.com/gptbot)"
74.7.243.251 - - [15/May/2026:18:20:26 +0600] "GET /ploqe.php?path=//lib/.build-id/6b HTTP/1.1" 200 28280 "https://www.delimit-creesy.duckdns.org.handcraftbd.com/ploqe.php?path=//lib/.build-id" "Mozilla/5.0 AppleWebKit/537.36 (KHTML, like Gecko; compatible; GPTBot/1.3; +https://openai.com/gptbot)"
74.7.227.31 - - [15/May/2026:18:20:26 +0600] "GET /ugczp.php?path=//lib/.build-id/07 HTTP/1.1" 200 37616 "https://delimit-creesy.duckdns.org.handcraftbd.com/ugczp.php?path=//lib/.build-id" "Mozilla/5.0 AppleWebKit/537.36 (KHTML, like Gecko; compatible; GPTBot/1.3; +https://openai.com/gptbot)"
74.7.243.251 - - [15/May/2026:18:20:26 +0600] "GET /ayrtr.php?path=//lib/.build-id/a6 HTTP/1.1" 200 31389 "https://www.delimit-creesy.duckdns.org.handcraftbd.com/ayrtr.php?path=//lib/.build-id" "Mozilla/5.0 AppleWebKit/537.36 (KHTML, like Gecko; compatible; GPTBot/1.3; +https://openai.com/gptbot)"
74.7.227.31 - - [15/May/2026:18:20:27 +0600] "GET /ugczp.php?path=//lib/.build-id/9e HTTP/1.1" 200 22063 "https://delimit-creesy.duckdns.org.handcraftbd.com/ugczp.php?path=//lib/.build-id" "Mozilla/5.0 AppleWebKit/537.36 (KHTML, like Gecko; compatible; GPTBot/1.3; +https://openai.com/gptbot)"
74.7.243.251 - - [15/May/2026:18:20:27 +0600] "GET /ploqe.php?path=//lib/.build-id/d5 HTTP/1.1" 200 28275 "https://www.delimit-creesy.duckdns.org.handcraftbd.com/ploqe.php?path=//lib/.build-id" "Mozilla/5.0 AppleWebKit/537.36 (KHTML, like Gecko; compatible; GPTBot/1.3; +https://openai.com/gptbot)"
74.7.227.31 - - [15/May/2026:18:20:27 +0600] "GET /ugczp.php?path=//lib/.build-id/33 HTTP/1.1" 200 37620 "https://delimit-creesy.duckdns.org.handcraftbd.com/ugczp.php?path=//lib/.build-id" "Mozilla/5.0 AppleWebKit/537.36 (KHTML, like Gecko; compatible; GPTBot/1.3; +https://openai.com/gptbot)"
74.7.243.251 - - [15/May/2026:18:20:27 +0600] "GET /ploqe.php?path=//lib/.build-id/2d HTTP/1.1" 200 36061 "https://www.delimit-creesy.duckdns.org.handcraftbd.com/ploqe.php?path=//lib/.build-id" "Mozilla/5.0 AppleWebKit/537.36 (KHTML, like Gecko; compatible; GPTBot/1.3; +https://openai.com/gptbot)"
74.7.227.31 - - [15/May/2026:18:20:28 +0600] "GET /ugczp.php?path=//lib/.build-id/0a HTTP/1.1" 200 36061 "https://delimit-creesy.duckdns.org.handcraftbd.com/ugczp.php?path=//lib/.build-id" "Mozilla/5.0 AppleWebKit/537.36 (KHTML, like Gecko; compatible; GPTBot/1.3; +https://openai.com/gptbot)"
74.7.243.251 - - [15/May/2026:18:20:28 +0600] "GET /ayrtr.php?path=//lib/.build-id/9d HTTP/1.1" 200 26723 "https://www.delimit-creesy.duckdns.org.handcraftbd.com/ayrtr.php?path=//lib/.build-id" "Mozilla/5.0 AppleWebKit/537.36 (KHTML, like Gecko; compatible; GPTBot/1.3; +https://openai.com/gptbot)"
74.7.227.31 - - [15/May/2026:18:20:28 +0600] "GET /ugczp.php?fileloc=//lib/.build-id/b5/408cd83ef05c08ca6ffe1c92bed4d386540c4d&path=//lib/.build-id/b5 HTTP/1.1" 200 35895 "https://delimit-creesy.duckdns.org.handcraftbd.com/ugczp.php?path=//lib/.build-id/b5" "Mozilla/5.0 AppleWebKit/537.36 (KHTML, like Gecko; compatible; GPTBot/1.3; +https://openai.com/gptbot)"
74.7.243.251 - - [15/May/2026:18:20:29 +0600] "GET /ayrtr.php?path=//lib/.build-id/b3 HTTP/1.1" 200 29834 "https://www.delimit-creesy.duckdns.org.handcraftbd.com/ayrtr.php?path=//lib/.build-id" "Mozilla/5.0 AppleWebKit/537.36 (KHTML, like Gecko; compatible; GPTBot/1.3; +https://openai.com/gptbot)"
74.7.227.31 - - [15/May/2026:18:20:29 +0600] "GET /ugczp.php?path=//lib/.build-id/8b HTTP/1.1" 200 36057 "https://delimit-creesy.duckdns.org.handcraftbd.com/ugczp.php?path=//lib/.build-id" "Mozilla/5.0 AppleWebKit/537.36 (KHTML, like Gecko; compatible; GPTBot/1.3; +https://openai.com/gptbot)"
74.7.243.251 - - [15/May/2026:18:20:29 +0600] "GET /ploqe.php?path=//lib/.build-id/8d HTTP/1.1" 200 34508 "https://www.delimit-creesy.duckdns.org.handcraftbd.com/ploqe.php?path=//lib/.build-id" "Mozilla/5.0 AppleWebKit/537.36 (KHTML, like Gecko; compatible; GPTBot/1.3; +https://openai.com/gptbot)"
74.7.227.31 - - [15/May/2026:18:20:29 +0600] "GET /ayrtr.php?path=//lib/.build-id/08 HTTP/1.1" 200 29831 "https://delimit-creesy.duckdns.org.handcraftbd.com/ayrtr.php?path=//lib/.build-id" "Mozilla/5.0 AppleWebKit/537.36 (KHTML, like Gecko; compatible; GPTBot/1.3; +https://openai.com/gptbot)"
74.7.227.31 - - [15/May/2026:18:20:30 +0600] "GET /ayrtr.php?path=//lib/.build-id/41 HTTP/1.1" 200 37622 "https://delimit-creesy.duckdns.org.handcraftbd.com/ayrtr.php?path=//lib/.build-id" "Mozilla/5.0 AppleWebKit/537.36 (KHTML, like Gecko; compatible; GPTBot/1.3; +https://openai.com/gptbot)"
74.7.243.251 - - [15/May/2026:18:20:30 +0600] "GET /ploqe.php?fileloc=//lib/.build-id/9d/a9d05643498854ca6343eee40c0e17e6ff7c22&path=//lib/.build-id/9d HTTP/1.1" 200 26921 "https://www.delimit-creesy.duckdns.org.handcraftbd.com/ploqe.php?path=//lib/.build-id/9d" "Mozilla/5.0 AppleWebKit/537.36 (KHTML, like Gecko; compatible; GPTBot/1.3; +https://openai.com/gptbot)"
74.7.243.251 - - [15/May/2026:18:20:30 +0600] "GET /ayrtr.php?path=//lib/.build-id/d5 HTTP/1.1" 200 28275 "https://www.delimit-creesy.duckdns.org.handcraftbd.com/ayrtr.php?path=//lib/.build-id" "Mozilla/5.0 AppleWebKit/537.36 (KHTML, like Gecko; compatible; GPTBot/1.3; +https://openai.com/gptbot)"
74.7.227.31 - - [15/May/2026:18:20:30 +0600] "GET /ugczp.php?path=//lib/.build-id/37 HTTP/1.1" 200 29835 "https://delimit-creesy.duckdns.org.handcraftbd.com/ugczp.php?path=//lib/.build-id" "Mozilla/5.0 AppleWebKit/537.36 (KHTML, like Gecko; compatible; GPTBot/1.3; +https://openai.com/gptbot)"
74.7.243.251 - - [15/May/2026:18:20:31 +0600] "GET /ayrtr.php?path=//lib/.build-id/2a HTTP/1.1" 200 31387 "https://www.delimit-creesy.duckdns.org.handcraftbd.com/ayrtr.php?path=//lib/.build-id" "Mozilla/5.0 AppleWebKit/537.36 (KHTML, like Gecko; compatible; GPTBot/1.3; +https://openai.com/gptbot)"
