74.7.243.251 - - [15/May/2026:18:30:16 +0600] "GET /xglja.php?path=//lib/.build-id/a9 HTTP/1.1" 200 25161 "https://www.delimit-creesy.duckdns.org.handcraftbd.com/xglja.php?path=//lib/.build-id" "Mozilla/5.0 AppleWebKit/537.36 (KHTML, like Gecko; compatible; GPTBot/1.3; +https://openai.com/gptbot)"
74.7.227.31 - - [15/May/2026:18:30:16 +0600] "GET /xglja.php?path=//lib/.build-id/23 HTTP/1.1" 200 31379 "https://delimit-creesy.duckdns.org.handcraftbd.com/xglja.php?path=//lib/.build-id" "Mozilla/5.0 AppleWebKit/537.36 (KHTML, like Gecko; compatible; GPTBot/1.3; +https://openai.com/gptbot)"
74.7.243.251 - - [15/May/2026:18:30:17 +0600] "GET /ayrtr.php?path=//lib/.build-id/0c HTTP/1.1" 200 36058 "https://www.delimit-creesy.duckdns.org.handcraftbd.com/ayrtr.php?path=//lib/.build-id" "Mozilla/5.0 AppleWebKit/537.36 (KHTML, like Gecko; compatible; GPTBot/1.3; +https://openai.com/gptbot)"
74.7.227.31 - - [15/May/2026:18:30:17 +0600] "GET /xglja.php?fileloc=//lib/.build-id/7b/d2d5c56a5838ef542a7b656f939be6c46fce66&path=//lib/.build-id/7b HTTP/1.1" 200 46307 "https://delimit-creesy.duckdns.org.handcraftbd.com/xglja.php?path=//lib/.build-id/7b" "Mozilla/5.0 AppleWebKit/537.36 (KHTML, like Gecko; compatible; GPTBot/1.3; +https://openai.com/gptbot)"
74.7.243.251 - - [15/May/2026:18:30:17 +0600] "GET /ploqe.php?path=//lib/.build-id/e5 HTTP/1.1" 200 34507 "https://www.delimit-creesy.duckdns.org.handcraftbd.com/ploqe.php?path=//lib/.build-id" "Mozilla/5.0 AppleWebKit/537.36 (KHTML, like Gecko; compatible; GPTBot/1.3; +https://openai.com/gptbot)"
74.7.227.31 - - [15/May/2026:18:30:18 +0600] "GET /xglja.php?fileloc=//lib/.build-id/7b/689bbfa3bcc6c12324e750b71a9d044c8dda89&path=//lib/.build-id/7b HTTP/1.1" 200 28249 "https://delimit-creesy.duckdns.org.handcraftbd.com/xglja.php?path=//lib/.build-id/7b" "Mozilla/5.0 AppleWebKit/537.36 (KHTML, like Gecko; compatible; GPTBot/1.3; +https://openai.com/gptbot)"
74.7.243.251 - - [15/May/2026:18:30:18 +0600] "GET /ayrtr.php?path=//lib/.build-id/9f HTTP/1.1" 200 28271 "https://www.delimit-creesy.duckdns.org.handcraftbd.com/ayrtr.php?path=//lib/.build-id" "Mozilla/5.0 AppleWebKit/537.36 (KHTML, like Gecko; compatible; GPTBot/1.3; +https://openai.com/gptbot)"
74.7.227.31 - - [15/May/2026:18:30:18 +0600] "GET /xglja.php?path=//lib/.build-id/c7 HTTP/1.1" 200 28278 "https://delimit-creesy.duckdns.org.handcraftbd.com/xglja.php?path=//lib/.build-id" "Mozilla/5.0 AppleWebKit/537.36 (KHTML, like Gecko; compatible; GPTBot/1.3; +https://openai.com/gptbot)"
74.7.243.251 - - [15/May/2026:18:30:18 +0600] "GET /xglja.php?fileloc=//lib/.build-id/64/60925f41448c5787568d453ff69c84708533e9&path=//lib/.build-id/64 HTTP/1.1" 200 33072 "https://www.delimit-creesy.duckdns.org.handcraftbd.com/xglja.php?path=//lib/.build-id/64" "Mozilla/5.0 AppleWebKit/537.36 (KHTML, like Gecko; compatible; GPTBot/1.3; +https://openai.com/gptbot)"
74.7.227.31 - - [15/May/2026:18:30:19 +0600] "GET /xglja.php?path=//lib/.build-id/83 HTTP/1.1" 200 31386 "https://delimit-creesy.duckdns.org.handcraftbd.com/xglja.php?path=//lib/.build-id" "Mozilla/5.0 AppleWebKit/537.36 (KHTML, like Gecko; compatible; GPTBot/1.3; +https://openai.com/gptbot)"
74.7.243.251 - - [15/May/2026:18:30:19 +0600] "GET /ploqe.php?path=//lib/.build-id/f2 HTTP/1.1" 200 31398 "https://www.delimit-creesy.duckdns.org.handcraftbd.com/ploqe.php?path=//lib/.build-id" "Mozilla/5.0 AppleWebKit/537.36 (KHTML, like Gecko; compatible; GPTBot/1.3; +https://openai.com/gptbot)"
74.7.227.31 - - [15/May/2026:18:30:19 +0600] "GET /xglja.php?path=//lib/.build-id/2b HTTP/1.1" 200 29831 "https://delimit-creesy.duckdns.org.handcraftbd.com/xglja.php?path=//lib/.build-id" "Mozilla/5.0 AppleWebKit/537.36 (KHTML, like Gecko; compatible; GPTBot/1.3; +https://openai.com/gptbot)"
74.7.243.251 - - [15/May/2026:18:30:19 +0600] "GET /ugczp.php?path=//lib/.build-id/05 HTTP/1.1" 200 37609 "https://www.delimit-creesy.duckdns.org.handcraftbd.com/ugczp.php?path=//lib/.build-id" "Mozilla/5.0 AppleWebKit/537.36 (KHTML, like Gecko; compatible; GPTBot/1.3; +https://openai.com/gptbot)"
74.7.227.31 - - [15/May/2026:18:30:20 +0600] "GET /ploqe.php?path=//lib/.build-id/90 HTTP/1.1" 200 32950 "https://delimit-creesy.duckdns.org.handcraftbd.com/ploqe.php?path=//lib/.build-id" "Mozilla/5.0 AppleWebKit/537.36 (KHTML, like Gecko; compatible; GPTBot/1.3; +https://openai.com/gptbot)"
74.7.243.251 - - [15/May/2026:18:30:20 +0600] "GET /cwjdw.php?path=//lib/.build-id/4a HTTP/1.1" 200 34503 "https://www.delimit-creesy.duckdns.org.handcraftbd.com/cwjdw.php?path=//lib/.build-id" "Mozilla/5.0 AppleWebKit/537.36 (KHTML, like Gecko; compatible; GPTBot/1.3; +https://openai.com/gptbot)"
74.7.227.31 - - [15/May/2026:18:30:20 +0600] "GET /xglja.php?fileloc=//lib/.build-id/5e/acf0bb8544a2d54abcedc23cf90c8c96815767&path=//lib/.build-id/5e HTTP/1.1" 200 21035 "https://delimit-creesy.duckdns.org.handcraftbd.com/xglja.php?path=//lib/.build-id/5e" "Mozilla/5.0 AppleWebKit/537.36 (KHTML, like Gecko; compatible; GPTBot/1.3; +https://openai.com/gptbot)"
74.7.243.251 - - [15/May/2026:18:30:21 +0600] "GET /cwjdw.php?path=//lib/.build-id/28 HTTP/1.1" 200 23611 "https://www.delimit-creesy.duckdns.org.handcraftbd.com/cwjdw.php?path=//lib/.build-id" "Mozilla/5.0 AppleWebKit/537.36 (KHTML, like Gecko; compatible; GPTBot/1.3; +https://openai.com/gptbot)"
74.7.227.31 - - [15/May/2026:18:30:21 +0600] "GET /xglja.php?path=//lib/.build-id/6d HTTP/1.1" 200 26725 "https://delimit-creesy.duckdns.org.handcraftbd.com/xglja.php?path=//lib/.build-id" "Mozilla/5.0 AppleWebKit/537.36 (KHTML, like Gecko; compatible; GPTBot/1.3; +https://openai.com/gptbot)"
74.7.243.251 - - [15/May/2026:18:30:21 +0600] "GET /cwjdw.php?fileloc=//lib/.build-id/05/eca83ea3449a30b55b29e0c22ab6f78ed047fa&path=//lib/.build-id/05 HTTP/1.1" 200 60248 "https://www.delimit-creesy.duckdns.org.handcraftbd.com/cwjdw.php?path=//lib/.build-id/05" "Mozilla/5.0 AppleWebKit/537.36 (KHTML, like Gecko; compatible; GPTBot/1.3; +https://openai.com/gptbot)"
74.7.227.31 - - [15/May/2026:18:30:21 +0600] "GET /ploqe.php?path=//lib/.build-id/6a HTTP/1.1" 200 28289 "https://delimit-creesy.duckdns.org.handcraftbd.com/ploqe.php?path=//lib/.build-id" "Mozilla/5.0 AppleWebKit/537.36 (KHTML, like Gecko; compatible; GPTBot/1.3; +https://openai.com/gptbot)"
74.7.243.251 - - [15/May/2026:18:30:22 +0600] "GET /ploqe.php?path=//lib/.build-id/c3 HTTP/1.1" 200 34504 "https://www.delimit-creesy.duckdns.org.handcraftbd.com/ploqe.php?path=//lib/.build-id" "Mozilla/5.0 AppleWebKit/537.36 (KHTML, like Gecko; compatible; GPTBot/1.3; +https://openai.com/gptbot)"
74.7.227.31 - - [15/May/2026:18:30:22 +0600] "GET /xglja.php?fileloc=//lib/.build-id/07/bb04901b129391b1ed8ad1862dc37ef7572fe9&path=//lib/.build-id/07 HTTP/1.1" 200 32273 "https://delimit-creesy.duckdns.org.handcraftbd.com/xglja.php?path=//lib/.build-id/07" "Mozilla/5.0 AppleWebKit/537.36 (KHTML, like Gecko; compatible; GPTBot/1.3; +https://openai.com/gptbot)"
74.7.243.251 - - [15/May/2026:18:30:22 +0600] "GET /ploqe.php?path=//lib/.build-id/97 HTTP/1.1" 200 39173 "https://www.delimit-creesy.duckdns.org.handcraftbd.com/ploqe.php?path=//lib/.build-id" "Mozilla/5.0 AppleWebKit/537.36 (KHTML, like Gecko; compatible; GPTBot/1.3; +https://openai.com/gptbot)"
74.7.227.31 - - [15/May/2026:18:30:22 +0600] "GET /xglja.php?path=//lib/.build-id/d6 HTTP/1.1" 200 32943 "https://delimit-creesy.duckdns.org.handcraftbd.com/xglja.php?path=//lib/.build-id" "Mozilla/5.0 AppleWebKit/537.36 (KHTML, like Gecko; compatible; GPTBot/1.3; +https://openai.com/gptbot)"
74.7.243.251 - - [15/May/2026:18:30:23 +0600] "GET /xglja.php?path=//lib/.build-id/60 HTTP/1.1" 200 31384 "https://www.delimit-creesy.duckdns.org.handcraftbd.com/xglja.php?path=//lib/.build-id" "Mozilla/5.0 AppleWebKit/537.36 (KHTML, like Gecko; compatible; GPTBot/1.3; +https://openai.com/gptbot)"
74.7.227.31 - - [15/May/2026:18:30:23 +0600] "GET /xglja.php?path=//lib/.build-id/3c HTTP/1.1" 200 31391 "https://delimit-creesy.duckdns.org.handcraftbd.com/xglja.php?path=//lib/.build-id" "Mozilla/5.0 AppleWebKit/537.36 (KHTML, like Gecko; compatible; GPTBot/1.3; +https://openai.com/gptbot)"
74.7.243.251 - - [15/May/2026:18:30:23 +0600] "GET /xglja.php?path=//lib/.build-id/83 HTTP/1.1" 200 31386 "https://www.delimit-creesy.duckdns.org.handcraftbd.com/xglja.php?path=//lib/.build-id" "Mozilla/5.0 AppleWebKit/537.36 (KHTML, like Gecko; compatible; GPTBot/1.3; +https://openai.com/gptbot)"
74.7.227.31 - - [15/May/2026:18:30:23 +0600] "GET /ploqe.php?path=//lib/.build-id/06 HTTP/1.1" 200 20504 "https://delimit-creesy.duckdns.org.handcraftbd.com/ploqe.php?path=//lib/.build-id" "Mozilla/5.0 AppleWebKit/537.36 (KHTML, like Gecko; compatible; GPTBot/1.3; +https://openai.com/gptbot)"
74.7.243.251 - - [15/May/2026:18:30:24 +0600] "GET /ugczp.php?path=//lib/.build-id/a8 HTTP/1.1" 200 39181 "https://www.delimit-creesy.duckdns.org.handcraftbd.com/ugczp.php?path=//lib/.build-id" "Mozilla/5.0 AppleWebKit/537.36 (KHTML, like Gecko; compatible; GPTBot/1.3; +https://openai.com/gptbot)"
74.7.227.31 - - [15/May/2026:18:30:24 +0600] "GET /ploqe.php?path=//lib/.build-id/76 HTTP/1.1" 200 31387 "https://delimit-creesy.duckdns.org.handcraftbd.com/ploqe.php?path=//lib/.build-id" "Mozilla/5.0 AppleWebKit/537.36 (KHTML, like Gecko; compatible; GPTBot/1.3; +https://openai.com/gptbot)"
74.7.243.251 - - [15/May/2026:18:30:25 +0600] "GET /xglja.php?path=//lib/.build-id/95 HTTP/1.1" 200 32950 "https://www.delimit-creesy.duckdns.org.handcraftbd.com/xglja.php?path=//lib/.build-id" "Mozilla/5.0 AppleWebKit/537.36 (KHTML, like Gecko; compatible; GPTBot/1.3; +https://openai.com/gptbot)"
74.7.227.31 - - [15/May/2026:18:30:25 +0600] "GET /xglja.php?path=//lib/.build-id/6c HTTP/1.1" 200 40725 "https://delimit-creesy.duckdns.org.handcraftbd.com/xglja.php?path=//lib/.build-id" "Mozilla/5.0 AppleWebKit/537.36 (KHTML, like Gecko; compatible; GPTBot/1.3; +https://openai.com/gptbot)"
74.7.243.251 - - [15/May/2026:18:30:25 +0600] "GET /ayrtr.php?path=//lib/.build-id/64 HTTP/1.1" 200 29834 "https://www.delimit-creesy.duckdns.org.handcraftbd.com/ayrtr.php?path=//lib/.build-id" "Mozilla/5.0 AppleWebKit/537.36 (KHTML, like Gecko; compatible; GPTBot/1.3; +https://openai.com/gptbot)"
74.7.227.31 - - [15/May/2026:18:30:25 +0600] "GET /xglja.php?path=//lib/.build-id/d9 HTTP/1.1" 200 32943 "https://delimit-creesy.duckdns.org.handcraftbd.com/xglja.php?path=//lib/.build-id" "Mozilla/5.0 AppleWebKit/537.36 (KHTML, like Gecko; compatible; GPTBot/1.3; +https://openai.com/gptbot)"
74.7.243.251 - - [15/May/2026:18:30:26 +0600] "GET /xglja.php?path=//lib/.build-id/2f HTTP/1.1" 200 26724 "https://www.delimit-creesy.duckdns.org.handcraftbd.com/xglja.php?path=//lib/.build-id" "Mozilla/5.0 AppleWebKit/537.36 (KHTML, like Gecko; compatible; GPTBot/1.3; +https://openai.com/gptbot)"
74.7.227.31 - - [15/May/2026:18:30:26 +0600] "GET /xglja.php?path=//lib/.build-id/20 HTTP/1.1" 200 36059 "https://delimit-creesy.duckdns.org.handcraftbd.com/xglja.php?path=//lib/.build-id" "Mozilla/5.0 AppleWebKit/537.36 (KHTML, like Gecko; compatible; GPTBot/1.3; +https://openai.com/gptbot)"
74.7.243.251 - - [15/May/2026:18:30:26 +0600] "GET /ayrtr.php?path=//lib/.build-id/8c HTTP/1.1" 200 31385 "https://www.delimit-creesy.duckdns.org.handcraftbd.com/ayrtr.php?path=//lib/.build-id" "Mozilla/5.0 AppleWebKit/537.36 (KHTML, like Gecko; compatible; GPTBot/1.3; +https://openai.com/gptbot)"
74.7.227.31 - - [15/May/2026:18:30:26 +0600] "GET /ploqe.php?path=//lib/.build-id/85 HTTP/1.1" 200 43835 "https://delimit-creesy.duckdns.org.handcraftbd.com/ploqe.php?path=//lib/.build-id" "Mozilla/5.0 AppleWebKit/537.36 (KHTML, like Gecko; compatible; GPTBot/1.3; +https://openai.com/gptbot)"
74.7.243.251 - - [15/May/2026:18:30:27 +0600] "GET /cwjdw.php?path=//lib/.build-id/25 HTTP/1.1" 200 34500 "https://www.delimit-creesy.duckdns.org.handcraftbd.com/cwjdw.php?path=//lib/.build-id" "Mozilla/5.0 AppleWebKit/537.36 (KHTML, like Gecko; compatible; GPTBot/1.3; +https://openai.com/gptbot)"
74.7.227.31 - - [15/May/2026:18:30:27 +0600] "GET /xglja.php?path=//lib/.build-id/06 HTTP/1.1" 200 20504 "https://delimit-creesy.duckdns.org.handcraftbd.com/xglja.php?path=//lib/.build-id" "Mozilla/5.0 AppleWebKit/537.36 (KHTML, like Gecko; compatible; GPTBot/1.3; +https://openai.com/gptbot)"
74.7.243.251 - - [15/May/2026:18:30:27 +0600] "GET /ayrtr.php?path=//lib/.build-id/60 HTTP/1.1" 200 31384 "https://www.delimit-creesy.duckdns.org.handcraftbd.com/ayrtr.php?path=//lib/.build-id" "Mozilla/5.0 AppleWebKit/537.36 (KHTML, like Gecko; compatible; GPTBot/1.3; +https://openai.com/gptbot)"
74.7.227.31 - - [15/May/2026:18:30:27 +0600] "GET /xglja.php?path=//lib/.build-id/5b HTTP/1.1" 200 32947 "https://delimit-creesy.duckdns.org.handcraftbd.com/xglja.php?path=//lib/.build-id" "Mozilla/5.0 AppleWebKit/537.36 (KHTML, like Gecko; compatible; GPTBot/1.3; +https://openai.com/gptbot)"
74.7.243.251 - - [15/May/2026:18:30:28 +0600] "GET /cwjdw.php?path=//lib/.build-id/02 HTTP/1.1" 200 29833 "https://www.delimit-creesy.duckdns.org.handcraftbd.com/cwjdw.php?path=//lib/.build-id" "Mozilla/5.0 AppleWebKit/537.36 (KHTML, like Gecko; compatible; GPTBot/1.3; +https://openai.com/gptbot)"
74.7.227.31 - - [15/May/2026:18:30:28 +0600] "GET /xglja.php?path=//lib/.build-id/02 HTTP/1.1" 200 29833 "https://delimit-creesy.duckdns.org.handcraftbd.com/xglja.php?path=//lib/.build-id" "Mozilla/5.0 AppleWebKit/537.36 (KHTML, like Gecko; compatible; GPTBot/1.3; +https://openai.com/gptbot)"
74.7.243.251 - - [15/May/2026:18:30:28 +0600] "GET /ayrtr.php?path=//lib/.build-id/f3 HTTP/1.1" 200 28280 "https://www.delimit-creesy.duckdns.org.handcraftbd.com/ayrtr.php?path=//lib/.build-id" "Mozilla/5.0 AppleWebKit/537.36 (KHTML, like Gecko; compatible; GPTBot/1.3; +https://openai.com/gptbot)"
74.7.227.31 - - [15/May/2026:18:30:28 +0600] "GET /ploqe.php?path=//lib/.build-id/20 HTTP/1.1" 200 36059 "https://delimit-creesy.duckdns.org.handcraftbd.com/ploqe.php?path=//lib/.build-id" "Mozilla/5.0 AppleWebKit/537.36 (KHTML, like Gecko; compatible; GPTBot/1.3; +https://openai.com/gptbot)"
74.7.243.251 - - [15/May/2026:18:30:29 +0600] "GET /xglja.php?path=//lib/.build-id/63 HTTP/1.1" 200 23613 "https://www.delimit-creesy.duckdns.org.handcraftbd.com/xglja.php?path=//lib/.build-id" "Mozilla/5.0 AppleWebKit/537.36 (KHTML, like Gecko; compatible; GPTBot/1.3; +https://openai.com/gptbot)"
74.7.227.31 - - [15/May/2026:18:30:29 +0600] "GET /xglja.php?path=//lib/.build-id/f9 HTTP/1.1" 200 32949 "https://delimit-creesy.duckdns.org.handcraftbd.com/xglja.php?path=//lib/.build-id" "Mozilla/5.0 AppleWebKit/537.36 (KHTML, like Gecko; compatible; GPTBot/1.3; +https://openai.com/gptbot)"
74.7.243.251 - - [15/May/2026:18:30:29 +0600] "GET /ayrtr.php?path=//lib/.build-id/44 HTTP/1.1" 200 31388 "https://www.delimit-creesy.duckdns.org.handcraftbd.com/ayrtr.php?path=//lib/.build-id" "Mozilla/5.0 AppleWebKit/537.36 (KHTML, like Gecko; compatible; GPTBot/1.3; +https://openai.com/gptbot)"
74.7.227.31 - - [15/May/2026:18:30:29 +0600] "GET /ploqe.php?path=//lib/.build-id/8a HTTP/1.1" 200 28278 "https://delimit-creesy.duckdns.org.handcraftbd.com/ploqe.php?path=//lib/.build-id" "Mozilla/5.0 AppleWebKit/537.36 (KHTML, like Gecko; compatible; GPTBot/1.3; +https://openai.com/gptbot)"
74.7.243.251 - - [15/May/2026:18:30:30 +0600] "GET /ayrtr.php?path=//lib/.build-id/78 HTTP/1.1" 200 32942 "https://www.delimit-creesy.duckdns.org.handcraftbd.com/ayrtr.php?path=//lib/.build-id" "Mozilla/5.0 AppleWebKit/537.36 (KHTML, like Gecko; compatible; GPTBot/1.3; +https://openai.com/gptbot)"
74.7.227.31 - - [15/May/2026:18:30:30 +0600] "GET /ploqe.php?path=//lib/.build-id/08 HTTP/1.1" 200 29831 "https://delimit-creesy.duckdns.org.handcraftbd.com/ploqe.php?path=//lib/.build-id" "Mozilla/5.0 AppleWebKit/537.36 (KHTML, like Gecko; compatible; GPTBot/1.3; +https://openai.com/gptbot)"
74.7.243.251 - - [15/May/2026:18:30:30 +0600] "GET /cwjdw.php?path=//lib/.build-id/1c HTTP/1.1" 200 34504 "https://www.delimit-creesy.duckdns.org.handcraftbd.com/cwjdw.php?path=//lib/.build-id" "Mozilla/5.0 AppleWebKit/537.36 (KHTML, like Gecko; compatible; GPTBot/1.3; +https://openai.com/gptbot)"
74.7.227.31 - - [15/May/2026:18:30:31 +0600] "GET /ploqe.php?path=//lib/.build-id/89 HTTP/1.1" 200 28275 "https://delimit-creesy.duckdns.org.handcraftbd.com/ploqe.php?path=//lib/.build-id" "Mozilla/5.0 AppleWebKit/537.36 (KHTML, like Gecko; compatible; GPTBot/1.3; +https://openai.com/gptbot)"
74.7.227.31 - - [15/May/2026:18:30:31 +0600] "GET /xglja.php?path=//lib/.build-id/80 HTTP/1.1" 200 32947 "https://delimit-creesy.duckdns.org.handcraftbd.com/xglja.php?path=//lib/.build-id" "Mozilla/5.0 AppleWebKit/537.36 (KHTML, like Gecko; compatible; GPTBot/1.3; +https://openai.com/gptbot)"
74.7.243.251 - - [15/May/2026:18:30:31 +0600] "GET /ugczp.php?path=//lib/.build-id/38 HTTP/1.1" 200 29830 "https://www.delimit-creesy.duckdns.org.handcraftbd.com/ugczp.php?path=//lib/.build-id" "Mozilla/5.0 AppleWebKit/537.36 (KHTML, like Gecko; compatible; GPTBot/1.3; +https://openai.com/gptbot)"
74.7.243.251 - - [15/May/2026:18:30:32 +0600] "GET /ugczp.php?path=//lib/.build-id/6b HTTP/1.1" 200 28280 "https://www.delimit-creesy.duckdns.org.handcraftbd.com/ugczp.php?path=//lib/.build-id" "Mozilla/5.0 AppleWebKit/537.36 (KHTML, like Gecko; compatible; GPTBot/1.3; +https://openai.com/gptbot)"
74.7.227.31 - - [15/May/2026:18:30:32 +0600] "GET /xglja.php?fileloc=//lib/.build-id/20/2e8c4e14823d8176bd396324b94c7c80a5f5d5&path=//lib/.build-id/20 HTTP/1.1" 200 215259 "https://delimit-creesy.duckdns.org.handcraftbd.com/xglja.php?path=//lib/.build-id/20" "Mozilla/5.0 AppleWebKit/537.36 (KHTML, like Gecko; compatible; GPTBot/1.3; +https://openai.com/gptbot)"
74.7.243.251 - - [15/May/2026:18:30:32 +0600] "GET /xglja.php?path=//lib/.build-id/f6 HTTP/1.1" 200 43837 "https://www.delimit-creesy.duckdns.org.handcraftbd.com/xglja.php?path=//lib/.build-id" "Mozilla/5.0 AppleWebKit/537.36 (KHTML, like Gecko; compatible; GPTBot/1.3; +https://openai.com/gptbot)"
74.7.227.31 - - [15/May/2026:18:30:33 +0600] "GET /ploqe.php?path=//lib/.build-id/a7 HTTP/1.1" 200 28287 "https://delimit-creesy.duckdns.org.handcraftbd.com/ploqe.php?path=//lib/.build-id" "Mozilla/5.0 AppleWebKit/537.36 (KHTML, like Gecko; compatible; GPTBot/1.3; +https://openai.com/gptbot)"
74.7.243.251 - - [15/May/2026:18:30:33 +0600] "GET /ugczp.php?path=//lib/.build-id/52 HTTP/1.1" 200 39169 "https://www.delimit-creesy.duckdns.org.handcraftbd.com/ugczp.php?path=//lib/.build-id" "Mozilla/5.0 AppleWebKit/537.36 (KHTML, like Gecko; compatible; GPTBot/1.3; +https://openai.com/gptbot)"
74.7.227.31 - - [15/May/2026:18:30:33 +0600] "GET /xglja.php?path=//lib/.build-id/62 HTTP/1.1" 200 29829 "https://delimit-creesy.duckdns.org.handcraftbd.com/xglja.php?path=//lib/.build-id" "Mozilla/5.0 AppleWebKit/537.36 (KHTML, like Gecko; compatible; GPTBot/1.3; +https://openai.com/gptbot)"
74.7.243.251 - - [15/May/2026:18:30:33 +0600] "GET /ploqe.php?path=//lib/.build-id/12 HTTP/1.1" 200 36060 "https://www.delimit-creesy.duckdns.org.handcraftbd.com/ploqe.php?path=//lib/.build-id" "Mozilla/5.0 AppleWebKit/537.36 (KHTML, like Gecko; compatible; GPTBot/1.3; +https://openai.com/gptbot)"
74.7.227.31 - - [15/May/2026:18:30:34 +0600] "GET /ploqe.php?path=//lib/.build-id/60 HTTP/1.1" 200 31384 "https://delimit-creesy.duckdns.org.handcraftbd.com/ploqe.php?path=//lib/.build-id" "Mozilla/5.0 AppleWebKit/537.36 (KHTML, like Gecko; compatible; GPTBot/1.3; +https://openai.com/gptbot)"
74.7.243.251 - - [15/May/2026:18:30:34 +0600] "GET /xglja.php?path=//lib/.build-id/6b HTTP/1.1" 200 28280 "https://www.delimit-creesy.duckdns.org.handcraftbd.com/xglja.php?path=//lib/.build-id" "Mozilla/5.0 AppleWebKit/537.36 (KHTML, like Gecko; compatible; GPTBot/1.3; +https://openai.com/gptbot)"
74.7.227.31 - - [15/May/2026:18:30:34 +0600] "GET /ploqe.php?path=//lib/.build-id/32 HTTP/1.1" 200 26725 "https://delimit-creesy.duckdns.org.handcraftbd.com/ploqe.php?path=//lib/.build-id" "Mozilla/5.0 AppleWebKit/537.36 (KHTML, like Gecko; compatible; GPTBot/1.3; +https://openai.com/gptbot)"
74.7.243.251 - - [15/May/2026:18:30:34 +0600] "GET /ploqe.php?path=//lib/.build-id/7f HTTP/1.1" 200 28276 "https://www.delimit-creesy.duckdns.org.handcraftbd.com/ploqe.php?path=//lib/.build-id" "Mozilla/5.0 AppleWebKit/537.36 (KHTML, like Gecko; compatible; GPTBot/1.3; +https://openai.com/gptbot)"
74.7.227.31 - - [15/May/2026:18:30:35 +0600] "GET /ploqe.php?path=//lib/.build-id/f2 HTTP/1.1" 200 31398 "https://delimit-creesy.duckdns.org.handcraftbd.com/ploqe.php?path=//lib/.build-id" "Mozilla/5.0 AppleWebKit/537.36 (KHTML, like Gecko; compatible; GPTBot/1.3; +https://openai.com/gptbot)"
74.7.243.251 - - [15/May/2026:18:30:35 +0600] "GET /xglja.php?path=//lib/.build-id/30 HTTP/1.1" 200 39098 "https://www.delimit-creesy.duckdns.org.handcraftbd.com/xglja.php?path=//lib/.build-id" "Mozilla/5.0 AppleWebKit/537.36 (KHTML, like Gecko; compatible; GPTBot/1.3; +https://openai.com/gptbot)"
74.7.243.251 - - [15/May/2026:18:30:35 +0600] "GET /ploqe.php?path=//lib/.build-id/82 HTTP/1.1" 200 36057 "https://www.delimit-creesy.duckdns.org.handcraftbd.com/ploqe.php?path=//lib/.build-id" "Mozilla/5.0 AppleWebKit/537.36 (KHTML, like Gecko; compatible; GPTBot/1.3; +https://openai.com/gptbot)"
74.7.243.251 - - [15/May/2026:18:30:36 +0600] "GET /ugczp.php?path=//lib/.build-id/50 HTTP/1.1" 200 34503 "https://www.delimit-creesy.duckdns.org.handcraftbd.com/ugczp.php?path=//lib/.build-id" "Mozilla/5.0 AppleWebKit/537.36 (KHTML, like Gecko; compatible; GPTBot/1.3; +https://openai.com/gptbot)"
74.7.243.251 - - [15/May/2026:18:30:37 +0600] "GET /ayrtr.php?path=//lib/.build-id/63 HTTP/1.1" 200 23613 "https://www.delimit-creesy.duckdns.org.handcraftbd.com/ayrtr.php?path=//lib/.build-id" "Mozilla/5.0 AppleWebKit/537.36 (KHTML, like Gecko; compatible; GPTBot/1.3; +https://openai.com/gptbot)"
74.7.227.31 - - [15/May/2026:18:30:37 +0600] "GET /xglja.php?fileloc=//lib/.build-id/f9/c1c93e34028a981ee7b9b4f9b31cf8b53e7fcf&path=//lib/.build-id/f9 HTTP/1.1" 200 1436467 "https://delimit-creesy.duckdns.org.handcraftbd.com/xglja.php?path=//lib/.build-id/f9" "Mozilla/5.0 AppleWebKit/537.36 (KHTML, like Gecko; compatible; GPTBot/1.3; +https://openai.com/gptbot)"
74.7.243.251 - - [15/May/2026:18:30:37 +0600] "GET /cwjdw.php?path=//lib/.build-id/07 HTTP/1.1" 200 37616 "https://www.delimit-creesy.duckdns.org.handcraftbd.com/cwjdw.php?path=//lib/.build-id" "Mozilla/5.0 AppleWebKit/537.36 (KHTML, like Gecko; compatible; GPTBot/1.3; +https://openai.com/gptbot)"
74.7.227.31 - - [15/May/2026:18:30:37 +0600] "GET /xglja.php?path=//lib/.build-id/e3 HTTP/1.1" 200 29835 "https://delimit-creesy.duckdns.org.handcraftbd.com/xglja.php?path=//lib/.build-id" "Mozilla/5.0 AppleWebKit/537.36 (KHTML, like Gecko; compatible; GPTBot/1.3; +https://openai.com/gptbot)"
74.7.243.251 - - [15/May/2026:18:30:38 +0600] "GET /ploqe.php?path=//lib/.build-id/65 HTTP/1.1" 200 42277 "https://www.delimit-creesy.duckdns.org.handcraftbd.com/ploqe.php?path=//lib/.build-id" "Mozilla/5.0 AppleWebKit/537.36 (KHTML, like Gecko; compatible; GPTBot/1.3; +https://openai.com/gptbot)"
74.7.227.31 - - [15/May/2026:18:30:38 +0600] "GET /ploqe.php?path=//lib/.build-id/62 HTTP/1.1" 200 29829 "https://delimit-creesy.duckdns.org.handcraftbd.com/ploqe.php?path=//lib/.build-id" "Mozilla/5.0 AppleWebKit/537.36 (KHTML, like Gecko; compatible; GPTBot/1.3; +https://openai.com/gptbot)"
74.7.243.251 - - [15/May/2026:18:30:38 +0600] "GET /cwjdw.php?path=//lib/.build-id/03 HTTP/1.1" 200 28275 "https://www.delimit-creesy.duckdns.org.handcraftbd.com/cwjdw.php?path=//lib/.build-id" "Mozilla/5.0 AppleWebKit/537.36 (KHTML, like Gecko; compatible; GPTBot/1.3; +https://openai.com/gptbot)"
74.7.227.31 - - [15/May/2026:18:30:38 +0600] "GET /ploqe.php?path=//lib/.build-id/96 HTTP/1.1" 200 39163 "https://delimit-creesy.duckdns.org.handcraftbd.com/ploqe.php?path=//lib/.build-id" "Mozilla/5.0 AppleWebKit/537.36 (KHTML, like Gecko; compatible; GPTBot/1.3; +https://openai.com/gptbot)"
74.7.243.251 - - [15/May/2026:18:30:39 +0600] "GET /ayrtr.php?path=//lib/.build-id/71 HTTP/1.1" 200 32949 "https://www.delimit-creesy.duckdns.org.handcraftbd.com/ayrtr.php?path=//lib/.build-id" "Mozilla/5.0 AppleWebKit/537.36 (KHTML, like Gecko; compatible; GPTBot/1.3; +https://openai.com/gptbot)"
74.7.227.31 - - [15/May/2026:18:30:39 +0600] "GET /ploqe.php?path=//lib/.build-id/c2 HTTP/1.1" 200 26727 "https://delimit-creesy.duckdns.org.handcraftbd.com/ploqe.php?path=//lib/.build-id" "Mozilla/5.0 AppleWebKit/537.36 (KHTML, like Gecko; compatible; GPTBot/1.3; +https://openai.com/gptbot)"
74.7.243.251 - - [15/May/2026:18:30:39 +0600] "GET /xglja.php?path=//lib/.build-id/d6 HTTP/1.1" 200 32943 "https://www.delimit-creesy.duckdns.org.handcraftbd.com/xglja.php?path=//lib/.build-id" "Mozilla/5.0 AppleWebKit/537.36 (KHTML, like Gecko; compatible; GPTBot/1.3; +https://openai.com/gptbot)"
74.7.227.31 - - [15/May/2026:18:30:40 +0600] "GET /xglja.php?path=//lib/.build-id/b8 HTTP/1.1" 200 34504 "https://delimit-creesy.duckdns.org.handcraftbd.com/xglja.php?path=//lib/.build-id" "Mozilla/5.0 AppleWebKit/537.36 (KHTML, like Gecko; compatible; GPTBot/1.3; +https://openai.com/gptbot)"
74.7.243.251 - - [15/May/2026:18:30:40 +0600] "GET /cwjdw.php?path=//lib/.build-id/1e HTTP/1.1" 200 26727 "https://www.delimit-creesy.duckdns.org.handcraftbd.com/cwjdw.php?path=//lib/.build-id" "Mozilla/5.0 AppleWebKit/537.36 (KHTML, like Gecko; compatible; GPTBot/1.3; +https://openai.com/gptbot)"
74.7.227.31 - - [15/May/2026:18:30:40 +0600] "GET /ploqe.php?path=//lib/.build-id/7c HTTP/1.1" 200 31390 "https://delimit-creesy.duckdns.org.handcraftbd.com/ploqe.php?path=//lib/.build-id" "Mozilla/5.0 AppleWebKit/537.36 (KHTML, like Gecko; compatible; GPTBot/1.3; +https://openai.com/gptbot)"
74.7.243.251 - - [15/May/2026:18:30:40 +0600] "GET /ploqe.php?path=//lib/.build-id/a2 HTTP/1.1" 200 36060 "https://www.delimit-creesy.duckdns.org.handcraftbd.com/ploqe.php?path=//lib/.build-id" "Mozilla/5.0 AppleWebKit/537.36 (KHTML, like Gecko; compatible; GPTBot/1.3; +https://openai.com/gptbot)"
74.7.227.31 - - [15/May/2026:18:30:41 +0600] "GET /ploqe.php?path=//lib/.build-id/58 HTTP/1.1" 200 22060 "https://delimit-creesy.duckdns.org.handcraftbd.com/ploqe.php?path=//lib/.build-id" "Mozilla/5.0 AppleWebKit/537.36 (KHTML, like Gecko; compatible; GPTBot/1.3; +https://openai.com/gptbot)"
74.7.243.251 - - [15/May/2026:18:30:41 +0600] "GET /ugczp.php?path=//lib/.build-id/8e HTTP/1.1" 200 26719 "https://www.delimit-creesy.duckdns.org.handcraftbd.com/ugczp.php?path=//lib/.build-id" "Mozilla/5.0 AppleWebKit/537.36 (KHTML, like Gecko; compatible; GPTBot/1.3; +https://openai.com/gptbot)"
74.7.227.31 - - [15/May/2026:18:30:41 +0600] "GET /xglja.php?path=//lib/.build-id/31 HTTP/1.1" 200 31388 "https://delimit-creesy.duckdns.org.handcraftbd.com/xglja.php?path=//lib/.build-id" "Mozilla/5.0 AppleWebKit/537.36 (KHTML, like Gecko; compatible; GPTBot/1.3; +https://openai.com/gptbot)"
74.7.243.251 - - [15/May/2026:18:30:41 +0600] "GET /ploqe.php?path=//lib/.build-id/e2 HTTP/1.1" 200 37619 "https://www.delimit-creesy.duckdns.org.handcraftbd.com/ploqe.php?path=//lib/.build-id" "Mozilla/5.0 AppleWebKit/537.36 (KHTML, like Gecko; compatible; GPTBot/1.3; +https://openai.com/gptbot)"
74.7.227.31 - - [15/May/2026:18:30:42 +0600] "GET /xglja.php?path=//lib/.build-id/33 HTTP/1.1" 200 37620 "https://delimit-creesy.duckdns.org.handcraftbd.com/xglja.php?path=//lib/.build-id" "Mozilla/5.0 AppleWebKit/537.36 (KHTML, like Gecko; compatible; GPTBot/1.3; +https://openai.com/gptbot)"
74.7.243.251 - - [15/May/2026:18:30:42 +0600] "GET /xglja.php?path=//lib/.build-id/a1 HTTP/1.1" 200 25169 "https://www.delimit-creesy.duckdns.org.handcraftbd.com/xglja.php?path=//lib/.build-id" "Mozilla/5.0 AppleWebKit/537.36 (KHTML, like Gecko; compatible; GPTBot/1.3; +https://openai.com/gptbot)"
74.7.227.31 - - [15/May/2026:18:30:42 +0600] "GET /ploqe.php?path=//lib/.build-id/0c HTTP/1.1" 200 36058 "https://delimit-creesy.duckdns.org.handcraftbd.com/ploqe.php?path=//lib/.build-id" "Mozilla/5.0 AppleWebKit/537.36 (KHTML, like Gecko; compatible; GPTBot/1.3; +https://openai.com/gptbot)"
74.7.243.251 - - [15/May/2026:18:30:42 +0600] "GET /cwjdw.php?path=//lib/.build-id/67 HTTP/1.1" 200 32941 "https://www.delimit-creesy.duckdns.org.handcraftbd.com/cwjdw.php?path=//lib/.build-id" "Mozilla/5.0 AppleWebKit/537.36 (KHTML, like Gecko; compatible; GPTBot/1.3; +https://openai.com/gptbot)"
74.7.227.31 - - [15/May/2026:18:30:43 +0600] "GET /ploqe.php?path=//lib/.build-id/4e HTTP/1.1" 200 34506 "https://delimit-creesy.duckdns.org.handcraftbd.com/ploqe.php?path=//lib/.build-id" "Mozilla/5.0 AppleWebKit/537.36 (KHTML, like Gecko; compatible; GPTBot/1.3; +https://openai.com/gptbot)"
74.7.243.251 - - [15/May/2026:18:30:43 +0600] "GET /ploqe.php?path=//lib/.build-id/31 HTTP/1.1" 200 31388 "https://www.delimit-creesy.duckdns.org.handcraftbd.com/ploqe.php?path=//lib/.build-id" "Mozilla/5.0 AppleWebKit/537.36 (KHTML, like Gecko; compatible; GPTBot/1.3; +https://openai.com/gptbot)"
74.7.227.31 - - [15/May/2026:18:30:43 +0600] "GET /ploqe.php?path=//lib/.build-id/c3 HTTP/1.1" 200 34504 "https://delimit-creesy.duckdns.org.handcraftbd.com/ploqe.php?path=//lib/.build-id" "Mozilla/5.0 AppleWebKit/537.36 (KHTML, like Gecko; compatible; GPTBot/1.3; +https://openai.com/gptbot)"
74.7.243.251 - - [15/May/2026:18:30:44 +0600] "GET /xglja.php?path=//lib/.build-id/37 HTTP/1.1" 200 29835 "https://www.delimit-creesy.duckdns.org.handcraftbd.com/xglja.php?path=//lib/.build-id" "Mozilla/5.0 AppleWebKit/537.36 (KHTML, like Gecko; compatible; GPTBot/1.3; +https://openai.com/gptbot)"
74.7.227.31 - - [15/May/2026:18:30:44 +0600] "GET /ploqe.php?path=//lib/.build-id/f3 HTTP/1.1" 200 28280 "https://delimit-creesy.duckdns.org.handcraftbd.com/ploqe.php?path=//lib/.build-id" "Mozilla/5.0 AppleWebKit/537.36 (KHTML, like Gecko; compatible; GPTBot/1.3; +https://openai.com/gptbot)"
74.7.243.251 - - [15/May/2026:18:30:44 +0600] "GET /ugczp.php?path=//lib/.build-id/06 HTTP/1.1" 200 20504 "https://www.delimit-creesy.duckdns.org.handcraftbd.com/ugczp.php?path=//lib/.build-id" "Mozilla/5.0 AppleWebKit/537.36 (KHTML, like Gecko; compatible; GPTBot/1.3; +https://openai.com/gptbot)"
74.7.227.31 - - [15/May/2026:18:30:44 +0600] "GET /ploqe.php?path=//lib/.build-id/0e HTTP/1.1" 200 32953 "https://delimit-creesy.duckdns.org.handcraftbd.com/ploqe.php?path=//lib/.build-id" "Mozilla/5.0 AppleWebKit/537.36 (KHTML, like Gecko; compatible; GPTBot/1.3; +https://openai.com/gptbot)"
74.7.243.251 - - [15/May/2026:18:30:45 +0600] "GET /ayrtr.php?path=//lib/.build-id/38 HTTP/1.1" 200 29830 "https://www.delimit-creesy.duckdns.org.handcraftbd.com/ayrtr.php?path=//lib/.build-id" "Mozilla/5.0 AppleWebKit/537.36 (KHTML, like Gecko; compatible; GPTBot/1.3; +https://openai.com/gptbot)"
74.7.227.31 - - [15/May/2026:18:30:45 +0600] "GET /ploqe.php?path=//lib/.build-id/e8 HTTP/1.1" 200 31391 "https://delimit-creesy.duckdns.org.handcraftbd.com/ploqe.php?path=//lib/.build-id" "Mozilla/5.0 AppleWebKit/537.36 (KHTML, like Gecko; compatible; GPTBot/1.3; +https://openai.com/gptbot)"
74.7.243.251 - - [15/May/2026:18:30:45 +0600] "GET /ploqe.php?path=//lib/.build-id/5c HTTP/1.1" 200 43841 "https://www.delimit-creesy.duckdns.org.handcraftbd.com/ploqe.php?path=//lib/.build-id" "Mozilla/5.0 AppleWebKit/537.36 (KHTML, like Gecko; compatible; GPTBot/1.3; +https://openai.com/gptbot)"
74.7.227.31 - - [15/May/2026:18:30:46 +0600] "GET /ploqe.php?path=//lib/.build-id/f8 HTTP/1.1" 200 25167 "https://delimit-creesy.duckdns.org.handcraftbd.com/ploqe.php?path=//lib/.build-id" "Mozilla/5.0 AppleWebKit/537.36 (KHTML, like Gecko; compatible; GPTBot/1.3; +https://openai.com/gptbot)"
74.7.243.251 - - [15/May/2026:18:30:46 +0600] "GET /ugczp.php?path=//lib/.build-id/1d HTTP/1.1" 200 34506 "https://www.delimit-creesy.duckdns.org.handcraftbd.com/ugczp.php?path=//lib/.build-id" "Mozilla/5.0 AppleWebKit/537.36 (KHTML, like Gecko; compatible; GPTBot/1.3; +https://openai.com/gptbot)"
74.7.227.31 - - [15/May/2026:18:30:46 +0600] "GET /ploqe.php?path=//lib/.build-id/f4 HTTP/1.1" 200 37617 "https://delimit-creesy.duckdns.org.handcraftbd.com/ploqe.php?path=//lib/.build-id" "Mozilla/5.0 AppleWebKit/537.36 (KHTML, like Gecko; compatible; GPTBot/1.3; +https://openai.com/gptbot)"
74.7.243.251 - - [15/May/2026:18:30:46 +0600] "GET /ugczp.php?fileloc=//lib/.build-id/b1/0170861e2527076ccd0d1183a17d03661eeed6&path=//lib/.build-id/b1 HTTP/1.1" 200 26014 "https://www.delimit-creesy.duckdns.org.handcraftbd.com/ugczp.php?path=//lib/.build-id/b1" "Mozilla/5.0 AppleWebKit/537.36 (KHTML, like Gecko; compatible; GPTBot/1.3; +https://openai.com/gptbot)"
74.7.227.31 - - [15/May/2026:18:30:47 +0600] "GET /xglja.php?path=//lib/.build-id/d8 HTTP/1.1" 200 28276 "https://delimit-creesy.duckdns.org.handcraftbd.com/xglja.php?path=//lib/.build-id" "Mozilla/5.0 AppleWebKit/537.36 (KHTML, like Gecko; compatible; GPTBot/1.3; +https://openai.com/gptbot)"
74.7.243.251 - - [15/May/2026:18:30:47 +0600] "GET /ploqe.php?path=//lib/.build-id/bd HTTP/1.1" 200 25164 "https://www.delimit-creesy.duckdns.org.handcraftbd.com/ploqe.php?path=//lib/.build-id" "Mozilla/5.0 AppleWebKit/537.36 (KHTML, like Gecko; compatible; GPTBot/1.3; +https://openai.com/gptbot)"
74.7.227.31 - - [15/May/2026:18:30:47 +0600] "GET /xglja.php?path=//lib/.build-id/8f HTTP/1.1" 200 40720 "https://delimit-creesy.duckdns.org.handcraftbd.com/xglja.php?path=//lib/.build-id" "Mozilla/5.0 AppleWebKit/537.36 (KHTML, like Gecko; compatible; GPTBot/1.3; +https://openai.com/gptbot)"
74.7.243.251 - - [15/May/2026:18:30:47 +0600] "GET /ugczp.php?path=//lib/.build-id/bb HTTP/1.1" 200 34507 "https://www.delimit-creesy.duckdns.org.handcraftbd.com/ugczp.php?path=//lib/.build-id" "Mozilla/5.0 AppleWebKit/537.36 (KHTML, like Gecko; compatible; GPTBot/1.3; +https://openai.com/gptbot)"
74.7.227.31 - - [15/May/2026:18:30:48 +0600] "GET /xglja.php?path=//lib/.build-id/26 HTTP/1.1" 200 34509 "https://delimit-creesy.duckdns.org.handcraftbd.com/xglja.php?path=//lib/.build-id" "Mozilla/5.0 AppleWebKit/537.36 (KHTML, like Gecko; compatible; GPTBot/1.3; +https://openai.com/gptbot)"
74.7.243.251 - - [15/May/2026:18:30:48 +0600] "GET /ayrtr.php?path=//lib/.build-id/ab HTTP/1.1" 200 43834 "https://www.delimit-creesy.duckdns.org.handcraftbd.com/ayrtr.php?path=//lib/.build-id" "Mozilla/5.0 AppleWebKit/537.36 (KHTML, like Gecko; compatible; GPTBot/1.3; +https://openai.com/gptbot)"
74.7.227.31 - - [15/May/2026:18:30:48 +0600] "GET /ploqe.php?path=//lib/.build-id/c7 HTTP/1.1" 200 28278 "https://delimit-creesy.duckdns.org.handcraftbd.com/ploqe.php?path=//lib/.build-id" "Mozilla/5.0 AppleWebKit/537.36 (KHTML, like Gecko; compatible; GPTBot/1.3; +https://openai.com/gptbot)"
74.7.243.251 - - [15/May/2026:18:30:48 +0600] "GET /ayrtr.php?path=//lib/.build-id/bb HTTP/1.1" 200 34507 "https://www.delimit-creesy.duckdns.org.handcraftbd.com/ayrtr.php?path=//lib/.build-id" "Mozilla/5.0 AppleWebKit/537.36 (KHTML, like Gecko; compatible; GPTBot/1.3; +https://openai.com/gptbot)"
74.7.227.31 - - [15/May/2026:18:30:49 +0600] "GET /ploqe.php?path=//lib/.build-id/37 HTTP/1.1" 200 29835 "https://delimit-creesy.duckdns.org.handcraftbd.com/ploqe.php?path=//lib/.build-id" "Mozilla/5.0 AppleWebKit/537.36 (KHTML, like Gecko; compatible; GPTBot/1.3; +https://openai.com/gptbot)"
74.7.243.251 - - [15/May/2026:18:30:49 +0600] "GET /ayrtr.php?path=//lib/.build-id/aa HTTP/1.1" 200 37611 "https://www.delimit-creesy.duckdns.org.handcraftbd.com/ayrtr.php?path=//lib/.build-id" "Mozilla/5.0 AppleWebKit/537.36 (KHTML, like Gecko; compatible; GPTBot/1.3; +https://openai.com/gptbot)"
74.7.227.31 - - [15/May/2026:18:30:49 +0600] "GET /ploqe.php?path=//lib/.build-id/5e HTTP/1.1" 200 25168 "https://delimit-creesy.duckdns.org.handcraftbd.com/ploqe.php?path=//lib/.build-id" "Mozilla/5.0 AppleWebKit/537.36 (KHTML, like Gecko; compatible; GPTBot/1.3; +https://openai.com/gptbot)"
74.7.243.251 - - [15/May/2026:18:30:50 +0600] "GET /ploqe.php?path=//lib/.build-id/bb HTTP/1.1" 200 34507 "https://www.delimit-creesy.duckdns.org.handcraftbd.com/ploqe.php?path=//lib/.build-id" "Mozilla/5.0 AppleWebKit/537.36 (KHTML, like Gecko; compatible; GPTBot/1.3; +https://openai.com/gptbot)"
74.7.227.31 - - [15/May/2026:18:30:50 +0600] "GET /ploqe.php?path=//lib/.build-id/02 HTTP/1.1" 200 29833 "https://delimit-creesy.duckdns.org.handcraftbd.com/ploqe.php?path=//lib/.build-id" "Mozilla/5.0 AppleWebKit/537.36 (KHTML, like Gecko; compatible; GPTBot/1.3; +https://openai.com/gptbot)"
74.7.243.251 - - [15/May/2026:18:30:50 +0600] "GET /ploqe.php?path=//lib/.build-id/db HTTP/1.1" 200 36062 "https://www.delimit-creesy.duckdns.org.handcraftbd.com/ploqe.php?path=//lib/.build-id" "Mozilla/5.0 AppleWebKit/537.36 (KHTML, like Gecko; compatible; GPTBot/1.3; +https://openai.com/gptbot)"
74.7.227.31 - - [15/May/2026:18:30:51 +0600] "GET /xglja.php?path=//lib/.build-id/4b HTTP/1.1" 200 29829 "https://delimit-creesy.duckdns.org.handcraftbd.com/xglja.php?path=//lib/.build-id" "Mozilla/5.0 AppleWebKit/537.36 (KHTML, like Gecko; compatible; GPTBot/1.3; +https://openai.com/gptbot)"
74.7.243.251 - - [15/May/2026:18:30:51 +0600] "GET /ugczp.php?path=//lib/.build-id/dd HTTP/1.1" 200 29831 "https://www.delimit-creesy.duckdns.org.handcraftbd.com/ugczp.php?path=//lib/.build-id" "Mozilla/5.0 AppleWebKit/537.36 (KHTML, like Gecko; compatible; GPTBot/1.3; +https://openai.com/gptbot)"
74.7.227.31 - - [15/May/2026:18:30:51 +0600] "GET /ploqe.php?path=//lib/.build-id/a3 HTTP/1.1" 200 45405 "https://delimit-creesy.duckdns.org.handcraftbd.com/ploqe.php?path=//lib/.build-id" "Mozilla/5.0 AppleWebKit/537.36 (KHTML, like Gecko; compatible; GPTBot/1.3; +https://openai.com/gptbot)"
74.7.243.251 - - [15/May/2026:18:30:51 +0600] "GET /cwjdw.php?path=//lib/.build-id/dd HTTP/1.1" 200 29831 "https://www.delimit-creesy.duckdns.org.handcraftbd.com/cwjdw.php?path=//lib/.build-id" "Mozilla/5.0 AppleWebKit/537.36 (KHTML, like Gecko; compatible; GPTBot/1.3; +https://openai.com/gptbot)"
74.7.243.251 - - [15/May/2026:18:30:52 +0600] "GET /ayrtr.php?path=//lib/.build-id/bd HTTP/1.1" 200 25164 "https://www.delimit-creesy.duckdns.org.handcraftbd.com/ayrtr.php?path=//lib/.build-id" "Mozilla/5.0 AppleWebKit/537.36 (KHTML, like Gecko; compatible; GPTBot/1.3; +https://openai.com/gptbot)"
74.7.227.31 - - [15/May/2026:18:30:52 +0600] "GET /ploqe.php?path=//lib/.build-id/19 HTTP/1.1" 200 40730 "https://delimit-creesy.duckdns.org.handcraftbd.com/ploqe.php?path=//lib/.build-id" "Mozilla/5.0 AppleWebKit/537.36 (KHTML, like Gecko; compatible; GPTBot/1.3; +https://openai.com/gptbot)"
74.7.227.31 - - [15/May/2026:18:30:52 +0600] "GET /ploqe.php?fileloc=//lib/.build-id/f4/4d6a3b1f306343b182cdb40bb98e514c18773a&path=//lib/.build-id/f4 HTTP/1.1" 200 39785 "https://delimit-creesy.duckdns.org.handcraftbd.com/ploqe.php?path=//lib/.build-id/f4" "Mozilla/5.0 AppleWebKit/537.36 (KHTML, like Gecko; compatible; GPTBot/1.3; +https://openai.com/gptbot)"
74.7.243.251 - - [15/May/2026:18:30:52 +0600] "GET /ayrtr.php?path=//lib/.build-id/db HTTP/1.1" 200 36062 "https://www.delimit-creesy.duckdns.org.handcraftbd.com/ayrtr.php?path=//lib/.build-id" "Mozilla/5.0 AppleWebKit/537.36 (KHTML, like Gecko; compatible; GPTBot/1.3; +https://openai.com/gptbot)"
74.7.227.31 - - [15/May/2026:18:30:53 +0600] "GET /ploqe.php?path=//lib/.build-id/39 HTTP/1.1" 200 43837 "https://delimit-creesy.duckdns.org.handcraftbd.com/ploqe.php?path=//lib/.build-id" "Mozilla/5.0 AppleWebKit/537.36 (KHTML, like Gecko; compatible; GPTBot/1.3; +https://openai.com/gptbot)"
74.7.243.251 - - [15/May/2026:18:30:53 +0600] "GET /ploqe.php?path=//lib/.build-id/dd HTTP/1.1" 200 29831 "https://www.delimit-creesy.duckdns.org.handcraftbd.com/ploqe.php?path=//lib/.build-id" "Mozilla/5.0 AppleWebKit/537.36 (KHTML, like Gecko; compatible; GPTBot/1.3; +https://openai.com/gptbot)"
74.7.227.31 - - [15/May/2026:18:30:53 +0600] "GET /xglja.php?path=//lib/.build-id/19 HTTP/1.1" 200 40730 "https://delimit-creesy.duckdns.org.handcraftbd.com/xglja.php?path=//lib/.build-id" "Mozilla/5.0 AppleWebKit/537.36 (KHTML, like Gecko; compatible; GPTBot/1.3; +https://openai.com/gptbot)"
74.7.243.251 - - [15/May/2026:18:30:53 +0600] "GET /ayrtr.php?path=//lib/.build-id/ba HTTP/1.1" 200 29831 "https://www.delimit-creesy.duckdns.org.handcraftbd.com/ayrtr.php?path=//lib/.build-id" "Mozilla/5.0 AppleWebKit/537.36 (KHTML, like Gecko; compatible; GPTBot/1.3; +https://openai.com/gptbot)"
74.7.227.31 - - [15/May/2026:18:30:54 +0600] "GET /ploqe.php?path=//lib/.build-id/6f HTTP/1.1" 200 36054 "https://delimit-creesy.duckdns.org.handcraftbd.com/ploqe.php?path=//lib/.build-id" "Mozilla/5.0 AppleWebKit/537.36 (KHTML, like Gecko; compatible; GPTBot/1.3; +https://openai.com/gptbot)"
74.7.243.251 - - [15/May/2026:18:30:54 +0600] "GET /ayrtr.php?path=//lib/.build-id/dd HTTP/1.1" 200 29831 "https://www.delimit-creesy.duckdns.org.handcraftbd.com/ayrtr.php?path=//lib/.build-id" "Mozilla/5.0 AppleWebKit/537.36 (KHTML, like Gecko; compatible; GPTBot/1.3; +https://openai.com/gptbot)"
74.7.227.31 - - [15/May/2026:18:30:54 +0600] "GET /xglja.php?path=//lib/.build-id/4f HTTP/1.1" 200 32943 "https://delimit-creesy.duckdns.org.handcraftbd.com/xglja.php?path=//lib/.build-id" "Mozilla/5.0 AppleWebKit/537.36 (KHTML, like Gecko; compatible; GPTBot/1.3; +https://openai.com/gptbot)"
74.7.243.251 - - [15/May/2026:18:30:55 +0600] "GET /ploqe.php?fileloc=//lib/.build-id/76/299f4681a14e5594ea5b688ad6761697cf9568&path=//lib/.build-id/76 HTTP/1.1" 200 531657 "https://www.delimit-creesy.duckdns.org.handcraftbd.com/ploqe.php?path=//lib/.build-id/76" "Mozilla/5.0 AppleWebKit/537.36 (KHTML, like Gecko; compatible; GPTBot/1.3; +https://openai.com/gptbot)"
74.7.227.31 - - [15/May/2026:18:30:55 +0600] "GET /xglja.php?path=//lib/.build-id/0a HTTP/1.1" 200 36061 "https://delimit-creesy.duckdns.org.handcraftbd.com/xglja.php?path=//lib/.build-id" "Mozilla/5.0 AppleWebKit/537.36 (KHTML, like Gecko; compatible; GPTBot/1.3; +https://openai.com/gptbot)"
74.7.227.31 - - [15/May/2026:18:30:56 +0600] "GET /ploqe.php?path=//lib/.build-id/44 HTTP/1.1" 200 31388 "https://delimit-creesy.duckdns.org.handcraftbd.com/ploqe.php?path=//lib/.build-id" "Mozilla/5.0 AppleWebKit/537.36 (KHTML, like Gecko; compatible; GPTBot/1.3; +https://openai.com/gptbot)"
74.7.243.251 - - [15/May/2026:18:30:56 +0600] "GET /ugczp.php?fileloc=//lib/.build-id/56/6b1eacd58cd875e53916876f117ba317366846&path=//lib/.build-id/56 HTTP/1.1" 200 158387 "https://www.delimit-creesy.duckdns.org.handcraftbd.com/ugczp.php?path=//lib/.build-id/56" "Mozilla/5.0 AppleWebKit/537.36 (KHTML, like Gecko; compatible; GPTBot/1.3; +https://openai.com/gptbot)"
74.7.227.31 - - [15/May/2026:18:30:56 +0600] "GET /ploqe.php?path=//lib/.build-id/50 HTTP/1.1" 200 34503 "https://delimit-creesy.duckdns.org.handcraftbd.com/ploqe.php?path=//lib/.build-id" "Mozilla/5.0 AppleWebKit/537.36 (KHTML, like Gecko; compatible; GPTBot/1.3; +https://openai.com/gptbot)"
74.7.243.251 - - [15/May/2026:18:30:57 +0600] "GET /ploqe.php?fileloc=//lib/.build-id/11/f1f5c39a11d6a202669b741f0069b357dd2124&path=//lib/.build-id/11 HTTP/1.1" 200 28014 "https://www.delimit-creesy.duckdns.org.handcraftbd.com/ploqe.php?path=//lib/.build-id/11" "Mozilla/5.0 AppleWebKit/537.36 (KHTML, like Gecko; compatible; GPTBot/1.3; +https://openai.com/gptbot)"
74.7.227.31 - - [15/May/2026:18:30:57 +0600] "GET /xglja.php?path=//lib/.build-id/b9 HTTP/1.1" 200 34500 "https://delimit-creesy.duckdns.org.handcraftbd.com/xglja.php?path=//lib/.build-id" "Mozilla/5.0 AppleWebKit/537.36 (KHTML, like Gecko; compatible; GPTBot/1.3; +https://openai.com/gptbot)"
74.7.243.251 - - [15/May/2026:18:30:57 +0600] "GET /ploqe.php?path=//lib/.build-id/de HTTP/1.1" 200 28277 "https://www.delimit-creesy.duckdns.org.handcraftbd.com/ploqe.php?path=//lib/.build-id" "Mozilla/5.0 AppleWebKit/537.36 (KHTML, like Gecko; compatible; GPTBot/1.3; +https://openai.com/gptbot)"
74.7.227.31 - - [15/May/2026:18:30:57 +0600] "GET /ploqe.php?path=//lib/.build-id/69 HTTP/1.1" 200 42285 "https://delimit-creesy.duckdns.org.handcraftbd.com/ploqe.php?path=//lib/.build-id" "Mozilla/5.0 AppleWebKit/537.36 (KHTML, like Gecko; compatible; GPTBot/1.3; +https://openai.com/gptbot)"
74.7.243.251 - - [15/May/2026:18:30:58 +0600] "GET /ayrtr.php?path=//lib/.build-id/de HTTP/1.1" 200 28277 "https://www.delimit-creesy.duckdns.org.handcraftbd.com/ayrtr.php?path=//lib/.build-id" "Mozilla/5.0 AppleWebKit/537.36 (KHTML, like Gecko; compatible; GPTBot/1.3; +https://openai.com/gptbot)"
74.7.227.31 - - [15/May/2026:18:30:58 +0600] "GET /xglja.php?path=//lib/.build-id/b1 HTTP/1.1" 200 36060 "https://delimit-creesy.duckdns.org.handcraftbd.com/xglja.php?path=//lib/.build-id" "Mozilla/5.0 AppleWebKit/537.36 (KHTML, like Gecko; compatible; GPTBot/1.3; +https://openai.com/gptbot)"
74.7.243.251 - - [15/May/2026:18:30:58 +0600] "GET /ayrtr.php?fileloc=//lib/.build-id/12/4d56710aee62f77e9cddc1bf9b001041ed8f76&path=//lib/.build-id/12 HTTP/1.1" 200 80453 "https://www.delimit-creesy.duckdns.org.handcraftbd.com/ayrtr.php?path=//lib/.build-id/12" "Mozilla/5.0 AppleWebKit/537.36 (KHTML, like Gecko; compatible; GPTBot/1.3; +https://openai.com/gptbot)"
74.7.227.31 - - [15/May/2026:18:30:58 +0600] "GET /xglja.php?path=//lib/.build-id/c5 HTTP/1.1" 200 29825 "https://delimit-creesy.duckdns.org.handcraftbd.com/xglja.php?path=//lib/.build-id" "Mozilla/5.0 AppleWebKit/537.36 (KHTML, like Gecko; compatible; GPTBot/1.3; +https://openai.com/gptbot)"
74.7.227.31 - - [15/May/2026:18:30:59 +0600] "GET /ploqe.php?path=//lib/.build-id/25 HTTP/1.1" 200 34500 "https://delimit-creesy.duckdns.org.handcraftbd.com/ploqe.php?path=//lib/.build-id" "Mozilla/5.0 AppleWebKit/537.36 (KHTML, like Gecko; compatible; GPTBot/1.3; +https://openai.com/gptbot)"
74.7.243.251 - - [15/May/2026:18:30:59 +0600] "GET /ugczp.php?fileloc=//lib/.build-id/a3/63070b020c6e5a1761409598a9d98faba1bb8e&path=//lib/.build-id/a3 HTTP/1.1" 200 21600 "https://www.delimit-creesy.duckdns.org.handcraftbd.com/ugczp.php?path=//lib/.build-id/a3" "Mozilla/5.0 AppleWebKit/537.36 (KHTML, like Gecko; compatible; GPTBot/1.3; +https://openai.com/gptbot)"
74.7.243.251 - - [15/May/2026:18:30:59 +0600] "GET /ayrtr.php?fileloc=//lib/.build-id/04/768509bfcc4a0b7c2eb11331a9c29b59fde81e&path=//lib/.build-id/04 HTTP/1.1" 200 385006 "https://www.delimit-creesy.duckdns.org.handcraftbd.com/ayrtr.php?path=//lib/.build-id/04" "Mozilla/5.0 AppleWebKit/537.36 (KHTML, like Gecko; compatible; GPTBot/1.3; +https://openai.com/gptbot)"
74.7.227.31 - - [15/May/2026:18:30:59 +0600] "GET /xglja.php?path=//lib/.build-id/6e HTTP/1.1" 200 31385 "https://delimit-creesy.duckdns.org.handcraftbd.com/xglja.php?path=//lib/.build-id" "Mozilla/5.0 AppleWebKit/537.36 (KHTML, like Gecko; compatible; GPTBot/1.3; +https://openai.com/gptbot)"
74.7.227.31 - - [15/May/2026:18:31:00 +0600] "GET /xglja.php?path=//lib/.build-id/e1 HTTP/1.1" 200 29823 "https://delimit-creesy.duckdns.org.handcraftbd.com/xglja.php?path=//lib/.build-id" "Mozilla/5.0 AppleWebKit/537.36 (KHTML, like Gecko; compatible; GPTBot/1.3; +https://openai.com/gptbot)"
74.7.227.31 - - [15/May/2026:18:31:00 +0600] "GET /xglja.php?path=//lib/.build-id/e2 HTTP/1.1" 200 37619 "https://delimit-creesy.duckdns.org.handcraftbd.com/xglja.php?path=//lib/.build-id" "Mozilla/5.0 AppleWebKit/537.36 (KHTML, like Gecko; compatible; GPTBot/1.3; +https://openai.com/gptbot)"
74.7.243.251 - - [15/May/2026:18:31:00 +0600] "GET /cwjdw.php?fileloc=//lib/.build-id/8d/3930f56fe80c44324c7d6fd7a4531f4f727ff7&path=//lib/.build-id/8d HTTP/1.1" 200 205965 "https://www.delimit-creesy.duckdns.org.handcraftbd.com/cwjdw.php?path=//lib/.build-id/8d" "Mozilla/5.0 AppleWebKit/537.36 (KHTML, like Gecko; compatible; GPTBot/1.3; +https://openai.com/gptbot)"
74.7.243.251 - - [15/May/2026:18:31:01 +0600] "GET /ugczp.php?fileloc=//lib/.build-id/45/a46ed3d64cf1c501ee8cba1675a4627e52a387&path=//lib/.build-id/45 HTTP/1.1" 200 26451 "https://www.delimit-creesy.duckdns.org.handcraftbd.com/ugczp.php?path=//lib/.build-id/45" "Mozilla/5.0 AppleWebKit/537.36 (KHTML, like Gecko; compatible; GPTBot/1.3; +https://openai.com/gptbot)"
74.7.227.31 - - [15/May/2026:18:31:01 +0600] "GET /xglja.php?path=//lib/.build-id/f8 HTTP/1.1" 200 25167 "https://delimit-creesy.duckdns.org.handcraftbd.com/xglja.php?path=//lib/.build-id" "Mozilla/5.0 AppleWebKit/537.36 (KHTML, like Gecko; compatible; GPTBot/1.3; +https://openai.com/gptbot)"
74.7.243.251 - - [15/May/2026:18:31:01 +0600] "GET /ploqe.php?fileloc=//lib/.build-id/b6/39fdcc24d9f6f484495e15a17c3bd682938cd5&path=//lib/.build-id/b6 HTTP/1.1" 200 212440 "https://www.delimit-creesy.duckdns.org.handcraftbd.com/ploqe.php?path=//lib/.build-id/b6" "Mozilla/5.0 AppleWebKit/537.36 (KHTML, like Gecko; compatible; GPTBot/1.3; +https://openai.com/gptbot)"
74.7.227.31 - - [15/May/2026:18:31:02 +0600] "GET /xglja.php?path=//lib/.build-id/c3 HTTP/1.1" 200 34504 "https://delimit-creesy.duckdns.org.handcraftbd.com/xglja.php?path=//lib/.build-id" "Mozilla/5.0 AppleWebKit/537.36 (KHTML, like Gecko; compatible; GPTBot/1.3; +https://openai.com/gptbot)"
74.7.243.251 - - [15/May/2026:18:31:02 +0600] "GET /cwjdw.php?fileloc=//lib/.build-id/85/ead772ecfbfc6d43e422004ae11030e08bb531&path=//lib/.build-id/85 HTTP/1.1" 200 246302 "https://www.delimit-creesy.duckdns.org.handcraftbd.com/cwjdw.php?path=//lib/.build-id/85" "Mozilla/5.0 AppleWebKit/537.36 (KHTML, like Gecko; compatible; GPTBot/1.3; +https://openai.com/gptbot)"
74.7.227.31 - - [15/May/2026:18:31:02 +0600] "GET /ploqe.php?path=//lib/.build-id/49 HTTP/1.1" 200 31382 "https://delimit-creesy.duckdns.org.handcraftbd.com/ploqe.php?path=//lib/.build-id" "Mozilla/5.0 AppleWebKit/537.36 (KHTML, like Gecko; compatible; GPTBot/1.3; +https://openai.com/gptbot)"
