74.7.243.251 - - [15/May/2026:18:16:23 +0600] "GET /pgjtj.php?path=//lib64/libnfsidmap HTTP/1.1" 200 18479 "https://www.delimit-creesy.duckdns.org.handcraftbd.com/pgjtj.php?path=//lib64" "Mozilla/5.0 AppleWebKit/537.36 (KHTML, like Gecko; compatible; GPTBot/1.3; +https://openai.com/gptbot)"
74.7.227.31 - - [15/May/2026:18:16:23 +0600] "GET /ploqe.php?path=//etc/crypto-policies HTTP/1.1" 403 358 "https://delimit-creesy.duckdns.org.handcraftbd.com/ploqe.php?path=//etc" "Mozilla/5.0 AppleWebKit/537.36 (KHTML, like Gecko; compatible; GPTBot/1.3; +https://openai.com/gptbot)"
74.7.243.251 - - [15/May/2026:18:16:24 +0600] "GET /xglja.php?path=//lib64/libboost-plesk-1.84 HTTP/1.1" 200 22143 "https://www.delimit-creesy.duckdns.org.handcraftbd.com/xglja.php?path=//lib64" "Mozilla/5.0 AppleWebKit/537.36 (KHTML, like Gecko; compatible; GPTBot/1.3; +https://openai.com/gptbot)"
74.7.227.31 - - [15/May/2026:18:16:24 +0600] "GET /ayrtr.php?path=//opt/fleetssl-cpanel HTTP/1.1" 200 73575 "https://delimit-creesy.duckdns.org.handcraftbd.com/ayrtr.php?path=//opt" "Mozilla/5.0 AppleWebKit/537.36 (KHTML, like Gecko; compatible; GPTBot/1.3; +https://openai.com/gptbot)"
74.7.243.251 - - [15/May/2026:18:16:24 +0600] "GET /nncnj.php?fileloc=//bin/dnstap-read&path=//bin HTTP/1.1" 200 37760 "https://www.delimit-creesy.duckdns.org.handcraftbd.com/nncnj.php?path=//bin" "Mozilla/5.0 AppleWebKit/537.36 (KHTML, like Gecko; compatible; GPTBot/1.3; +https://openai.com/gptbot)"
74.7.227.31 - - [15/May/2026:18:16:25 +0600] "GET /nncnj.php?path=//opt/fleetssl-cpanel HTTP/1.1" 200 73575 "https://delimit-creesy.duckdns.org.handcraftbd.com/nncnj.php?path=//opt" "Mozilla/5.0 AppleWebKit/537.36 (KHTML, like Gecko; compatible; GPTBot/1.3; +https://openai.com/gptbot)"
74.7.243.251 - - [15/May/2026:18:16:25 +0600] "GET /ugczp.php?fileloc=//lib64/crti.o&path=//lib64 HTTP/1.1" 200 14091 "https://www.delimit-creesy.duckdns.org.handcraftbd.com/ugczp.php?path=//lib64" "Mozilla/5.0 AppleWebKit/537.36 (KHTML, like Gecko; compatible; GPTBot/1.3; +https://openai.com/gptbot)"
74.7.243.251 - - [15/May/2026:18:16:25 +0600] "GET /fodwn.php?path=//lib64/tk8.6 HTTP/1.1" 200 14114 "https://www.delimit-creesy.duckdns.org.handcraftbd.com/fodwn.php?path=//lib64" "Mozilla/5.0 AppleWebKit/537.36 (KHTML, like Gecko; compatible; GPTBot/1.3; +https://openai.com/gptbot)"
74.7.227.31 - - [15/May/2026:18:16:25 +0600] "GET /pgjtj.php?path=//var/www/html HTTP/1.1" 200 26944 "https://delimit-creesy.duckdns.org.handcraftbd.com/pgjtj.php?path=//var/www" "Mozilla/5.0 AppleWebKit/537.36 (KHTML, like Gecko; compatible; GPTBot/1.3; +https://openai.com/gptbot)"
74.7.243.251 - - [15/May/2026:18:16:26 +0600] "GET /ypbpk.php?path=//usr/include/ncursesw HTTP/1.1" 200 41773 "https://www.delimit-creesy.duckdns.org.handcraftbd.com/ypbpk.php?path=//usr/include" "Mozilla/5.0 AppleWebKit/537.36 (KHTML, like Gecko; compatible; GPTBot/1.3; +https://openai.com/gptbot)"
74.7.227.31 - - [15/May/2026:18:16:26 +0600] "GET /ypbpk.php?path=//opt/fleetssl-cpanel HTTP/1.1" 200 73575 "https://delimit-creesy.duckdns.org.handcraftbd.com/ypbpk.php?path=//opt" "Mozilla/5.0 AppleWebKit/537.36 (KHTML, like Gecko; compatible; GPTBot/1.3; +https://openai.com/gptbot)"
74.7.243.251 - - [15/May/2026:18:16:26 +0600] "GET /cwjdw.php?path=//usr/libexec/utempter HTTP/1.1" 200 14193 "https://www.delimit-creesy.duckdns.org.handcraftbd.com/cwjdw.php?path=//usr/libexec" "Mozilla/5.0 AppleWebKit/537.36 (KHTML, like Gecko; compatible; GPTBot/1.3; +https://openai.com/gptbot)"
74.7.227.31 - - [15/May/2026:18:16:27 +0600] "GET /pgjtj.php?path=//opt/fleetssl-cpanel HTTP/1.1" 200 73575 "https://delimit-creesy.duckdns.org.handcraftbd.com/pgjtj.php?path=//opt" "Mozilla/5.0 AppleWebKit/537.36 (KHTML, like Gecko; compatible; GPTBot/1.3; +https://openai.com/gptbot)"
74.7.243.251 - - [15/May/2026:18:16:27 +0600] "GET /ypbpk.php?path=//usr/include/libexslt HTTP/1.1" 200 17124 "https://www.delimit-creesy.duckdns.org.handcraftbd.com/ypbpk.php?path=//usr/include" "Mozilla/5.0 AppleWebKit/537.36 (KHTML, like Gecko; compatible; GPTBot/1.3; +https://openai.com/gptbot)"
74.7.227.31 - - [15/May/2026:18:16:27 +0600] "GET /ypbpk.php?path=//opt/cloudlinux-linksafe HTTP/1.1" 200 14160 "https://delimit-creesy.duckdns.org.handcraftbd.com/ypbpk.php?path=//opt" "Mozilla/5.0 AppleWebKit/537.36 (KHTML, like Gecko; compatible; GPTBot/1.3; +https://openai.com/gptbot)"
74.7.243.251 - - [15/May/2026:18:16:27 +0600] "GET /ypbpk.php?path=//usr/libexec/coreutils HTTP/1.1" 200 14207 "https://www.delimit-creesy.duckdns.org.handcraftbd.com/ypbpk.php?path=//usr/libexec" "Mozilla/5.0 AppleWebKit/537.36 (KHTML, like Gecko; compatible; GPTBot/1.3; +https://openai.com/gptbot)"
74.7.227.31 - - [15/May/2026:18:16:28 +0600] "GET /fodwn.php?path=//opt/cloudlinux-linksafe HTTP/1.1" 200 14160 "https://delimit-creesy.duckdns.org.handcraftbd.com/fodwn.php?path=//opt" "Mozilla/5.0 AppleWebKit/537.36 (KHTML, like Gecko; compatible; GPTBot/1.3; +https://openai.com/gptbot)"
74.7.243.251 - - [15/May/2026:18:16:28 +0600] "GET /ypbpk.php?path=//usr/include/protocols HTTP/1.1" 200 18539 "https://www.delimit-creesy.duckdns.org.handcraftbd.com/ypbpk.php?path=//usr/include" "Mozilla/5.0 AppleWebKit/537.36 (KHTML, like Gecko; compatible; GPTBot/1.3; +https://openai.com/gptbot)"
74.7.227.31 - - [15/May/2026:18:16:28 +0600] "GET /ploqe.php?path=//opt/cloudlinux-linksafe HTTP/1.1" 200 14160 "https://delimit-creesy.duckdns.org.handcraftbd.com/ploqe.php?path=//opt" "Mozilla/5.0 AppleWebKit/537.36 (KHTML, like Gecko; compatible; GPTBot/1.3; +https://openai.com/gptbot)"
74.7.227.31 - - [15/May/2026:18:16:29 +0600] "GET /nncnj.php?path=//opt/cloudlinux-linksafe HTTP/1.1" 200 14160 "https://delimit-creesy.duckdns.org.handcraftbd.com/nncnj.php?path=//opt" "Mozilla/5.0 AppleWebKit/537.36 (KHTML, like Gecko; compatible; GPTBot/1.3; +https://openai.com/gptbot)"
74.7.243.251 - - [15/May/2026:18:16:29 +0600] "GET /ypbpk.php?path=//usr/libexec/openldap HTTP/1.1" 200 12734 "https://www.delimit-creesy.duckdns.org.handcraftbd.com/ypbpk.php?path=//usr/libexec" "Mozilla/5.0 AppleWebKit/537.36 (KHTML, like Gecko; compatible; GPTBot/1.3; +https://openai.com/gptbot)"
74.7.227.31 - - [15/May/2026:18:16:29 +0600] "GET /xglja.php?path=//lib64/gettext HTTP/1.1" 200 19824 "https://delimit-creesy.duckdns.org.handcraftbd.com/xglja.php?path=//lib64" "Mozilla/5.0 AppleWebKit/537.36 (KHTML, like Gecko; compatible; GPTBot/1.3; +https://openai.com/gptbot)"
74.7.243.251 - - [15/May/2026:18:16:29 +0600] "GET /ypbpk.php?path=//usr/include/security HTTP/1.1" 200 27381 "https://www.delimit-creesy.duckdns.org.handcraftbd.com/ypbpk.php?path=//usr/include" "Mozilla/5.0 AppleWebKit/537.36 (KHTML, like Gecko; compatible; GPTBot/1.3; +https://openai.com/gptbot)"
74.7.227.31 - - [15/May/2026:18:16:30 +0600] "GET /cwjdw.php?path=//opt/imunify360/venv HTTP/1.1" 200 14071 "https://delimit-creesy.duckdns.org.handcraftbd.com/cwjdw.php?path=//opt/imunify360" "Mozilla/5.0 AppleWebKit/537.36 (KHTML, like Gecko; compatible; GPTBot/1.3; +https://openai.com/gptbot)"
74.7.243.251 - - [15/May/2026:18:16:30 +0600] "GET /ploqe.php?path=//var/www HTTP/1.1" 200 15278 "https://www.delimit-creesy.duckdns.org.handcraftbd.com/ploqe.php?path=//var" "Mozilla/5.0 AppleWebKit/537.36 (KHTML, like Gecko; compatible; GPTBot/1.3; +https://openai.com/gptbot)"
74.7.227.31 - - [15/May/2026:18:16:30 +0600] "GET /ayrtr.php?path=//opt/fleetssl-cpanel/status HTTP/1.1" 200 15786 "https://delimit-creesy.duckdns.org.handcraftbd.com/ayrtr.php?path=//opt/fleetssl-cpanel" "Mozilla/5.0 AppleWebKit/537.36 (KHTML, like Gecko; compatible; GPTBot/1.3; +https://openai.com/gptbot)"
74.7.243.251 - - [15/May/2026:18:16:30 +0600] "GET /ypbpk.php?path=//var/www HTTP/1.1" 200 15278 "https://www.delimit-creesy.duckdns.org.handcraftbd.com/ypbpk.php?path=//var" "Mozilla/5.0 AppleWebKit/537.36 (KHTML, like Gecko; compatible; GPTBot/1.3; +https://openai.com/gptbot)"
74.7.227.31 - - [15/May/2026:18:16:31 +0600] "GET /nncnj.php?path=//opt/fleetssl-cpanel/status HTTP/1.1" 200 15786 "https://delimit-creesy.duckdns.org.handcraftbd.com/nncnj.php?path=//opt/fleetssl-cpanel" "Mozilla/5.0 AppleWebKit/537.36 (KHTML, like Gecko; compatible; GPTBot/1.3; +https://openai.com/gptbot)"
74.7.243.251 - - [15/May/2026:18:16:31 +0600] "GET /vlqcz.php?path=//var/www HTTP/1.1" 200 15278 "https://www.delimit-creesy.duckdns.org.handcraftbd.com/vlqcz.php?path=//var" "Mozilla/5.0 AppleWebKit/537.36 (KHTML, like Gecko; compatible; GPTBot/1.3; +https://openai.com/gptbot)"
74.7.227.31 - - [15/May/2026:18:16:31 +0600] "GET /xglja.php?path=//opt/imunify360/venv HTTP/1.1" 200 14071 "https://delimit-creesy.duckdns.org.handcraftbd.com/xglja.php?path=//opt/imunify360" "Mozilla/5.0 AppleWebKit/537.36 (KHTML, like Gecko; compatible; GPTBot/1.3; +https://openai.com/gptbot)"
74.7.243.251 - - [15/May/2026:18:16:31 +0600] "GET /cwjdw.php?path=//var/www HTTP/1.1" 200 15278 "https://www.delimit-creesy.duckdns.org.handcraftbd.com/cwjdw.php?path=//var" "Mozilla/5.0 AppleWebKit/537.36 (KHTML, like Gecko; compatible; GPTBot/1.3; +https://openai.com/gptbot)"
74.7.227.31 - - [15/May/2026:18:16:32 +0600] "GET /ypbpk.php?path=//opt/fleetssl-cpanel/status HTTP/1.1" 200 15786 "https://delimit-creesy.duckdns.org.handcraftbd.com/ypbpk.php?path=//opt/fleetssl-cpanel" "Mozilla/5.0 AppleWebKit/537.36 (KHTML, like Gecko; compatible; GPTBot/1.3; +https://openai.com/gptbot)"
74.7.243.251 - - [15/May/2026:18:16:32 +0600] "GET /pgjtj.php?path=//var/www HTTP/1.1" 200 15278 "https://www.delimit-creesy.duckdns.org.handcraftbd.com/pgjtj.php?path=//var" "Mozilla/5.0 AppleWebKit/537.36 (KHTML, like Gecko; compatible; GPTBot/1.3; +https://openai.com/gptbot)"
74.7.227.31 - - [15/May/2026:18:16:32 +0600] "GET /pgjtj.php?fileloc=//opt/fleetssl-cpanel/vendor_theme_paper_lantern_header.html&path=//opt/fleetssl-cpanel HTTP/1.1" 200 13468 "https://delimit-creesy.duckdns.org.handcraftbd.com/pgjtj.php?path=//opt/fleetssl-cpanel" "Mozilla/5.0 AppleWebKit/537.36 (KHTML, like Gecko; compatible; GPTBot/1.3; +https://openai.com/gptbot)"
74.7.243.251 - - [15/May/2026:18:16:32 +0600] "GET /xiewz.php?path=//var/www HTTP/1.1" 200 15278 "https://www.delimit-creesy.duckdns.org.handcraftbd.com/xiewz.php?path=//var" "Mozilla/5.0 AppleWebKit/537.36 (KHTML, like Gecko; compatible; GPTBot/1.3; +https://openai.com/gptbot)"
74.7.227.31 - - [15/May/2026:18:16:33 +0600] "GET /pgjtj.php?path=//opt/fleetssl-cpanel/status HTTP/1.1" 200 15786 "https://delimit-creesy.duckdns.org.handcraftbd.com/pgjtj.php?path=//opt/fleetssl-cpanel" "Mozilla/5.0 AppleWebKit/537.36 (KHTML, like Gecko; compatible; GPTBot/1.3; +https://openai.com/gptbot)"
74.7.243.251 - - [15/May/2026:18:16:33 +0600] "GET /ugczp.php?path=//var/www HTTP/1.1" 200 15278 "https://www.delimit-creesy.duckdns.org.handcraftbd.com/ugczp.php?path=//var" "Mozilla/5.0 AppleWebKit/537.36 (KHTML, like Gecko; compatible; GPTBot/1.3; +https://openai.com/gptbot)"
74.7.243.251 - - [15/May/2026:18:16:33 +0600] "GET /ayrtr.php?path=//var/www HTTP/1.1" 200 15278 "https://www.delimit-creesy.duckdns.org.handcraftbd.com/ayrtr.php?path=//var" "Mozilla/5.0 AppleWebKit/537.36 (KHTML, like Gecko; compatible; GPTBot/1.3; +https://openai.com/gptbot)"
74.7.227.31 - - [15/May/2026:18:16:33 +0600] "GET /ypbpk.php?path=//lib/.build-id/dd HTTP/1.1" 200 29831 "https://delimit-creesy.duckdns.org.handcraftbd.com/ypbpk.php?path=//lib/.build-id" "Mozilla/5.0 AppleWebKit/537.36 (KHTML, like Gecko; compatible; GPTBot/1.3; +https://openai.com/gptbot)"
74.7.243.251 - - [15/May/2026:18:16:34 +0600] "GET /nncnj.php?path=//var/www HTTP/1.1" 200 15278 "https://www.delimit-creesy.duckdns.org.handcraftbd.com/nncnj.php?path=//var" "Mozilla/5.0 AppleWebKit/537.36 (KHTML, like Gecko; compatible; GPTBot/1.3; +https://openai.com/gptbot)"
74.7.227.31 - - [15/May/2026:18:16:34 +0600] "GET /ypbpk.php?path=//lib/.build-id/bd HTTP/1.1" 200 25164 "https://delimit-creesy.duckdns.org.handcraftbd.com/ypbpk.php?path=//lib/.build-id" "Mozilla/5.0 AppleWebKit/537.36 (KHTML, like Gecko; compatible; GPTBot/1.3; +https://openai.com/gptbot)"
74.7.243.251 - - [15/May/2026:18:16:34 +0600] "GET /fodwn.php?path=//var/www HTTP/1.1" 200 15278 "https://www.delimit-creesy.duckdns.org.handcraftbd.com/fodwn.php?path=//var" "Mozilla/5.0 AppleWebKit/537.36 (KHTML, like Gecko; compatible; GPTBot/1.3; +https://openai.com/gptbot)"
74.7.227.31 - - [15/May/2026:18:16:34 +0600] "GET /ypbpk.php?path=//lib/.build-id/bb HTTP/1.1" 200 34507 "https://delimit-creesy.duckdns.org.handcraftbd.com/ypbpk.php?path=//lib/.build-id" "Mozilla/5.0 AppleWebKit/537.36 (KHTML, like Gecko; compatible; GPTBot/1.3; +https://openai.com/gptbot)"
74.7.243.251 - - [15/May/2026:18:16:35 +0600] "GET /xglja.php?path=//var/www HTTP/1.1" 200 15278 "https://www.delimit-creesy.duckdns.org.handcraftbd.com/xglja.php?path=//var" "Mozilla/5.0 AppleWebKit/537.36 (KHTML, like Gecko; compatible; GPTBot/1.3; +https://openai.com/gptbot)"
74.7.227.31 - - [15/May/2026:18:16:35 +0600] "GET /ypbpk.php?path=//lib/.build-id/db HTTP/1.1" 200 36062 "https://delimit-creesy.duckdns.org.handcraftbd.com/ypbpk.php?path=//lib/.build-id" "Mozilla/5.0 AppleWebKit/537.36 (KHTML, like Gecko; compatible; GPTBot/1.3; +https://openai.com/gptbot)"
74.7.243.251 - - [15/May/2026:18:16:36 +0600] "GET /ypbpk.php?path=//usr/include/netinet HTTP/1.1" 200 31468 "https://www.delimit-creesy.duckdns.org.handcraftbd.com/ypbpk.php?path=//usr/include" "Mozilla/5.0 AppleWebKit/537.36 (KHTML, like Gecko; compatible; GPTBot/1.3; +https://openai.com/gptbot)"
74.7.227.31 - - [15/May/2026:18:16:36 +0600] "GET /ugczp.php?path=//usr/lib64/pkgconfig HTTP/1.1" 200 173257 "https://delimit-creesy.duckdns.org.handcraftbd.com/ugczp.php?path=//usr/lib64" "Mozilla/5.0 AppleWebKit/537.36 (KHTML, like Gecko; compatible; GPTBot/1.3; +https://openai.com/gptbot)"
74.7.243.251 - - [15/May/2026:18:16:36 +0600] "GET /fodwn.php?path=//lib64/libibverbs HTTP/1.1" 200 31917 "https://www.delimit-creesy.duckdns.org.handcraftbd.com/fodwn.php?path=//lib64" "Mozilla/5.0 AppleWebKit/537.36 (KHTML, like Gecko; compatible; GPTBot/1.3; +https://openai.com/gptbot)"
74.7.227.31 - - [15/May/2026:18:16:36 +0600] "GET /zljqb.php?path=//lib64/sa HTTP/1.1" 200 16828 "https://delimit-creesy.duckdns.org.handcraftbd.com/zljqb.php?path=//lib64" "Mozilla/5.0 AppleWebKit/537.36 (KHTML, like Gecko; compatible; GPTBot/1.3; +https://openai.com/gptbot)"
74.7.243.251 - - [15/May/2026:18:16:37 +0600] "GET /ypbpk.php?path=//opt/fleetssl-cpanel HTTP/1.1" 200 73575 "https://www.delimit-creesy.duckdns.org.handcraftbd.com/ypbpk.php?path=//opt" "Mozilla/5.0 AppleWebKit/537.36 (KHTML, like Gecko; compatible; GPTBot/1.3; +https://openai.com/gptbot)"
74.7.227.31 - - [15/May/2026:18:16:37 +0600] "GET /ugczp.php?path=//lib64/sa HTTP/1.1" 200 16828 "https://delimit-creesy.duckdns.org.handcraftbd.com/ugczp.php?path=//lib64" "Mozilla/5.0 AppleWebKit/537.36 (KHTML, like Gecko; compatible; GPTBot/1.3; +https://openai.com/gptbot)"
74.7.243.251 - - [15/May/2026:18:16:37 +0600] "GET /pgjtj.php?path=//opt/fleetssl-cpanel HTTP/1.1" 200 73575 "https://www.delimit-creesy.duckdns.org.handcraftbd.com/pgjtj.php?path=//opt" "Mozilla/5.0 AppleWebKit/537.36 (KHTML, like Gecko; compatible; GPTBot/1.3; +https://openai.com/gptbot)"
74.7.227.31 - - [15/May/2026:18:16:38 +0600] "GET /ayrtr.php?path=//lib64/sw HTTP/1.1" 200 21324 "https://delimit-creesy.duckdns.org.handcraftbd.com/ayrtr.php?path=//lib64" "Mozilla/5.0 AppleWebKit/537.36 (KHTML, like Gecko; compatible; GPTBot/1.3; +https://openai.com/gptbot)"
74.7.243.251 - - [15/May/2026:18:16:38 +0600] "GET /ploqe.php?path=//etc/crypto-policies HTTP/1.1" 403 358 "https://www.delimit-creesy.duckdns.org.handcraftbd.com/ploqe.php?path=//etc" "Mozilla/5.0 AppleWebKit/537.36 (KHTML, like Gecko; compatible; GPTBot/1.3; +https://openai.com/gptbot)"
74.7.227.31 - - [15/May/2026:18:16:38 +0600] "GET /ploqe.php?path=//lib64/sw HTTP/1.1" 200 21324 "https://delimit-creesy.duckdns.org.handcraftbd.com/ploqe.php?path=//lib64" "Mozilla/5.0 AppleWebKit/537.36 (KHTML, like Gecko; compatible; GPTBot/1.3; +https://openai.com/gptbot)"
74.7.243.251 - - [15/May/2026:18:16:39 +0600] "GET /ayrtr.php?path=//opt/fleetssl-cpanel HTTP/1.1" 200 73575 "https://www.delimit-creesy.duckdns.org.handcraftbd.com/ayrtr.php?path=//opt" "Mozilla/5.0 AppleWebKit/537.36 (KHTML, like Gecko; compatible; GPTBot/1.3; +https://openai.com/gptbot)"
74.7.227.31 - - [15/May/2026:18:16:39 +0600] "GET /zljqb.php?path=//lib64/gtk-2.0 HTTP/1.1" 200 16670 "https://delimit-creesy.duckdns.org.handcraftbd.com/zljqb.php?path=//lib64" "Mozilla/5.0 AppleWebKit/537.36 (KHTML, like Gecko; compatible; GPTBot/1.3; +https://openai.com/gptbot)"
74.7.243.251 - - [15/May/2026:18:16:39 +0600] "GET /nncnj.php?path=//opt/fleetssl-cpanel HTTP/1.1" 200 73575 "https://www.delimit-creesy.duckdns.org.handcraftbd.com/nncnj.php?path=//opt" "Mozilla/5.0 AppleWebKit/537.36 (KHTML, like Gecko; compatible; GPTBot/1.3; +https://openai.com/gptbot)"
74.7.227.31 - - [15/May/2026:18:16:39 +0600] "GET /ploqe.php?path=//lib64/gtk-2.0 HTTP/1.1" 200 16670 "https://delimit-creesy.duckdns.org.handcraftbd.com/ploqe.php?path=//lib64" "Mozilla/5.0 AppleWebKit/537.36 (KHTML, like Gecko; compatible; GPTBot/1.3; +https://openai.com/gptbot)"
74.7.243.251 - - [15/May/2026:18:16:40 +0600] "GET /ayrtr.php?path=//etc/crypto-policies HTTP/1.1" 403 358 "https://www.delimit-creesy.duckdns.org.handcraftbd.com/ayrtr.php?path=//etc" "Mozilla/5.0 AppleWebKit/537.36 (KHTML, like Gecko; compatible; GPTBot/1.3; +https://openai.com/gptbot)"
74.7.227.31 - - [15/May/2026:18:16:40 +0600] "GET /ugczp.php?path=//lib64/gtk-2.0 HTTP/1.1" 200 16670 "https://delimit-creesy.duckdns.org.handcraftbd.com/ugczp.php?path=//lib64" "Mozilla/5.0 AppleWebKit/537.36 (KHTML, like Gecko; compatible; GPTBot/1.3; +https://openai.com/gptbot)"
74.7.243.251 - - [15/May/2026:18:16:40 +0600] "GET /ypbpk.php?path=//usr/include/libxml2 HTTP/1.1" 200 14072 "https://www.delimit-creesy.duckdns.org.handcraftbd.com/ypbpk.php?path=//usr/include" "Mozilla/5.0 AppleWebKit/537.36 (KHTML, like Gecko; compatible; GPTBot/1.3; +https://openai.com/gptbot)"
74.7.227.31 - - [15/May/2026:18:16:40 +0600] "GET /nncnj.php?path=//lib64/gtk-2.0 HTTP/1.1" 200 16670 "https://delimit-creesy.duckdns.org.handcraftbd.com/nncnj.php?path=//lib64" "Mozilla/5.0 AppleWebKit/537.36 (KHTML, like Gecko; compatible; GPTBot/1.3; +https://openai.com/gptbot)"
74.7.243.251 - - [15/May/2026:18:16:41 +0600] "GET /ypbpk.php?path=//opt/cloudlinux-linksafe HTTP/1.1" 200 14160 "https://www.delimit-creesy.duckdns.org.handcraftbd.com/ypbpk.php?path=//opt" "Mozilla/5.0 AppleWebKit/537.36 (KHTML, like Gecko; compatible; GPTBot/1.3; +https://openai.com/gptbot)"
74.7.227.31 - - [15/May/2026:18:16:41 +0600] "GET /zljqb.php?path=//proc/net/rpc HTTP/1.1" 200 12716 "https://delimit-creesy.duckdns.org.handcraftbd.com/zljqb.php?path=//proc/net" "Mozilla/5.0 AppleWebKit/537.36 (KHTML, like Gecko; compatible; GPTBot/1.3; +https://openai.com/gptbot)"
74.7.243.251 - - [15/May/2026:18:16:41 +0600] "GET /fodwn.php?path=//opt/cloudlinux-linksafe HTTP/1.1" 200 14160 "https://www.delimit-creesy.duckdns.org.handcraftbd.com/fodwn.php?path=//opt" "Mozilla/5.0 AppleWebKit/537.36 (KHTML, like Gecko; compatible; GPTBot/1.3; +https://openai.com/gptbot)"
74.7.227.31 - - [15/May/2026:18:16:42 +0600] "GET /ypbpk.php?fileloc=//lib/.build-id/db/8edb495c4ba4113d1a3570c1ec416cba0a754b&path=//lib/.build-id/db HTTP/1.1" 200 21615 "https://delimit-creesy.duckdns.org.handcraftbd.com/ypbpk.php?path=//lib/.build-id/db" "Mozilla/5.0 AppleWebKit/537.36 (KHTML, like Gecko; compatible; GPTBot/1.3; +https://openai.com/gptbot)"
74.7.243.251 - - [15/May/2026:18:16:42 +0600] "GET /ploqe.php?path=//opt/cloudlinux-linksafe HTTP/1.1" 200 14160 "https://www.delimit-creesy.duckdns.org.handcraftbd.com/ploqe.php?path=//opt" "Mozilla/5.0 AppleWebKit/537.36 (KHTML, like Gecko; compatible; GPTBot/1.3; +https://openai.com/gptbot)"
74.7.227.31 - - [15/May/2026:18:16:42 +0600] "GET /ugczp.php?fileloc=//usr/lib64/pkgconfig/xcb-dri2.pc&path=//usr/lib64/pkgconfig HTTP/1.1" 200 12544 "https://delimit-creesy.duckdns.org.handcraftbd.com/ugczp.php?path=//usr/lib64/pkgconfig" "Mozilla/5.0 AppleWebKit/537.36 (KHTML, like Gecko; compatible; GPTBot/1.3; +https://openai.com/gptbot)"
74.7.243.251 - - [15/May/2026:18:16:42 +0600] "GET /nncnj.php?path=//opt/cloudlinux-linksafe HTTP/1.1" 200 14160 "https://www.delimit-creesy.duckdns.org.handcraftbd.com/nncnj.php?path=//opt" "Mozilla/5.0 AppleWebKit/537.36 (KHTML, like Gecko; compatible; GPTBot/1.3; +https://openai.com/gptbot)"
74.7.227.31 - - [15/May/2026:18:16:43 +0600] "GET /ugczp.php?fileloc=//usr/lib64/pkgconfig/criu.pc&path=//usr/lib64/pkgconfig HTTP/1.1" 200 12515 "https://delimit-creesy.duckdns.org.handcraftbd.com/ugczp.php?path=//usr/lib64/pkgconfig" "Mozilla/5.0 AppleWebKit/537.36 (KHTML, like Gecko; compatible; GPTBot/1.3; +https://openai.com/gptbot)"
74.7.243.251 - - [15/May/2026:18:16:43 +0600] "GET /ypbpk.php?fileloc=//opt/fleetssl-cpanel/dynamicui_letsencrypt.conf&path=//opt/fleetssl-cpanel HTTP/1.1" 200 12620 "https://www.delimit-creesy.duckdns.org.handcraftbd.com/ypbpk.php?path=//opt/fleetssl-cpanel" "Mozilla/5.0 AppleWebKit/537.36 (KHTML, like Gecko; compatible; GPTBot/1.3; +https://openai.com/gptbot)"
74.7.227.31 - - [15/May/2026:18:16:43 +0600] "GET /ugczp.php?path=//run/net-snmp HTTP/1.1" 200 12684 "https://delimit-creesy.duckdns.org.handcraftbd.com/ugczp.php?path=//run" "Mozilla/5.0 AppleWebKit/537.36 (KHTML, like Gecko; compatible; GPTBot/1.3; +https://openai.com/gptbot)"
74.7.243.251 - - [15/May/2026:18:16:43 +0600] "GET /pgjtj.php?path=//opt/fleetssl-cpanel/status HTTP/1.1" 200 15786 "https://www.delimit-creesy.duckdns.org.handcraftbd.com/pgjtj.php?path=//opt/fleetssl-cpanel" "Mozilla/5.0 AppleWebKit/537.36 (KHTML, like Gecko; compatible; GPTBot/1.3; +https://openai.com/gptbot)"
74.7.227.31 - - [15/May/2026:18:16:44 +0600] "GET /ploqe.php?path=//run/net-snmp HTTP/1.1" 200 12684 "https://delimit-creesy.duckdns.org.handcraftbd.com/ploqe.php?path=//run" "Mozilla/5.0 AppleWebKit/537.36 (KHTML, like Gecko; compatible; GPTBot/1.3; +https://openai.com/gptbot)"
74.7.243.251 - - [15/May/2026:18:16:44 +0600] "GET /ypbpk.php?path=//opt/fleetssl-cpanel/status HTTP/1.1" 200 15786 "https://www.delimit-creesy.duckdns.org.handcraftbd.com/ypbpk.php?path=//opt/fleetssl-cpanel" "Mozilla/5.0 AppleWebKit/537.36 (KHTML, like Gecko; compatible; GPTBot/1.3; +https://openai.com/gptbot)"
74.7.227.31 - - [15/May/2026:18:16:44 +0600] "GET /xiewz.php?path=//opt/fleetssl-cpanel HTTP/1.1" 200 73575 "https://delimit-creesy.duckdns.org.handcraftbd.com/xiewz.php?path=//opt" "Mozilla/5.0 AppleWebKit/537.36 (KHTML, like Gecko; compatible; GPTBot/1.3; +https://openai.com/gptbot)"
74.7.243.251 - - [15/May/2026:18:16:45 +0600] "GET /ayrtr.php?path=//opt/fleetssl-cpanel/status HTTP/1.1" 200 15786 "https://www.delimit-creesy.duckdns.org.handcraftbd.com/ayrtr.php?path=//opt/fleetssl-cpanel" "Mozilla/5.0 AppleWebKit/537.36 (KHTML, like Gecko; compatible; GPTBot/1.3; +https://openai.com/gptbot)"
74.7.243.251 - - [15/May/2026:18:16:45 +0600] "GET /nncnj.php?fileloc=//opt/fleetssl-cpanel/jquery-1.12.4.min.js&path=//opt/fleetssl-cpanel HTTP/1.1" 200 128096 "https://www.delimit-creesy.duckdns.org.handcraftbd.com/nncnj.php?path=//opt/fleetssl-cpanel" "Mozilla/5.0 AppleWebKit/537.36 (KHTML, like Gecko; compatible; GPTBot/1.3; +https://openai.com/gptbot)"
74.7.227.31 - - [15/May/2026:18:16:45 +0600] "GET /cwjdw.php?path=//opt/fleetssl-cpanel HTTP/1.1" 200 73575 "https://delimit-creesy.duckdns.org.handcraftbd.com/cwjdw.php?path=//opt" "Mozilla/5.0 AppleWebKit/537.36 (KHTML, like Gecko; compatible; GPTBot/1.3; +https://openai.com/gptbot)"
74.7.227.31 - - [15/May/2026:18:16:46 +0600] "GET /nncnj.php?path=//etc/crypto-policies HTTP/1.1" 403 358 "https://delimit-creesy.duckdns.org.handcraftbd.com/nncnj.php?path=//etc" "Mozilla/5.0 AppleWebKit/537.36 (KHTML, like Gecko; compatible; GPTBot/1.3; +https://openai.com/gptbot)"
74.7.243.251 - - [15/May/2026:18:16:46 +0600] "GET /nncnj.php?path=//opt/fleetssl-cpanel/status HTTP/1.1" 200 15786 "https://www.delimit-creesy.duckdns.org.handcraftbd.com/nncnj.php?path=//opt/fleetssl-cpanel" "Mozilla/5.0 AppleWebKit/537.36 (KHTML, like Gecko; compatible; GPTBot/1.3; +https://openai.com/gptbot)"
74.7.227.31 - - [15/May/2026:18:16:47 +0600] "GET /cwjdw.php?path=//etc/crypto-policies HTTP/1.1" 403 358 "https://delimit-creesy.duckdns.org.handcraftbd.com/cwjdw.php?path=//etc" "Mozilla/5.0 AppleWebKit/537.36 (KHTML, like Gecko; compatible; GPTBot/1.3; +https://openai.com/gptbot)"
74.7.243.251 - - [15/May/2026:18:16:47 +0600] "GET /vlqcz.php?fileloc=//lib64/libuuid.so&path=//lib64 HTTP/1.1" 200 60650 "https://www.delimit-creesy.duckdns.org.handcraftbd.com/vlqcz.php?path=//lib64" "Mozilla/5.0 AppleWebKit/537.36 (KHTML, like Gecko; compatible; GPTBot/1.3; +https://openai.com/gptbot)"
74.7.227.31 - - [15/May/2026:18:16:47 +0600] "GET /vlqcz.php?path=//opt/fleetssl-cpanel HTTP/1.1" 200 73575 "https://delimit-creesy.duckdns.org.handcraftbd.com/vlqcz.php?path=//opt" "Mozilla/5.0 AppleWebKit/537.36 (KHTML, like Gecko; compatible; GPTBot/1.3; +https://openai.com/gptbot)"
74.7.243.251 - - [15/May/2026:18:16:47 +0600] "GET /fodwn.php?fileloc=//lib64/libxslt.so&path=//lib64 HTTP/1.1" 200 424793 "https://www.delimit-creesy.duckdns.org.handcraftbd.com/fodwn.php?path=//lib64" "Mozilla/5.0 AppleWebKit/537.36 (KHTML, like Gecko; compatible; GPTBot/1.3; +https://openai.com/gptbot)"
74.7.243.251 - - [15/May/2026:18:16:48 +0600] "GET /fodwn.php?fileloc=//opt/cloudlinux-linksafe/lib.sh&path=//opt/cloudlinux-linksafe HTTP/1.1" 200 12528 "https://www.delimit-creesy.duckdns.org.handcraftbd.com/fodwn.php?path=//opt/cloudlinux-linksafe" "Mozilla/5.0 AppleWebKit/537.36 (KHTML, like Gecko; compatible; GPTBot/1.3; +https://openai.com/gptbot)"
74.7.243.251 - - [15/May/2026:18:16:49 +0600] "GET /fodwn.php?fileloc=//lib64/libpamc.so&path=//lib64 HTTP/1.1" 200 33769 "https://www.delimit-creesy.duckdns.org.handcraftbd.com/fodwn.php?path=//lib64" "Mozilla/5.0 AppleWebKit/537.36 (KHTML, like Gecko; compatible; GPTBot/1.3; +https://openai.com/gptbot)"
74.7.227.31 - - [15/May/2026:18:16:49 +0600] "GET /xglja.php?path=//opt/fleetssl-cpanel HTTP/1.1" 200 73575 "https://delimit-creesy.duckdns.org.handcraftbd.com/xglja.php?path=//opt" "Mozilla/5.0 AppleWebKit/537.36 (KHTML, like Gecko; compatible; GPTBot/1.3; +https://openai.com/gptbot)"
74.7.243.251 - - [15/May/2026:18:16:49 +0600] "GET /cwjdw.php?path=//opt/imunify360/venv HTTP/1.1" 200 14071 "https://www.delimit-creesy.duckdns.org.handcraftbd.com/cwjdw.php?path=//opt/imunify360" "Mozilla/5.0 AppleWebKit/537.36 (KHTML, like Gecko; compatible; GPTBot/1.3; +https://openai.com/gptbot)"
74.7.227.31 - - [15/May/2026:18:16:50 +0600] "GET /vlqcz.php?path=//etc/crypto-policies HTTP/1.1" 403 358 "https://delimit-creesy.duckdns.org.handcraftbd.com/vlqcz.php?path=//etc" "Mozilla/5.0 AppleWebKit/537.36 (KHTML, like Gecko; compatible; GPTBot/1.3; +https://openai.com/gptbot)"
74.7.243.251 - - [15/May/2026:18:16:50 +0600] "GET /xglja.php?path=//opt/imunify360/venv HTTP/1.1" 200 14071 "https://www.delimit-creesy.duckdns.org.handcraftbd.com/xglja.php?path=//opt/imunify360" "Mozilla/5.0 AppleWebKit/537.36 (KHTML, like Gecko; compatible; GPTBot/1.3; +https://openai.com/gptbot)"
74.7.227.31 - - [15/May/2026:18:16:50 +0600] "GET /fodwn.php?path=//opt/fleetssl-cpanel HTTP/1.1" 200 73575 "https://delimit-creesy.duckdns.org.handcraftbd.com/fodwn.php?path=//opt" "Mozilla/5.0 AppleWebKit/537.36 (KHTML, like Gecko; compatible; GPTBot/1.3; +https://openai.com/gptbot)"
74.7.243.251 - - [15/May/2026:18:16:50 +0600] "GET /pgjtj.php?fileloc=//lib64/libonig.so.5.0.0&path=//lib64 HTTP/1.1" 200 825195 "https://www.delimit-creesy.duckdns.org.handcraftbd.com/pgjtj.php?path=//lib64" "Mozilla/5.0 AppleWebKit/537.36 (KHTML, like Gecko; compatible; GPTBot/1.3; +https://openai.com/gptbot)"
74.7.227.31 - - [15/May/2026:18:16:51 +0600] "GET /ypbpk.php?path=//etc/crypto-policies HTTP/1.1" 403 358 "https://delimit-creesy.duckdns.org.handcraftbd.com/ypbpk.php?path=//etc" "Mozilla/5.0 AppleWebKit/537.36 (KHTML, like Gecko; compatible; GPTBot/1.3; +https://openai.com/gptbot)"
74.7.227.31 - - [15/May/2026:18:16:51 +0600] "GET /ugczp.php?path=//etc/crypto-policies HTTP/1.1" 403 358 "https://delimit-creesy.duckdns.org.handcraftbd.com/ugczp.php?path=//etc" "Mozilla/5.0 AppleWebKit/537.36 (KHTML, like Gecko; compatible; GPTBot/1.3; +https://openai.com/gptbot)"
74.7.243.251 - - [15/May/2026:18:16:52 +0600] "GET /ploqe.php?fileloc=//lib64/libfuse.so.2.9.7&path=//lib64 HTTP/1.1" 200 375271 "https://www.delimit-creesy.duckdns.org.handcraftbd.com/ploqe.php?path=//lib64" "Mozilla/5.0 AppleWebKit/537.36 (KHTML, like Gecko; compatible; GPTBot/1.3; +https://openai.com/gptbot)"
74.7.227.31 - - [15/May/2026:18:16:52 +0600] "GET /pgjtj.php?path=//etc/crypto-policies HTTP/1.1" 403 358 "https://delimit-creesy.duckdns.org.handcraftbd.com/pgjtj.php?path=//etc" "Mozilla/5.0 AppleWebKit/537.36 (KHTML, like Gecko; compatible; GPTBot/1.3; +https://openai.com/gptbot)"
74.7.243.251 - - [15/May/2026:18:16:52 +0600] "GET /ypbpk.php?path=//lib/.build-id/bd HTTP/1.1" 200 25164 "https://www.delimit-creesy.duckdns.org.handcraftbd.com/ypbpk.php?path=//lib/.build-id" "Mozilla/5.0 AppleWebKit/537.36 (KHTML, like Gecko; compatible; GPTBot/1.3; +https://openai.com/gptbot)"
74.7.227.31 - - [15/May/2026:18:16:52 +0600] "GET /xiewz.php?path=//opt/fleetssl-cpanel/status HTTP/1.1" 200 15786 "https://delimit-creesy.duckdns.org.handcraftbd.com/xiewz.php?path=//opt/fleetssl-cpanel" "Mozilla/5.0 AppleWebKit/537.36 (KHTML, like Gecko; compatible; GPTBot/1.3; +https://openai.com/gptbot)"
74.7.243.251 - - [15/May/2026:18:16:53 +0600] "GET /ypbpk.php?path=//lib/.build-id/bb HTTP/1.1" 200 34507 "https://www.delimit-creesy.duckdns.org.handcraftbd.com/ypbpk.php?path=//lib/.build-id" "Mozilla/5.0 AppleWebKit/537.36 (KHTML, like Gecko; compatible; GPTBot/1.3; +https://openai.com/gptbot)"
74.7.227.31 - - [15/May/2026:18:16:53 +0600] "GET /cwjdw.php?fileloc=//opt/fleetssl-cpanel/vendor_email.en.ini&path=//opt/fleetssl-cpanel HTTP/1.1" 200 14439 "https://delimit-creesy.duckdns.org.handcraftbd.com/cwjdw.php?path=//opt/fleetssl-cpanel" "Mozilla/5.0 AppleWebKit/537.36 (KHTML, like Gecko; compatible; GPTBot/1.3; +https://openai.com/gptbot)"
74.7.243.251 - - [15/May/2026:18:16:53 +0600] "GET /ypbpk.php?path=//lib/.build-id/db HTTP/1.1" 200 36062 "https://www.delimit-creesy.duckdns.org.handcraftbd.com/ypbpk.php?path=//lib/.build-id" "Mozilla/5.0 AppleWebKit/537.36 (KHTML, like Gecko; compatible; GPTBot/1.3; +https://openai.com/gptbot)"
74.7.227.31 - - [15/May/2026:18:16:53 +0600] "GET /cwjdw.php?path=//opt/fleetssl-cpanel/status HTTP/1.1" 200 15786 "https://delimit-creesy.duckdns.org.handcraftbd.com/cwjdw.php?path=//opt/fleetssl-cpanel" "Mozilla/5.0 AppleWebKit/537.36 (KHTML, like Gecko; compatible; GPTBot/1.3; +https://openai.com/gptbot)"
74.7.243.251 - - [15/May/2026:18:16:54 +0600] "GET /ypbpk.php?path=//lib/.build-id/dd HTTP/1.1" 200 29831 "https://www.delimit-creesy.duckdns.org.handcraftbd.com/ypbpk.php?path=//lib/.build-id" "Mozilla/5.0 AppleWebKit/537.36 (KHTML, like Gecko; compatible; GPTBot/1.3; +https://openai.com/gptbot)"
74.7.227.31 - - [15/May/2026:18:16:54 +0600] "GET /xiewz.php?path=//etc/crypto-policies HTTP/1.1" 403 358 "https://delimit-creesy.duckdns.org.handcraftbd.com/xiewz.php?path=//etc" "Mozilla/5.0 AppleWebKit/537.36 (KHTML, like Gecko; compatible; GPTBot/1.3; +https://openai.com/gptbot)"
74.7.243.251 - - [15/May/2026:18:16:54 +0600] "GET /ypbpk.php?path=//usr/include/netax25 HTTP/1.1" 200 14170 "https://www.delimit-creesy.duckdns.org.handcraftbd.com/ypbpk.php?path=//usr/include" "Mozilla/5.0 AppleWebKit/537.36 (KHTML, like Gecko; compatible; GPTBot/1.3; +https://openai.com/gptbot)"
74.7.227.31 - - [15/May/2026:18:16:55 +0600] "GET /vlqcz.php?fileloc=//opt/fleetssl-cpanel/EULA&path=//opt/fleetssl-cpanel HTTP/1.1" 200 15261 "https://delimit-creesy.duckdns.org.handcraftbd.com/vlqcz.php?path=//opt/fleetssl-cpanel" "Mozilla/5.0 AppleWebKit/537.36 (KHTML, like Gecko; compatible; GPTBot/1.3; +https://openai.com/gptbot)"
74.7.243.251 - - [15/May/2026:18:16:55 +0600] "GET /ypbpk.php?path=//usr/include/event2 HTTP/1.1" 200 52086 "https://www.delimit-creesy.duckdns.org.handcraftbd.com/ypbpk.php?path=//usr/include" "Mozilla/5.0 AppleWebKit/537.36 (KHTML, like Gecko; compatible; GPTBot/1.3; +https://openai.com/gptbot)"
74.7.227.31 - - [15/May/2026:18:16:55 +0600] "GET /xglja.php?fileloc=//opt/fleetssl-cpanel/EULA&path=//opt/fleetssl-cpanel HTTP/1.1" 200 15261 "https://delimit-creesy.duckdns.org.handcraftbd.com/xglja.php?path=//opt/fleetssl-cpanel" "Mozilla/5.0 AppleWebKit/537.36 (KHTML, like Gecko; compatible; GPTBot/1.3; +https://openai.com/gptbot)"
74.7.243.251 - - [15/May/2026:18:16:55 +0600] "GET /ypbpk.php?path=//usr/include/finclude HTTP/1.1" 200 14236 "https://www.delimit-creesy.duckdns.org.handcraftbd.com/ypbpk.php?path=//usr/include" "Mozilla/5.0 AppleWebKit/537.36 (KHTML, like Gecko; compatible; GPTBot/1.3; +https://openai.com/gptbot)"
74.7.227.31 - - [15/May/2026:18:16:56 +0600] "GET /xglja.php?fileloc=//opt/fleetssl-cpanel/jquery-1.12.4.min.js&path=//opt/fleetssl-cpanel HTTP/1.1" 200 128096 "https://delimit-creesy.duckdns.org.handcraftbd.com/xglja.php?path=//opt/fleetssl-cpanel" "Mozilla/5.0 AppleWebKit/537.36 (KHTML, like Gecko; compatible; GPTBot/1.3; +https://openai.com/gptbot)"
74.7.243.251 - - [15/May/2026:18:16:56 +0600] "GET /ayrtr.php?path=//lib64/sw HTTP/1.1" 200 21324 "https://www.delimit-creesy.duckdns.org.handcraftbd.com/ayrtr.php?path=//lib64" "Mozilla/5.0 AppleWebKit/537.36 (KHTML, like Gecko; compatible; GPTBot/1.3; +https://openai.com/gptbot)"
74.7.243.251 - - [15/May/2026:18:16:56 +0600] "GET /ugczp.php?path=//lib64/sa HTTP/1.1" 200 16828 "https://www.delimit-creesy.duckdns.org.handcraftbd.com/ugczp.php?path=//lib64" "Mozilla/5.0 AppleWebKit/537.36 (KHTML, like Gecko; compatible; GPTBot/1.3; +https://openai.com/gptbot)"
74.7.243.251 - - [15/May/2026:18:16:57 +0600] "GET /ploqe.php?path=//lib64/sw HTTP/1.1" 200 21324 "https://www.delimit-creesy.duckdns.org.handcraftbd.com/ploqe.php?path=//lib64" "Mozilla/5.0 AppleWebKit/537.36 (KHTML, like Gecko; compatible; GPTBot/1.3; +https://openai.com/gptbot)"
74.7.227.31 - - [15/May/2026:18:16:57 +0600] "GET /fodwn.php?fileloc=//opt/fleetssl-cpanel/vendor_theme_paper_lantern_header.html&path=//opt/fleetssl-cpanel HTTP/1.1" 200 13468 "https://delimit-creesy.duckdns.org.handcraftbd.com/fodwn.php?path=//opt/fleetssl-cpanel" "Mozilla/5.0 AppleWebKit/537.36 (KHTML, like Gecko; compatible; GPTBot/1.3; +https://openai.com/gptbot)"
74.7.243.251 - - [15/May/2026:18:16:58 +0600] "GET /zljqb.php?path=//lib64/sa HTTP/1.1" 200 16828 "https://www.delimit-creesy.duckdns.org.handcraftbd.com/zljqb.php?path=//lib64" "Mozilla/5.0 AppleWebKit/537.36 (KHTML, like Gecko; compatible; GPTBot/1.3; +https://openai.com/gptbot)"
74.7.227.31 - - [15/May/2026:18:16:58 +0600] "GET /fodwn.php?fileloc=//opt/fleetssl-cpanel/vendor_reinstall.html&path=//opt/fleetssl-cpanel HTTP/1.1" 200 14713 "https://delimit-creesy.duckdns.org.handcraftbd.com/fodwn.php?path=//opt/fleetssl-cpanel" "Mozilla/5.0 AppleWebKit/537.36 (KHTML, like Gecko; compatible; GPTBot/1.3; +https://openai.com/gptbot)"
74.7.243.251 - - [15/May/2026:18:16:58 +0600] "GET /ypbpk.php?fileloc=//lib/.build-id/bd/4040557cdf37452ae3027bdb3a62db6f4bb580&path=//lib/.build-id/bd HTTP/1.1" 200 85119 "https://www.delimit-creesy.duckdns.org.handcraftbd.com/ypbpk.php?path=//lib/.build-id/bd" "Mozilla/5.0 AppleWebKit/537.36 (KHTML, like Gecko; compatible; GPTBot/1.3; +https://openai.com/gptbot)"
74.7.227.31 - - [15/May/2026:18:16:58 +0600] "GET /fodwn.php?fileloc=//opt/fleetssl-cpanel/uninstall.sh&path=//opt/fleetssl-cpanel HTTP/1.1" 200 14529 "https://delimit-creesy.duckdns.org.handcraftbd.com/fodwn.php?path=//opt/fleetssl-cpanel" "Mozilla/5.0 AppleWebKit/537.36 (KHTML, like Gecko; compatible; GPTBot/1.3; +https://openai.com/gptbot)"
74.7.227.31 - - [15/May/2026:18:16:59 +0600] "GET /fodwn.php?path=//opt/fleetssl-cpanel/status HTTP/1.1" 200 15786 "https://delimit-creesy.duckdns.org.handcraftbd.com/fodwn.php?path=//opt/fleetssl-cpanel" "Mozilla/5.0 AppleWebKit/537.36 (KHTML, like Gecko; compatible; GPTBot/1.3; +https://openai.com/gptbot)"
74.7.243.251 - - [15/May/2026:18:16:59 +0600] "GET /zljqb.php?fileloc=//bin/libnetcfg&path=//bin HTTP/1.1" 200 29585 "https://www.delimit-creesy.duckdns.org.handcraftbd.com/zljqb.php?path=//bin" "Mozilla/5.0 AppleWebKit/537.36 (KHTML, like Gecko; compatible; GPTBot/1.3; +https://openai.com/gptbot)"
74.7.227.31 - - [15/May/2026:18:16:59 +0600] "GET /xglja.php?path=//opt/fleetssl-cpanel/status HTTP/1.1" 200 15786 "https://delimit-creesy.duckdns.org.handcraftbd.com/xglja.php?path=//opt/fleetssl-cpanel" "Mozilla/5.0 AppleWebKit/537.36 (KHTML, like Gecko; compatible; GPTBot/1.3; +https://openai.com/gptbot)"
74.7.243.251 - - [15/May/2026:18:16:59 +0600] "GET /cwjdw.php?fileloc=//bin/libnetcfg&path=//bin HTTP/1.1" 200 29585 "https://www.delimit-creesy.duckdns.org.handcraftbd.com/cwjdw.php?path=//bin" "Mozilla/5.0 AppleWebKit/537.36 (KHTML, like Gecko; compatible; GPTBot/1.3; +https://openai.com/gptbot)"
74.7.227.31 - - [15/May/2026:18:17:00 +0600] "GET /vlqcz.php?path=//opt/fleetssl-cpanel/status HTTP/1.1" 200 15786 "https://delimit-creesy.duckdns.org.handcraftbd.com/vlqcz.php?path=//opt/fleetssl-cpanel" "Mozilla/5.0 AppleWebKit/537.36 (KHTML, like Gecko; compatible; GPTBot/1.3; +https://openai.com/gptbot)"
74.7.243.251 - - [15/May/2026:18:17:00 +0600] "GET /ugczp.php?path=//lib64/gtk-2.0 HTTP/1.1" 200 16670 "https://www.delimit-creesy.duckdns.org.handcraftbd.com/ugczp.php?path=//lib64" "Mozilla/5.0 AppleWebKit/537.36 (KHTML, like Gecko; compatible; GPTBot/1.3; +https://openai.com/gptbot)"
74.7.227.31 - - [15/May/2026:18:17:00 +0600] "GET /zljqb.php?path=//opt/fleetssl-cpanel HTTP/1.1" 200 73575 "https://delimit-creesy.duckdns.org.handcraftbd.com/zljqb.php?path=//opt" "Mozilla/5.0 AppleWebKit/537.36 (KHTML, like Gecko; compatible; GPTBot/1.3; +https://openai.com/gptbot)"
74.7.243.251 - - [15/May/2026:18:17:00 +0600] "GET /zljqb.php?path=//lib64/gtk-2.0 HTTP/1.1" 200 16670 "https://www.delimit-creesy.duckdns.org.handcraftbd.com/zljqb.php?path=//lib64" "Mozilla/5.0 AppleWebKit/537.36 (KHTML, like Gecko; compatible; GPTBot/1.3; +https://openai.com/gptbot)"
74.7.243.251 - - [15/May/2026:18:17:01 +0600] "GET /nncnj.php?path=//lib64/gtk-2.0 HTTP/1.1" 200 16670 "https://www.delimit-creesy.duckdns.org.handcraftbd.com/nncnj.php?path=//lib64" "Mozilla/5.0 AppleWebKit/537.36 (KHTML, like Gecko; compatible; GPTBot/1.3; +https://openai.com/gptbot)"
74.7.227.31 - - [15/May/2026:18:17:01 +0600] "GET /ugczp.php?path=//opt/fleetssl-cpanel HTTP/1.1" 200 73575 "https://delimit-creesy.duckdns.org.handcraftbd.com/ugczp.php?path=//opt" "Mozilla/5.0 AppleWebKit/537.36 (KHTML, like Gecko; compatible; GPTBot/1.3; +https://openai.com/gptbot)"
74.7.243.251 - - [15/May/2026:18:17:02 +0600] "GET /ploqe.php?path=//lib64/gtk-2.0 HTTP/1.1" 200 16670 "https://www.delimit-creesy.duckdns.org.handcraftbd.com/ploqe.php?path=//lib64" "Mozilla/5.0 AppleWebKit/537.36 (KHTML, like Gecko; compatible; GPTBot/1.3; +https://openai.com/gptbot)"
74.7.243.251 - - [15/May/2026:18:17:02 +0600] "GET /ugczp.php?path=//run/net-snmp HTTP/1.1" 200 12684 "https://www.delimit-creesy.duckdns.org.handcraftbd.com/ugczp.php?path=//run" "Mozilla/5.0 AppleWebKit/537.36 (KHTML, like Gecko; compatible; GPTBot/1.3; +https://openai.com/gptbot)"
74.7.227.31 - - [15/May/2026:18:17:02 +0600] "GET /ayrtr.php?path=//etc/alternatives HTTP/1.1" 403 358 "https://delimit-creesy.duckdns.org.handcraftbd.com/ayrtr.php?path=//etc" "Mozilla/5.0 AppleWebKit/537.36 (KHTML, like Gecko; compatible; GPTBot/1.3; +https://openai.com/gptbot)"
74.7.243.251 - - [15/May/2026:18:17:03 +0600] "GET /zljqb.php?path=//proc/net/rpc HTTP/1.1" 200 12716 "https://www.delimit-creesy.duckdns.org.handcraftbd.com/zljqb.php?path=//proc/net" "Mozilla/5.0 AppleWebKit/537.36 (KHTML, like Gecko; compatible; GPTBot/1.3; +https://openai.com/gptbot)"
74.7.227.31 - - [15/May/2026:18:17:03 +0600] "GET /nncnj.php?path=//etc/alternatives HTTP/1.1" 403 358 "https://delimit-creesy.duckdns.org.handcraftbd.com/nncnj.php?path=//etc" "Mozilla/5.0 AppleWebKit/537.36 (KHTML, like Gecko; compatible; GPTBot/1.3; +https://openai.com/gptbot)"
74.7.243.251 - - [15/May/2026:18:17:03 +0600] "GET /ploqe.php?path=//run/net-snmp HTTP/1.1" 200 12684 "https://www.delimit-creesy.duckdns.org.handcraftbd.com/ploqe.php?path=//run" "Mozilla/5.0 AppleWebKit/537.36 (KHTML, like Gecko; compatible; GPTBot/1.3; +https://openai.com/gptbot)"
74.7.227.31 - - [15/May/2026:18:17:03 +0600] "GET /ugczp.php?path=//lib64/libnfsidmap HTTP/1.1" 200 18479 "https://delimit-creesy.duckdns.org.handcraftbd.com/ugczp.php?path=//lib64" "Mozilla/5.0 AppleWebKit/537.36 (KHTML, like Gecko; compatible; GPTBot/1.3; +https://openai.com/gptbot)"
74.7.243.251 - - [15/May/2026:18:17:04 +0600] "GET /cwjdw.php?path=//opt/fleetssl-cpanel HTTP/1.1" 200 73575 "https://www.delimit-creesy.duckdns.org.handcraftbd.com/cwjdw.php?path=//opt" "Mozilla/5.0 AppleWebKit/537.36 (KHTML, like Gecko; compatible; GPTBot/1.3; +https://openai.com/gptbot)"
74.7.227.31 - - [15/May/2026:18:17:04 +0600] "GET /xiewz.php?path=//lib64/libnfsidmap HTTP/1.1" 200 18479 "https://delimit-creesy.duckdns.org.handcraftbd.com/xiewz.php?path=//lib64" "Mozilla/5.0 AppleWebKit/537.36 (KHTML, like Gecko; compatible; GPTBot/1.3; +https://openai.com/gptbot)"
74.7.227.31 - - [15/May/2026:18:17:04 +0600] "GET /cwjdw.php?path=//lib64/libnfsidmap HTTP/1.1" 200 18479 "https://delimit-creesy.duckdns.org.handcraftbd.com/cwjdw.php?path=//lib64" "Mozilla/5.0 AppleWebKit/537.36 (KHTML, like Gecko; compatible; GPTBot/1.3; +https://openai.com/gptbot)"
74.7.243.251 - - [15/May/2026:18:17:05 +0600] "GET /ypbpk.php?path=//usr/include/ncurses HTTP/1.1" 200 41691 "https://www.delimit-creesy.duckdns.org.handcraftbd.com/ypbpk.php?path=//usr/include" "Mozilla/5.0 AppleWebKit/537.36 (KHTML, like Gecko; compatible; GPTBot/1.3; +https://openai.com/gptbot)"
74.7.227.31 - - [15/May/2026:18:17:05 +0600] "GET /vlqcz.php?path=//lib64/libnfsidmap HTTP/1.1" 200 18479 "https://delimit-creesy.duckdns.org.handcraftbd.com/vlqcz.php?path=//lib64" "Mozilla/5.0 AppleWebKit/537.36 (KHTML, like Gecko; compatible; GPTBot/1.3; +https://openai.com/gptbot)"
74.7.243.251 - - [15/May/2026:18:17:05 +0600] "GET /vlqcz.php?path=//opt/fleetssl-cpanel HTTP/1.1" 200 73575 "https://www.delimit-creesy.duckdns.org.handcraftbd.com/vlqcz.php?path=//opt" "Mozilla/5.0 AppleWebKit/537.36 (KHTML, like Gecko; compatible; GPTBot/1.3; +https://openai.com/gptbot)"
74.7.227.31 - - [15/May/2026:18:17:05 +0600] "GET /vlqcz.php?path=//lib64/gtk-2.0 HTTP/1.1" 200 16670 "https://delimit-creesy.duckdns.org.handcraftbd.com/vlqcz.php?path=//lib64" "Mozilla/5.0 AppleWebKit/537.36 (KHTML, like Gecko; compatible; GPTBot/1.3; +https://openai.com/gptbot)"
74.7.243.251 - - [15/May/2026:18:17:06 +0600] "GET /pgjtj.php?path=//etc/crypto-policies HTTP/1.1" 403 358 "https://www.delimit-creesy.duckdns.org.handcraftbd.com/pgjtj.php?path=//etc" "Mozilla/5.0 AppleWebKit/537.36 (KHTML, like Gecko; compatible; GPTBot/1.3; +https://openai.com/gptbot)"
74.7.227.31 - - [15/May/2026:18:17:06 +0600] "GET /xiewz.php?path=//lib64/gtk-2.0 HTTP/1.1" 200 16670 "https://delimit-creesy.duckdns.org.handcraftbd.com/xiewz.php?path=//lib64" "Mozilla/5.0 AppleWebKit/537.36 (KHTML, like Gecko; compatible; GPTBot/1.3; +https://openai.com/gptbot)"
74.7.243.251 - - [15/May/2026:18:17:06 +0600] "GET /zljqb.php?path=//opt/fleetssl-cpanel HTTP/1.1" 200 73575 "https://www.delimit-creesy.duckdns.org.handcraftbd.com/zljqb.php?path=//opt" "Mozilla/5.0 AppleWebKit/537.36 (KHTML, like Gecko; compatible; GPTBot/1.3; +https://openai.com/gptbot)"
74.7.227.31 - - [15/May/2026:18:17:07 +0600] "GET /cwjdw.php?path=//lib64/gtk-2.0 HTTP/1.1" 200 16670 "https://delimit-creesy.duckdns.org.handcraftbd.com/cwjdw.php?path=//lib64" "Mozilla/5.0 AppleWebKit/537.36 (KHTML, like Gecko; compatible; GPTBot/1.3; +https://openai.com/gptbot)"
74.7.243.251 - - [15/May/2026:18:17:07 +0600] "GET /fodwn.php?path=//opt/fleetssl-cpanel HTTP/1.1" 200 73575 "https://www.delimit-creesy.duckdns.org.handcraftbd.com/fodwn.php?path=//opt" "Mozilla/5.0 AppleWebKit/537.36 (KHTML, like Gecko; compatible; GPTBot/1.3; +https://openai.com/gptbot)"
74.7.227.31 - - [15/May/2026:18:17:07 +0600] "GET /zljqb.php?path=//opt/fleetssl-cpanel/status HTTP/1.1" 200 15786 "https://delimit-creesy.duckdns.org.handcraftbd.com/zljqb.php?path=//opt/fleetssl-cpanel" "Mozilla/5.0 AppleWebKit/537.36 (KHTML, like Gecko; compatible; GPTBot/1.3; +https://openai.com/gptbot)"
74.7.243.251 - - [15/May/2026:18:17:07 +0600] "GET /ugczp.php?path=//opt/fleetssl-cpanel HTTP/1.1" 200 73575 "https://www.delimit-creesy.duckdns.org.handcraftbd.com/ugczp.php?path=//opt" "Mozilla/5.0 AppleWebKit/537.36 (KHTML, like Gecko; compatible; GPTBot/1.3; +https://openai.com/gptbot)"
74.7.227.31 - - [15/May/2026:18:17:08 +0600] "GET /ugczp.php?path=//usr/lib64/gssproxy HTTP/1.1" 200 14188 "https://delimit-creesy.duckdns.org.handcraftbd.com/ugczp.php?path=//usr/lib64" "Mozilla/5.0 AppleWebKit/537.36 (KHTML, like Gecko; compatible; GPTBot/1.3; +https://openai.com/gptbot)"
74.7.243.251 - - [15/May/2026:18:17:08 +0600] "GET /ypbpk.php?path=//usr/libexec/openssh HTTP/1.1" 200 14192 "https://www.delimit-creesy.duckdns.org.handcraftbd.com/ypbpk.php?path=//usr/libexec" "Mozilla/5.0 AppleWebKit/537.36 (KHTML, like Gecko; compatible; GPTBot/1.3; +https://openai.com/gptbot)"
74.7.243.251 - - [15/May/2026:18:17:08 +0600] "GET /cwjdw.php?path=//etc/crypto-policies HTTP/1.1" 403 358 "https://www.delimit-creesy.duckdns.org.handcraftbd.com/cwjdw.php?path=//etc" "Mozilla/5.0 AppleWebKit/537.36 (KHTML, like Gecko; compatible; GPTBot/1.3; +https://openai.com/gptbot)"
74.7.227.31 - - [15/May/2026:18:17:09 +0600] "GET /ugczp.php?path=//opt/fleetssl-cpanel/status HTTP/1.1" 200 15786 "https://delimit-creesy.duckdns.org.handcraftbd.com/ugczp.php?path=//opt/fleetssl-cpanel" "Mozilla/5.0 AppleWebKit/537.36 (KHTML, like Gecko; compatible; GPTBot/1.3; +https://openai.com/gptbot)"
74.7.243.251 - - [15/May/2026:18:17:09 +0600] "GET /ypbpk.php?path=//usr/include/openssl HTTP/1.1" 200 167279 "https://www.delimit-creesy.duckdns.org.handcraftbd.com/ypbpk.php?path=//usr/include" "Mozilla/5.0 AppleWebKit/537.36 (KHTML, like Gecko; compatible; GPTBot/1.3; +https://openai.com/gptbot)"
74.7.227.31 - - [15/May/2026:18:17:09 +0600] "GET /ugczp.php?path=//usr/lib64/hmaccalc HTTP/1.1" 200 20070 "https://delimit-creesy.duckdns.org.handcraftbd.com/ugczp.php?path=//usr/lib64" "Mozilla/5.0 AppleWebKit/537.36 (KHTML, like Gecko; compatible; GPTBot/1.3; +https://openai.com/gptbot)"
74.7.227.31 - - [15/May/2026:18:17:10 +0600] "GET /ugczp.php?path=//usr/lib64/plymouth HTTP/1.1" 200 18413 "https://delimit-creesy.duckdns.org.handcraftbd.com/ugczp.php?path=//usr/lib64" "Mozilla/5.0 AppleWebKit/537.36 (KHTML, like Gecko; compatible; GPTBot/1.3; +https://openai.com/gptbot)"
74.7.243.251 - - [15/May/2026:18:17:10 +0600] "GET /ugczp.php?path=//etc/crypto-policies HTTP/1.1" 403 358 "https://www.delimit-creesy.duckdns.org.handcraftbd.com/ugczp.php?path=//etc" "Mozilla/5.0 AppleWebKit/537.36 (KHTML, like Gecko; compatible; GPTBot/1.3; +https://openai.com/gptbot)"
74.7.243.251 - - [15/May/2026:18:17:10 +0600] "GET /cwjdw.php?path=//opt/fleetssl-cpanel/status HTTP/1.1" 200 15786 "https://www.delimit-creesy.duckdns.org.handcraftbd.com/cwjdw.php?path=//opt/fleetssl-cpanel" "Mozilla/5.0 AppleWebKit/537.36 (KHTML, like Gecko; compatible; GPTBot/1.3; +https://openai.com/gptbot)"
74.7.227.31 - - [15/May/2026:18:17:10 +0600] "GET /ugczp.php?path=//usr/lib64/graphviz HTTP/1.1" 200 44336 "https://delimit-creesy.duckdns.org.handcraftbd.com/ugczp.php?path=//usr/lib64" "Mozilla/5.0 AppleWebKit/537.36 (KHTML, like Gecko; compatible; GPTBot/1.3; +https://openai.com/gptbot)"
74.7.243.251 - - [15/May/2026:18:17:11 +0600] "GET /xglja.php?path=//opt/fleetssl-cpanel HTTP/1.1" 200 73575 "https://www.delimit-creesy.duckdns.org.handcraftbd.com/xglja.php?path=//opt" "Mozilla/5.0 AppleWebKit/537.36 (KHTML, like Gecko; compatible; GPTBot/1.3; +https://openai.com/gptbot)"
74.7.227.31 - - [15/May/2026:18:17:11 +0600] "GET /ugczp.php?path=//usr/lib64/security HTTP/1.1" 200 104959 "https://delimit-creesy.duckdns.org.handcraftbd.com/ugczp.php?path=//usr/lib64" "Mozilla/5.0 AppleWebKit/537.36 (KHTML, like Gecko; compatible; GPTBot/1.3; +https://openai.com/gptbot)"
74.7.243.251 - - [15/May/2026:18:17:11 +0600] "GET /vlqcz.php?path=//opt/fleetssl-cpanel/status HTTP/1.1" 200 15786 "https://www.delimit-creesy.duckdns.org.handcraftbd.com/vlqcz.php?path=//opt/fleetssl-cpanel" "Mozilla/5.0 AppleWebKit/537.36 (KHTML, like Gecko; compatible; GPTBot/1.3; +https://openai.com/gptbot)"
74.7.227.31 - - [15/May/2026:18:17:12 +0600] "GET /zljqb.php?path=//opt/app-version-detector HTTP/1.1" 200 15802 "https://delimit-creesy.duckdns.org.handcraftbd.com/zljqb.php?path=//opt" "Mozilla/5.0 AppleWebKit/537.36 (KHTML, like Gecko; compatible; GPTBot/1.3; +https://openai.com/gptbot)"
74.7.243.251 - - [15/May/2026:18:17:12 +0600] "GET /nncnj.php?path=//etc/crypto-policies HTTP/1.1" 403 358 "https://www.delimit-creesy.duckdns.org.handcraftbd.com/nncnj.php?path=//etc" "Mozilla/5.0 AppleWebKit/537.36 (KHTML, like Gecko; compatible; GPTBot/1.3; +https://openai.com/gptbot)"
74.7.227.31 - - [15/May/2026:18:17:12 +0600] "GET /fodwn.php?path=//etc/environment-modules HTTP/1.1" 403 358 "https://delimit-creesy.duckdns.org.handcraftbd.com/fodwn.php?path=//etc" "Mozilla/5.0 AppleWebKit/537.36 (KHTML, like Gecko; compatible; GPTBot/1.3; +https://openai.com/gptbot)"
