74.7.243.251 - - [15/May/2026:18:18:10 +0600] "GET /pgjtj.php?path=//lib64/gtk-2.0 HTTP/1.1" 200 16670 "https://www.delimit-creesy.duckdns.org.handcraftbd.com/pgjtj.php?path=//lib64" "Mozilla/5.0 AppleWebKit/537.36 (KHTML, like Gecko; compatible; GPTBot/1.3; +https://openai.com/gptbot)"
74.7.227.31 - - [15/May/2026:18:18:11 +0600] "GET /nncnj.php?fileloc=//lib64/xtables/libxt_esp.so&path=//lib64/xtables HTTP/1.1" 200 26197 "https://delimit-creesy.duckdns.org.handcraftbd.com/nncnj.php?path=//lib64/xtables" "Mozilla/5.0 AppleWebKit/537.36 (KHTML, like Gecko; compatible; GPTBot/1.3; +https://openai.com/gptbot)"
74.7.243.251 - - [15/May/2026:18:18:11 +0600] "GET /ploqe.php?fileloc=//bin/dnstap-read&path=//bin HTTP/1.1" 200 37760 "https://www.delimit-creesy.duckdns.org.handcraftbd.com/ploqe.php?path=//bin" "Mozilla/5.0 AppleWebKit/537.36 (KHTML, like Gecko; compatible; GPTBot/1.3; +https://openai.com/gptbot)"
74.7.227.31 - - [15/May/2026:18:18:11 +0600] "GET /nncnj.php?fileloc=//lib64/xtables/libxt_conntrack.so&path=//lib64/xtables HTTP/1.1" 200 59071 "https://delimit-creesy.duckdns.org.handcraftbd.com/nncnj.php?path=//lib64/xtables" "Mozilla/5.0 AppleWebKit/537.36 (KHTML, like Gecko; compatible; GPTBot/1.3; +https://openai.com/gptbot)"
74.7.243.251 - - [15/May/2026:18:17:59 +0600] "GET /xiewz.php?path=//lib64/sw HTTP/1.1" 200 21324 "https://www.delimit-creesy.duckdns.org.handcraftbd.com/xiewz.php?path=//lib64" "Mozilla/5.0 AppleWebKit/537.36 (KHTML, like Gecko; compatible; GPTBot/1.3; +https://openai.com/gptbot)"
74.7.243.251 - - [15/May/2026:18:18:00 +0600] "GET /cwjdw.php?path=//lib64/sw HTTP/1.1" 200 21324 "https://www.delimit-creesy.duckdns.org.handcraftbd.com/cwjdw.php?path=//lib64" "Mozilla/5.0 AppleWebKit/537.36 (KHTML, like Gecko; compatible; GPTBot/1.3; +https://openai.com/gptbot)"
74.7.243.251 - - [15/May/2026:18:18:00 +0600] "GET /ypbpk.php?fileloc=//lib64/libpaper.so.1&path=//lib64 HTTP/1.1" 200 34735 "https://www.delimit-creesy.duckdns.org.handcraftbd.com/ypbpk.php?path=//lib64" "Mozilla/5.0 AppleWebKit/537.36 (KHTML, like Gecko; compatible; GPTBot/1.3; +https://openai.com/gptbot)"
74.7.227.31 - - [15/May/2026:18:18:01 +0600] "GET /fodwn.php?fileloc=//proc/net/dev&path=//proc/net HTTP/1.1" 200 13106 "https://delimit-creesy.duckdns.org.handcraftbd.com/fodwn.php?path=//proc/net" "Mozilla/5.0 AppleWebKit/537.36 (KHTML, like Gecko; compatible; GPTBot/1.3; +https://openai.com/gptbot)"
74.7.243.251 - - [15/May/2026:18:18:01 +0600] "GET /xglja.php?fileloc=//lib64/libglapi.so.0&path=//lib64 HTTP/1.1" 200 307987 "https://www.delimit-creesy.duckdns.org.handcraftbd.com/xglja.php?path=//lib64" "Mozilla/5.0 AppleWebKit/537.36 (KHTML, like Gecko; compatible; GPTBot/1.3; +https://openai.com/gptbot)"
74.7.227.31 - - [15/May/2026:18:18:01 +0600] "GET /nncnj.php?path=//lib64/xtables HTTP/1.1" 200 195505 "https://delimit-creesy.duckdns.org.handcraftbd.com/nncnj.php?path=//lib64" "Mozilla/5.0 AppleWebKit/537.36 (KHTML, like Gecko; compatible; GPTBot/1.3; +https://openai.com/gptbot)"
74.7.243.251 - - [15/May/2026:18:18:02 +0600] "GET /xiewz.php?path=//home3 HTTP/1.1" 200 12644 "https://www.delimit-creesy.duckdns.org.handcraftbd.com/xiewz.php?path=/" "Mozilla/5.0 AppleWebKit/537.36 (KHTML, like Gecko; compatible; GPTBot/1.3; +https://openai.com/gptbot)"
74.7.243.251 - - [15/May/2026:18:18:12 +0600] "GET /fodwn.php?fileloc=//bin/dnstap-read&path=//bin HTTP/1.1" 200 37760 "https://www.delimit-creesy.duckdns.org.handcraftbd.com/fodwn.php?path=//bin" "Mozilla/5.0 AppleWebKit/537.36 (KHTML, like Gecko; compatible; GPTBot/1.3; +https://openai.com/gptbot)"
74.7.227.31 - - [15/May/2026:18:18:12 +0600] "GET /pgjtj.php?fileloc=//lib64/rsyslog/imtcp.so&path=//lib64/rsyslog HTTP/1.1" 200 46403 "https://delimit-creesy.duckdns.org.handcraftbd.com/pgjtj.php?path=//lib64/rsyslog" "Mozilla/5.0 AppleWebKit/537.36 (KHTML, like Gecko; compatible; GPTBot/1.3; +https://openai.com/gptbot)"
74.7.243.251 - - [15/May/2026:18:18:12 +0600] "GET /ypbpk.php?fileloc=//bin/dnstap-read&path=//bin HTTP/1.1" 200 37760 "https://www.delimit-creesy.duckdns.org.handcraftbd.com/ypbpk.php?path=//bin" "Mozilla/5.0 AppleWebKit/537.36 (KHTML, like Gecko; compatible; GPTBot/1.3; +https://openai.com/gptbot)"
74.7.227.31 - - [15/May/2026:18:18:12 +0600] "GET /ayrtr.php?fileloc=//lib64/xtables/libxt_connbytes.so&path=//lib64/xtables HTTP/1.1" 200 27146 "https://delimit-creesy.duckdns.org.handcraftbd.com/ayrtr.php?path=//lib64/xtables" "Mozilla/5.0 AppleWebKit/537.36 (KHTML, like Gecko; compatible; GPTBot/1.3; +https://openai.com/gptbot)"
74.7.243.251 - - [15/May/2026:18:18:13 +0600] "GET /ayrtr.php?fileloc=//bin/dnstap-read&path=//bin HTTP/1.1" 200 37760 "https://www.delimit-creesy.duckdns.org.handcraftbd.com/ayrtr.php?path=//bin" "Mozilla/5.0 AppleWebKit/537.36 (KHTML, like Gecko; compatible; GPTBot/1.3; +https://openai.com/gptbot)"
74.7.227.31 - - [15/May/2026:18:18:13 +0600] "GET /zljqb.php?fileloc=//lib64/xtables/libxt_addrtype.so&path=//lib64/xtables HTTP/1.1" 200 32219 "https://delimit-creesy.duckdns.org.handcraftbd.com/zljqb.php?path=//lib64/xtables" "Mozilla/5.0 AppleWebKit/537.36 (KHTML, like Gecko; compatible; GPTBot/1.3; +https://openai.com/gptbot)"
74.7.243.251 - - [15/May/2026:18:18:13 +0600] "GET /zljqb.php?path=/home HTTP/1.1" 200 13949 "https://www.delimit-creesy.duckdns.org.handcraftbd.com/zljqb.php" "Mozilla/5.0 AppleWebKit/537.36 (KHTML, like Gecko; compatible; GPTBot/1.3; +https://openai.com/gptbot)"
74.7.227.31 - - [15/May/2026:18:18:13 +0600] "GET /zljqb.php?fileloc=//lib64/xtables/libebt_stp.so&path=//lib64/xtables HTTP/1.1" 200 32534 "https://delimit-creesy.duckdns.org.handcraftbd.com/zljqb.php?path=//lib64/xtables" "Mozilla/5.0 AppleWebKit/537.36 (KHTML, like Gecko; compatible; GPTBot/1.3; +https://openai.com/gptbot)"
74.7.243.251 - - [15/May/2026:18:18:14 +0600] "GET /cwjdw.php?path=/home HTTP/1.1" 200 13949 "https://www.delimit-creesy.duckdns.org.handcraftbd.com/cwjdw.php" "Mozilla/5.0 AppleWebKit/537.36 (KHTML, like Gecko; compatible; GPTBot/1.3; +https://openai.com/gptbot)"
74.7.227.31 - - [15/May/2026:18:18:14 +0600] "GET /ayrtr.php?fileloc=//lib64/xtables/libxt_standard.so&path=//lib64/xtables HTTP/1.1" 200 21446 "https://delimit-creesy.duckdns.org.handcraftbd.com/ayrtr.php?path=//lib64/xtables" "Mozilla/5.0 AppleWebKit/537.36 (KHTML, like Gecko; compatible; GPTBot/1.3; +https://openai.com/gptbot)"
74.7.243.251 - - [15/May/2026:18:18:14 +0600] "GET /fodwn.php?path=/home HTTP/1.1" 200 13949 "https://www.delimit-creesy.duckdns.org.handcraftbd.com/fodwn.php" "Mozilla/5.0 AppleWebKit/537.36 (KHTML, like Gecko; compatible; GPTBot/1.3; +https://openai.com/gptbot)"
74.7.227.31 - - [15/May/2026:18:18:14 +0600] "GET /xglja.php?path=//lib64/rsyslog HTTP/1.1" 200 61438 "https://delimit-creesy.duckdns.org.handcraftbd.com/xglja.php?path=//lib64" "Mozilla/5.0 AppleWebKit/537.36 (KHTML, like Gecko; compatible; GPTBot/1.3; +https://openai.com/gptbot)"
74.7.243.251 - - [15/May/2026:18:18:15 +0600] "GET /xiewz.php?path=/home HTTP/1.1" 200 13949 "https://www.delimit-creesy.duckdns.org.handcraftbd.com/xiewz.php" "Mozilla/5.0 AppleWebKit/537.36 (KHTML, like Gecko; compatible; GPTBot/1.3; +https://openai.com/gptbot)"
74.7.243.251 - - [15/May/2026:18:18:15 +0600] "GET /xglja.php?path=/home HTTP/1.1" 200 13949 "https://www.delimit-creesy.duckdns.org.handcraftbd.com/xglja.php" "Mozilla/5.0 AppleWebKit/537.36 (KHTML, like Gecko; compatible; GPTBot/1.3; +https://openai.com/gptbot)"
74.7.227.31 - - [15/May/2026:18:18:15 +0600] "GET /pgjtj.php?fileloc=//lib64/dovecot/libdovecot-fts.so.0&path=//lib64/dovecot HTTP/1.1" 200 311416 "https://delimit-creesy.duckdns.org.handcraftbd.com/pgjtj.php?path=//lib64/dovecot" "Mozilla/5.0 AppleWebKit/537.36 (KHTML, like Gecko; compatible; GPTBot/1.3; +https://openai.com/gptbot)"
74.7.243.251 - - [15/May/2026:18:18:16 +0600] "GET /vlqcz.php?path=/home HTTP/1.1" 200 13949 "https://www.delimit-creesy.duckdns.org.handcraftbd.com/vlqcz.php" "Mozilla/5.0 AppleWebKit/537.36 (KHTML, like Gecko; compatible; GPTBot/1.3; +https://openai.com/gptbot)"
74.7.227.31 - - [15/May/2026:18:18:16 +0600] "GET /ugczp.php?fileloc=//lib64/xtables/libxt_connbytes.so&path=//lib64/xtables HTTP/1.1" 200 27146 "https://delimit-creesy.duckdns.org.handcraftbd.com/ugczp.php?path=//lib64/xtables" "Mozilla/5.0 AppleWebKit/537.36 (KHTML, like Gecko; compatible; GPTBot/1.3; +https://openai.com/gptbot)"
74.7.243.251 - - [15/May/2026:18:18:16 +0600] "GET /pgjtj.php?fileloc=//bin/dnstap-read&path=//bin HTTP/1.1" 200 37760 "https://www.delimit-creesy.duckdns.org.handcraftbd.com/pgjtj.php?path=//bin" "Mozilla/5.0 AppleWebKit/537.36 (KHTML, like Gecko; compatible; GPTBot/1.3; +https://openai.com/gptbot)"
74.7.227.31 - - [15/May/2026:18:18:16 +0600] "GET /xglja.php?fileloc=//lib64/xtables/libxt_dccp.so&path=//lib64/xtables HTTP/1.1" 200 31935 "https://delimit-creesy.duckdns.org.handcraftbd.com/xglja.php?path=//lib64/xtables" "Mozilla/5.0 AppleWebKit/537.36 (KHTML, like Gecko; compatible; GPTBot/1.3; +https://openai.com/gptbot)"
74.7.227.31 - - [15/May/2026:18:18:17 +0600] "GET /xglja.php?fileloc=//lib64/xtables/libipt_TTL.so&path=//lib64/xtables HTTP/1.1" 200 26192 "https://delimit-creesy.duckdns.org.handcraftbd.com/xglja.php?path=//lib64/xtables" "Mozilla/5.0 AppleWebKit/537.36 (KHTML, like Gecko; compatible; GPTBot/1.3; +https://openai.com/gptbot)"
74.7.243.251 - - [15/May/2026:18:18:17 +0600] "GET /fodwn.php?fileloc=//proc/net/dev&path=//proc/net HTTP/1.1" 200 13106 "https://www.delimit-creesy.duckdns.org.handcraftbd.com/fodwn.php?path=//proc/net" "Mozilla/5.0 AppleWebKit/537.36 (KHTML, like Gecko; compatible; GPTBot/1.3; +https://openai.com/gptbot)"
74.7.227.31 - - [15/May/2026:18:18:17 +0600] "GET /xglja.php?fileloc=//lib64/xtables/libxt_bpf.so&path=//lib64/xtables HTTP/1.1" 200 27653 "https://delimit-creesy.duckdns.org.handcraftbd.com/xglja.php?path=//lib64/xtables" "Mozilla/5.0 AppleWebKit/537.36 (KHTML, like Gecko; compatible; GPTBot/1.3; +https://openai.com/gptbot)"
74.7.243.251 - - [15/May/2026:18:18:17 +0600] "GET /ayrtr.php?fileloc=//proc/net/dev&path=//proc/net HTTP/1.1" 200 13106 "https://www.delimit-creesy.duckdns.org.handcraftbd.com/ayrtr.php?path=//proc/net" "Mozilla/5.0 AppleWebKit/537.36 (KHTML, like Gecko; compatible; GPTBot/1.3; +https://openai.com/gptbot)"
74.7.227.31 - - [15/May/2026:18:18:18 +0600] "GET /pgjtj.php?path=//lib64/dovecot/old-stats HTTP/1.1" 200 15750 "https://delimit-creesy.duckdns.org.handcraftbd.com/pgjtj.php?path=//lib64/dovecot" "Mozilla/5.0 AppleWebKit/537.36 (KHTML, like Gecko; compatible; GPTBot/1.3; +https://openai.com/gptbot)"
74.7.243.251 - - [15/May/2026:18:18:18 +0600] "GET /zljqb.php?path=//lib64/xtables HTTP/1.1" 200 195505 "https://www.delimit-creesy.duckdns.org.handcraftbd.com/zljqb.php?path=//lib64" "Mozilla/5.0 AppleWebKit/537.36 (KHTML, like Gecko; compatible; GPTBot/1.3; +https://openai.com/gptbot)"
74.7.227.31 - - [15/May/2026:18:18:18 +0600] "GET /pgjtj.php?path=//lib64/dovecot/doveadm HTTP/1.1" 200 18888 "https://delimit-creesy.duckdns.org.handcraftbd.com/pgjtj.php?path=//lib64/dovecot" "Mozilla/5.0 AppleWebKit/537.36 (KHTML, like Gecko; compatible; GPTBot/1.3; +https://openai.com/gptbot)"
74.7.227.31 - - [15/May/2026:18:18:19 +0600] "GET /pgjtj.php?path=//lib64/dovecot/dict HTTP/1.1" 200 14221 "https://delimit-creesy.duckdns.org.handcraftbd.com/pgjtj.php?path=//lib64/dovecot" "Mozilla/5.0 AppleWebKit/537.36 (KHTML, like Gecko; compatible; GPTBot/1.3; +https://openai.com/gptbot)"
74.7.243.251 - - [15/May/2026:18:18:19 +0600] "GET /cwjdw.php?path=//lib64/dovecot HTTP/1.1" 200 96691 "https://www.delimit-creesy.duckdns.org.handcraftbd.com/cwjdw.php?path=//lib64" "Mozilla/5.0 AppleWebKit/537.36 (KHTML, like Gecko; compatible; GPTBot/1.3; +https://openai.com/gptbot)"
74.7.227.31 - - [15/May/2026:18:18:20 +0600] "GET /pgjtj.php?path=//lib64/dovecot/auth HTTP/1.1" 200 17232 "https://delimit-creesy.duckdns.org.handcraftbd.com/pgjtj.php?path=//lib64/dovecot" "Mozilla/5.0 AppleWebKit/537.36 (KHTML, like Gecko; compatible; GPTBot/1.3; +https://openai.com/gptbot)"
74.7.243.251 - - [15/May/2026:18:18:20 +0600] "GET /xglja.php?path=//lib64/enchant HTTP/1.1" 200 14163 "https://www.delimit-creesy.duckdns.org.handcraftbd.com/xglja.php?path=//lib64" "Mozilla/5.0 AppleWebKit/537.36 (KHTML, like Gecko; compatible; GPTBot/1.3; +https://openai.com/gptbot)"
74.7.227.31 - - [15/May/2026:18:18:20 +0600] "GET /fodwn.php?path=//lib64/enchant HTTP/1.1" 200 14163 "https://delimit-creesy.duckdns.org.handcraftbd.com/fodwn.php?path=//lib64" "Mozilla/5.0 AppleWebKit/537.36 (KHTML, like Gecko; compatible; GPTBot/1.3; +https://openai.com/gptbot)"
74.7.243.251 - - [15/May/2026:18:18:20 +0600] "GET /nncnj.php?path=//lib64/gettext HTTP/1.1" 200 19824 "https://www.delimit-creesy.duckdns.org.handcraftbd.com/nncnj.php?path=//lib64" "Mozilla/5.0 AppleWebKit/537.36 (KHTML, like Gecko; compatible; GPTBot/1.3; +https://openai.com/gptbot)"
74.7.227.31 - - [15/May/2026:18:18:21 +0600] "GET /ayrtr.php?path=//lib64/dovecot HTTP/1.1" 200 96691 "https://delimit-creesy.duckdns.org.handcraftbd.com/ayrtr.php?path=//lib64" "Mozilla/5.0 AppleWebKit/537.36 (KHTML, like Gecko; compatible; GPTBot/1.3; +https://openai.com/gptbot)"
74.7.243.251 - - [15/May/2026:18:18:21 +0600] "GET /ugczp.php?path=//lib64/xtables HTTP/1.1" 200 195505 "https://www.delimit-creesy.duckdns.org.handcraftbd.com/ugczp.php?path=//lib64" "Mozilla/5.0 AppleWebKit/537.36 (KHTML, like Gecko; compatible; GPTBot/1.3; +https://openai.com/gptbot)"
74.7.227.31 - - [15/May/2026:18:18:21 +0600] "GET /vlqcz.php?path=//lib64/gettext HTTP/1.1" 200 19824 "https://delimit-creesy.duckdns.org.handcraftbd.com/vlqcz.php?path=//lib64" "Mozilla/5.0 AppleWebKit/537.36 (KHTML, like Gecko; compatible; GPTBot/1.3; +https://openai.com/gptbot)"
74.7.243.251 - - [15/May/2026:18:18:22 +0600] "GET /ypbpk.php?path=//lib64/rsyslog HTTP/1.1" 200 61438 "https://www.delimit-creesy.duckdns.org.handcraftbd.com/ypbpk.php?path=//lib64" "Mozilla/5.0 AppleWebKit/537.36 (KHTML, like Gecko; compatible; GPTBot/1.3; +https://openai.com/gptbot)"
74.7.227.31 - - [15/May/2026:18:18:22 +0600] "GET /ayrtr.php?path=//lib64/enchant HTTP/1.1" 200 14163 "https://delimit-creesy.duckdns.org.handcraftbd.com/ayrtr.php?path=//lib64" "Mozilla/5.0 AppleWebKit/537.36 (KHTML, like Gecko; compatible; GPTBot/1.3; +https://openai.com/gptbot)"
74.7.243.251 - - [15/May/2026:18:18:22 +0600] "GET /fodwn.php?path=//lib64/gettext HTTP/1.1" 200 19824 "https://www.delimit-creesy.duckdns.org.handcraftbd.com/fodwn.php?path=//lib64" "Mozilla/5.0 AppleWebKit/537.36 (KHTML, like Gecko; compatible; GPTBot/1.3; +https://openai.com/gptbot)"
74.7.227.31 - - [15/May/2026:18:18:23 +0600] "GET /pgjtj.php?path=//lib64/xtables HTTP/1.1" 200 195505 "https://delimit-creesy.duckdns.org.handcraftbd.com/pgjtj.php?path=//lib64" "Mozilla/5.0 AppleWebKit/537.36 (KHTML, like Gecko; compatible; GPTBot/1.3; +https://openai.com/gptbot)"
74.7.243.251 - - [15/May/2026:18:18:23 +0600] "GET /ayrtr.php?path=//lib64/dovecot HTTP/1.1" 200 96691 "https://www.delimit-creesy.duckdns.org.handcraftbd.com/ayrtr.php?path=//lib64" "Mozilla/5.0 AppleWebKit/537.36 (KHTML, like Gecko; compatible; GPTBot/1.3; +https://openai.com/gptbot)"
74.7.243.251 - - [15/May/2026:18:18:23 +0600] "GET /xglja.php?path=//lib64/rsyslog HTTP/1.1" 200 61438 "https://www.delimit-creesy.duckdns.org.handcraftbd.com/xglja.php?path=//lib64" "Mozilla/5.0 AppleWebKit/537.36 (KHTML, like Gecko; compatible; GPTBot/1.3; +https://openai.com/gptbot)"
74.7.227.31 - - [15/May/2026:18:18:24 +0600] "GET /nncnj.php?path=//lib64/gettext HTTP/1.1" 200 19824 "https://delimit-creesy.duckdns.org.handcraftbd.com/nncnj.php?path=//lib64" "Mozilla/5.0 AppleWebKit/537.36 (KHTML, like Gecko; compatible; GPTBot/1.3; +https://openai.com/gptbot)"
74.7.243.251 - - [15/May/2026:18:18:24 +0600] "GET /pgjtj.php?path=//lib64/rsyslog HTTP/1.1" 200 61438 "https://www.delimit-creesy.duckdns.org.handcraftbd.com/pgjtj.php?path=//lib64" "Mozilla/5.0 AppleWebKit/537.36 (KHTML, like Gecko; compatible; GPTBot/1.3; +https://openai.com/gptbot)"
74.7.227.31 - - [15/May/2026:18:18:24 +0600] "GET /ypbpk.php?path=//lib64/rsyslog HTTP/1.1" 200 61438 "https://delimit-creesy.duckdns.org.handcraftbd.com/ypbpk.php?path=//lib64" "Mozilla/5.0 AppleWebKit/537.36 (KHTML, like Gecko; compatible; GPTBot/1.3; +https://openai.com/gptbot)"
74.7.243.251 - - [15/May/2026:18:18:24 +0600] "GET /vlqcz.php?path=//lib64/gettext HTTP/1.1" 200 19824 "https://www.delimit-creesy.duckdns.org.handcraftbd.com/vlqcz.php?path=//lib64" "Mozilla/5.0 AppleWebKit/537.36 (KHTML, like Gecko; compatible; GPTBot/1.3; +https://openai.com/gptbot)"
74.7.227.31 - - [15/May/2026:18:18:25 +0600] "GET /cwjdw.php?path=//lib64/xtables HTTP/1.1" 200 195505 "https://delimit-creesy.duckdns.org.handcraftbd.com/cwjdw.php?path=//lib64" "Mozilla/5.0 AppleWebKit/537.36 (KHTML, like Gecko; compatible; GPTBot/1.3; +https://openai.com/gptbot)"
74.7.243.251 - - [15/May/2026:18:18:25 +0600] "GET /ayrtr.php?path=//lib64/enchant HTTP/1.1" 200 14163 "https://www.delimit-creesy.duckdns.org.handcraftbd.com/ayrtr.php?path=//lib64" "Mozilla/5.0 AppleWebKit/537.36 (KHTML, like Gecko; compatible; GPTBot/1.3; +https://openai.com/gptbot)"
74.7.243.251 - - [15/May/2026:18:18:26 +0600] "GET /cwjdw.php?fileloc=//lib64/dovecot/lib20_mail_log_plugin.so&path=//lib64/dovecot HTTP/1.1" 200 44321 "https://www.delimit-creesy.duckdns.org.handcraftbd.com/cwjdw.php?path=//lib64/dovecot" "Mozilla/5.0 AppleWebKit/537.36 (KHTML, like Gecko; compatible; GPTBot/1.3; +https://openai.com/gptbot)"
74.7.227.31 - - [15/May/2026:18:18:26 +0600] "GET /fodwn.php?path=//lib64/gettext HTTP/1.1" 200 19824 "https://delimit-creesy.duckdns.org.handcraftbd.com/fodwn.php?path=//lib64" "Mozilla/5.0 AppleWebKit/537.36 (KHTML, like Gecko; compatible; GPTBot/1.3; +https://openai.com/gptbot)"
74.7.227.31 - - [15/May/2026:18:18:26 +0600] "GET /ypbpk.php?path=//lib64/dovecot HTTP/1.1" 200 96691 "https://delimit-creesy.duckdns.org.handcraftbd.com/ypbpk.php?path=//lib64" "Mozilla/5.0 AppleWebKit/537.36 (KHTML, like Gecko; compatible; GPTBot/1.3; +https://openai.com/gptbot)"
74.7.243.251 - - [15/May/2026:18:18:26 +0600] "GET /cwjdw.php?path=//lib64/dovecot/old-stats HTTP/1.1" 200 15750 "https://www.delimit-creesy.duckdns.org.handcraftbd.com/cwjdw.php?path=//lib64/dovecot" "Mozilla/5.0 AppleWebKit/537.36 (KHTML, like Gecko; compatible; GPTBot/1.3; +https://openai.com/gptbot)"
74.7.227.31 - - [15/May/2026:18:18:26 +0600] "GET /cwjdw.php?path=//lib64/dovecot HTTP/1.1" 200 96691 "https://delimit-creesy.duckdns.org.handcraftbd.com/cwjdw.php?path=//lib64" "Mozilla/5.0 AppleWebKit/537.36 (KHTML, like Gecko; compatible; GPTBot/1.3; +https://openai.com/gptbot)"
74.7.243.251 - - [15/May/2026:18:18:27 +0600] "GET /cwjdw.php?path=//lib64/dovecot/dict HTTP/1.1" 200 14221 "https://www.delimit-creesy.duckdns.org.handcraftbd.com/cwjdw.php?path=//lib64/dovecot" "Mozilla/5.0 AppleWebKit/537.36 (KHTML, like Gecko; compatible; GPTBot/1.3; +https://openai.com/gptbot)"
74.7.227.31 - - [15/May/2026:18:18:27 +0600] "GET /xiewz.php?path=//lib64/xtables HTTP/1.1" 200 195505 "https://delimit-creesy.duckdns.org.handcraftbd.com/xiewz.php?path=//lib64" "Mozilla/5.0 AppleWebKit/537.36 (KHTML, like Gecko; compatible; GPTBot/1.3; +https://openai.com/gptbot)"
74.7.243.251 - - [15/May/2026:18:18:27 +0600] "GET /cwjdw.php?path=//lib64/dovecot/auth HTTP/1.1" 200 17232 "https://www.delimit-creesy.duckdns.org.handcraftbd.com/cwjdw.php?path=//lib64/dovecot" "Mozilla/5.0 AppleWebKit/537.36 (KHTML, like Gecko; compatible; GPTBot/1.3; +https://openai.com/gptbot)"
74.7.227.31 - - [15/May/2026:18:18:28 +0600] "GET /ayrtr.php?path=//lib64/dovecot/old-stats HTTP/1.1" 200 15750 "https://delimit-creesy.duckdns.org.handcraftbd.com/ayrtr.php?path=//lib64/dovecot" "Mozilla/5.0 AppleWebKit/537.36 (KHTML, like Gecko; compatible; GPTBot/1.3; +https://openai.com/gptbot)"
74.7.243.251 - - [15/May/2026:18:18:28 +0600] "GET /ypbpk.php?fileloc=//lib64/rsyslog/impstats.so&path=//lib64/rsyslog HTTP/1.1" 200 40457 "https://www.delimit-creesy.duckdns.org.handcraftbd.com/ypbpk.php?path=//lib64/rsyslog" "Mozilla/5.0 AppleWebKit/537.36 (KHTML, like Gecko; compatible; GPTBot/1.3; +https://openai.com/gptbot)"
74.7.227.31 - - [15/May/2026:18:18:28 +0600] "GET /ayrtr.php?path=//lib64/dovecot/doveadm HTTP/1.1" 200 18888 "https://delimit-creesy.duckdns.org.handcraftbd.com/ayrtr.php?path=//lib64/dovecot" "Mozilla/5.0 AppleWebKit/537.36 (KHTML, like Gecko; compatible; GPTBot/1.3; +https://openai.com/gptbot)"
74.7.243.251 - - [15/May/2026:18:18:28 +0600] "GET /fodwn.php?path=//lib64/enchant HTTP/1.1" 200 14163 "https://www.delimit-creesy.duckdns.org.handcraftbd.com/fodwn.php?path=//lib64" "Mozilla/5.0 AppleWebKit/537.36 (KHTML, like Gecko; compatible; GPTBot/1.3; +https://openai.com/gptbot)"
74.7.227.31 - - [15/May/2026:18:18:29 +0600] "GET /ayrtr.php?path=//lib64/dovecot/dict HTTP/1.1" 200 14221 "https://delimit-creesy.duckdns.org.handcraftbd.com/ayrtr.php?path=//lib64/dovecot" "Mozilla/5.0 AppleWebKit/537.36 (KHTML, like Gecko; compatible; GPTBot/1.3; +https://openai.com/gptbot)"
74.7.243.251 - - [15/May/2026:18:18:29 +0600] "GET /ayrtr.php?path=//lib64/dovecot/old-stats HTTP/1.1" 200 15750 "https://www.delimit-creesy.duckdns.org.handcraftbd.com/ayrtr.php?path=//lib64/dovecot" "Mozilla/5.0 AppleWebKit/537.36 (KHTML, like Gecko; compatible; GPTBot/1.3; +https://openai.com/gptbot)"
74.7.227.31 - - [15/May/2026:18:18:29 +0600] "GET /pgjtj.php?fileloc=//lib64/xtables/libxt_sctp.so&path=//lib64/xtables HTTP/1.1" 200 37584 "https://delimit-creesy.duckdns.org.handcraftbd.com/pgjtj.php?path=//lib64/xtables" "Mozilla/5.0 AppleWebKit/537.36 (KHTML, like Gecko; compatible; GPTBot/1.3; +https://openai.com/gptbot)"
74.7.243.251 - - [15/May/2026:18:18:29 +0600] "GET /ayrtr.php?path=//lib64/dovecot/doveadm HTTP/1.1" 200 18888 "https://www.delimit-creesy.duckdns.org.handcraftbd.com/ayrtr.php?path=//lib64/dovecot" "Mozilla/5.0 AppleWebKit/537.36 (KHTML, like Gecko; compatible; GPTBot/1.3; +https://openai.com/gptbot)"
74.7.227.31 - - [15/May/2026:18:18:30 +0600] "GET /ayrtr.php?path=//lib64/dovecot/auth HTTP/1.1" 200 17232 "https://delimit-creesy.duckdns.org.handcraftbd.com/ayrtr.php?path=//lib64/dovecot" "Mozilla/5.0 AppleWebKit/537.36 (KHTML, like Gecko; compatible; GPTBot/1.3; +https://openai.com/gptbot)"
74.7.243.251 - - [15/May/2026:18:18:30 +0600] "GET /ayrtr.php?path=//lib64/dovecot/dict HTTP/1.1" 200 14221 "https://www.delimit-creesy.duckdns.org.handcraftbd.com/ayrtr.php?path=//lib64/dovecot" "Mozilla/5.0 AppleWebKit/537.36 (KHTML, like Gecko; compatible; GPTBot/1.3; +https://openai.com/gptbot)"
74.7.227.31 - - [15/May/2026:18:18:30 +0600] "GET /cwjdw.php?path=//lib64/gettext HTTP/1.1" 200 19824 "https://delimit-creesy.duckdns.org.handcraftbd.com/cwjdw.php?path=//lib64" "Mozilla/5.0 AppleWebKit/537.36 (KHTML, like Gecko; compatible; GPTBot/1.3; +https://openai.com/gptbot)"
74.7.243.251 - - [15/May/2026:18:18:30 +0600] "GET /ayrtr.php?path=//lib64/dovecot/auth HTTP/1.1" 200 17232 "https://www.delimit-creesy.duckdns.org.handcraftbd.com/ayrtr.php?path=//lib64/dovecot" "Mozilla/5.0 AppleWebKit/537.36 (KHTML, like Gecko; compatible; GPTBot/1.3; +https://openai.com/gptbot)"
74.7.227.31 - - [15/May/2026:18:18:31 +0600] "GET /ugczp.php?path=//lib64/gettext HTTP/1.1" 200 19824 "https://delimit-creesy.duckdns.org.handcraftbd.com/ugczp.php?path=//lib64" "Mozilla/5.0 AppleWebKit/537.36 (KHTML, like Gecko; compatible; GPTBot/1.3; +https://openai.com/gptbot)"
74.7.243.251 - - [15/May/2026:18:18:31 +0600] "GET /cwjdw.php?path=//lib64/xtables HTTP/1.1" 200 195505 "https://www.delimit-creesy.duckdns.org.handcraftbd.com/cwjdw.php?path=//lib64" "Mozilla/5.0 AppleWebKit/537.36 (KHTML, like Gecko; compatible; GPTBot/1.3; +https://openai.com/gptbot)"
74.7.227.31 - - [15/May/2026:18:18:31 +0600] "GET /zljqb.php?path=//lib64/enchant HTTP/1.1" 200 14163 "https://delimit-creesy.duckdns.org.handcraftbd.com/zljqb.php?path=//lib64" "Mozilla/5.0 AppleWebKit/537.36 (KHTML, like Gecko; compatible; GPTBot/1.3; +https://openai.com/gptbot)"
74.7.243.251 - - [15/May/2026:18:18:32 +0600] "GET /xiewz.php?path=//lib64/xtables HTTP/1.1" 200 195505 "https://www.delimit-creesy.duckdns.org.handcraftbd.com/xiewz.php?path=//lib64" "Mozilla/5.0 AppleWebKit/537.36 (KHTML, like Gecko; compatible; GPTBot/1.3; +https://openai.com/gptbot)"
74.7.243.251 - - [15/May/2026:18:18:33 +0600] "GET /cwjdw.php?path=//lib64/enchant HTTP/1.1" 200 14163 "https://www.delimit-creesy.duckdns.org.handcraftbd.com/cwjdw.php?path=//lib64" "Mozilla/5.0 AppleWebKit/537.36 (KHTML, like Gecko; compatible; GPTBot/1.3; +https://openai.com/gptbot)"
74.7.243.251 - - [15/May/2026:18:18:33 +0600] "GET /xiewz.php?path=//lib64/gettext HTTP/1.1" 200 19824 "https://www.delimit-creesy.duckdns.org.handcraftbd.com/xiewz.php?path=//lib64" "Mozilla/5.0 AppleWebKit/537.36 (KHTML, like Gecko; compatible; GPTBot/1.3; +https://openai.com/gptbot)"
74.7.227.31 - - [15/May/2026:18:18:34 +0600] "GET /ypbpk.php?fileloc=//lib64/dovecot/libdovecot.so.0.0.0&path=//lib64/dovecot HTTP/1.1" 200 4077572 "https://delimit-creesy.duckdns.org.handcraftbd.com/ypbpk.php?path=//lib64/dovecot" "Mozilla/5.0 AppleWebKit/537.36 (KHTML, like Gecko; compatible; GPTBot/1.3; +https://openai.com/gptbot)"
74.7.243.251 - - [15/May/2026:18:18:34 +0600] "GET /cwjdw.php?path=//lib64/gettext HTTP/1.1" 200 19824 "https://www.delimit-creesy.duckdns.org.handcraftbd.com/cwjdw.php?path=//lib64" "Mozilla/5.0 AppleWebKit/537.36 (KHTML, like Gecko; compatible; GPTBot/1.3; +https://openai.com/gptbot)"
74.7.243.251 - - [15/May/2026:18:18:34 +0600] "GET /pgjtj.php?path=//lib64/enchant HTTP/1.1" 200 14163 "https://www.delimit-creesy.duckdns.org.handcraftbd.com/pgjtj.php?path=//lib64" "Mozilla/5.0 AppleWebKit/537.36 (KHTML, like Gecko; compatible; GPTBot/1.3; +https://openai.com/gptbot)"
74.7.227.31 - - [15/May/2026:18:18:34 +0600] "GET /ypbpk.php?path=//lib64/dovecot/old-stats HTTP/1.1" 200 15750 "https://delimit-creesy.duckdns.org.handcraftbd.com/ypbpk.php?path=//lib64/dovecot" "Mozilla/5.0 AppleWebKit/537.36 (KHTML, like Gecko; compatible; GPTBot/1.3; +https://openai.com/gptbot)"
74.7.243.251 - - [15/May/2026:18:18:35 +0600] "GET /xiewz.php?path=//lib64/enchant HTTP/1.1" 200 14163 "https://www.delimit-creesy.duckdns.org.handcraftbd.com/xiewz.php?path=//lib64" "Mozilla/5.0 AppleWebKit/537.36 (KHTML, like Gecko; compatible; GPTBot/1.3; +https://openai.com/gptbot)"
74.7.227.31 - - [15/May/2026:18:18:35 +0600] "GET /xiewz.php?fileloc=//lib64/xtables/libxt_tcpmss.so&path=//lib64/xtables HTTP/1.1" 200 21806 "https://delimit-creesy.duckdns.org.handcraftbd.com/xiewz.php?path=//lib64/xtables" "Mozilla/5.0 AppleWebKit/537.36 (KHTML, like Gecko; compatible; GPTBot/1.3; +https://openai.com/gptbot)"
74.7.243.251 - - [15/May/2026:18:18:35 +0600] "GET /zljqb.php?path=//lib64/gettext HTTP/1.1" 200 19824 "https://www.delimit-creesy.duckdns.org.handcraftbd.com/zljqb.php?path=//lib64" "Mozilla/5.0 AppleWebKit/537.36 (KHTML, like Gecko; compatible; GPTBot/1.3; +https://openai.com/gptbot)"
74.7.227.31 - - [15/May/2026:18:18:35 +0600] "GET /xiewz.php?fileloc=//lib64/xtables/libxt_quota.so&path=//lib64/xtables HTTP/1.1" 200 21813 "https://delimit-creesy.duckdns.org.handcraftbd.com/xiewz.php?path=//lib64/xtables" "Mozilla/5.0 AppleWebKit/537.36 (KHTML, like Gecko; compatible; GPTBot/1.3; +https://openai.com/gptbot)"
74.7.227.31 - - [15/May/2026:18:18:36 +0600] "GET /cwjdw.php?path=//lib64/dovecot/old-stats HTTP/1.1" 200 15750 "https://delimit-creesy.duckdns.org.handcraftbd.com/cwjdw.php?path=//lib64/dovecot" "Mozilla/5.0 AppleWebKit/537.36 (KHTML, like Gecko; compatible; GPTBot/1.3; +https://openai.com/gptbot)"
74.7.243.251 - - [15/May/2026:18:18:36 +0600] "GET /vlqcz.php?path=//lib64/xtables HTTP/1.1" 200 195505 "https://www.delimit-creesy.duckdns.org.handcraftbd.com/vlqcz.php?path=//lib64" "Mozilla/5.0 AppleWebKit/537.36 (KHTML, like Gecko; compatible; GPTBot/1.3; +https://openai.com/gptbot)"
74.7.227.31 - - [15/May/2026:18:18:36 +0600] "GET /ypbpk.php?path=//lib64/dovecot/doveadm HTTP/1.1" 200 18888 "https://delimit-creesy.duckdns.org.handcraftbd.com/ypbpk.php?path=//lib64/dovecot" "Mozilla/5.0 AppleWebKit/537.36 (KHTML, like Gecko; compatible; GPTBot/1.3; +https://openai.com/gptbot)"
74.7.227.31 - - [15/May/2026:18:18:37 +0600] "GET /cwjdw.php?path=//lib64/dovecot/auth HTTP/1.1" 200 17232 "https://delimit-creesy.duckdns.org.handcraftbd.com/cwjdw.php?path=//lib64/dovecot" "Mozilla/5.0 AppleWebKit/537.36 (KHTML, like Gecko; compatible; GPTBot/1.3; +https://openai.com/gptbot)"
74.7.243.251 - - [15/May/2026:18:18:37 +0600] "GET /pgjtj.php?path=//lib64/xtables HTTP/1.1" 200 195505 "https://www.delimit-creesy.duckdns.org.handcraftbd.com/pgjtj.php?path=//lib64" "Mozilla/5.0 AppleWebKit/537.36 (KHTML, like Gecko; compatible; GPTBot/1.3; +https://openai.com/gptbot)"
74.7.227.31 - - [15/May/2026:18:18:37 +0600] "GET /cwjdw.php?path=//lib64/dovecot/dict HTTP/1.1" 200 14221 "https://delimit-creesy.duckdns.org.handcraftbd.com/cwjdw.php?path=//lib64/dovecot" "Mozilla/5.0 AppleWebKit/537.36 (KHTML, like Gecko; compatible; GPTBot/1.3; +https://openai.com/gptbot)"
74.7.243.251 - - [15/May/2026:18:18:38 +0600] "GET /pgjtj.php?path=//lib64/dovecot HTTP/1.1" 200 96691 "https://www.delimit-creesy.duckdns.org.handcraftbd.com/pgjtj.php?path=//lib64" "Mozilla/5.0 AppleWebKit/537.36 (KHTML, like Gecko; compatible; GPTBot/1.3; +https://openai.com/gptbot)"
74.7.227.31 - - [15/May/2026:18:18:38 +0600] "GET /ypbpk.php?path=//lib64/dovecot/dict HTTP/1.1" 200 14221 "https://delimit-creesy.duckdns.org.handcraftbd.com/ypbpk.php?path=//lib64/dovecot" "Mozilla/5.0 AppleWebKit/537.36 (KHTML, like Gecko; compatible; GPTBot/1.3; +https://openai.com/gptbot)"
74.7.243.251 - - [15/May/2026:18:18:38 +0600] "GET /cwjdw.php?fileloc=//lib64/xtables/libip6t_REJECT.so&path=//lib64/xtables HTTP/1.1" 200 26465 "https://www.delimit-creesy.duckdns.org.handcraftbd.com/cwjdw.php?path=//lib64/xtables" "Mozilla/5.0 AppleWebKit/537.36 (KHTML, like Gecko; compatible; GPTBot/1.3; +https://openai.com/gptbot)"
74.7.227.31 - - [15/May/2026:18:18:38 +0600] "GET /ypbpk.php?path=//lib64/dovecot/auth HTTP/1.1" 200 17232 "https://delimit-creesy.duckdns.org.handcraftbd.com/ypbpk.php?path=//lib64/dovecot" "Mozilla/5.0 AppleWebKit/537.36 (KHTML, like Gecko; compatible; GPTBot/1.3; +https://openai.com/gptbot)"
74.7.243.251 - - [15/May/2026:18:18:39 +0600] "GET /ploqe.php?path=//lib64/xtables HTTP/1.1" 200 195505 "https://www.delimit-creesy.duckdns.org.handcraftbd.com/ploqe.php?path=//lib64" "Mozilla/5.0 AppleWebKit/537.36 (KHTML, like Gecko; compatible; GPTBot/1.3; +https://openai.com/gptbot)"
74.7.227.31 - - [15/May/2026:18:18:39 +0600] "GET /ploqe.php?path=//lib64/rsyslog HTTP/1.1" 200 61438 "https://delimit-creesy.duckdns.org.handcraftbd.com/ploqe.php?path=//lib64" "Mozilla/5.0 AppleWebKit/537.36 (KHTML, like Gecko; compatible; GPTBot/1.3; +https://openai.com/gptbot)"
74.7.243.251 - - [15/May/2026:18:18:39 +0600] "GET /vlqcz.php?path=//lib64/dovecot HTTP/1.1" 200 96691 "https://www.delimit-creesy.duckdns.org.handcraftbd.com/vlqcz.php?path=//lib64" "Mozilla/5.0 AppleWebKit/537.36 (KHTML, like Gecko; compatible; GPTBot/1.3; +https://openai.com/gptbot)"
74.7.227.31 - - [15/May/2026:18:18:40 +0600] "GET /xiewz.php?path=//lib64/gettext HTTP/1.1" 200 19824 "https://delimit-creesy.duckdns.org.handcraftbd.com/xiewz.php?path=//lib64" "Mozilla/5.0 AppleWebKit/537.36 (KHTML, like Gecko; compatible; GPTBot/1.3; +https://openai.com/gptbot)"
74.7.243.251 - - [15/May/2026:18:18:40 +0600] "GET /ypbpk.php?path=//lib64/dovecot HTTP/1.1" 200 96691 "https://www.delimit-creesy.duckdns.org.handcraftbd.com/ypbpk.php?path=//lib64" "Mozilla/5.0 AppleWebKit/537.36 (KHTML, like Gecko; compatible; GPTBot/1.3; +https://openai.com/gptbot)"
74.7.227.31 - - [15/May/2026:18:18:40 +0600] "GET /pgjtj.php?path=//lib64/enchant HTTP/1.1" 200 14163 "https://delimit-creesy.duckdns.org.handcraftbd.com/pgjtj.php?path=//lib64" "Mozilla/5.0 AppleWebKit/537.36 (KHTML, like Gecko; compatible; GPTBot/1.3; +https://openai.com/gptbot)"
74.7.243.251 - - [15/May/2026:18:18:40 +0600] "GET /ayrtr.php?path=//lib64/rsyslog HTTP/1.1" 200 61438 "https://www.delimit-creesy.duckdns.org.handcraftbd.com/ayrtr.php?path=//lib64" "Mozilla/5.0 AppleWebKit/537.36 (KHTML, like Gecko; compatible; GPTBot/1.3; +https://openai.com/gptbot)"
74.7.227.31 - - [15/May/2026:18:18:41 +0600] "GET /ploqe.php?path=//lib64/xtables HTTP/1.1" 200 195505 "https://delimit-creesy.duckdns.org.handcraftbd.com/ploqe.php?path=//lib64" "Mozilla/5.0 AppleWebKit/537.36 (KHTML, like Gecko; compatible; GPTBot/1.3; +https://openai.com/gptbot)"
74.7.243.251 - - [15/May/2026:18:18:41 +0600] "GET /nncnj.php?path=//lib64/xtables HTTP/1.1" 200 195505 "https://www.delimit-creesy.duckdns.org.handcraftbd.com/nncnj.php?path=//lib64" "Mozilla/5.0 AppleWebKit/537.36 (KHTML, like Gecko; compatible; GPTBot/1.3; +https://openai.com/gptbot)"
74.7.243.251 - - [15/May/2026:18:18:42 +0600] "GET /nncnj.php?path=//lib64/dovecot HTTP/1.1" 200 96691 "https://www.delimit-creesy.duckdns.org.handcraftbd.com/nncnj.php?path=//lib64" "Mozilla/5.0 AppleWebKit/537.36 (KHTML, like Gecko; compatible; GPTBot/1.3; +https://openai.com/gptbot)"
74.7.227.31 - - [15/May/2026:18:18:42 +0600] "GET /vlqcz.php?path=//lib64/enchant HTTP/1.1" 200 14163 "https://delimit-creesy.duckdns.org.handcraftbd.com/vlqcz.php?path=//lib64" "Mozilla/5.0 AppleWebKit/537.36 (KHTML, like Gecko; compatible; GPTBot/1.3; +https://openai.com/gptbot)"
74.7.243.251 - - [15/May/2026:18:18:42 +0600] "GET /ayrtr.php?path=//lib64/xtables HTTP/1.1" 200 195505 "https://www.delimit-creesy.duckdns.org.handcraftbd.com/ayrtr.php?path=//lib64" "Mozilla/5.0 AppleWebKit/537.36 (KHTML, like Gecko; compatible; GPTBot/1.3; +https://openai.com/gptbot)"
74.7.227.31 - - [15/May/2026:18:18:42 +0600] "GET /ploqe.php?path=//lib64/dovecot HTTP/1.1" 200 96691 "https://delimit-creesy.duckdns.org.handcraftbd.com/ploqe.php?path=//lib64" "Mozilla/5.0 AppleWebKit/537.36 (KHTML, like Gecko; compatible; GPTBot/1.3; +https://openai.com/gptbot)"
74.7.243.251 - - [15/May/2026:18:18:43 +0600] "GET /xglja.php?path=//lib64/xtables HTTP/1.1" 200 195505 "https://www.delimit-creesy.duckdns.org.handcraftbd.com/xglja.php?path=//lib64" "Mozilla/5.0 AppleWebKit/537.36 (KHTML, like Gecko; compatible; GPTBot/1.3; +https://openai.com/gptbot)"
74.7.227.31 - - [15/May/2026:18:18:43 +0600] "GET /ayrtr.php?path=//lib64/rsyslog HTTP/1.1" 200 61438 "https://delimit-creesy.duckdns.org.handcraftbd.com/ayrtr.php?path=//lib64" "Mozilla/5.0 AppleWebKit/537.36 (KHTML, like Gecko; compatible; GPTBot/1.3; +https://openai.com/gptbot)"
74.7.243.251 - - [15/May/2026:18:18:43 +0600] "GET /pgjtj.php?fileloc=//lib64/xtables/libxt_CONNSECMARK.so&path=//lib64/xtables HTTP/1.1" 200 26083 "https://www.delimit-creesy.duckdns.org.handcraftbd.com/pgjtj.php?path=//lib64/xtables" "Mozilla/5.0 AppleWebKit/537.36 (KHTML, like Gecko; compatible; GPTBot/1.3; +https://openai.com/gptbot)"
74.7.227.31 - - [15/May/2026:18:18:44 +0600] "GET /xiewz.php?path=//lib64/enchant HTTP/1.1" 200 14163 "https://delimit-creesy.duckdns.org.handcraftbd.com/xiewz.php?path=//lib64" "Mozilla/5.0 AppleWebKit/537.36 (KHTML, like Gecko; compatible; GPTBot/1.3; +https://openai.com/gptbot)"
74.7.243.251 - - [15/May/2026:18:18:44 +0600] "GET /pgjtj.php?path=//lib64/dovecot/old-stats HTTP/1.1" 200 15750 "https://www.delimit-creesy.duckdns.org.handcraftbd.com/pgjtj.php?path=//lib64/dovecot" "Mozilla/5.0 AppleWebKit/537.36 (KHTML, like Gecko; compatible; GPTBot/1.3; +https://openai.com/gptbot)"
74.7.227.31 - - [15/May/2026:18:18:44 +0600] "GET /vlqcz.php?path=//lib64/dovecot HTTP/1.1" 200 96691 "https://delimit-creesy.duckdns.org.handcraftbd.com/vlqcz.php?path=//lib64" "Mozilla/5.0 AppleWebKit/537.36 (KHTML, like Gecko; compatible; GPTBot/1.3; +https://openai.com/gptbot)"
74.7.243.251 - - [15/May/2026:18:18:44 +0600] "GET /pgjtj.php?path=//lib64/dovecot/doveadm HTTP/1.1" 200 18888 "https://www.delimit-creesy.duckdns.org.handcraftbd.com/pgjtj.php?path=//lib64/dovecot" "Mozilla/5.0 AppleWebKit/537.36 (KHTML, like Gecko; compatible; GPTBot/1.3; +https://openai.com/gptbot)"
74.7.227.31 - - [15/May/2026:18:18:45 +0600] "GET /ypbpk.php?fileloc=//lib64/dovecot/dict/libdriver_sqlite.so&path=//lib64/dovecot/dict HTTP/1.1" 200 47125 "https://delimit-creesy.duckdns.org.handcraftbd.com/ypbpk.php?path=//lib64/dovecot/dict" "Mozilla/5.0 AppleWebKit/537.36 (KHTML, like Gecko; compatible; GPTBot/1.3; +https://openai.com/gptbot)"
74.7.243.251 - - [15/May/2026:18:18:45 +0600] "GET /ploqe.php?fileloc=//lib64/xtables/libipt_ah.so&path=//lib64/xtables HTTP/1.1" 200 26374 "https://www.delimit-creesy.duckdns.org.handcraftbd.com/ploqe.php?path=//lib64/xtables" "Mozilla/5.0 AppleWebKit/537.36 (KHTML, like Gecko; compatible; GPTBot/1.3; +https://openai.com/gptbot)"
74.7.227.31 - - [15/May/2026:18:18:45 +0600] "GET /nncnj.php?path=//lib64/dovecot HTTP/1.1" 200 96691 "https://delimit-creesy.duckdns.org.handcraftbd.com/nncnj.php?path=//lib64" "Mozilla/5.0 AppleWebKit/537.36 (KHTML, like Gecko; compatible; GPTBot/1.3; +https://openai.com/gptbot)"
74.7.243.251 - - [15/May/2026:18:18:46 +0600] "GET /vlqcz.php?path=//lib64/dovecot/old-stats HTTP/1.1" 200 15750 "https://www.delimit-creesy.duckdns.org.handcraftbd.com/vlqcz.php?path=//lib64/dovecot" "Mozilla/5.0 AppleWebKit/537.36 (KHTML, like Gecko; compatible; GPTBot/1.3; +https://openai.com/gptbot)"
74.7.227.31 - - [15/May/2026:18:18:46 +0600] "GET /ploqe.php?path=//lib64/enchant HTTP/1.1" 200 14163 "https://delimit-creesy.duckdns.org.handcraftbd.com/ploqe.php?path=//lib64" "Mozilla/5.0 AppleWebKit/537.36 (KHTML, like Gecko; compatible; GPTBot/1.3; +https://openai.com/gptbot)"
74.7.243.251 - - [15/May/2026:18:18:46 +0600] "GET /ypbpk.php?path=//lib64/dovecot/old-stats HTTP/1.1" 200 15750 "https://www.delimit-creesy.duckdns.org.handcraftbd.com/ypbpk.php?path=//lib64/dovecot" "Mozilla/5.0 AppleWebKit/537.36 (KHTML, like Gecko; compatible; GPTBot/1.3; +https://openai.com/gptbot)"
74.7.227.31 - - [15/May/2026:18:18:46 +0600] "GET /xiewz.php?path=//opt/imunify360/proactive HTTP/1.1" 200 14116 "https://delimit-creesy.duckdns.org.handcraftbd.com/xiewz.php?path=//opt/imunify360" "Mozilla/5.0 AppleWebKit/537.36 (KHTML, like Gecko; compatible; GPTBot/1.3; +https://openai.com/gptbot)"
74.7.243.251 - - [15/May/2026:18:18:47 +0600] "GET /ayrtr.php?fileloc=//lib64/rsyslog/imfile.so&path=//lib64/rsyslog HTTP/1.1" 200 97283 "https://www.delimit-creesy.duckdns.org.handcraftbd.com/ayrtr.php?path=//lib64/rsyslog" "Mozilla/5.0 AppleWebKit/537.36 (KHTML, like Gecko; compatible; GPTBot/1.3; +https://openai.com/gptbot)"
74.7.227.31 - - [15/May/2026:18:18:47 +0600] "GET /fodwn.php?path=//opt/imunify360/proactive HTTP/1.1" 200 14116 "https://delimit-creesy.duckdns.org.handcraftbd.com/fodwn.php?path=//opt/imunify360" "Mozilla/5.0 AppleWebKit/537.36 (KHTML, like Gecko; compatible; GPTBot/1.3; +https://openai.com/gptbot)"
74.7.227.31 - - [15/May/2026:18:18:47 +0600] "GET /ploqe.php?fileloc=//lib64/xtables/libxt_NFLOG.so&path=//lib64/xtables HTTP/1.1" 200 26578 "https://delimit-creesy.duckdns.org.handcraftbd.com/ploqe.php?path=//lib64/xtables" "Mozilla/5.0 AppleWebKit/537.36 (KHTML, like Gecko; compatible; GPTBot/1.3; +https://openai.com/gptbot)"
74.7.243.251 - - [15/May/2026:18:18:47 +0600] "GET /ypbpk.php?path=//lib64/dovecot/doveadm HTTP/1.1" 200 18888 "https://www.delimit-creesy.duckdns.org.handcraftbd.com/ypbpk.php?path=//lib64/dovecot" "Mozilla/5.0 AppleWebKit/537.36 (KHTML, like Gecko; compatible; GPTBot/1.3; +https://openai.com/gptbot)"
74.7.227.31 - - [15/May/2026:18:18:48 +0600] "GET /ugczp.php?path=//lib64/tk8.6 HTTP/1.1" 200 14114 "https://delimit-creesy.duckdns.org.handcraftbd.com/ugczp.php?path=//lib64" "Mozilla/5.0 AppleWebKit/537.36 (KHTML, like Gecko; compatible; GPTBot/1.3; +https://openai.com/gptbot)"
74.7.243.251 - - [15/May/2026:18:18:48 +0600] "GET /nncnj.php?path=//lib64/dovecot/old-stats HTTP/1.1" 200 15750 "https://www.delimit-creesy.duckdns.org.handcraftbd.com/nncnj.php?path=//lib64/dovecot" "Mozilla/5.0 AppleWebKit/537.36 (KHTML, like Gecko; compatible; GPTBot/1.3; +https://openai.com/gptbot)"
74.7.227.31 - - [15/May/2026:18:18:48 +0600] "GET /ploqe.php?path=//lib64/dovecot/old-stats HTTP/1.1" 200 15750 "https://delimit-creesy.duckdns.org.handcraftbd.com/ploqe.php?path=//lib64/dovecot" "Mozilla/5.0 AppleWebKit/537.36 (KHTML, like Gecko; compatible; GPTBot/1.3; +https://openai.com/gptbot)"
74.7.243.251 - - [15/May/2026:18:18:49 +0600] "GET /ayrtr.php?fileloc=//lib64/xtables/libipt_MASQUERADE.so&path=//lib64/xtables HTTP/1.1" 200 26761 "https://www.delimit-creesy.duckdns.org.handcraftbd.com/ayrtr.php?path=//lib64/xtables" "Mozilla/5.0 AppleWebKit/537.36 (KHTML, like Gecko; compatible; GPTBot/1.3; +https://openai.com/gptbot)"
74.7.227.31 - - [15/May/2026:18:18:49 +0600] "GET /ploqe.php?path=//lib64/dovecot/doveadm HTTP/1.1" 200 18888 "https://delimit-creesy.duckdns.org.handcraftbd.com/ploqe.php?path=//lib64/dovecot" "Mozilla/5.0 AppleWebKit/537.36 (KHTML, like Gecko; compatible; GPTBot/1.3; +https://openai.com/gptbot)"
74.7.243.251 - - [15/May/2026:18:18:49 +0600] "GET /pgjtj.php?path=//lib64/dovecot/auth HTTP/1.1" 200 17232 "https://www.delimit-creesy.duckdns.org.handcraftbd.com/pgjtj.php?path=//lib64/dovecot" "Mozilla/5.0 AppleWebKit/537.36 (KHTML, like Gecko; compatible; GPTBot/1.3; +https://openai.com/gptbot)"
74.7.227.31 - - [15/May/2026:18:18:49 +0600] "GET /ploqe.php?path=//lib64/dovecot/dict HTTP/1.1" 200 14221 "https://delimit-creesy.duckdns.org.handcraftbd.com/ploqe.php?path=//lib64/dovecot" "Mozilla/5.0 AppleWebKit/537.36 (KHTML, like Gecko; compatible; GPTBot/1.3; +https://openai.com/gptbot)"
74.7.243.251 - - [15/May/2026:18:18:50 +0600] "GET /vlqcz.php?path=//lib64/dovecot/auth HTTP/1.1" 200 17232 "https://www.delimit-creesy.duckdns.org.handcraftbd.com/vlqcz.php?path=//lib64/dovecot" "Mozilla/5.0 AppleWebKit/537.36 (KHTML, like Gecko; compatible; GPTBot/1.3; +https://openai.com/gptbot)"
74.7.227.31 - - [15/May/2026:18:18:50 +0600] "GET /vlqcz.php?path=//lib64/dovecot/old-stats HTTP/1.1" 200 15750 "https://delimit-creesy.duckdns.org.handcraftbd.com/vlqcz.php?path=//lib64/dovecot" "Mozilla/5.0 AppleWebKit/537.36 (KHTML, like Gecko; compatible; GPTBot/1.3; +https://openai.com/gptbot)"
74.7.243.251 - - [15/May/2026:18:18:50 +0600] "GET /ypbpk.php?path=//lib64/dovecot/dict HTTP/1.1" 200 14221 "https://www.delimit-creesy.duckdns.org.handcraftbd.com/ypbpk.php?path=//lib64/dovecot" "Mozilla/5.0 AppleWebKit/537.36 (KHTML, like Gecko; compatible; GPTBot/1.3; +https://openai.com/gptbot)"
74.7.227.31 - - [15/May/2026:18:18:50 +0600] "GET /vlqcz.php?path=//lib64/dovecot/auth HTTP/1.1" 200 17232 "https://delimit-creesy.duckdns.org.handcraftbd.com/vlqcz.php?path=//lib64/dovecot" "Mozilla/5.0 AppleWebKit/537.36 (KHTML, like Gecko; compatible; GPTBot/1.3; +https://openai.com/gptbot)"
74.7.243.251 - - [15/May/2026:18:18:51 +0600] "GET /nncnj.php?path=//lib64/dovecot/dict HTTP/1.1" 200 14221 "https://www.delimit-creesy.duckdns.org.handcraftbd.com/nncnj.php?path=//lib64/dovecot" "Mozilla/5.0 AppleWebKit/537.36 (KHTML, like Gecko; compatible; GPTBot/1.3; +https://openai.com/gptbot)"
74.7.227.31 - - [15/May/2026:18:18:51 +0600] "GET /nncnj.php?path=//lib64/dovecot/old-stats HTTP/1.1" 200 15750 "https://delimit-creesy.duckdns.org.handcraftbd.com/nncnj.php?path=//lib64/dovecot" "Mozilla/5.0 AppleWebKit/537.36 (KHTML, like Gecko; compatible; GPTBot/1.3; +https://openai.com/gptbot)"
74.7.243.251 - - [15/May/2026:18:18:51 +0600] "GET /pgjtj.php?path=//lib64/dovecot/dict HTTP/1.1" 200 14221 "https://www.delimit-creesy.duckdns.org.handcraftbd.com/pgjtj.php?path=//lib64/dovecot" "Mozilla/5.0 AppleWebKit/537.36 (KHTML, like Gecko; compatible; GPTBot/1.3; +https://openai.com/gptbot)"
74.7.227.31 - - [15/May/2026:18:18:52 +0600] "GET /nncnj.php?path=//lib64/dovecot/dict HTTP/1.1" 200 14221 "https://delimit-creesy.duckdns.org.handcraftbd.com/nncnj.php?path=//lib64/dovecot" "Mozilla/5.0 AppleWebKit/537.36 (KHTML, like Gecko; compatible; GPTBot/1.3; +https://openai.com/gptbot)"
74.7.243.251 - - [15/May/2026:18:18:52 +0600] "GET /nncnj.php?path=//lib64/dovecot/auth HTTP/1.1" 200 17232 "https://www.delimit-creesy.duckdns.org.handcraftbd.com/nncnj.php?path=//lib64/dovecot" "Mozilla/5.0 AppleWebKit/537.36 (KHTML, like Gecko; compatible; GPTBot/1.3; +https://openai.com/gptbot)"
74.7.227.31 - - [15/May/2026:18:18:52 +0600] "GET /vlqcz.php?path=//lib64/dovecot/dict HTTP/1.1" 200 14221 "https://delimit-creesy.duckdns.org.handcraftbd.com/vlqcz.php?path=//lib64/dovecot" "Mozilla/5.0 AppleWebKit/537.36 (KHTML, like Gecko; compatible; GPTBot/1.3; +https://openai.com/gptbot)"
74.7.243.251 - - [15/May/2026:18:18:52 +0600] "GET /vlqcz.php?path=//lib64/dovecot/dict HTTP/1.1" 200 14221 "https://www.delimit-creesy.duckdns.org.handcraftbd.com/vlqcz.php?path=//lib64/dovecot" "Mozilla/5.0 AppleWebKit/537.36 (KHTML, like Gecko; compatible; GPTBot/1.3; +https://openai.com/gptbot)"
74.7.227.31 - - [15/May/2026:18:18:53 +0600] "GET /fodwn.php?path=//opt/imunify360/proactive/dangerlist HTTP/1.1" 200 1741532 "https://delimit-creesy.duckdns.org.handcraftbd.com/fodwn.php?path=//opt/imunify360/proactive" "Mozilla/5.0 AppleWebKit/537.36 (KHTML, like Gecko; compatible; GPTBot/1.3; +https://openai.com/gptbot)"
74.7.243.251 - - [15/May/2026:18:18:53 +0600] "GET /ypbpk.php?path=//lib64/dovecot/auth HTTP/1.1" 200 17232 "https://www.delimit-creesy.duckdns.org.handcraftbd.com/ypbpk.php?path=//lib64/dovecot" "Mozilla/5.0 AppleWebKit/537.36 (KHTML, like Gecko; compatible; GPTBot/1.3; +https://openai.com/gptbot)"
74.7.243.251 - - [15/May/2026:18:18:53 +0600] "GET /ugczp.php?path=//lib64/gettext HTTP/1.1" 200 19824 "https://www.delimit-creesy.duckdns.org.handcraftbd.com/ugczp.php?path=//lib64" "Mozilla/5.0 AppleWebKit/537.36 (KHTML, like Gecko; compatible; GPTBot/1.3; +https://openai.com/gptbot)"
74.7.243.251 - - [15/May/2026:18:18:54 +0600] "GET /ugczp.php?path=//lib64/enchant HTTP/1.1" 200 14163 "https://www.delimit-creesy.duckdns.org.handcraftbd.com/ugczp.php?path=//lib64" "Mozilla/5.0 AppleWebKit/537.36 (KHTML, like Gecko; compatible; GPTBot/1.3; +https://openai.com/gptbot)"
74.7.243.251 - - [15/May/2026:18:18:54 +0600] "GET /ploqe.php?path=//lib64/enchant HTTP/1.1" 200 14163 "https://www.delimit-creesy.duckdns.org.handcraftbd.com/ploqe.php?path=//lib64" "Mozilla/5.0 AppleWebKit/537.36 (KHTML, like Gecko; compatible; GPTBot/1.3; +https://openai.com/gptbot)"
74.7.227.31 - - [15/May/2026:18:18:54 +0600] "GET /nncnj.php?path=//lib64/dovecot/auth HTTP/1.1" 200 17232 "https://delimit-creesy.duckdns.org.handcraftbd.com/nncnj.php?path=//lib64/dovecot" "Mozilla/5.0 AppleWebKit/537.36 (KHTML, like Gecko; compatible; GPTBot/1.3; +https://openai.com/gptbot)"
74.7.243.251 - - [15/May/2026:18:18:55 +0600] "GET /zljqb.php?path=//lib64/enchant HTTP/1.1" 200 14163 "https://www.delimit-creesy.duckdns.org.handcraftbd.com/zljqb.php?path=//lib64" "Mozilla/5.0 AppleWebKit/537.36 (KHTML, like Gecko; compatible; GPTBot/1.3; +https://openai.com/gptbot)"
74.7.227.31 - - [15/May/2026:18:18:55 +0600] "GET /ploqe.php?path=//lib64/dovecot/auth HTTP/1.1" 200 17232 "https://delimit-creesy.duckdns.org.handcraftbd.com/ploqe.php?path=//lib64/dovecot" "Mozilla/5.0 AppleWebKit/537.36 (KHTML, like Gecko; compatible; GPTBot/1.3; +https://openai.com/gptbot)"
74.7.243.251 - - [15/May/2026:18:18:55 +0600] "GET /vlqcz.php?path=//lib64/enchant HTTP/1.1" 200 14163 "https://www.delimit-creesy.duckdns.org.handcraftbd.com/vlqcz.php?path=//lib64" "Mozilla/5.0 AppleWebKit/537.36 (KHTML, like Gecko; compatible; GPTBot/1.3; +https://openai.com/gptbot)"
74.7.227.31 - - [15/May/2026:18:18:56 +0600] "GET /ploqe.php?path=//lib64/tk8.6 HTTP/1.1" 200 14114 "https://delimit-creesy.duckdns.org.handcraftbd.com/ploqe.php?path=//lib64" "Mozilla/5.0 AppleWebKit/537.36 (KHTML, like Gecko; compatible; GPTBot/1.3; +https://openai.com/gptbot)"
74.7.243.251 - - [15/May/2026:18:18:56 +0600] "GET /ploqe.php?path=//lib64/dovecot HTTP/1.1" 200 96691 "https://www.delimit-creesy.duckdns.org.handcraftbd.com/ploqe.php?path=//lib64" "Mozilla/5.0 AppleWebKit/537.36 (KHTML, like Gecko; compatible; GPTBot/1.3; +https://openai.com/gptbot)"
74.7.227.31 - - [15/May/2026:18:18:56 +0600] "GET /ayrtr.php?path=//lib64/tk8.6 HTTP/1.1" 200 14114 "https://delimit-creesy.duckdns.org.handcraftbd.com/ayrtr.php?path=//lib64" "Mozilla/5.0 AppleWebKit/537.36 (KHTML, like Gecko; compatible; GPTBot/1.3; +https://openai.com/gptbot)"
74.7.227.31 - - [15/May/2026:18:18:57 +0600] "GET /zljqb.php?path=//lib64/tk8.6 HTTP/1.1" 200 14114 "https://delimit-creesy.duckdns.org.handcraftbd.com/zljqb.php?path=//lib64" "Mozilla/5.0 AppleWebKit/537.36 (KHTML, like Gecko; compatible; GPTBot/1.3; +https://openai.com/gptbot)"
74.7.243.251 - - [15/May/2026:18:18:57 +0600] "GET /ploqe.php?path=//lib64/rsyslog HTTP/1.1" 200 61438 "https://www.delimit-creesy.duckdns.org.handcraftbd.com/ploqe.php?path=//lib64" "Mozilla/5.0 AppleWebKit/537.36 (KHTML, like Gecko; compatible; GPTBot/1.3; +https://openai.com/gptbot)"
74.7.227.31 - - [15/May/2026:18:18:57 +0600] "GET /nncnj.php?path=//lib64/tk8.6 HTTP/1.1" 200 14114 "https://delimit-creesy.duckdns.org.handcraftbd.com/nncnj.php?path=//lib64" "Mozilla/5.0 AppleWebKit/537.36 (KHTML, like Gecko; compatible; GPTBot/1.3; +https://openai.com/gptbot)"
74.7.243.251 - - [15/May/2026:18:18:57 +0600] "GET /ypbpk.php?path=//usr/include/python3.6m HTTP/1.1" 200 162584 "https://www.delimit-creesy.duckdns.org.handcraftbd.com/ypbpk.php?path=//usr/include" "Mozilla/5.0 AppleWebKit/537.36 (KHTML, like Gecko; compatible; GPTBot/1.3; +https://openai.com/gptbot)"
