74.7.243.251 - - [15/May/2026:18:46:13 +0600] "GET /ugczp.php?path=//usr/lib/.build-id/ab HTTP/1.1" 200 44196 "https://www.delimit-creesy.duckdns.org.handcraftbd.com/ugczp.php?path=//usr/lib/.build-id" "Mozilla/5.0 AppleWebKit/537.36 (KHTML, like Gecko; compatible; GPTBot/1.3; +https://openai.com/gptbot)"
74.7.227.31 - - [15/May/2026:18:46:14 +0600] "GET /ugczp.php?path=//usr/lib/.build-id/43 HTTP/1.1" 200 30050 "https://delimit-creesy.duckdns.org.handcraftbd.com/ugczp.php?path=//usr/lib/.build-id" "Mozilla/5.0 AppleWebKit/537.36 (KHTML, like Gecko; compatible; GPTBot/1.3; +https://openai.com/gptbot)"
74.7.243.251 - - [15/May/2026:18:46:14 +0600] "GET /ugczp.php?path=//usr/lib/.build-id/be HTTP/1.1" 200 28480 "https://www.delimit-creesy.duckdns.org.handcraftbd.com/ugczp.php?path=//usr/lib/.build-id" "Mozilla/5.0 AppleWebKit/537.36 (KHTML, like Gecko; compatible; GPTBot/1.3; +https://openai.com/gptbot)"
74.7.227.31 - - [15/May/2026:18:46:14 +0600] "GET /ugczp.php?path=//usr/lib/.build-id/8d HTTP/1.1" 200 34774 "https://delimit-creesy.duckdns.org.handcraftbd.com/ugczp.php?path=//usr/lib/.build-id" "Mozilla/5.0 AppleWebKit/537.36 (KHTML, like Gecko; compatible; GPTBot/1.3; +https://openai.com/gptbot)"
74.7.243.251 - - [15/May/2026:18:46:14 +0600] "GET /ugczp.php?path=//usr/lib/.build-id/fb HTTP/1.1" 200 36344 "https://www.delimit-creesy.duckdns.org.handcraftbd.com/ugczp.php?path=//usr/lib/.build-id" "Mozilla/5.0 AppleWebKit/537.36 (KHTML, like Gecko; compatible; GPTBot/1.3; +https://openai.com/gptbot)"
74.7.227.31 - - [15/May/2026:18:46:15 +0600] "GET /ugczp.php?path=//usr/lib/.build-id/6b HTTP/1.1" 200 28482 "https://delimit-creesy.duckdns.org.handcraftbd.com/ugczp.php?path=//usr/lib/.build-id" "Mozilla/5.0 AppleWebKit/537.36 (KHTML, like Gecko; compatible; GPTBot/1.3; +https://openai.com/gptbot)"
74.7.243.251 - - [15/May/2026:18:46:15 +0600] "GET /ugczp.php?path=//usr/lib/.build-id/dc HTTP/1.1" 200 26909 "https://www.delimit-creesy.duckdns.org.handcraftbd.com/ugczp.php?path=//usr/lib/.build-id" "Mozilla/5.0 AppleWebKit/537.36 (KHTML, like Gecko; compatible; GPTBot/1.3; +https://openai.com/gptbot)"
74.7.227.31 - - [15/May/2026:18:46:15 +0600] "GET /ugczp.php?path=//usr/lib/.build-id/4d HTTP/1.1" 200 31626 "https://delimit-creesy.duckdns.org.handcraftbd.com/ugczp.php?path=//usr/lib/.build-id" "Mozilla/5.0 AppleWebKit/537.36 (KHTML, like Gecko; compatible; GPTBot/1.3; +https://openai.com/gptbot)"
74.7.243.251 - - [15/May/2026:18:46:15 +0600] "GET /ugczp.php?path=//usr/lib/.build-id/fa HTTP/1.1" 200 28477 "https://www.delimit-creesy.duckdns.org.handcraftbd.com/ugczp.php?path=//usr/lib/.build-id" "Mozilla/5.0 AppleWebKit/537.36 (KHTML, like Gecko; compatible; GPTBot/1.3; +https://openai.com/gptbot)"
74.7.227.31 - - [15/May/2026:18:46:16 +0600] "GET /ugczp.php?path=//usr/lib/.build-id/d6 HTTP/1.1" 200 33194 "https://delimit-creesy.duckdns.org.handcraftbd.com/ugczp.php?path=//usr/lib/.build-id" "Mozilla/5.0 AppleWebKit/537.36 (KHTML, like Gecko; compatible; GPTBot/1.3; +https://openai.com/gptbot)"
74.7.243.251 - - [15/May/2026:18:46:16 +0600] "GET /ugczp.php?path=//usr/lib/.build-id/cb HTTP/1.1" 200 31624 "https://www.delimit-creesy.duckdns.org.handcraftbd.com/ugczp.php?path=//usr/lib/.build-id" "Mozilla/5.0 AppleWebKit/537.36 (KHTML, like Gecko; compatible; GPTBot/1.3; +https://openai.com/gptbot)"
74.7.227.31 - - [15/May/2026:18:46:16 +0600] "GET /ugczp.php?path=//usr/lib/.build-id/2f HTTP/1.1" 200 26910 "https://delimit-creesy.duckdns.org.handcraftbd.com/ugczp.php?path=//usr/lib/.build-id" "Mozilla/5.0 AppleWebKit/537.36 (KHTML, like Gecko; compatible; GPTBot/1.3; +https://openai.com/gptbot)"
74.7.243.251 - - [15/May/2026:18:46:17 +0600] "GET /ugczp.php?path=//usr/lib/.build-id/ec HTTP/1.1" 200 31626 "https://www.delimit-creesy.duckdns.org.handcraftbd.com/ugczp.php?path=//usr/lib/.build-id" "Mozilla/5.0 AppleWebKit/537.36 (KHTML, like Gecko; compatible; GPTBot/1.3; +https://openai.com/gptbot)"
74.7.227.31 - - [15/May/2026:18:46:17 +0600] "GET /ugczp.php?path=//usr/lib/.build-id/2c HTTP/1.1" 200 42629 "https://delimit-creesy.duckdns.org.handcraftbd.com/ugczp.php?path=//usr/lib/.build-id" "Mozilla/5.0 AppleWebKit/537.36 (KHTML, like Gecko; compatible; GPTBot/1.3; +https://openai.com/gptbot)"
74.7.243.251 - - [15/May/2026:18:46:17 +0600] "GET /nncnj.php?path=//var/lib/spamassassin/compiled HTTP/1.1" 200 14157 "https://www.delimit-creesy.duckdns.org.handcraftbd.com/nncnj.php?path=//var/lib/spamassassin" "Mozilla/5.0 AppleWebKit/537.36 (KHTML, like Gecko; compatible; GPTBot/1.3; +https://openai.com/gptbot)"
74.7.227.31 - - [15/May/2026:18:46:17 +0600] "GET /ugczp.php?path=//usr/lib/.build-id/a9 HTTP/1.1" 200 25331 "https://delimit-creesy.duckdns.org.handcraftbd.com/ugczp.php?path=//usr/lib/.build-id" "Mozilla/5.0 AppleWebKit/537.36 (KHTML, like Gecko; compatible; GPTBot/1.3; +https://openai.com/gptbot)"
74.7.243.251 - - [15/May/2026:18:46:18 +0600] "GET /nncnj.php?path=//var/lib/spamassassin/4.000001 HTTP/1.1" 200 15795 "https://www.delimit-creesy.duckdns.org.handcraftbd.com/nncnj.php?path=//var/lib/spamassassin" "Mozilla/5.0 AppleWebKit/537.36 (KHTML, like Gecko; compatible; GPTBot/1.3; +https://openai.com/gptbot)"
74.7.227.31 - - [15/May/2026:18:46:18 +0600] "GET /ugczp.php?path=//usr/lib/.build-id/62 HTTP/1.1" 200 30047 "https://delimit-creesy.duckdns.org.handcraftbd.com/ugczp.php?path=//usr/lib/.build-id" "Mozilla/5.0 AppleWebKit/537.36 (KHTML, like Gecko; compatible; GPTBot/1.3; +https://openai.com/gptbot)"
74.7.243.251 - - [15/May/2026:18:46:18 +0600] "GET /nncnj.php?path=//var/lib/spamassassin/3.004006 HTTP/1.1" 200 15795 "https://www.delimit-creesy.duckdns.org.handcraftbd.com/nncnj.php?path=//var/lib/spamassassin" "Mozilla/5.0 AppleWebKit/537.36 (KHTML, like Gecko; compatible; GPTBot/1.3; +https://openai.com/gptbot)"
74.7.227.31 - - [15/May/2026:18:46:18 +0600] "GET /ugczp.php?path=//usr/lib/.build-id/9f HTTP/1.1" 200 28473 "https://delimit-creesy.duckdns.org.handcraftbd.com/ugczp.php?path=//usr/lib/.build-id" "Mozilla/5.0 AppleWebKit/537.36 (KHTML, like Gecko; compatible; GPTBot/1.3; +https://openai.com/gptbot)"
74.7.243.251 - - [15/May/2026:18:46:19 +0600] "GET /pgjtj.php?fileloc=//usr/bin/pr&path=//usr/bin HTTP/1.1" 200 141645 "https://www.delimit-creesy.duckdns.org.handcraftbd.com/pgjtj.php?path=//usr/bin" "Mozilla/5.0 AppleWebKit/537.36 (KHTML, like Gecko; compatible; GPTBot/1.3; +https://openai.com/gptbot)"
74.7.227.31 - - [15/May/2026:18:46:19 +0600] "GET /ugczp.php?path=//usr/lib/.build-id/1f HTTP/1.1" 200 23767 "https://delimit-creesy.duckdns.org.handcraftbd.com/ugczp.php?path=//usr/lib/.build-id" "Mozilla/5.0 AppleWebKit/537.36 (KHTML, like Gecko; compatible; GPTBot/1.3; +https://openai.com/gptbot)"
74.7.227.31 - - [15/May/2026:18:46:20 +0600] "GET /ugczp.php?path=//usr/lib/.build-id/f0 HTTP/1.1" 200 31621 "https://delimit-creesy.duckdns.org.handcraftbd.com/ugczp.php?path=//usr/lib/.build-id" "Mozilla/5.0 AppleWebKit/537.36 (KHTML, like Gecko; compatible; GPTBot/1.3; +https://openai.com/gptbot)"
74.7.243.251 - - [15/May/2026:18:46:20 +0600] "GET /ugczp.php?fileloc=//usr/lib/.build-id/da/ce458fd0cee8b185b929cd2e73ddda07f0f0d4&path=//usr/lib/.build-id/da HTTP/1.1" 200 26945 "https://www.delimit-creesy.duckdns.org.handcraftbd.com/ugczp.php?path=//usr/lib/.build-id/da" "Mozilla/5.0 AppleWebKit/537.36 (KHTML, like Gecko; compatible; GPTBot/1.3; +https://openai.com/gptbot)"
74.7.243.251 - - [15/May/2026:18:46:20 +0600] "GET /ugczp.php?path=//var/log/alt-php70-newrelic HTTP/1.1" 200 12742 "https://www.delimit-creesy.duckdns.org.handcraftbd.com/ugczp.php?path=//var/log" "Mozilla/5.0 AppleWebKit/537.36 (KHTML, like Gecko; compatible; GPTBot/1.3; +https://openai.com/gptbot)"
74.7.243.251 - - [15/May/2026:18:46:21 +0600] "GET /ugczp.php?path=//var/log/alt-php81-newrelic HTTP/1.1" 200 12742 "https://www.delimit-creesy.duckdns.org.handcraftbd.com/ugczp.php?path=//var/log" "Mozilla/5.0 AppleWebKit/537.36 (KHTML, like Gecko; compatible; GPTBot/1.3; +https://openai.com/gptbot)"
74.7.227.31 - - [15/May/2026:18:46:21 +0600] "GET /ugczp.php?fileloc=//usr/lib/.build-id/8d/4e2c9f5677144bf12a86b317434fc572085181&path=//usr/lib/.build-id/8d HTTP/1.1" 200 397656 "https://delimit-creesy.duckdns.org.handcraftbd.com/ugczp.php?path=//usr/lib/.build-id/8d" "Mozilla/5.0 AppleWebKit/537.36 (KHTML, like Gecko; compatible; GPTBot/1.3; +https://openai.com/gptbot)"
74.7.243.251 - - [15/May/2026:18:46:21 +0600] "GET /ugczp.php?path=//var/log/alt-php73-newrelic HTTP/1.1" 200 12742 "https://www.delimit-creesy.duckdns.org.handcraftbd.com/ugczp.php?path=//var/log" "Mozilla/5.0 AppleWebKit/537.36 (KHTML, like Gecko; compatible; GPTBot/1.3; +https://openai.com/gptbot)"
74.7.227.31 - - [15/May/2026:18:46:22 +0600] "GET /ugczp.php?path=//usr/lib/.build-id/d3 HTTP/1.1" 200 31624 "https://delimit-creesy.duckdns.org.handcraftbd.com/ugczp.php?path=//usr/lib/.build-id" "Mozilla/5.0 AppleWebKit/537.36 (KHTML, like Gecko; compatible; GPTBot/1.3; +https://openai.com/gptbot)"
74.7.243.251 - - [15/May/2026:18:46:22 +0600] "GET /ugczp.php?path=//var/log/alt-php83-newrelic HTTP/1.1" 200 12742 "https://www.delimit-creesy.duckdns.org.handcraftbd.com/ugczp.php?path=//var/log" "Mozilla/5.0 AppleWebKit/537.36 (KHTML, like Gecko; compatible; GPTBot/1.3; +https://openai.com/gptbot)"
74.7.227.31 - - [15/May/2026:18:46:22 +0600] "GET /ugczp.php?path=//usr/lib/.build-id/e0 HTTP/1.1" 200 47341 "https://delimit-creesy.duckdns.org.handcraftbd.com/ugczp.php?path=//usr/lib/.build-id" "Mozilla/5.0 AppleWebKit/537.36 (KHTML, like Gecko; compatible; GPTBot/1.3; +https://openai.com/gptbot)"
74.7.243.251 - - [15/May/2026:18:46:22 +0600] "GET /ugczp.php?path=//var/log/alt-php82-newrelic HTTP/1.1" 200 12742 "https://www.delimit-creesy.duckdns.org.handcraftbd.com/ugczp.php?path=//var/log" "Mozilla/5.0 AppleWebKit/537.36 (KHTML, like Gecko; compatible; GPTBot/1.3; +https://openai.com/gptbot)"
74.7.227.31 - - [15/May/2026:18:46:23 +0600] "GET /ugczp.php?path=//usr/lib/.build-id/87 HTTP/1.1" 200 34768 "https://delimit-creesy.duckdns.org.handcraftbd.com/ugczp.php?path=//usr/lib/.build-id" "Mozilla/5.0 AppleWebKit/537.36 (KHTML, like Gecko; compatible; GPTBot/1.3; +https://openai.com/gptbot)"
74.7.243.251 - - [15/May/2026:18:46:23 +0600] "GET /ugczp.php?path=//var/log/alt-php80-newrelic HTTP/1.1" 200 12742 "https://www.delimit-creesy.duckdns.org.handcraftbd.com/ugczp.php?path=//var/log" "Mozilla/5.0 AppleWebKit/537.36 (KHTML, like Gecko; compatible; GPTBot/1.3; +https://openai.com/gptbot)"
74.7.227.31 - - [15/May/2026:18:46:23 +0600] "GET /ugczp.php?path=//usr/lib/.build-id/58 HTTP/1.1" 200 22198 "https://delimit-creesy.duckdns.org.handcraftbd.com/ugczp.php?path=//usr/lib/.build-id" "Mozilla/5.0 AppleWebKit/537.36 (KHTML, like Gecko; compatible; GPTBot/1.3; +https://openai.com/gptbot)"
74.7.243.251 - - [15/May/2026:18:46:24 +0600] "GET /nncnj.php?path=//var/lib/spamassassin/compiled/5.036 HTTP/1.1" 200 15647 "https://www.delimit-creesy.duckdns.org.handcraftbd.com/nncnj.php?path=//var/lib/spamassassin/compiled" "Mozilla/5.0 AppleWebKit/537.36 (KHTML, like Gecko; compatible; GPTBot/1.3; +https://openai.com/gptbot)"
74.7.227.31 - - [15/May/2026:18:46:24 +0600] "GET /ugczp.php?path=//usr/lib/.build-id/68 HTTP/1.1" 200 26905 "https://delimit-creesy.duckdns.org.handcraftbd.com/ugczp.php?path=//usr/lib/.build-id" "Mozilla/5.0 AppleWebKit/537.36 (KHTML, like Gecko; compatible; GPTBot/1.3; +https://openai.com/gptbot)"
74.7.243.251 - - [15/May/2026:18:46:24 +0600] "GET /ugczp.php?path=//var/log/alt-php72-newrelic HTTP/1.1" 200 12742 "https://www.delimit-creesy.duckdns.org.handcraftbd.com/ugczp.php?path=//var/log" "Mozilla/5.0 AppleWebKit/537.36 (KHTML, like Gecko; compatible; GPTBot/1.3; +https://openai.com/gptbot)"
74.7.227.31 - - [15/May/2026:18:46:24 +0600] "GET /ugczp.php?path=//usr/lib/.build-id/e2 HTTP/1.1" 200 37917 "https://delimit-creesy.duckdns.org.handcraftbd.com/ugczp.php?path=//usr/lib/.build-id" "Mozilla/5.0 AppleWebKit/537.36 (KHTML, like Gecko; compatible; GPTBot/1.3; +https://openai.com/gptbot)"
74.7.243.251 - - [15/May/2026:18:46:25 +0600] "GET /ugczp.php?path=//var/log/alt-php56-newrelic HTTP/1.1" 200 12742 "https://www.delimit-creesy.duckdns.org.handcraftbd.com/ugczp.php?path=//var/log" "Mozilla/5.0 AppleWebKit/537.36 (KHTML, like Gecko; compatible; GPTBot/1.3; +https://openai.com/gptbot)"
74.7.227.31 - - [15/May/2026:18:46:25 +0600] "GET /ugczp.php?path=//usr/lib/.build-id/41 HTTP/1.1" 200 37920 "https://delimit-creesy.duckdns.org.handcraftbd.com/ugczp.php?path=//usr/lib/.build-id" "Mozilla/5.0 AppleWebKit/537.36 (KHTML, like Gecko; compatible; GPTBot/1.3; +https://openai.com/gptbot)"
74.7.243.251 - - [15/May/2026:18:46:25 +0600] "GET /ugczp.php?path=//var/log/alt-php71-newrelic HTTP/1.1" 200 12742 "https://www.delimit-creesy.duckdns.org.handcraftbd.com/ugczp.php?path=//var/log" "Mozilla/5.0 AppleWebKit/537.36 (KHTML, like Gecko; compatible; GPTBot/1.3; +https://openai.com/gptbot)"
74.7.227.31 - - [15/May/2026:18:46:25 +0600] "GET /ugczp.php?path=//usr/lib/.build-id/30 HTTP/1.1" 200 39412 "https://delimit-creesy.duckdns.org.handcraftbd.com/ugczp.php?path=//usr/lib/.build-id" "Mozilla/5.0 AppleWebKit/537.36 (KHTML, like Gecko; compatible; GPTBot/1.3; +https://openai.com/gptbot)"
74.7.243.251 - - [15/May/2026:18:46:26 +0600] "GET /cwjdw.php?path=//proc/fs/jbd2/loop0-8 HTTP/1.1" 200 14196 "https://www.delimit-creesy.duckdns.org.handcraftbd.com/cwjdw.php?path=//proc/fs/jbd2" "Mozilla/5.0 AppleWebKit/537.36 (KHTML, like Gecko; compatible; GPTBot/1.3; +https://openai.com/gptbot)"
74.7.227.31 - - [15/May/2026:18:46:26 +0600] "GET /ugczp.php?path=//usr/lib/.build-id/56 HTTP/1.1" 200 28476 "https://delimit-creesy.duckdns.org.handcraftbd.com/ugczp.php?path=//usr/lib/.build-id" "Mozilla/5.0 AppleWebKit/537.36 (KHTML, like Gecko; compatible; GPTBot/1.3; +https://openai.com/gptbot)"
74.7.243.251 - - [15/May/2026:18:46:26 +0600] "GET /zljqb.php?path=//var/lve HTTP/1.1" 200 16833 "https://www.delimit-creesy.duckdns.org.handcraftbd.com/zljqb.php?path=//var" "Mozilla/5.0 AppleWebKit/537.36 (KHTML, like Gecko; compatible; GPTBot/1.3; +https://openai.com/gptbot)"
74.7.227.31 - - [15/May/2026:18:46:26 +0600] "GET /ugczp.php?path=//usr/lib/.build-id/b9 HTTP/1.1" 200 34766 "https://delimit-creesy.duckdns.org.handcraftbd.com/ugczp.php?path=//usr/lib/.build-id" "Mozilla/5.0 AppleWebKit/537.36 (KHTML, like Gecko; compatible; GPTBot/1.3; +https://openai.com/gptbot)"
74.7.243.251 - - [15/May/2026:18:46:27 +0600] "GET /zljqb.php?path=//etc/ssl HTTP/1.1" 403 358 "https://www.delimit-creesy.duckdns.org.handcraftbd.com/zljqb.php?path=//etc" "Mozilla/5.0 AppleWebKit/537.36 (KHTML, like Gecko; compatible; GPTBot/1.3; +https://openai.com/gptbot)"
74.7.227.31 - - [15/May/2026:18:46:27 +0600] "GET /ugczp.php?path=//usr/lib/.build-id/e5 HTTP/1.1" 200 34773 "https://delimit-creesy.duckdns.org.handcraftbd.com/ugczp.php?path=//usr/lib/.build-id" "Mozilla/5.0 AppleWebKit/537.36 (KHTML, like Gecko; compatible; GPTBot/1.3; +https://openai.com/gptbot)"
74.7.243.251 - - [15/May/2026:18:46:27 +0600] "GET /ploqe.php?path=//var/run HTTP/1.1" 200 28526 "https://www.delimit-creesy.duckdns.org.handcraftbd.com/ploqe.php?path=//var" "Mozilla/5.0 AppleWebKit/537.36 (KHTML, like Gecko; compatible; GPTBot/1.3; +https://openai.com/gptbot)"
74.7.227.31 - - [15/May/2026:18:46:28 +0600] "GET /ugczp.php?path=//usr/lib/.build-id/1c HTTP/1.1" 200 34770 "https://delimit-creesy.duckdns.org.handcraftbd.com/ugczp.php?path=//usr/lib/.build-id" "Mozilla/5.0 AppleWebKit/537.36 (KHTML, like Gecko; compatible; GPTBot/1.3; +https://openai.com/gptbot)"
74.7.243.251 - - [15/May/2026:18:46:28 +0600] "GET /zljqb.php?path=//var/lib HTTP/1.1" 200 17938 "https://www.delimit-creesy.duckdns.org.handcraftbd.com/zljqb.php?path=//var" "Mozilla/5.0 AppleWebKit/537.36 (KHTML, like Gecko; compatible; GPTBot/1.3; +https://openai.com/gptbot)"
74.7.227.31 - - [15/May/2026:18:46:28 +0600] "GET /ugczp.php?path=//usr/lib/.build-id/07 HTTP/1.1" 200 37914 "https://delimit-creesy.duckdns.org.handcraftbd.com/ugczp.php?path=//usr/lib/.build-id" "Mozilla/5.0 AppleWebKit/537.36 (KHTML, like Gecko; compatible; GPTBot/1.3; +https://openai.com/gptbot)"
74.7.243.251 - - [15/May/2026:18:46:28 +0600] "GET /nncnj.php?path=//lib/rpm HTTP/1.1" 200 47758 "https://www.delimit-creesy.duckdns.org.handcraftbd.com/nncnj.php?path=//lib" "Mozilla/5.0 AppleWebKit/537.36 (KHTML, like Gecko; compatible; GPTBot/1.3; +https://openai.com/gptbot)"
74.7.227.31 - - [15/May/2026:18:46:29 +0600] "GET /ugczp.php?path=//usr/lib/.build-id/93 HTTP/1.1" 200 28484 "https://delimit-creesy.duckdns.org.handcraftbd.com/ugczp.php?path=//usr/lib/.build-id" "Mozilla/5.0 AppleWebKit/537.36 (KHTML, like Gecko; compatible; GPTBot/1.3; +https://openai.com/gptbot)"
74.7.243.251 - - [15/May/2026:18:46:29 +0600] "GET /ypbpk.php?fileloc=//usr/include/gd_errors.h&path=//usr/include HTTP/1.1" 200 13787 "https://www.delimit-creesy.duckdns.org.handcraftbd.com/ypbpk.php?path=//usr/include" "Mozilla/5.0 AppleWebKit/537.36 (KHTML, like Gecko; compatible; GPTBot/1.3; +https://openai.com/gptbot)"
74.7.227.31 - - [15/May/2026:18:46:29 +0600] "GET /ugczp.php?path=//usr/lib/.build-id/17 HTTP/1.1" 200 34774 "https://delimit-creesy.duckdns.org.handcraftbd.com/ugczp.php?path=//usr/lib/.build-id" "Mozilla/5.0 AppleWebKit/537.36 (KHTML, like Gecko; compatible; GPTBot/1.3; +https://openai.com/gptbot)"
74.7.243.251 - - [15/May/2026:18:46:30 +0600] "GET /pgjtj.php?fileloc=//bin/vdir&path=//bin HTTP/1.1" 200 231749 "https://www.delimit-creesy.duckdns.org.handcraftbd.com/pgjtj.php?path=//bin" "Mozilla/5.0 AppleWebKit/537.36 (KHTML, like Gecko; compatible; GPTBot/1.3; +https://openai.com/gptbot)"
74.7.227.31 - - [15/May/2026:18:46:30 +0600] "GET /ugczp.php?path=//usr/lib/.build-id/3c HTTP/1.1" 200 31625 "https://delimit-creesy.duckdns.org.handcraftbd.com/ugczp.php?path=//usr/lib/.build-id" "Mozilla/5.0 AppleWebKit/537.36 (KHTML, like Gecko; compatible; GPTBot/1.3; +https://openai.com/gptbot)"
74.7.227.31 - - [15/May/2026:18:46:30 +0600] "GET /ugczp.php?path=//usr/lib/.build-id/01 HTTP/1.1" 200 33196 "https://delimit-creesy.duckdns.org.handcraftbd.com/ugczp.php?path=//usr/lib/.build-id" "Mozilla/5.0 AppleWebKit/537.36 (KHTML, like Gecko; compatible; GPTBot/1.3; +https://openai.com/gptbot)"
74.7.243.251 - - [15/May/2026:18:46:31 +0600] "GET /cwjdw.php?fileloc=//bin/pwdx&path=//bin HTTP/1.1" 200 28561 "https://www.delimit-creesy.duckdns.org.handcraftbd.com/cwjdw.php?path=//bin" "Mozilla/5.0 AppleWebKit/537.36 (KHTML, like Gecko; compatible; GPTBot/1.3; +https://openai.com/gptbot)"
74.7.227.31 - - [15/May/2026:18:46:31 +0600] "GET /ugczp.php?fileloc=//usr/lib/.build-id/41/a258db31b5b4be3cc3422377fef6116aaa5ce5&path=//usr/lib/.build-id/41 HTTP/1.1" 200 26592 "https://delimit-creesy.duckdns.org.handcraftbd.com/ugczp.php?path=//usr/lib/.build-id/41" "Mozilla/5.0 AppleWebKit/537.36 (KHTML, like Gecko; compatible; GPTBot/1.3; +https://openai.com/gptbot)"
74.7.243.251 - - [15/May/2026:18:46:31 +0600] "GET /zljqb.php?fileloc=//bin/tabs&path=//bin HTTP/1.1" 200 34450 "https://www.delimit-creesy.duckdns.org.handcraftbd.com/zljqb.php?path=//bin" "Mozilla/5.0 AppleWebKit/537.36 (KHTML, like Gecko; compatible; GPTBot/1.3; +https://openai.com/gptbot)"
74.7.227.31 - - [15/May/2026:18:46:31 +0600] "GET /ugczp.php?path=//usr/lib/.build-id/3f HTTP/1.1" 200 42623 "https://delimit-creesy.duckdns.org.handcraftbd.com/ugczp.php?path=//usr/lib/.build-id" "Mozilla/5.0 AppleWebKit/537.36 (KHTML, like Gecko; compatible; GPTBot/1.3; +https://openai.com/gptbot)"
74.7.243.251 - - [15/May/2026:18:46:32 +0600] "GET /ypbpk.php?path=//home3 HTTP/1.1" 200 12644 "https://www.delimit-creesy.duckdns.org.handcraftbd.com/ypbpk.php?path=/" "Mozilla/5.0 AppleWebKit/537.36 (KHTML, like Gecko; compatible; GPTBot/1.3; +https://openai.com/gptbot)"
74.7.227.31 - - [15/May/2026:18:46:32 +0600] "GET /ugczp.php?path=//usr/lib/.build-id/08 HTTP/1.1" 200 30049 "https://delimit-creesy.duckdns.org.handcraftbd.com/ugczp.php?path=//usr/lib/.build-id" "Mozilla/5.0 AppleWebKit/537.36 (KHTML, like Gecko; compatible; GPTBot/1.3; +https://openai.com/gptbot)"
74.7.243.251 - - [15/May/2026:18:46:32 +0600] "GET /nncnj.php?path=//home3 HTTP/1.1" 200 12644 "https://www.delimit-creesy.duckdns.org.handcraftbd.com/nncnj.php?path=/" "Mozilla/5.0 AppleWebKit/537.36 (KHTML, like Gecko; compatible; GPTBot/1.3; +https://openai.com/gptbot)"
74.7.227.31 - - [15/May/2026:18:46:32 +0600] "GET /ugczp.php?path=//usr/lib/.build-id/0e HTTP/1.1" 200 33204 "https://delimit-creesy.duckdns.org.handcraftbd.com/ugczp.php?path=//usr/lib/.build-id" "Mozilla/5.0 AppleWebKit/537.36 (KHTML, like Gecko; compatible; GPTBot/1.3; +https://openai.com/gptbot)"
74.7.243.251 - - [15/May/2026:18:46:33 +0600] "GET /ayrtr.php?path=//home3 HTTP/1.1" 200 12644 "https://www.delimit-creesy.duckdns.org.handcraftbd.com/ayrtr.php?path=/" "Mozilla/5.0 AppleWebKit/537.36 (KHTML, like Gecko; compatible; GPTBot/1.3; +https://openai.com/gptbot)"
74.7.227.31 - - [15/May/2026:18:46:33 +0600] "GET /ugczp.php?path=//usr/lib/.build-id/11 HTTP/1.1" 200 26909 "https://delimit-creesy.duckdns.org.handcraftbd.com/ugczp.php?path=//usr/lib/.build-id" "Mozilla/5.0 AppleWebKit/537.36 (KHTML, like Gecko; compatible; GPTBot/1.3; +https://openai.com/gptbot)"
74.7.243.251 - - [15/May/2026:18:46:33 +0600] "GET /ploqe.php?path=//home3 HTTP/1.1" 200 12644 "https://www.delimit-creesy.duckdns.org.handcraftbd.com/ploqe.php?path=/" "Mozilla/5.0 AppleWebKit/537.36 (KHTML, like Gecko; compatible; GPTBot/1.3; +https://openai.com/gptbot)"
74.7.227.31 - - [15/May/2026:18:46:33 +0600] "GET /ugczp.php?fileloc=//usr/lib/.build-id/1c/0484e18758a1117e13263845c91658653155ec&path=//usr/lib/.build-id/1c HTTP/1.1" 200 26955 "https://delimit-creesy.duckdns.org.handcraftbd.com/ugczp.php?path=//usr/lib/.build-id/1c" "Mozilla/5.0 AppleWebKit/537.36 (KHTML, like Gecko; compatible; GPTBot/1.3; +https://openai.com/gptbot)"
74.7.243.251 - - [15/May/2026:18:46:34 +0600] "GET /ploqe.php?path=//var/run/net-snmp HTTP/1.1" 200 12722 "https://www.delimit-creesy.duckdns.org.handcraftbd.com/ploqe.php?path=//var/run" "Mozilla/5.0 AppleWebKit/537.36 (KHTML, like Gecko; compatible; GPTBot/1.3; +https://openai.com/gptbot)"
74.7.227.31 - - [15/May/2026:18:46:34 +0600] "GET /ugczp.php?path=//usr/lib/.build-id/1d HTTP/1.1" 200 34772 "https://delimit-creesy.duckdns.org.handcraftbd.com/ugczp.php?path=//usr/lib/.build-id" "Mozilla/5.0 AppleWebKit/537.36 (KHTML, like Gecko; compatible; GPTBot/1.3; +https://openai.com/gptbot)"
74.7.243.251 - - [15/May/2026:18:46:34 +0600] "GET /zljqb.php?path=//var/lib/spamassassin HTTP/1.1" 200 16783 "https://www.delimit-creesy.duckdns.org.handcraftbd.com/zljqb.php?path=//var/lib" "Mozilla/5.0 AppleWebKit/537.36 (KHTML, like Gecko; compatible; GPTBot/1.3; +https://openai.com/gptbot)"
74.7.227.31 - - [15/May/2026:18:46:35 +0600] "GET /ugczp.php?path=//usr/lib/.build-id/f8 HTTP/1.1" 200 25337 "https://delimit-creesy.duckdns.org.handcraftbd.com/ugczp.php?path=//usr/lib/.build-id" "Mozilla/5.0 AppleWebKit/537.36 (KHTML, like Gecko; compatible; GPTBot/1.3; +https://openai.com/gptbot)"
74.7.243.251 - - [15/May/2026:18:46:35 +0600] "GET /zljqb.php?path=//var/lib/net-snmp HTTP/1.1" 200 15428 "https://www.delimit-creesy.duckdns.org.handcraftbd.com/zljqb.php?path=//var/lib" "Mozilla/5.0 AppleWebKit/537.36 (KHTML, like Gecko; compatible; GPTBot/1.3; +https://openai.com/gptbot)"
74.7.227.31 - - [15/May/2026:18:46:35 +0600] "GET /ugczp.php?path=//usr/lib/.build-id/8a HTTP/1.1" 200 28480 "https://delimit-creesy.duckdns.org.handcraftbd.com/ugczp.php?path=//usr/lib/.build-id" "Mozilla/5.0 AppleWebKit/537.36 (KHTML, like Gecko; compatible; GPTBot/1.3; +https://openai.com/gptbot)"
74.7.243.251 - - [15/May/2026:18:46:35 +0600] "GET /pgjtj.php?path=//home3 HTTP/1.1" 200 12644 "https://www.delimit-creesy.duckdns.org.handcraftbd.com/pgjtj.php?path=/" "Mozilla/5.0 AppleWebKit/537.36 (KHTML, like Gecko; compatible; GPTBot/1.3; +https://openai.com/gptbot)"
74.7.227.31 - - [15/May/2026:18:46:36 +0600] "GET /ugczp.php?path=//usr/lib/.build-id/50 HTTP/1.1" 200 34769 "https://delimit-creesy.duckdns.org.handcraftbd.com/ugczp.php?path=//usr/lib/.build-id" "Mozilla/5.0 AppleWebKit/537.36 (KHTML, like Gecko; compatible; GPTBot/1.3; +https://openai.com/gptbot)"
74.7.243.251 - - [15/May/2026:18:46:36 +0600] "GET /pgjtj.php?path=//lib64/gssproxy HTTP/1.1" 200 14134 "https://www.delimit-creesy.duckdns.org.handcraftbd.com/pgjtj.php?path=//lib64" "Mozilla/5.0 AppleWebKit/537.36 (KHTML, like Gecko; compatible; GPTBot/1.3; +https://openai.com/gptbot)"
74.7.227.31 - - [15/May/2026:18:46:36 +0600] "GET /ugczp.php?path=//usr/lib/.build-id/f3 HTTP/1.1" 200 28482 "https://delimit-creesy.duckdns.org.handcraftbd.com/ugczp.php?path=//usr/lib/.build-id" "Mozilla/5.0 AppleWebKit/537.36 (KHTML, like Gecko; compatible; GPTBot/1.3; +https://openai.com/gptbot)"
74.7.243.251 - - [15/May/2026:18:46:37 +0600] "GET /nncnj.php?path=//lib64/graphviz HTTP/1.1" 200 43962 "https://www.delimit-creesy.duckdns.org.handcraftbd.com/nncnj.php?path=//lib64" "Mozilla/5.0 AppleWebKit/537.36 (KHTML, like Gecko; compatible; GPTBot/1.3; +https://openai.com/gptbot)"
74.7.227.31 - - [15/May/2026:18:46:37 +0600] "GET /ugczp.php?path=//usr/lib/.build-id/8e HTTP/1.1" 200 26905 "https://delimit-creesy.duckdns.org.handcraftbd.com/ugczp.php?path=//usr/lib/.build-id" "Mozilla/5.0 AppleWebKit/537.36 (KHTML, like Gecko; compatible; GPTBot/1.3; +https://openai.com/gptbot)"
74.7.243.251 - - [15/May/2026:18:46:37 +0600] "GET /xiewz.php?path=//lib64/firebird HTTP/1.1" 200 15336 "https://www.delimit-creesy.duckdns.org.handcraftbd.com/xiewz.php?path=//lib64" "Mozilla/5.0 AppleWebKit/537.36 (KHTML, like Gecko; compatible; GPTBot/1.3; +https://openai.com/gptbot)"
74.7.227.31 - - [15/May/2026:18:46:37 +0600] "GET /ugczp.php?path=//usr/lib/.build-id/a3 HTTP/1.1" 200 45783 "https://delimit-creesy.duckdns.org.handcraftbd.com/ugczp.php?path=//usr/lib/.build-id" "Mozilla/5.0 AppleWebKit/537.36 (KHTML, like Gecko; compatible; GPTBot/1.3; +https://openai.com/gptbot)"
74.7.243.251 - - [15/May/2026:18:46:38 +0600] "GET /ploqe.php?path=//lib64/graphviz HTTP/1.1" 200 43962 "https://www.delimit-creesy.duckdns.org.handcraftbd.com/ploqe.php?path=//lib64" "Mozilla/5.0 AppleWebKit/537.36 (KHTML, like Gecko; compatible; GPTBot/1.3; +https://openai.com/gptbot)"
74.7.227.31 - - [15/May/2026:18:46:38 +0600] "GET /ugczp.php?path=//usr/lib/.build-id/14 HTTP/1.1" 200 33167 "https://delimit-creesy.duckdns.org.handcraftbd.com/ugczp.php?path=//usr/lib/.build-id" "Mozilla/5.0 AppleWebKit/537.36 (KHTML, like Gecko; compatible; GPTBot/1.3; +https://openai.com/gptbot)"
74.7.243.251 - - [15/May/2026:18:46:38 +0600] "GET /pgjtj.php?path=//lib64/plymouth HTTP/1.1" 200 18315 "https://www.delimit-creesy.duckdns.org.handcraftbd.com/pgjtj.php?path=//lib64" "Mozilla/5.0 AppleWebKit/537.36 (KHTML, like Gecko; compatible; GPTBot/1.3; +https://openai.com/gptbot)"
74.7.227.31 - - [15/May/2026:18:46:38 +0600] "GET /ugczp.php?path=//usr/lib/.build-id/70 HTTP/1.1" 200 31623 "https://delimit-creesy.duckdns.org.handcraftbd.com/ugczp.php?path=//usr/lib/.build-id" "Mozilla/5.0 AppleWebKit/537.36 (KHTML, like Gecko; compatible; GPTBot/1.3; +https://openai.com/gptbot)"
74.7.243.251 - - [15/May/2026:18:46:39 +0600] "GET /ayrtr.php?path=//lib64/gssproxy HTTP/1.1" 200 14134 "https://www.delimit-creesy.duckdns.org.handcraftbd.com/ayrtr.php?path=//lib64" "Mozilla/5.0 AppleWebKit/537.36 (KHTML, like Gecko; compatible; GPTBot/1.3; +https://openai.com/gptbot)"
74.7.227.31 - - [15/May/2026:18:46:39 +0600] "GET /ugczp.php?path=//usr/lib/.build-id/2a HTTP/1.1" 200 31621 "https://delimit-creesy.duckdns.org.handcraftbd.com/ugczp.php?path=//usr/lib/.build-id" "Mozilla/5.0 AppleWebKit/537.36 (KHTML, like Gecko; compatible; GPTBot/1.3; +https://openai.com/gptbot)"
74.7.243.251 - - [15/May/2026:18:46:39 +0600] "GET /zljqb.php?path=//lib64/graphviz HTTP/1.1" 200 43962 "https://www.delimit-creesy.duckdns.org.handcraftbd.com/zljqb.php?path=//lib64" "Mozilla/5.0 AppleWebKit/537.36 (KHTML, like Gecko; compatible; GPTBot/1.3; +https://openai.com/gptbot)"
74.7.227.31 - - [15/May/2026:18:46:39 +0600] "GET /ugczp.php?path=//usr/lib/.build-id/7b HTTP/1.1" 200 28477 "https://delimit-creesy.duckdns.org.handcraftbd.com/ugczp.php?path=//usr/lib/.build-id" "Mozilla/5.0 AppleWebKit/537.36 (KHTML, like Gecko; compatible; GPTBot/1.3; +https://openai.com/gptbot)"
74.7.227.31 - - [15/May/2026:18:46:40 +0600] "GET /ugczp.php?path=//usr/lib/.build-id/65 HTTP/1.1" 200 42623 "https://delimit-creesy.duckdns.org.handcraftbd.com/ugczp.php?path=//usr/lib/.build-id" "Mozilla/5.0 AppleWebKit/537.36 (KHTML, like Gecko; compatible; GPTBot/1.3; +https://openai.com/gptbot)"
74.7.243.251 - - [15/May/2026:18:46:40 +0600] "GET /ugczp.php?path=//lib64/plymouth HTTP/1.1" 200 18315 "https://www.delimit-creesy.duckdns.org.handcraftbd.com/ugczp.php?path=//lib64" "Mozilla/5.0 AppleWebKit/537.36 (KHTML, like Gecko; compatible; GPTBot/1.3; +https://openai.com/gptbot)"
74.7.227.31 - - [15/May/2026:18:46:40 +0600] "GET /ugczp.php?path=//usr/lib/.build-id/72 HTTP/1.1" 200 36348 "https://delimit-creesy.duckdns.org.handcraftbd.com/ugczp.php?path=//usr/lib/.build-id" "Mozilla/5.0 AppleWebKit/537.36 (KHTML, like Gecko; compatible; GPTBot/1.3; +https://openai.com/gptbot)"
74.7.243.251 - - [15/May/2026:18:46:40 +0600] "GET /zljqb.php?path=//var/lib/spamassassin/compiled HTTP/1.1" 200 14157 "https://www.delimit-creesy.duckdns.org.handcraftbd.com/zljqb.php?path=//var/lib/spamassassin" "Mozilla/5.0 AppleWebKit/537.36 (KHTML, like Gecko; compatible; GPTBot/1.3; +https://openai.com/gptbot)"
74.7.227.31 - - [15/May/2026:18:46:41 +0600] "GET /ugczp.php?path=//usr/lib/.build-id/98 HTTP/1.1" 200 36341 "https://delimit-creesy.duckdns.org.handcraftbd.com/ugczp.php?path=//usr/lib/.build-id" "Mozilla/5.0 AppleWebKit/537.36 (KHTML, like Gecko; compatible; GPTBot/1.3; +https://openai.com/gptbot)"
74.7.243.251 - - [15/May/2026:18:46:41 +0600] "GET /zljqb.php?path=//var/lib/spamassassin/4.000001 HTTP/1.1" 200 15795 "https://www.delimit-creesy.duckdns.org.handcraftbd.com/zljqb.php?path=//var/lib/spamassassin" "Mozilla/5.0 AppleWebKit/537.36 (KHTML, like Gecko; compatible; GPTBot/1.3; +https://openai.com/gptbot)"
74.7.227.31 - - [15/May/2026:18:46:41 +0600] "GET /ugczp.php?path=//usr/lib/.build-id/44 HTTP/1.1" 200 31622 "https://delimit-creesy.duckdns.org.handcraftbd.com/ugczp.php?path=//usr/lib/.build-id" "Mozilla/5.0 AppleWebKit/537.36 (KHTML, like Gecko; compatible; GPTBot/1.3; +https://openai.com/gptbot)"
74.7.243.251 - - [15/May/2026:18:46:41 +0600] "GET /zljqb.php?path=//var/lib/spamassassin/3.004006 HTTP/1.1" 200 15795 "https://www.delimit-creesy.duckdns.org.handcraftbd.com/zljqb.php?path=//var/lib/spamassassin" "Mozilla/5.0 AppleWebKit/537.36 (KHTML, like Gecko; compatible; GPTBot/1.3; +https://openai.com/gptbot)"
74.7.227.31 - - [15/May/2026:18:46:42 +0600] "GET /ugczp.php?path=//usr/lib/.build-id/d4 HTTP/1.1" 200 33199 "https://delimit-creesy.duckdns.org.handcraftbd.com/ugczp.php?path=//usr/lib/.build-id" "Mozilla/5.0 AppleWebKit/537.36 (KHTML, like Gecko; compatible; GPTBot/1.3; +https://openai.com/gptbot)"
74.7.243.251 - - [15/May/2026:18:46:42 +0600] "GET /zljqb.php?path=//lib64/firebird HTTP/1.1" 200 15336 "https://www.delimit-creesy.duckdns.org.handcraftbd.com/zljqb.php?path=//lib64" "Mozilla/5.0 AppleWebKit/537.36 (KHTML, like Gecko; compatible; GPTBot/1.3; +https://openai.com/gptbot)"
74.7.227.31 - - [15/May/2026:18:46:42 +0600] "GET /ugczp.php?path=//usr/lib/.build-id/b1 HTTP/1.1" 200 36342 "https://delimit-creesy.duckdns.org.handcraftbd.com/ugczp.php?path=//usr/lib/.build-id" "Mozilla/5.0 AppleWebKit/537.36 (KHTML, like Gecko; compatible; GPTBot/1.3; +https://openai.com/gptbot)"
74.7.243.251 - - [15/May/2026:18:46:43 +0600] "GET /fodwn.php?path=//lib64/hmaccalc HTTP/1.1" 200 19952 "https://www.delimit-creesy.duckdns.org.handcraftbd.com/fodwn.php?path=//lib64" "Mozilla/5.0 AppleWebKit/537.36 (KHTML, like Gecko; compatible; GPTBot/1.3; +https://openai.com/gptbot)"
74.7.227.31 - - [15/May/2026:18:46:43 +0600] "GET /ugczp.php?path=//usr/lib/.build-id/c9 HTTP/1.1" 200 31618 "https://delimit-creesy.duckdns.org.handcraftbd.com/ugczp.php?path=//usr/lib/.build-id" "Mozilla/5.0 AppleWebKit/537.36 (KHTML, like Gecko; compatible; GPTBot/1.3; +https://openai.com/gptbot)"
74.7.243.251 - - [15/May/2026:18:46:43 +0600] "GET /xiewz.php?path=//lib64/firebird/intl HTTP/1.1" 200 15631 "https://www.delimit-creesy.duckdns.org.handcraftbd.com/xiewz.php?path=//lib64/firebird" "Mozilla/5.0 AppleWebKit/537.36 (KHTML, like Gecko; compatible; GPTBot/1.3; +https://openai.com/gptbot)"
74.7.227.31 - - [15/May/2026:18:46:44 +0600] "GET /ugczp.php?path=//usr/lib/.build-id/5c HTTP/1.1" 200 44203 "https://delimit-creesy.duckdns.org.handcraftbd.com/ugczp.php?path=//usr/lib/.build-id" "Mozilla/5.0 AppleWebKit/537.36 (KHTML, like Gecko; compatible; GPTBot/1.3; +https://openai.com/gptbot)"
74.7.243.251 - - [15/May/2026:18:46:44 +0600] "GET /pgjtj.php?path=//lib64/security HTTP/1.1" 200 103917 "https://www.delimit-creesy.duckdns.org.handcraftbd.com/pgjtj.php?path=//lib64" "Mozilla/5.0 AppleWebKit/537.36 (KHTML, like Gecko; compatible; GPTBot/1.3; +https://openai.com/gptbot)"
74.7.227.31 - - [15/May/2026:18:46:44 +0600] "GET /ugczp.php?path=//usr/lib/.build-id/42 HTTP/1.1" 200 47338 "https://delimit-creesy.duckdns.org.handcraftbd.com/ugczp.php?path=//usr/lib/.build-id" "Mozilla/5.0 AppleWebKit/537.36 (KHTML, like Gecko; compatible; GPTBot/1.3; +https://openai.com/gptbot)"
74.7.243.251 - - [15/May/2026:18:46:45 +0600] "GET /pgjtj.php?path=//lib64/plymouth/renderers HTTP/1.1" 200 12747 "https://www.delimit-creesy.duckdns.org.handcraftbd.com/pgjtj.php?path=//lib64/plymouth" "Mozilla/5.0 AppleWebKit/537.36 (KHTML, like Gecko; compatible; GPTBot/1.3; +https://openai.com/gptbot)"
74.7.227.31 - - [15/May/2026:18:46:45 +0600] "GET /ugczp.php?fileloc=//usr/lib/.build-id/2a/104c50f8e756f4d512964568155d93c5ba71f5&path=//usr/lib/.build-id/2a HTTP/1.1" 200 182778 "https://delimit-creesy.duckdns.org.handcraftbd.com/ugczp.php?path=//usr/lib/.build-id/2a" "Mozilla/5.0 AppleWebKit/537.36 (KHTML, like Gecko; compatible; GPTBot/1.3; +https://openai.com/gptbot)"
74.7.243.251 - - [15/May/2026:18:46:45 +0600] "GET /vlqcz.php?path=//lib64/plymouth HTTP/1.1" 200 18315 "https://www.delimit-creesy.duckdns.org.handcraftbd.com/vlqcz.php?path=//lib64" "Mozilla/5.0 AppleWebKit/537.36 (KHTML, like Gecko; compatible; GPTBot/1.3; +https://openai.com/gptbot)"
74.7.227.31 - - [15/May/2026:18:46:45 +0600] "GET /ugczp.php?path=//usr/lib/.build-id/a0 HTTP/1.1" 200 25334 "https://delimit-creesy.duckdns.org.handcraftbd.com/ugczp.php?path=//usr/lib/.build-id" "Mozilla/5.0 AppleWebKit/537.36 (KHTML, like Gecko; compatible; GPTBot/1.3; +https://openai.com/gptbot)"
74.7.243.251 - - [15/May/2026:18:46:46 +0600] "GET /ploqe.php?path=//lib64/gssproxy HTTP/1.1" 200 14134 "https://www.delimit-creesy.duckdns.org.handcraftbd.com/ploqe.php?path=//lib64" "Mozilla/5.0 AppleWebKit/537.36 (KHTML, like Gecko; compatible; GPTBot/1.3; +https://openai.com/gptbot)"
74.7.227.31 - - [15/May/2026:18:46:46 +0600] "GET /ugczp.php?path=//usr/lib/.build-id/e9 HTTP/1.1" 200 30050 "https://delimit-creesy.duckdns.org.handcraftbd.com/ugczp.php?path=//usr/lib/.build-id" "Mozilla/5.0 AppleWebKit/537.36 (KHTML, like Gecko; compatible; GPTBot/1.3; +https://openai.com/gptbot)"
74.7.243.251 - - [15/May/2026:18:46:46 +0600] "GET /ugczp.php?path=//lib64/plymouth/renderers HTTP/1.1" 200 12747 "https://www.delimit-creesy.duckdns.org.handcraftbd.com/ugczp.php?path=//lib64/plymouth" "Mozilla/5.0 AppleWebKit/537.36 (KHTML, like Gecko; compatible; GPTBot/1.3; +https://openai.com/gptbot)"
74.7.227.31 - - [15/May/2026:18:46:46 +0600] "GET /ugczp.php?path=//usr/lib/.build-id/e6 HTTP/1.1" 200 31616 "https://delimit-creesy.duckdns.org.handcraftbd.com/ugczp.php?path=//usr/lib/.build-id" "Mozilla/5.0 AppleWebKit/537.36 (KHTML, like Gecko; compatible; GPTBot/1.3; +https://openai.com/gptbot)"
74.7.243.251 - - [15/May/2026:18:46:47 +0600] "GET /zljqb.php?path=//var/lib/spamassassin/compiled/5.036 HTTP/1.1" 200 15647 "https://www.delimit-creesy.duckdns.org.handcraftbd.com/zljqb.php?path=//var/lib/spamassassin/compiled" "Mozilla/5.0 AppleWebKit/537.36 (KHTML, like Gecko; compatible; GPTBot/1.3; +https://openai.com/gptbot)"
74.7.227.31 - - [15/May/2026:18:46:47 +0600] "GET /ugczp.php?path=//usr/lib/.build-id/49 HTTP/1.1" 200 31616 "https://delimit-creesy.duckdns.org.handcraftbd.com/ugczp.php?path=//usr/lib/.build-id" "Mozilla/5.0 AppleWebKit/537.36 (KHTML, like Gecko; compatible; GPTBot/1.3; +https://openai.com/gptbot)"
74.7.243.251 - - [15/May/2026:18:46:47 +0600] "GET /xglja.php?path=//lib64/firebird HTTP/1.1" 200 15336 "https://www.delimit-creesy.duckdns.org.handcraftbd.com/xglja.php?path=//lib64" "Mozilla/5.0 AppleWebKit/537.36 (KHTML, like Gecko; compatible; GPTBot/1.3; +https://openai.com/gptbot)"
74.7.227.31 - - [15/May/2026:18:46:47 +0600] "GET /ugczp.php?path=//usr/lib/.build-id/6e HTTP/1.1" 200 31619 "https://delimit-creesy.duckdns.org.handcraftbd.com/ugczp.php?path=//usr/lib/.build-id" "Mozilla/5.0 AppleWebKit/537.36 (KHTML, like Gecko; compatible; GPTBot/1.3; +https://openai.com/gptbot)"
74.7.243.251 - - [15/May/2026:18:46:48 +0600] "GET /xiewz.php?path=//lib64/graphviz HTTP/1.1" 200 43962 "https://www.delimit-creesy.duckdns.org.handcraftbd.com/xiewz.php?path=//lib64" "Mozilla/5.0 AppleWebKit/537.36 (KHTML, like Gecko; compatible; GPTBot/1.3; +https://openai.com/gptbot)"
74.7.227.31 - - [15/May/2026:18:46:48 +0600] "GET /ugczp.php?path=//usr/lib/.build-id/48 HTTP/1.1" 200 26903 "https://delimit-creesy.duckdns.org.handcraftbd.com/ugczp.php?path=//usr/lib/.build-id" "Mozilla/5.0 AppleWebKit/537.36 (KHTML, like Gecko; compatible; GPTBot/1.3; +https://openai.com/gptbot)"
74.7.243.251 - - [15/May/2026:18:46:48 +0600] "GET /zljqb.php?path=//lib64/firebird/intl HTTP/1.1" 200 15631 "https://www.delimit-creesy.duckdns.org.handcraftbd.com/zljqb.php?path=//lib64/firebird" "Mozilla/5.0 AppleWebKit/537.36 (KHTML, like Gecko; compatible; GPTBot/1.3; +https://openai.com/gptbot)"
74.7.227.31 - - [15/May/2026:18:46:49 +0600] "GET /ugczp.php?path=//usr/lib/.build-id/d0 HTTP/1.1" 200 30053 "https://delimit-creesy.duckdns.org.handcraftbd.com/ugczp.php?path=//usr/lib/.build-id" "Mozilla/5.0 AppleWebKit/537.36 (KHTML, like Gecko; compatible; GPTBot/1.3; +https://openai.com/gptbot)"
74.7.243.251 - - [15/May/2026:18:46:49 +0600] "GET /fodwn.php?path=//lib64/firebird HTTP/1.1" 200 15336 "https://www.delimit-creesy.duckdns.org.handcraftbd.com/fodwn.php?path=//lib64" "Mozilla/5.0 AppleWebKit/537.36 (KHTML, like Gecko; compatible; GPTBot/1.3; +https://openai.com/gptbot)"
74.7.227.31 - - [15/May/2026:18:46:49 +0600] "GET /ugczp.php?path=//usr/lib/.build-id/47 HTTP/1.1" 200 36345 "https://delimit-creesy.duckdns.org.handcraftbd.com/ugczp.php?path=//usr/lib/.build-id" "Mozilla/5.0 AppleWebKit/537.36 (KHTML, like Gecko; compatible; GPTBot/1.3; +https://openai.com/gptbot)"
74.7.243.251 - - [15/May/2026:18:46:50 +0600] "GET /xglja.php?path=//lib64/graphviz HTTP/1.1" 200 43962 "https://www.delimit-creesy.duckdns.org.handcraftbd.com/xglja.php?path=//lib64" "Mozilla/5.0 AppleWebKit/537.36 (KHTML, like Gecko; compatible; GPTBot/1.3; +https://openai.com/gptbot)"
74.7.227.31 - - [15/May/2026:18:46:50 +0600] "GET /ugczp.php?path=//usr/lib/.build-id/74 HTTP/1.1" 200 39496 "https://delimit-creesy.duckdns.org.handcraftbd.com/ugczp.php?path=//usr/lib/.build-id" "Mozilla/5.0 AppleWebKit/537.36 (KHTML, like Gecko; compatible; GPTBot/1.3; +https://openai.com/gptbot)"
74.7.243.251 - - [15/May/2026:18:46:50 +0600] "GET /pgjtj.php?path=//lib64/security/pam_filter HTTP/1.1" 200 14228 "https://www.delimit-creesy.duckdns.org.handcraftbd.com/pgjtj.php?path=//lib64/security" "Mozilla/5.0 AppleWebKit/537.36 (KHTML, like Gecko; compatible; GPTBot/1.3; +https://openai.com/gptbot)"
74.7.227.31 - - [15/May/2026:18:46:50 +0600] "GET /ugczp.php?path=//usr/lib/.build-id/b5 HTTP/1.1" 200 28479 "https://delimit-creesy.duckdns.org.handcraftbd.com/ugczp.php?path=//usr/lib/.build-id" "Mozilla/5.0 AppleWebKit/537.36 (KHTML, like Gecko; compatible; GPTBot/1.3; +https://openai.com/gptbot)"
74.7.243.251 - - [15/May/2026:18:46:51 +0600] "GET /cwjdw.php?path=//lib64/firebird HTTP/1.1" 200 15336 "https://www.delimit-creesy.duckdns.org.handcraftbd.com/cwjdw.php?path=//lib64" "Mozilla/5.0 AppleWebKit/537.36 (KHTML, like Gecko; compatible; GPTBot/1.3; +https://openai.com/gptbot)"
74.7.227.31 - - [15/May/2026:18:46:51 +0600] "GET /ugczp.php?path=//usr/lib/.build-id/92 HTTP/1.1" 200 28482 "https://delimit-creesy.duckdns.org.handcraftbd.com/ugczp.php?path=//usr/lib/.build-id" "Mozilla/5.0 AppleWebKit/537.36 (KHTML, like Gecko; compatible; GPTBot/1.3; +https://openai.com/gptbot)"
74.7.243.251 - - [15/May/2026:18:46:51 +0600] "GET /ugczp.php?path=//lib64/firebird HTTP/1.1" 200 15336 "https://www.delimit-creesy.duckdns.org.handcraftbd.com/ugczp.php?path=//lib64" "Mozilla/5.0 AppleWebKit/537.36 (KHTML, like Gecko; compatible; GPTBot/1.3; +https://openai.com/gptbot)"
74.7.227.31 - - [15/May/2026:18:46:51 +0600] "GET /ugczp.php?path=//usr/lib/.build-id/34 HTTP/1.1" 200 36343 "https://delimit-creesy.duckdns.org.handcraftbd.com/ugczp.php?path=//usr/lib/.build-id" "Mozilla/5.0 AppleWebKit/537.36 (KHTML, like Gecko; compatible; GPTBot/1.3; +https://openai.com/gptbot)"
74.7.243.251 - - [15/May/2026:18:46:52 +0600] "GET /xglja.php?path=//lib64/gssproxy HTTP/1.1" 200 14134 "https://www.delimit-creesy.duckdns.org.handcraftbd.com/xglja.php?path=//lib64" "Mozilla/5.0 AppleWebKit/537.36 (KHTML, like Gecko; compatible; GPTBot/1.3; +https://openai.com/gptbot)"
74.7.227.31 - - [15/May/2026:18:46:52 +0600] "GET /ugczp.php?path=//usr/lib/.build-id/57 HTTP/1.1" 200 30046 "https://delimit-creesy.duckdns.org.handcraftbd.com/ugczp.php?path=//usr/lib/.build-id" "Mozilla/5.0 AppleWebKit/537.36 (KHTML, like Gecko; compatible; GPTBot/1.3; +https://openai.com/gptbot)"
74.7.243.251 - - [15/May/2026:18:46:52 +0600] "GET /zljqb.php?path=//lib64/plymouth HTTP/1.1" 200 18315 "https://www.delimit-creesy.duckdns.org.handcraftbd.com/zljqb.php?path=//lib64" "Mozilla/5.0 AppleWebKit/537.36 (KHTML, like Gecko; compatible; GPTBot/1.3; +https://openai.com/gptbot)"
74.7.227.31 - - [15/May/2026:18:46:53 +0600] "GET /ugczp.php?path=//usr/lib/.build-id/95 HTTP/1.1" 200 33201 "https://delimit-creesy.duckdns.org.handcraftbd.com/ugczp.php?path=//usr/lib/.build-id" "Mozilla/5.0 AppleWebKit/537.36 (KHTML, like Gecko; compatible; GPTBot/1.3; +https://openai.com/gptbot)"
74.7.243.251 - - [15/May/2026:18:46:53 +0600] "GET /zljqb.php?path=//lib64/hmaccalc HTTP/1.1" 200 19952 "https://www.delimit-creesy.duckdns.org.handcraftbd.com/zljqb.php?path=//lib64" "Mozilla/5.0 AppleWebKit/537.36 (KHTML, like Gecko; compatible; GPTBot/1.3; +https://openai.com/gptbot)"
74.7.227.31 - - [15/May/2026:18:46:53 +0600] "GET /ugczp.php?path=//usr/lib/.build-id/9c HTTP/1.1" 200 33200 "https://delimit-creesy.duckdns.org.handcraftbd.com/ugczp.php?path=//usr/lib/.build-id" "Mozilla/5.0 AppleWebKit/537.36 (KHTML, like Gecko; compatible; GPTBot/1.3; +https://openai.com/gptbot)"
74.7.243.251 - - [15/May/2026:18:46:53 +0600] "GET /xglja.php?path=//lib64/firebird/intl HTTP/1.1" 200 15631 "https://www.delimit-creesy.duckdns.org.handcraftbd.com/xglja.php?path=//lib64/firebird" "Mozilla/5.0 AppleWebKit/537.36 (KHTML, like Gecko; compatible; GPTBot/1.3; +https://openai.com/gptbot)"
74.7.227.31 - - [15/May/2026:18:46:54 +0600] "GET /ugczp.php?fileloc=//usr/lib/.build-id/6e/7b56c1745a169e9746f92fc96887b4c7127a43&path=//usr/lib/.build-id/6e HTTP/1.1" 200 271968 "https://delimit-creesy.duckdns.org.handcraftbd.com/ugczp.php?path=//usr/lib/.build-id/6e" "Mozilla/5.0 AppleWebKit/537.36 (KHTML, like Gecko; compatible; GPTBot/1.3; +https://openai.com/gptbot)"
74.7.243.251 - - [15/May/2026:18:46:54 +0600] "GET /xglja.php?path=//lib64/firebird/plugins HTTP/1.1" 200 25961 "https://www.delimit-creesy.duckdns.org.handcraftbd.com/xglja.php?path=//lib64/firebird" "Mozilla/5.0 AppleWebKit/537.36 (KHTML, like Gecko; compatible; GPTBot/1.3; +https://openai.com/gptbot)"
74.7.243.251 - - [15/May/2026:18:46:55 +0600] "GET /vlqcz.php?path=//lib64/graphviz HTTP/1.1" 200 43962 "https://www.delimit-creesy.duckdns.org.handcraftbd.com/vlqcz.php?path=//lib64" "Mozilla/5.0 AppleWebKit/537.36 (KHTML, like Gecko; compatible; GPTBot/1.3; +https://openai.com/gptbot)"
74.7.227.31 - - [15/May/2026:18:46:55 +0600] "GET /ugczp.php?path=//usr/lib/.build-id/c0 HTTP/1.1" 200 28474 "https://delimit-creesy.duckdns.org.handcraftbd.com/ugczp.php?path=//usr/lib/.build-id" "Mozilla/5.0 AppleWebKit/537.36 (KHTML, like Gecko; compatible; GPTBot/1.3; +https://openai.com/gptbot)"
74.7.243.251 - - [15/May/2026:18:46:55 +0600] "GET /fodwn.php?path=//lib64/firebird/intl HTTP/1.1" 200 15631 "https://www.delimit-creesy.duckdns.org.handcraftbd.com/fodwn.php?path=//lib64/firebird" "Mozilla/5.0 AppleWebKit/537.36 (KHTML, like Gecko; compatible; GPTBot/1.3; +https://openai.com/gptbot)"
74.7.227.31 - - [15/May/2026:18:46:55 +0600] "GET /ugczp.php?path=//usr/lib/.build-id/c4 HTTP/1.1" 200 28478 "https://delimit-creesy.duckdns.org.handcraftbd.com/ugczp.php?path=//usr/lib/.build-id" "Mozilla/5.0 AppleWebKit/537.36 (KHTML, like Gecko; compatible; GPTBot/1.3; +https://openai.com/gptbot)"
74.7.243.251 - - [15/May/2026:18:46:56 +0600] "GET /xglja.php?fileloc=//lib64/graphviz/libgvplugin_gs.so.6&path=//lib64/graphviz HTTP/1.1" 200 31658 "https://www.delimit-creesy.duckdns.org.handcraftbd.com/xglja.php?path=//lib64/graphviz" "Mozilla/5.0 AppleWebKit/537.36 (KHTML, like Gecko; compatible; GPTBot/1.3; +https://openai.com/gptbot)"
74.7.227.31 - - [15/May/2026:18:46:56 +0600] "GET /ugczp.php?path=//usr/lib/.build-id/78 HTTP/1.1" 200 33193 "https://delimit-creesy.duckdns.org.handcraftbd.com/ugczp.php?path=//usr/lib/.build-id" "Mozilla/5.0 AppleWebKit/537.36 (KHTML, like Gecko; compatible; GPTBot/1.3; +https://openai.com/gptbot)"
74.7.243.251 - - [15/May/2026:18:46:56 +0600] "GET /fodwn.php?path=//lib64/firebird/plugins HTTP/1.1" 200 25961 "https://www.delimit-creesy.duckdns.org.handcraftbd.com/fodwn.php?path=//lib64/firebird" "Mozilla/5.0 AppleWebKit/537.36 (KHTML, like Gecko; compatible; GPTBot/1.3; +https://openai.com/gptbot)"
74.7.227.31 - - [15/May/2026:18:46:56 +0600] "GET /ugczp.php?path=//usr/lib/.build-id/90 HTTP/1.1" 200 33201 "https://delimit-creesy.duckdns.org.handcraftbd.com/ugczp.php?path=//usr/lib/.build-id" "Mozilla/5.0 AppleWebKit/537.36 (KHTML, like Gecko; compatible; GPTBot/1.3; +https://openai.com/gptbot)"
74.7.243.251 - - [15/May/2026:18:46:57 +0600] "GET /cwjdw.php?path=//lib64/firebird/intl HTTP/1.1" 200 15631 "https://www.delimit-creesy.duckdns.org.handcraftbd.com/cwjdw.php?path=//lib64/firebird" "Mozilla/5.0 AppleWebKit/537.36 (KHTML, like Gecko; compatible; GPTBot/1.3; +https://openai.com/gptbot)"
74.7.227.31 - - [15/May/2026:18:46:57 +0600] "GET /ugczp.php?path=//usr/lib/.build-id/6f HTTP/1.1" 200 36336 "https://delimit-creesy.duckdns.org.handcraftbd.com/ugczp.php?path=//usr/lib/.build-id" "Mozilla/5.0 AppleWebKit/537.36 (KHTML, like Gecko; compatible; GPTBot/1.3; +https://openai.com/gptbot)"
74.7.243.251 - - [15/May/2026:18:46:57 +0600] "GET /ugczp.php?path=//lib64/firebird/plugins HTTP/1.1" 200 25961 "https://www.delimit-creesy.duckdns.org.handcraftbd.com/ugczp.php?path=//lib64/firebird" "Mozilla/5.0 AppleWebKit/537.36 (KHTML, like Gecko; compatible; GPTBot/1.3; +https://openai.com/gptbot)"
74.7.227.31 - - [15/May/2026:18:46:57 +0600] "GET /ugczp.php?path=//usr/lib/.build-id/c3 HTTP/1.1" 200 34770 "https://delimit-creesy.duckdns.org.handcraftbd.com/ugczp.php?path=//usr/lib/.build-id" "Mozilla/5.0 AppleWebKit/537.36 (KHTML, like Gecko; compatible; GPTBot/1.3; +https://openai.com/gptbot)"
74.7.243.251 - - [15/May/2026:18:46:58 +0600] "GET /ugczp.php?path=//lib64/firebird/intl HTTP/1.1" 200 15631 "https://www.delimit-creesy.duckdns.org.handcraftbd.com/ugczp.php?path=//lib64/firebird" "Mozilla/5.0 AppleWebKit/537.36 (KHTML, like Gecko; compatible; GPTBot/1.3; +https://openai.com/gptbot)"
74.7.227.31 - - [15/May/2026:18:46:58 +0600] "GET /ugczp.php?path=//usr/lib/.build-id/76 HTTP/1.1" 200 31621 "https://delimit-creesy.duckdns.org.handcraftbd.com/ugczp.php?path=//usr/lib/.build-id" "Mozilla/5.0 AppleWebKit/537.36 (KHTML, like Gecko; compatible; GPTBot/1.3; +https://openai.com/gptbot)"
74.7.243.251 - - [15/May/2026:18:46:58 +0600] "GET /zljqb.php?path=//lib64/plymouth/renderers HTTP/1.1" 200 12747 "https://www.delimit-creesy.duckdns.org.handcraftbd.com/zljqb.php?path=//lib64/plymouth" "Mozilla/5.0 AppleWebKit/537.36 (KHTML, like Gecko; compatible; GPTBot/1.3; +https://openai.com/gptbot)"
74.7.227.31 - - [15/May/2026:18:46:59 +0600] "GET /ugczp.php?path=//usr/lib/.build-id/5a HTTP/1.1" 200 37925 "https://delimit-creesy.duckdns.org.handcraftbd.com/ugczp.php?path=//usr/lib/.build-id" "Mozilla/5.0 AppleWebKit/537.36 (KHTML, like Gecko; compatible; GPTBot/1.3; +https://openai.com/gptbot)"
74.7.243.251 - - [15/May/2026:18:46:59 +0600] "GET /ayrtr.php?path=//lib64/security HTTP/1.1" 200 103917 "https://www.delimit-creesy.duckdns.org.handcraftbd.com/ayrtr.php?path=//lib64" "Mozilla/5.0 AppleWebKit/537.36 (KHTML, like Gecko; compatible; GPTBot/1.3; +https://openai.com/gptbot)"
74.7.227.31 - - [15/May/2026:18:46:59 +0600] "GET /ugczp.php?path=//usr/lib/.build-id/9e HTTP/1.1" 200 22201 "https://delimit-creesy.duckdns.org.handcraftbd.com/ugczp.php?path=//usr/lib/.build-id" "Mozilla/5.0 AppleWebKit/537.36 (KHTML, like Gecko; compatible; GPTBot/1.3; +https://openai.com/gptbot)"
74.7.227.31 - - [15/May/2026:18:47:00 +0600] "GET /ugczp.php?path=//usr/lib/.build-id/3d HTTP/1.1" 200 33199 "https://delimit-creesy.duckdns.org.handcraftbd.com/ugczp.php?path=//usr/lib/.build-id" "Mozilla/5.0 AppleWebKit/537.36 (KHTML, like Gecko; compatible; GPTBot/1.3; +https://openai.com/gptbot)"
