74.7.243.251 - - [15/May/2026:18:35:10 +0600] "GET /zljqb.php?path=//lib/.build-id/42 HTTP/1.1" 200 46944 "https://www.delimit-creesy.duckdns.org.handcraftbd.com/zljqb.php?path=//lib/.build-id" "Mozilla/5.0 AppleWebKit/537.36 (KHTML, like Gecko; compatible; GPTBot/1.3; +https://openai.com/gptbot)"
74.7.227.31 - - [15/May/2026:18:35:10 +0600] "GET /cwjdw.php?path=//lib/.build-id/33 HTTP/1.1" 200 37620 "https://delimit-creesy.duckdns.org.handcraftbd.com/cwjdw.php?path=//lib/.build-id" "Mozilla/5.0 AppleWebKit/537.36 (KHTML, like Gecko; compatible; GPTBot/1.3; +https://openai.com/gptbot)"
74.7.243.251 - - [15/May/2026:18:35:10 +0600] "GET /zljqb.php?path=//lib/.build-id/28 HTTP/1.1" 200 23611 "https://www.delimit-creesy.duckdns.org.handcraftbd.com/zljqb.php?path=//lib/.build-id" "Mozilla/5.0 AppleWebKit/537.36 (KHTML, like Gecko; compatible; GPTBot/1.3; +https://openai.com/gptbot)"
74.7.243.251 - - [15/May/2026:18:35:11 +0600] "GET /zljqb.php?path=//lib/.build-id/c9 HTTP/1.1" 200 31384 "https://www.delimit-creesy.duckdns.org.handcraftbd.com/zljqb.php?path=//lib/.build-id" "Mozilla/5.0 AppleWebKit/537.36 (KHTML, like Gecko; compatible; GPTBot/1.3; +https://openai.com/gptbot)"
74.7.227.31 - - [15/May/2026:18:35:11 +0600] "GET /cwjdw.php?path=//lib/.build-id/88 HTTP/1.1" 200 20503 "https://delimit-creesy.duckdns.org.handcraftbd.com/cwjdw.php?path=//lib/.build-id" "Mozilla/5.0 AppleWebKit/537.36 (KHTML, like Gecko; compatible; GPTBot/1.3; +https://openai.com/gptbot)"
74.7.243.251 - - [15/May/2026:18:35:11 +0600] "GET /zljqb.php?path=//lib/.build-id/2c HTTP/1.1" 200 42283 "https://www.delimit-creesy.duckdns.org.handcraftbd.com/zljqb.php?path=//lib/.build-id" "Mozilla/5.0 AppleWebKit/537.36 (KHTML, like Gecko; compatible; GPTBot/1.3; +https://openai.com/gptbot)"
74.7.227.31 - - [15/May/2026:18:35:11 +0600] "GET /cwjdw.php?path=//lib/.build-id/c8 HTTP/1.1" 200 31388 "https://delimit-creesy.duckdns.org.handcraftbd.com/cwjdw.php?path=//lib/.build-id" "Mozilla/5.0 AppleWebKit/537.36 (KHTML, like Gecko; compatible; GPTBot/1.3; +https://openai.com/gptbot)"
74.7.243.251 - - [15/May/2026:18:35:12 +0600] "GET /zljqb.php?path=//lib/.build-id/f1 HTTP/1.1" 200 29830 "https://www.delimit-creesy.duckdns.org.handcraftbd.com/zljqb.php?path=//lib/.build-id" "Mozilla/5.0 AppleWebKit/537.36 (KHTML, like Gecko; compatible; GPTBot/1.3; +https://openai.com/gptbot)"
74.7.227.31 - - [15/May/2026:18:35:12 +0600] "GET /cwjdw.php?path=//lib/.build-id/a0 HTTP/1.1" 200 25164 "https://delimit-creesy.duckdns.org.handcraftbd.com/cwjdw.php?path=//lib/.build-id" "Mozilla/5.0 AppleWebKit/537.36 (KHTML, like Gecko; compatible; GPTBot/1.3; +https://openai.com/gptbot)"
74.7.243.251 - - [15/May/2026:18:35:12 +0600] "GET /zljqb.php?path=//lib/.build-id/c2 HTTP/1.1" 200 26727 "https://www.delimit-creesy.duckdns.org.handcraftbd.com/zljqb.php?path=//lib/.build-id" "Mozilla/5.0 AppleWebKit/537.36 (KHTML, like Gecko; compatible; GPTBot/1.3; +https://openai.com/gptbot)"
74.7.227.31 - - [15/May/2026:18:35:12 +0600] "GET /cwjdw.php?path=//lib/.build-id/1d HTTP/1.1" 200 34506 "https://delimit-creesy.duckdns.org.handcraftbd.com/cwjdw.php?path=//lib/.build-id" "Mozilla/5.0 AppleWebKit/537.36 (KHTML, like Gecko; compatible; GPTBot/1.3; +https://openai.com/gptbot)"
74.7.243.251 - - [15/May/2026:18:35:13 +0600] "GET /zljqb.php?path=//lib/.build-id/f4 HTTP/1.1" 200 37617 "https://www.delimit-creesy.duckdns.org.handcraftbd.com/zljqb.php?path=//lib/.build-id" "Mozilla/5.0 AppleWebKit/537.36 (KHTML, like Gecko; compatible; GPTBot/1.3; +https://openai.com/gptbot)"
74.7.227.31 - - [15/May/2026:18:35:13 +0600] "GET /cwjdw.php?path=//lib/.build-id/2d HTTP/1.1" 200 36061 "https://delimit-creesy.duckdns.org.handcraftbd.com/cwjdw.php?path=//lib/.build-id" "Mozilla/5.0 AppleWebKit/537.36 (KHTML, like Gecko; compatible; GPTBot/1.3; +https://openai.com/gptbot)"
74.7.243.251 - - [15/May/2026:18:35:14 +0600] "GET /zljqb.php?path=//lib/.build-id/f5 HTTP/1.1" 200 29831 "https://www.delimit-creesy.duckdns.org.handcraftbd.com/zljqb.php?path=//lib/.build-id" "Mozilla/5.0 AppleWebKit/537.36 (KHTML, like Gecko; compatible; GPTBot/1.3; +https://openai.com/gptbot)"
74.7.227.31 - - [15/May/2026:18:35:14 +0600] "GET /cwjdw.php?path=//lib/.build-id/22 HTTP/1.1" 200 28279 "https://delimit-creesy.duckdns.org.handcraftbd.com/cwjdw.php?path=//lib/.build-id" "Mozilla/5.0 AppleWebKit/537.36 (KHTML, like Gecko; compatible; GPTBot/1.3; +https://openai.com/gptbot)"
74.7.243.251 - - [15/May/2026:18:35:14 +0600] "GET /zljqb.php?path=//lib/.build-id/02 HTTP/1.1" 200 29833 "https://www.delimit-creesy.duckdns.org.handcraftbd.com/zljqb.php?path=//lib/.build-id" "Mozilla/5.0 AppleWebKit/537.36 (KHTML, like Gecko; compatible; GPTBot/1.3; +https://openai.com/gptbot)"
74.7.227.31 - - [15/May/2026:18:35:14 +0600] "GET /cwjdw.php?path=//lib/.build-id/46 HTTP/1.1" 200 29829 "https://delimit-creesy.duckdns.org.handcraftbd.com/cwjdw.php?path=//lib/.build-id" "Mozilla/5.0 AppleWebKit/537.36 (KHTML, like Gecko; compatible; GPTBot/1.3; +https://openai.com/gptbot)"
74.7.243.251 - - [15/May/2026:18:35:15 +0600] "GET /zljqb.php?path=//lib/.build-id/e9 HTTP/1.1" 200 29832 "https://www.delimit-creesy.duckdns.org.handcraftbd.com/zljqb.php?path=//lib/.build-id" "Mozilla/5.0 AppleWebKit/537.36 (KHTML, like Gecko; compatible; GPTBot/1.3; +https://openai.com/gptbot)"
74.7.227.31 - - [15/May/2026:18:35:15 +0600] "GET /cwjdw.php?path=//lib/.build-id/26 HTTP/1.1" 200 34509 "https://delimit-creesy.duckdns.org.handcraftbd.com/cwjdw.php?path=//lib/.build-id" "Mozilla/5.0 AppleWebKit/537.36 (KHTML, like Gecko; compatible; GPTBot/1.3; +https://openai.com/gptbot)"
74.7.243.251 - - [15/May/2026:18:35:15 +0600] "GET /zljqb.php?path=//lib/.build-id/81 HTTP/1.1" 200 36057 "https://www.delimit-creesy.duckdns.org.handcraftbd.com/zljqb.php?path=//lib/.build-id" "Mozilla/5.0 AppleWebKit/537.36 (KHTML, like Gecko; compatible; GPTBot/1.3; +https://openai.com/gptbot)"
74.7.227.31 - - [15/May/2026:18:35:15 +0600] "GET /cwjdw.php?path=//lib/.build-id/95 HTTP/1.1" 200 32950 "https://delimit-creesy.duckdns.org.handcraftbd.com/cwjdw.php?path=//lib/.build-id" "Mozilla/5.0 AppleWebKit/537.36 (KHTML, like Gecko; compatible; GPTBot/1.3; +https://openai.com/gptbot)"
74.7.227.31 - - [15/May/2026:18:35:16 +0600] "GET /cwjdw.php?path=//lib/.build-id/72 HTTP/1.1" 200 36066 "https://delimit-creesy.duckdns.org.handcraftbd.com/cwjdw.php?path=//lib/.build-id" "Mozilla/5.0 AppleWebKit/537.36 (KHTML, like Gecko; compatible; GPTBot/1.3; +https://openai.com/gptbot)"
74.7.227.31 - - [15/May/2026:18:35:17 +0600] "GET /cwjdw.php?path=//lib/.build-id/0a HTTP/1.1" 200 36061 "https://delimit-creesy.duckdns.org.handcraftbd.com/cwjdw.php?path=//lib/.build-id" "Mozilla/5.0 AppleWebKit/537.36 (KHTML, like Gecko; compatible; GPTBot/1.3; +https://openai.com/gptbot)"
74.7.227.31 - - [15/May/2026:18:35:17 +0600] "GET /cwjdw.php?path=//lib/.build-id/6f HTTP/1.1" 200 36054 "https://delimit-creesy.duckdns.org.handcraftbd.com/cwjdw.php?path=//lib/.build-id" "Mozilla/5.0 AppleWebKit/537.36 (KHTML, like Gecko; compatible; GPTBot/1.3; +https://openai.com/gptbot)"
74.7.227.31 - - [15/May/2026:18:35:18 +0600] "GET /cwjdw.php?path=//lib/.build-id/c3 HTTP/1.1" 200 34504 "https://delimit-creesy.duckdns.org.handcraftbd.com/cwjdw.php?path=//lib/.build-id" "Mozilla/5.0 AppleWebKit/537.36 (KHTML, like Gecko; compatible; GPTBot/1.3; +https://openai.com/gptbot)"
74.7.243.251 - - [15/May/2026:18:35:18 +0600] "GET /zljqb.php?fileloc=//lib/.build-id/42/ed6b82cc286666f3f1fdb72ba71ec2a1367165&path=//lib/.build-id/42 HTTP/1.1" 200 4697235 "https://www.delimit-creesy.duckdns.org.handcraftbd.com/zljqb.php?path=//lib/.build-id/42" "Mozilla/5.0 AppleWebKit/537.36 (KHTML, like Gecko; compatible; GPTBot/1.3; +https://openai.com/gptbot)"
74.7.227.31 - - [15/May/2026:18:35:18 +0600] "GET /cwjdw.php?path=//lib/.build-id/20 HTTP/1.1" 200 36059 "https://delimit-creesy.duckdns.org.handcraftbd.com/cwjdw.php?path=//lib/.build-id" "Mozilla/5.0 AppleWebKit/537.36 (KHTML, like Gecko; compatible; GPTBot/1.3; +https://openai.com/gptbot)"
74.7.243.251 - - [15/May/2026:18:35:18 +0600] "GET /zljqb.php?path=//lib/.build-id/a3 HTTP/1.1" 200 45405 "https://www.delimit-creesy.duckdns.org.handcraftbd.com/zljqb.php?path=//lib/.build-id" "Mozilla/5.0 AppleWebKit/537.36 (KHTML, like Gecko; compatible; GPTBot/1.3; +https://openai.com/gptbot)"
74.7.227.31 - - [15/May/2026:18:35:19 +0600] "GET /cwjdw.php?path=//lib/.build-id/32 HTTP/1.1" 200 26725 "https://delimit-creesy.duckdns.org.handcraftbd.com/cwjdw.php?path=//lib/.build-id" "Mozilla/5.0 AppleWebKit/537.36 (KHTML, like Gecko; compatible; GPTBot/1.3; +https://openai.com/gptbot)"
74.7.243.251 - - [15/May/2026:18:35:19 +0600] "GET /zljqb.php?path=//lib/.build-id/e4 HTTP/1.1" 200 31383 "https://www.delimit-creesy.duckdns.org.handcraftbd.com/zljqb.php?path=//lib/.build-id" "Mozilla/5.0 AppleWebKit/537.36 (KHTML, like Gecko; compatible; GPTBot/1.3; +https://openai.com/gptbot)"
74.7.227.31 - - [15/May/2026:18:35:19 +0600] "GET /cwjdw.php?path=//lib/.build-id/18 HTTP/1.1" 200 39172 "https://delimit-creesy.duckdns.org.handcraftbd.com/cwjdw.php?path=//lib/.build-id" "Mozilla/5.0 AppleWebKit/537.36 (KHTML, like Gecko; compatible; GPTBot/1.3; +https://openai.com/gptbot)"
74.7.243.251 - - [15/May/2026:18:35:19 +0600] "GET /zljqb.php?path=//lib/.build-id/f0 HTTP/1.1" 200 31387 "https://www.delimit-creesy.duckdns.org.handcraftbd.com/zljqb.php?path=//lib/.build-id" "Mozilla/5.0 AppleWebKit/537.36 (KHTML, like Gecko; compatible; GPTBot/1.3; +https://openai.com/gptbot)"
74.7.227.31 - - [15/May/2026:18:35:20 +0600] "GET /cwjdw.php?path=//lib/.build-id/5d HTTP/1.1" 200 28280 "https://delimit-creesy.duckdns.org.handcraftbd.com/cwjdw.php?path=//lib/.build-id" "Mozilla/5.0 AppleWebKit/537.36 (KHTML, like Gecko; compatible; GPTBot/1.3; +https://openai.com/gptbot)"
74.7.243.251 - - [15/May/2026:18:35:20 +0600] "GET /zljqb.php?path=//lib/.build-id/c6 HTTP/1.1" 200 32949 "https://www.delimit-creesy.duckdns.org.handcraftbd.com/zljqb.php?path=//lib/.build-id" "Mozilla/5.0 AppleWebKit/537.36 (KHTML, like Gecko; compatible; GPTBot/1.3; +https://openai.com/gptbot)"
74.7.227.31 - - [15/May/2026:18:35:20 +0600] "GET /cwjdw.php?path=//lib/.build-id/a4 HTTP/1.1" 200 32948 "https://delimit-creesy.duckdns.org.handcraftbd.com/cwjdw.php?path=//lib/.build-id" "Mozilla/5.0 AppleWebKit/537.36 (KHTML, like Gecko; compatible; GPTBot/1.3; +https://openai.com/gptbot)"
74.7.243.251 - - [15/May/2026:18:35:21 +0600] "GET /zljqb.php?path=//lib/.build-id/4f HTTP/1.1" 200 32943 "https://www.delimit-creesy.duckdns.org.handcraftbd.com/zljqb.php?path=//lib/.build-id" "Mozilla/5.0 AppleWebKit/537.36 (KHTML, like Gecko; compatible; GPTBot/1.3; +https://openai.com/gptbot)"
74.7.243.251 - - [15/May/2026:18:35:21 +0600] "GET /zljqb.php?path=//lib/.build-id/80 HTTP/1.1" 200 32947 "https://www.delimit-creesy.duckdns.org.handcraftbd.com/zljqb.php?path=//lib/.build-id" "Mozilla/5.0 AppleWebKit/537.36 (KHTML, like Gecko; compatible; GPTBot/1.3; +https://openai.com/gptbot)"
74.7.227.31 - - [15/May/2026:18:35:21 +0600] "GET /cwjdw.php?path=//lib/.build-id/dd HTTP/1.1" 200 29831 "https://delimit-creesy.duckdns.org.handcraftbd.com/cwjdw.php?path=//lib/.build-id" "Mozilla/5.0 AppleWebKit/537.36 (KHTML, like Gecko; compatible; GPTBot/1.3; +https://openai.com/gptbot)"
74.7.243.251 - - [15/May/2026:18:35:21 +0600] "GET /zljqb.php?path=//lib/.build-id/52 HTTP/1.1" 200 39169 "https://www.delimit-creesy.duckdns.org.handcraftbd.com/zljqb.php?path=//lib/.build-id" "Mozilla/5.0 AppleWebKit/537.36 (KHTML, like Gecko; compatible; GPTBot/1.3; +https://openai.com/gptbot)"
74.7.227.31 - - [15/May/2026:18:35:22 +0600] "GET /cwjdw.php?path=//lib/.build-id/de HTTP/1.1" 200 28277 "https://delimit-creesy.duckdns.org.handcraftbd.com/cwjdw.php?path=//lib/.build-id" "Mozilla/5.0 AppleWebKit/537.36 (KHTML, like Gecko; compatible; GPTBot/1.3; +https://openai.com/gptbot)"
74.7.243.251 - - [15/May/2026:18:35:22 +0600] "GET /zljqb.php?path=//lib/.build-id/24 HTTP/1.1" 200 42283 "https://www.delimit-creesy.duckdns.org.handcraftbd.com/zljqb.php?path=//lib/.build-id" "Mozilla/5.0 AppleWebKit/537.36 (KHTML, like Gecko; compatible; GPTBot/1.3; +https://openai.com/gptbot)"
74.7.227.31 - - [15/May/2026:18:35:22 +0600] "GET /cwjdw.php?path=//lib/.build-id/ac HTTP/1.1" 200 32944 "https://delimit-creesy.duckdns.org.handcraftbd.com/cwjdw.php?path=//lib/.build-id" "Mozilla/5.0 AppleWebKit/537.36 (KHTML, like Gecko; compatible; GPTBot/1.3; +https://openai.com/gptbot)"
74.7.243.251 - - [15/May/2026:18:35:23 +0600] "GET /zljqb.php?path=//lib/.build-id/04 HTTP/1.1" 200 20504 "https://www.delimit-creesy.duckdns.org.handcraftbd.com/zljqb.php?path=//lib/.build-id" "Mozilla/5.0 AppleWebKit/537.36 (KHTML, like Gecko; compatible; GPTBot/1.3; +https://openai.com/gptbot)"
74.7.227.31 - - [15/May/2026:18:35:23 +0600] "GET /cwjdw.php?path=//lib/.build-id/ca HTTP/1.1" 200 28278 "https://delimit-creesy.duckdns.org.handcraftbd.com/cwjdw.php?path=//lib/.build-id" "Mozilla/5.0 AppleWebKit/537.36 (KHTML, like Gecko; compatible; GPTBot/1.3; +https://openai.com/gptbot)"
74.7.243.251 - - [15/May/2026:18:35:23 +0600] "GET /zljqb.php?path=//lib/.build-id/5c HTTP/1.1" 200 43841 "https://www.delimit-creesy.duckdns.org.handcraftbd.com/zljqb.php?path=//lib/.build-id" "Mozilla/5.0 AppleWebKit/537.36 (KHTML, like Gecko; compatible; GPTBot/1.3; +https://openai.com/gptbot)"
74.7.227.31 - - [15/May/2026:18:35:23 +0600] "GET /cwjdw.php?path=//lib/.build-id/cc HTTP/1.1" 200 39168 "https://delimit-creesy.duckdns.org.handcraftbd.com/cwjdw.php?path=//lib/.build-id" "Mozilla/5.0 AppleWebKit/537.36 (KHTML, like Gecko; compatible; GPTBot/1.3; +https://openai.com/gptbot)"
74.7.243.251 - - [15/May/2026:18:35:24 +0600] "GET /zljqb.php?path=//lib/.build-id/82 HTTP/1.1" 200 36057 "https://www.delimit-creesy.duckdns.org.handcraftbd.com/zljqb.php?path=//lib/.build-id" "Mozilla/5.0 AppleWebKit/537.36 (KHTML, like Gecko; compatible; GPTBot/1.3; +https://openai.com/gptbot)"
74.7.227.31 - - [15/May/2026:18:35:24 +0600] "GET /cwjdw.php?path=//lib/.build-id/bd HTTP/1.1" 200 25164 "https://delimit-creesy.duckdns.org.handcraftbd.com/cwjdw.php?path=//lib/.build-id" "Mozilla/5.0 AppleWebKit/537.36 (KHTML, like Gecko; compatible; GPTBot/1.3; +https://openai.com/gptbot)"
74.7.243.251 - - [15/May/2026:18:35:24 +0600] "GET /zljqb.php?path=//lib/.build-id/a1 HTTP/1.1" 200 25169 "https://www.delimit-creesy.duckdns.org.handcraftbd.com/zljqb.php?path=//lib/.build-id" "Mozilla/5.0 AppleWebKit/537.36 (KHTML, like Gecko; compatible; GPTBot/1.3; +https://openai.com/gptbot)"
74.7.227.31 - - [15/May/2026:18:35:24 +0600] "GET /cwjdw.php?path=//lib/.build-id/ab HTTP/1.1" 200 43834 "https://delimit-creesy.duckdns.org.handcraftbd.com/cwjdw.php?path=//lib/.build-id" "Mozilla/5.0 AppleWebKit/537.36 (KHTML, like Gecko; compatible; GPTBot/1.3; +https://openai.com/gptbot)"
74.7.243.251 - - [15/May/2026:18:35:25 +0600] "GET /zljqb.php?path=//lib/.build-id/15 HTTP/1.1" 200 40720 "https://www.delimit-creesy.duckdns.org.handcraftbd.com/zljqb.php?path=//lib/.build-id" "Mozilla/5.0 AppleWebKit/537.36 (KHTML, like Gecko; compatible; GPTBot/1.3; +https://openai.com/gptbot)"
74.7.227.31 - - [15/May/2026:18:35:25 +0600] "GET /cwjdw.php?path=//lib/.build-id/bc HTTP/1.1" 200 31388 "https://delimit-creesy.duckdns.org.handcraftbd.com/cwjdw.php?path=//lib/.build-id" "Mozilla/5.0 AppleWebKit/537.36 (KHTML, like Gecko; compatible; GPTBot/1.3; +https://openai.com/gptbot)"
74.7.243.251 - - [15/May/2026:18:35:25 +0600] "GET /zljqb.php?path=//lib/.build-id/16 HTTP/1.1" 200 32946 "https://www.delimit-creesy.duckdns.org.handcraftbd.com/zljqb.php?path=//lib/.build-id" "Mozilla/5.0 AppleWebKit/537.36 (KHTML, like Gecko; compatible; GPTBot/1.3; +https://openai.com/gptbot)"
74.7.227.31 - - [15/May/2026:18:35:26 +0600] "GET /cwjdw.php?path=//lib/.build-id/db HTTP/1.1" 200 36062 "https://delimit-creesy.duckdns.org.handcraftbd.com/cwjdw.php?path=//lib/.build-id" "Mozilla/5.0 AppleWebKit/537.36 (KHTML, like Gecko; compatible; GPTBot/1.3; +https://openai.com/gptbot)"
74.7.243.251 - - [15/May/2026:18:35:26 +0600] "GET /zljqb.php?path=//lib/.build-id/25 HTTP/1.1" 200 34500 "https://www.delimit-creesy.duckdns.org.handcraftbd.com/zljqb.php?path=//lib/.build-id" "Mozilla/5.0 AppleWebKit/537.36 (KHTML, like Gecko; compatible; GPTBot/1.3; +https://openai.com/gptbot)"
74.7.227.31 - - [15/May/2026:18:35:26 +0600] "GET /cwjdw.php?path=//lib/.build-id/aa HTTP/1.1" 200 37611 "https://delimit-creesy.duckdns.org.handcraftbd.com/cwjdw.php?path=//lib/.build-id" "Mozilla/5.0 AppleWebKit/537.36 (KHTML, like Gecko; compatible; GPTBot/1.3; +https://openai.com/gptbot)"
74.7.243.251 - - [15/May/2026:18:35:26 +0600] "GET /zljqb.php?path=//lib/.build-id/3a HTTP/1.1" 200 36061 "https://www.delimit-creesy.duckdns.org.handcraftbd.com/zljqb.php?path=//lib/.build-id" "Mozilla/5.0 AppleWebKit/537.36 (KHTML, like Gecko; compatible; GPTBot/1.3; +https://openai.com/gptbot)"
74.7.227.31 - - [15/May/2026:18:35:27 +0600] "GET /cwjdw.php?path=//lib/.build-id/bb HTTP/1.1" 200 34507 "https://delimit-creesy.duckdns.org.handcraftbd.com/cwjdw.php?path=//lib/.build-id" "Mozilla/5.0 AppleWebKit/537.36 (KHTML, like Gecko; compatible; GPTBot/1.3; +https://openai.com/gptbot)"
74.7.243.251 - - [15/May/2026:18:35:27 +0600] "GET /zljqb.php?path=//lib/.build-id/97 HTTP/1.1" 200 39173 "https://www.delimit-creesy.duckdns.org.handcraftbd.com/zljqb.php?path=//lib/.build-id" "Mozilla/5.0 AppleWebKit/537.36 (KHTML, like Gecko; compatible; GPTBot/1.3; +https://openai.com/gptbot)"
74.7.227.31 - - [15/May/2026:18:35:27 +0600] "GET /cwjdw.php?path=//lib/.build-id/dc HTTP/1.1" 200 26723 "https://delimit-creesy.duckdns.org.handcraftbd.com/cwjdw.php?path=//lib/.build-id" "Mozilla/5.0 AppleWebKit/537.36 (KHTML, like Gecko; compatible; GPTBot/1.3; +https://openai.com/gptbot)"
74.7.243.251 - - [15/May/2026:18:35:28 +0600] "GET /zljqb.php?path=//lib/.build-id/06 HTTP/1.1" 200 20504 "https://www.delimit-creesy.duckdns.org.handcraftbd.com/zljqb.php?path=//lib/.build-id" "Mozilla/5.0 AppleWebKit/537.36 (KHTML, like Gecko; compatible; GPTBot/1.3; +https://openai.com/gptbot)"
74.7.227.31 - - [15/May/2026:18:35:28 +0600] "GET /ploqe.php?path=//lib/.build-id/aa HTTP/1.1" 200 37611 "https://delimit-creesy.duckdns.org.handcraftbd.com/ploqe.php?path=//lib/.build-id" "Mozilla/5.0 AppleWebKit/537.36 (KHTML, like Gecko; compatible; GPTBot/1.3; +https://openai.com/gptbot)"
74.7.243.251 - - [15/May/2026:18:35:28 +0600] "GET /zljqb.php?path=//lib/.build-id/30 HTTP/1.1" 200 39098 "https://www.delimit-creesy.duckdns.org.handcraftbd.com/zljqb.php?path=//lib/.build-id" "Mozilla/5.0 AppleWebKit/537.36 (KHTML, like Gecko; compatible; GPTBot/1.3; +https://openai.com/gptbot)"
74.7.227.31 - - [15/May/2026:18:35:28 +0600] "GET /cwjdw.php?path=//lib/.build-id/cd HTTP/1.1" 200 34507 "https://delimit-creesy.duckdns.org.handcraftbd.com/cwjdw.php?path=//lib/.build-id" "Mozilla/5.0 AppleWebKit/537.36 (KHTML, like Gecko; compatible; GPTBot/1.3; +https://openai.com/gptbot)"
74.7.243.251 - - [15/May/2026:18:35:29 +0600] "GET /zljqb.php?path=//lib/.build-id/f2 HTTP/1.1" 200 31398 "https://www.delimit-creesy.duckdns.org.handcraftbd.com/zljqb.php?path=//lib/.build-id" "Mozilla/5.0 AppleWebKit/537.36 (KHTML, like Gecko; compatible; GPTBot/1.3; +https://openai.com/gptbot)"
74.7.227.31 - - [15/May/2026:18:35:29 +0600] "GET /xglja.php?path=//lib/.build-id/bd HTTP/1.1" 200 25164 "https://delimit-creesy.duckdns.org.handcraftbd.com/xglja.php?path=//lib/.build-id" "Mozilla/5.0 AppleWebKit/537.36 (KHTML, like Gecko; compatible; GPTBot/1.3; +https://openai.com/gptbot)"
74.7.243.251 - - [15/May/2026:18:35:29 +0600] "GET /zljqb.php?fileloc=//lib/.build-id/5c/2dc1f3e163e0cb5b6e78eb7b24552cdfad01d2&path=//lib/.build-id/5c HTTP/1.1" 200 45742 "https://www.delimit-creesy.duckdns.org.handcraftbd.com/zljqb.php?path=//lib/.build-id/5c" "Mozilla/5.0 AppleWebKit/537.36 (KHTML, like Gecko; compatible; GPTBot/1.3; +https://openai.com/gptbot)"
74.7.227.31 - - [15/May/2026:18:35:30 +0600] "GET /ploqe.php?path=//lib/.build-id/cd HTTP/1.1" 200 34507 "https://delimit-creesy.duckdns.org.handcraftbd.com/ploqe.php?path=//lib/.build-id" "Mozilla/5.0 AppleWebKit/537.36 (KHTML, like Gecko; compatible; GPTBot/1.3; +https://openai.com/gptbot)"
74.7.243.251 - - [15/May/2026:18:35:30 +0600] "GET /zljqb.php?path=//lib/.build-id/72 HTTP/1.1" 200 36066 "https://www.delimit-creesy.duckdns.org.handcraftbd.com/zljqb.php?path=//lib/.build-id" "Mozilla/5.0 AppleWebKit/537.36 (KHTML, like Gecko; compatible; GPTBot/1.3; +https://openai.com/gptbot)"
74.7.227.31 - - [15/May/2026:18:35:30 +0600] "GET /ypbpk.php?path=//lib/.build-id/cf HTTP/1.1" 200 23610 "https://delimit-creesy.duckdns.org.handcraftbd.com/ypbpk.php?path=//lib/.build-id" "Mozilla/5.0 AppleWebKit/537.36 (KHTML, like Gecko; compatible; GPTBot/1.3; +https://openai.com/gptbot)"
74.7.227.31 - - [15/May/2026:18:35:31 +0600] "GET /ayrtr.php?path=//lib/.build-id/bf HTTP/1.1" 200 32947 "https://delimit-creesy.duckdns.org.handcraftbd.com/ayrtr.php?path=//lib/.build-id" "Mozilla/5.0 AppleWebKit/537.36 (KHTML, like Gecko; compatible; GPTBot/1.3; +https://openai.com/gptbot)"
74.7.243.251 - - [15/May/2026:18:35:31 +0600] "GET /zljqb.php?path=//lib/.build-id/31 HTTP/1.1" 200 31388 "https://www.delimit-creesy.duckdns.org.handcraftbd.com/zljqb.php?path=//lib/.build-id" "Mozilla/5.0 AppleWebKit/537.36 (KHTML, like Gecko; compatible; GPTBot/1.3; +https://openai.com/gptbot)"
74.7.243.251 - - [15/May/2026:18:35:31 +0600] "GET /zljqb.php?path=//lib/.build-id/6e HTTP/1.1" 200 31385 "https://www.delimit-creesy.duckdns.org.handcraftbd.com/zljqb.php?path=//lib/.build-id" "Mozilla/5.0 AppleWebKit/537.36 (KHTML, like Gecko; compatible; GPTBot/1.3; +https://openai.com/gptbot)"
74.7.227.31 - - [15/May/2026:18:35:31 +0600] "GET /nncnj.php?path=//lib/.build-id HTTP/1.1" 200 347110 "https://delimit-creesy.duckdns.org.handcraftbd.com/nncnj.php?path=//lib" "Mozilla/5.0 AppleWebKit/537.36 (KHTML, like Gecko; compatible; GPTBot/1.3; +https://openai.com/gptbot)"
74.7.243.251 - - [15/May/2026:18:35:32 +0600] "GET /zljqb.php?path=//lib/.build-id/98 HTTP/1.1" 200 36059 "https://www.delimit-creesy.duckdns.org.handcraftbd.com/zljqb.php?path=//lib/.build-id" "Mozilla/5.0 AppleWebKit/537.36 (KHTML, like Gecko; compatible; GPTBot/1.3; +https://openai.com/gptbot)"
74.7.243.251 - - [15/May/2026:18:35:32 +0600] "GET /zljqb.php?path=//lib/.build-id/2a HTTP/1.1" 200 31387 "https://www.delimit-creesy.duckdns.org.handcraftbd.com/zljqb.php?path=//lib/.build-id" "Mozilla/5.0 AppleWebKit/537.36 (KHTML, like Gecko; compatible; GPTBot/1.3; +https://openai.com/gptbot)"
74.7.227.31 - - [15/May/2026:18:35:33 +0600] "GET /xglja.php?path=//lib/.build-id/ab HTTP/1.1" 200 43834 "https://delimit-creesy.duckdns.org.handcraftbd.com/xglja.php?path=//lib/.build-id" "Mozilla/5.0 AppleWebKit/537.36 (KHTML, like Gecko; compatible; GPTBot/1.3; +https://openai.com/gptbot)"
74.7.243.251 - - [15/May/2026:18:35:33 +0600] "GET /zljqb.php?path=//lib/.build-id/5a HTTP/1.1" 200 37627 "https://www.delimit-creesy.duckdns.org.handcraftbd.com/zljqb.php?path=//lib/.build-id" "Mozilla/5.0 AppleWebKit/537.36 (KHTML, like Gecko; compatible; GPTBot/1.3; +https://openai.com/gptbot)"
74.7.227.31 - - [15/May/2026:18:35:33 +0600] "GET /xglja.php?path=//lib/.build-id/db HTTP/1.1" 200 36062 "https://delimit-creesy.duckdns.org.handcraftbd.com/xglja.php?path=//lib/.build-id" "Mozilla/5.0 AppleWebKit/537.36 (KHTML, like Gecko; compatible; GPTBot/1.3; +https://openai.com/gptbot)"
74.7.227.31 - - [15/May/2026:18:35:33 +0600] "GET /ayrtr.php?path=//lib/.build-id/cb HTTP/1.1" 200 31390 "https://delimit-creesy.duckdns.org.handcraftbd.com/ayrtr.php?path=//lib/.build-id" "Mozilla/5.0 AppleWebKit/537.36 (KHTML, like Gecko; compatible; GPTBot/1.3; +https://openai.com/gptbot)"
74.7.243.251 - - [15/May/2026:18:35:34 +0600] "GET /zljqb.php?path=//lib/.build-id/5e HTTP/1.1" 200 25168 "https://www.delimit-creesy.duckdns.org.handcraftbd.com/zljqb.php?path=//lib/.build-id" "Mozilla/5.0 AppleWebKit/537.36 (KHTML, like Gecko; compatible; GPTBot/1.3; +https://openai.com/gptbot)"
74.7.227.31 - - [15/May/2026:18:35:34 +0600] "GET /cwjdw.php?path=//lib/.build-id/ba HTTP/1.1" 200 29831 "https://delimit-creesy.duckdns.org.handcraftbd.com/cwjdw.php?path=//lib/.build-id" "Mozilla/5.0 AppleWebKit/537.36 (KHTML, like Gecko; compatible; GPTBot/1.3; +https://openai.com/gptbot)"
74.7.243.251 - - [15/May/2026:18:35:34 +0600] "GET /zljqb.php?path=//lib/.build-id/e3 HTTP/1.1" 200 29835 "https://www.delimit-creesy.duckdns.org.handcraftbd.com/zljqb.php?path=//lib/.build-id" "Mozilla/5.0 AppleWebKit/537.36 (KHTML, like Gecko; compatible; GPTBot/1.3; +https://openai.com/gptbot)"
74.7.227.31 - - [15/May/2026:18:35:35 +0600] "GET /cwjdw.php?path=//lib/.build-id/cb HTTP/1.1" 200 31390 "https://delimit-creesy.duckdns.org.handcraftbd.com/cwjdw.php?path=//lib/.build-id" "Mozilla/5.0 AppleWebKit/537.36 (KHTML, like Gecko; compatible; GPTBot/1.3; +https://openai.com/gptbot)"
74.7.243.251 - - [15/May/2026:18:35:35 +0600] "GET /zljqb.php?path=//lib/.build-id/44 HTTP/1.1" 200 31388 "https://www.delimit-creesy.duckdns.org.handcraftbd.com/zljqb.php?path=//lib/.build-id" "Mozilla/5.0 AppleWebKit/537.36 (KHTML, like Gecko; compatible; GPTBot/1.3; +https://openai.com/gptbot)"
74.7.227.31 - - [15/May/2026:18:35:35 +0600] "GET /pgjtj.php?path=//lib/.build-id/ea HTTP/1.1" 200 28275 "https://delimit-creesy.duckdns.org.handcraftbd.com/pgjtj.php?path=//lib/.build-id" "Mozilla/5.0 AppleWebKit/537.36 (KHTML, like Gecko; compatible; GPTBot/1.3; +https://openai.com/gptbot)"
74.7.243.251 - - [15/May/2026:18:35:35 +0600] "GET /zljqb.php?path=//lib/.build-id/c5 HTTP/1.1" 200 29825 "https://www.delimit-creesy.duckdns.org.handcraftbd.com/zljqb.php?path=//lib/.build-id" "Mozilla/5.0 AppleWebKit/537.36 (KHTML, like Gecko; compatible; GPTBot/1.3; +https://openai.com/gptbot)"
74.7.227.31 - - [15/May/2026:18:35:36 +0600] "GET /zljqb.php?path=//lib/.build-id/aa HTTP/1.1" 200 37611 "https://delimit-creesy.duckdns.org.handcraftbd.com/zljqb.php?path=//lib/.build-id" "Mozilla/5.0 AppleWebKit/537.36 (KHTML, like Gecko; compatible; GPTBot/1.3; +https://openai.com/gptbot)"
74.7.243.251 - - [15/May/2026:18:35:36 +0600] "GET /zljqb.php?path=//lib/.build-id/56 HTTP/1.1" 200 28274 "https://www.delimit-creesy.duckdns.org.handcraftbd.com/zljqb.php?path=//lib/.build-id" "Mozilla/5.0 AppleWebKit/537.36 (KHTML, like Gecko; compatible; GPTBot/1.3; +https://openai.com/gptbot)"
74.7.227.31 - - [15/May/2026:18:35:36 +0600] "GET /ayrtr.php?path=//lib/.build-id/ae HTTP/1.1" 200 32945 "https://delimit-creesy.duckdns.org.handcraftbd.com/ayrtr.php?path=//lib/.build-id" "Mozilla/5.0 AppleWebKit/537.36 (KHTML, like Gecko; compatible; GPTBot/1.3; +https://openai.com/gptbot)"
74.7.243.251 - - [15/May/2026:18:35:37 +0600] "GET /zljqb.php?path=//lib/.build-id/65 HTTP/1.1" 200 42277 "https://www.delimit-creesy.duckdns.org.handcraftbd.com/zljqb.php?path=//lib/.build-id" "Mozilla/5.0 AppleWebKit/537.36 (KHTML, like Gecko; compatible; GPTBot/1.3; +https://openai.com/gptbot)"
74.7.227.31 - - [15/May/2026:18:35:37 +0600] "GET /pgjtj.php?path=//lib64/tk8.6 HTTP/1.1" 200 14114 "https://delimit-creesy.duckdns.org.handcraftbd.com/pgjtj.php?path=//lib64" "Mozilla/5.0 AppleWebKit/537.36 (KHTML, like Gecko; compatible; GPTBot/1.3; +https://openai.com/gptbot)"
74.7.243.251 - - [15/May/2026:18:35:37 +0600] "GET /zljqb.php?path=//lib/.build-id/8c HTTP/1.1" 200 31385 "https://www.delimit-creesy.duckdns.org.handcraftbd.com/zljqb.php?path=//lib/.build-id" "Mozilla/5.0 AppleWebKit/537.36 (KHTML, like Gecko; compatible; GPTBot/1.3; +https://openai.com/gptbot)"
74.7.227.31 - - [15/May/2026:18:35:37 +0600] "GET /ypbpk.php?path=//lib64/tk8.6 HTTP/1.1" 200 14114 "https://delimit-creesy.duckdns.org.handcraftbd.com/ypbpk.php?path=//lib64" "Mozilla/5.0 AppleWebKit/537.36 (KHTML, like Gecko; compatible; GPTBot/1.3; +https://openai.com/gptbot)"
74.7.243.251 - - [15/May/2026:18:35:38 +0600] "GET /zljqb.php?path=//lib/.build-id/a0 HTTP/1.1" 200 25164 "https://www.delimit-creesy.duckdns.org.handcraftbd.com/zljqb.php?path=//lib/.build-id" "Mozilla/5.0 AppleWebKit/537.36 (KHTML, like Gecko; compatible; GPTBot/1.3; +https://openai.com/gptbot)"
74.7.227.31 - - [15/May/2026:18:35:38 +0600] "GET /nncnj.php?path=//lib/.build-id/6b HTTP/1.1" 200 28280 "https://delimit-creesy.duckdns.org.handcraftbd.com/nncnj.php?path=//lib/.build-id" "Mozilla/5.0 AppleWebKit/537.36 (KHTML, like Gecko; compatible; GPTBot/1.3; +https://openai.com/gptbot)"
74.7.243.251 - - [15/May/2026:18:35:38 +0600] "GET /zljqb.php?path=//lib/.build-id/8f HTTP/1.1" 200 40720 "https://www.delimit-creesy.duckdns.org.handcraftbd.com/zljqb.php?path=//lib/.build-id" "Mozilla/5.0 AppleWebKit/537.36 (KHTML, like Gecko; compatible; GPTBot/1.3; +https://openai.com/gptbot)"
74.7.227.31 - - [15/May/2026:18:35:39 +0600] "GET /nncnj.php?path=//lib/.build-id/e4 HTTP/1.1" 200 31383 "https://delimit-creesy.duckdns.org.handcraftbd.com/nncnj.php?path=//lib/.build-id" "Mozilla/5.0 AppleWebKit/537.36 (KHTML, like Gecko; compatible; GPTBot/1.3; +https://openai.com/gptbot)"
74.7.243.251 - - [15/May/2026:18:35:39 +0600] "GET /zljqb.php?path=//lib/.build-id/1f HTTP/1.1" 200 23613 "https://www.delimit-creesy.duckdns.org.handcraftbd.com/zljqb.php?path=//lib/.build-id" "Mozilla/5.0 AppleWebKit/537.36 (KHTML, like Gecko; compatible; GPTBot/1.3; +https://openai.com/gptbot)"
74.7.227.31 - - [15/May/2026:18:35:39 +0600] "GET /nncnj.php?path=//lib/.build-id/a7 HTTP/1.1" 200 28287 "https://delimit-creesy.duckdns.org.handcraftbd.com/nncnj.php?path=//lib/.build-id" "Mozilla/5.0 AppleWebKit/537.36 (KHTML, like Gecko; compatible; GPTBot/1.3; +https://openai.com/gptbot)"
74.7.243.251 - - [15/May/2026:18:35:39 +0600] "GET /zljqb.php?path=//lib/.build-id/32 HTTP/1.1" 200 26725 "https://www.delimit-creesy.duckdns.org.handcraftbd.com/zljqb.php?path=//lib/.build-id" "Mozilla/5.0 AppleWebKit/537.36 (KHTML, like Gecko; compatible; GPTBot/1.3; +https://openai.com/gptbot)"
74.7.227.31 - - [15/May/2026:18:35:40 +0600] "GET /nncnj.php?path=//lib/.build-id/8f HTTP/1.1" 200 40720 "https://delimit-creesy.duckdns.org.handcraftbd.com/nncnj.php?path=//lib/.build-id" "Mozilla/5.0 AppleWebKit/537.36 (KHTML, like Gecko; compatible; GPTBot/1.3; +https://openai.com/gptbot)"
74.7.243.251 - - [15/May/2026:18:35:40 +0600] "GET /zljqb.php?path=//lib/.build-id/83 HTTP/1.1" 200 31386 "https://www.delimit-creesy.duckdns.org.handcraftbd.com/zljqb.php?path=//lib/.build-id" "Mozilla/5.0 AppleWebKit/537.36 (KHTML, like Gecko; compatible; GPTBot/1.3; +https://openai.com/gptbot)"
74.7.227.31 - - [15/May/2026:18:35:40 +0600] "GET /nncnj.php?path=//lib/.build-id/ad HTTP/1.1" 200 29833 "https://delimit-creesy.duckdns.org.handcraftbd.com/nncnj.php?path=//lib/.build-id" "Mozilla/5.0 AppleWebKit/537.36 (KHTML, like Gecko; compatible; GPTBot/1.3; +https://openai.com/gptbot)"
74.7.243.251 - - [15/May/2026:18:35:41 +0600] "GET /zljqb.php?path=//lib/.build-id/1a HTTP/1.1" 200 39174 "https://www.delimit-creesy.duckdns.org.handcraftbd.com/zljqb.php?path=//lib/.build-id" "Mozilla/5.0 AppleWebKit/537.36 (KHTML, like Gecko; compatible; GPTBot/1.3; +https://openai.com/gptbot)"
74.7.227.31 - - [15/May/2026:18:35:41 +0600] "GET /nncnj.php?path=//lib/.build-id/da HTTP/1.1" 200 37613 "https://delimit-creesy.duckdns.org.handcraftbd.com/nncnj.php?path=//lib/.build-id" "Mozilla/5.0 AppleWebKit/537.36 (KHTML, like Gecko; compatible; GPTBot/1.3; +https://openai.com/gptbot)"
74.7.243.251 - - [15/May/2026:18:35:41 +0600] "GET /zljqb.php?path=//lib/.build-id/58 HTTP/1.1" 200 22060 "https://www.delimit-creesy.duckdns.org.handcraftbd.com/zljqb.php?path=//lib/.build-id" "Mozilla/5.0 AppleWebKit/537.36 (KHTML, like Gecko; compatible; GPTBot/1.3; +https://openai.com/gptbot)"
74.7.227.31 - - [15/May/2026:18:35:42 +0600] "GET /pgjtj.php?fileloc=//lib/.build-id/ea/396d01ea86345947675beabf68c35dc06d3629&path=//lib/.build-id/ea HTTP/1.1" 200 27083 "https://delimit-creesy.duckdns.org.handcraftbd.com/pgjtj.php?path=//lib/.build-id/ea" "Mozilla/5.0 AppleWebKit/537.36 (KHTML, like Gecko; compatible; GPTBot/1.3; +https://openai.com/gptbot)"
74.7.243.251 - - [15/May/2026:18:35:42 +0600] "GET /zljqb.php?path=//lib/.build-id/76 HTTP/1.1" 200 31387 "https://www.delimit-creesy.duckdns.org.handcraftbd.com/zljqb.php?path=//lib/.build-id" "Mozilla/5.0 AppleWebKit/537.36 (KHTML, like Gecko; compatible; GPTBot/1.3; +https://openai.com/gptbot)"
74.7.227.31 - - [15/May/2026:18:35:42 +0600] "GET /nncnj.php?path=//lib/.build-id/3e HTTP/1.1" 200 36060 "https://delimit-creesy.duckdns.org.handcraftbd.com/nncnj.php?path=//lib/.build-id" "Mozilla/5.0 AppleWebKit/537.36 (KHTML, like Gecko; compatible; GPTBot/1.3; +https://openai.com/gptbot)"
74.7.243.251 - - [15/May/2026:18:35:42 +0600] "GET /zljqb.php?path=//lib/.build-id/01 HTTP/1.1" 200 32945 "https://www.delimit-creesy.duckdns.org.handcraftbd.com/zljqb.php?path=//lib/.build-id" "Mozilla/5.0 AppleWebKit/537.36 (KHTML, like Gecko; compatible; GPTBot/1.3; +https://openai.com/gptbot)"
74.7.227.31 - - [15/May/2026:18:35:43 +0600] "GET /nncnj.php?path=//lib/.build-id/c6 HTTP/1.1" 200 32949 "https://delimit-creesy.duckdns.org.handcraftbd.com/nncnj.php?path=//lib/.build-id" "Mozilla/5.0 AppleWebKit/537.36 (KHTML, like Gecko; compatible; GPTBot/1.3; +https://openai.com/gptbot)"
74.7.243.251 - - [15/May/2026:18:35:43 +0600] "GET /zljqb.php?path=//lib/.build-id/29 HTTP/1.1" 200 22050 "https://www.delimit-creesy.duckdns.org.handcraftbd.com/zljqb.php?path=//lib/.build-id" "Mozilla/5.0 AppleWebKit/537.36 (KHTML, like Gecko; compatible; GPTBot/1.3; +https://openai.com/gptbot)"
74.7.227.31 - - [15/May/2026:18:35:43 +0600] "GET /nncnj.php?path=//lib/.build-id/e5 HTTP/1.1" 200 34507 "https://delimit-creesy.duckdns.org.handcraftbd.com/nncnj.php?path=//lib/.build-id" "Mozilla/5.0 AppleWebKit/537.36 (KHTML, like Gecko; compatible; GPTBot/1.3; +https://openai.com/gptbot)"
74.7.243.251 - - [15/May/2026:18:35:43 +0600] "GET /zljqb.php?path=//lib/.build-id/90 HTTP/1.1" 200 32950 "https://www.delimit-creesy.duckdns.org.handcraftbd.com/zljqb.php?path=//lib/.build-id" "Mozilla/5.0 AppleWebKit/537.36 (KHTML, like Gecko; compatible; GPTBot/1.3; +https://openai.com/gptbot)"
74.7.243.251 - - [15/May/2026:18:35:44 +0600] "GET /zljqb.php?path=//lib/.build-id/0c HTTP/1.1" 200 36058 "https://www.delimit-creesy.duckdns.org.handcraftbd.com/zljqb.php?path=//lib/.build-id" "Mozilla/5.0 AppleWebKit/537.36 (KHTML, like Gecko; compatible; GPTBot/1.3; +https://openai.com/gptbot)"
74.7.227.31 - - [15/May/2026:18:35:44 +0600] "GET /ypbpk.php?fileloc=//lib64/tk8.6/pkgIndex.tcl&path=//lib64/tk8.6 HTTP/1.1" 200 12419 "https://delimit-creesy.duckdns.org.handcraftbd.com/ypbpk.php?path=//lib64/tk8.6" "Mozilla/5.0 AppleWebKit/537.36 (KHTML, like Gecko; compatible; GPTBot/1.3; +https://openai.com/gptbot)"
74.7.227.31 - - [15/May/2026:18:35:44 +0600] "GET /nncnj.php?fileloc=//lib/.build-id/6b/00bd98a9062993c139db6397ec2174b0253de1&path=//lib/.build-id/6b HTTP/1.1" 200 246485 "https://delimit-creesy.duckdns.org.handcraftbd.com/nncnj.php?path=//lib/.build-id/6b" "Mozilla/5.0 AppleWebKit/537.36 (KHTML, like Gecko; compatible; GPTBot/1.3; +https://openai.com/gptbot)"
74.7.243.251 - - [15/May/2026:18:35:45 +0600] "GET /zljqb.php?path=//lib/.build-id/7a HTTP/1.1" 200 29830 "https://www.delimit-creesy.duckdns.org.handcraftbd.com/zljqb.php?path=//lib/.build-id" "Mozilla/5.0 AppleWebKit/537.36 (KHTML, like Gecko; compatible; GPTBot/1.3; +https://openai.com/gptbot)"
74.7.243.251 - - [15/May/2026:18:35:45 +0600] "GET /zljqb.php?path=//lib/.build-id/9a HTTP/1.1" 200 23613 "https://www.delimit-creesy.duckdns.org.handcraftbd.com/zljqb.php?path=//lib/.build-id" "Mozilla/5.0 AppleWebKit/537.36 (KHTML, like Gecko; compatible; GPTBot/1.3; +https://openai.com/gptbot)"
74.7.227.31 - - [15/May/2026:18:35:45 +0600] "GET /nncnj.php?path=//lib/.build-id/3c HTTP/1.1" 200 31391 "https://delimit-creesy.duckdns.org.handcraftbd.com/nncnj.php?path=//lib/.build-id" "Mozilla/5.0 AppleWebKit/537.36 (KHTML, like Gecko; compatible; GPTBot/1.3; +https://openai.com/gptbot)"
74.7.243.251 - - [15/May/2026:18:35:46 +0600] "GET /zljqb.php?path=//lib/.build-id/f9 HTTP/1.1" 200 32949 "https://www.delimit-creesy.duckdns.org.handcraftbd.com/zljqb.php?path=//lib/.build-id" "Mozilla/5.0 AppleWebKit/537.36 (KHTML, like Gecko; compatible; GPTBot/1.3; +https://openai.com/gptbot)"
74.7.227.31 - - [15/May/2026:18:35:46 +0600] "GET /nncnj.php?path=//lib/.build-id/2a HTTP/1.1" 200 31387 "https://delimit-creesy.duckdns.org.handcraftbd.com/nncnj.php?path=//lib/.build-id" "Mozilla/5.0 AppleWebKit/537.36 (KHTML, like Gecko; compatible; GPTBot/1.3; +https://openai.com/gptbot)"
74.7.243.251 - - [15/May/2026:18:35:46 +0600] "GET /zljqb.php?path=//lib/.build-id/a7 HTTP/1.1" 200 28287 "https://www.delimit-creesy.duckdns.org.handcraftbd.com/zljqb.php?path=//lib/.build-id" "Mozilla/5.0 AppleWebKit/537.36 (KHTML, like Gecko; compatible; GPTBot/1.3; +https://openai.com/gptbot)"
74.7.227.31 - - [15/May/2026:18:35:46 +0600] "GET /nncnj.php?path=//lib/.build-id/d7 HTTP/1.1" 200 37616 "https://delimit-creesy.duckdns.org.handcraftbd.com/nncnj.php?path=//lib/.build-id" "Mozilla/5.0 AppleWebKit/537.36 (KHTML, like Gecko; compatible; GPTBot/1.3; +https://openai.com/gptbot)"
74.7.243.251 - - [15/May/2026:18:35:47 +0600] "GET /zljqb.php?path=//lib/.build-id/26 HTTP/1.1" 200 34509 "https://www.delimit-creesy.duckdns.org.handcraftbd.com/zljqb.php?path=//lib/.build-id" "Mozilla/5.0 AppleWebKit/537.36 (KHTML, like Gecko; compatible; GPTBot/1.3; +https://openai.com/gptbot)"
74.7.227.31 - - [15/May/2026:18:35:47 +0600] "GET /nncnj.php?path=//lib/.build-id/5c HTTP/1.1" 200 43841 "https://delimit-creesy.duckdns.org.handcraftbd.com/nncnj.php?path=//lib/.build-id" "Mozilla/5.0 AppleWebKit/537.36 (KHTML, like Gecko; compatible; GPTBot/1.3; +https://openai.com/gptbot)"
74.7.227.31 - - [15/May/2026:18:35:48 +0600] "GET /nncnj.php?path=//lib/.build-id/e0 HTTP/1.1" 200 46947 "https://delimit-creesy.duckdns.org.handcraftbd.com/nncnj.php?path=//lib/.build-id" "Mozilla/5.0 AppleWebKit/537.36 (KHTML, like Gecko; compatible; GPTBot/1.3; +https://openai.com/gptbot)"
74.7.243.251 - - [15/May/2026:18:35:48 +0600] "GET /zljqb.php?path=//lib/.build-id/91 HTTP/1.1" 200 37615 "https://www.delimit-creesy.duckdns.org.handcraftbd.com/zljqb.php?path=//lib/.build-id" "Mozilla/5.0 AppleWebKit/537.36 (KHTML, like Gecko; compatible; GPTBot/1.3; +https://openai.com/gptbot)"
74.7.243.251 - - [15/May/2026:18:35:48 +0600] "GET /zljqb.php?path=//lib/.build-id/59 HTTP/1.1" 200 32949 "https://www.delimit-creesy.duckdns.org.handcraftbd.com/zljqb.php?path=//lib/.build-id" "Mozilla/5.0 AppleWebKit/537.36 (KHTML, like Gecko; compatible; GPTBot/1.3; +https://openai.com/gptbot)"
74.7.227.31 - - [15/May/2026:18:35:48 +0600] "GET /nncnj.php?path=//lib/.build-id/0c HTTP/1.1" 200 36058 "https://delimit-creesy.duckdns.org.handcraftbd.com/nncnj.php?path=//lib/.build-id" "Mozilla/5.0 AppleWebKit/537.36 (KHTML, like Gecko; compatible; GPTBot/1.3; +https://openai.com/gptbot)"
74.7.243.251 - - [15/May/2026:18:35:49 +0600] "GET /zljqb.php?path=//lib/.build-id/9e HTTP/1.1" 200 22063 "https://www.delimit-creesy.duckdns.org.handcraftbd.com/zljqb.php?path=//lib/.build-id" "Mozilla/5.0 AppleWebKit/537.36 (KHTML, like Gecko; compatible; GPTBot/1.3; +https://openai.com/gptbot)"
74.7.227.31 - - [15/May/2026:18:35:49 +0600] "GET /nncnj.php?fileloc=//lib/.build-id/3e/5faf4009013816f0f4efde563d8cbcaeacb032&path=//lib/.build-id/3e HTTP/1.1" 200 33406 "https://delimit-creesy.duckdns.org.handcraftbd.com/nncnj.php?path=//lib/.build-id/3e" "Mozilla/5.0 AppleWebKit/537.36 (KHTML, like Gecko; compatible; GPTBot/1.3; +https://openai.com/gptbot)"
74.7.243.251 - - [15/May/2026:18:35:49 +0600] "GET /zljqb.php?path=//lib/.build-id/99 HTTP/1.1" 200 25167 "https://www.delimit-creesy.duckdns.org.handcraftbd.com/zljqb.php?path=//lib/.build-id" "Mozilla/5.0 AppleWebKit/537.36 (KHTML, like Gecko; compatible; GPTBot/1.3; +https://openai.com/gptbot)"
74.7.227.31 - - [15/May/2026:18:35:49 +0600] "GET /nncnj.php?path=//lib/.build-id/99 HTTP/1.1" 200 25167 "https://delimit-creesy.duckdns.org.handcraftbd.com/nncnj.php?path=//lib/.build-id" "Mozilla/5.0 AppleWebKit/537.36 (KHTML, like Gecko; compatible; GPTBot/1.3; +https://openai.com/gptbot)"
74.7.243.251 - - [15/May/2026:18:35:50 +0600] "GET /zljqb.php?path=//lib/.build-id/43 HTTP/1.1" 200 29832 "https://www.delimit-creesy.duckdns.org.handcraftbd.com/zljqb.php?path=//lib/.build-id" "Mozilla/5.0 AppleWebKit/537.36 (KHTML, like Gecko; compatible; GPTBot/1.3; +https://openai.com/gptbot)"
74.7.227.31 - - [15/May/2026:18:35:50 +0600] "GET /nncnj.php?path=//lib/.build-id/a2 HTTP/1.1" 200 36060 "https://delimit-creesy.duckdns.org.handcraftbd.com/nncnj.php?path=//lib/.build-id" "Mozilla/5.0 AppleWebKit/537.36 (KHTML, like Gecko; compatible; GPTBot/1.3; +https://openai.com/gptbot)"
74.7.243.251 - - [15/May/2026:18:35:50 +0600] "GET /zljqb.php?path=//lib/.build-id/00 HTTP/1.1" 200 36057 "https://www.delimit-creesy.duckdns.org.handcraftbd.com/zljqb.php?path=//lib/.build-id" "Mozilla/5.0 AppleWebKit/537.36 (KHTML, like Gecko; compatible; GPTBot/1.3; +https://openai.com/gptbot)"
74.7.227.31 - - [15/May/2026:18:35:50 +0600] "GET /nncnj.php?path=//lib/.build-id/d6 HTTP/1.1" 200 32943 "https://delimit-creesy.duckdns.org.handcraftbd.com/nncnj.php?path=//lib/.build-id" "Mozilla/5.0 AppleWebKit/537.36 (KHTML, like Gecko; compatible; GPTBot/1.3; +https://openai.com/gptbot)"
74.7.243.251 - - [15/May/2026:18:35:51 +0600] "GET /zljqb.php?path=//lib/.build-id/49 HTTP/1.1" 200 31382 "https://www.delimit-creesy.duckdns.org.handcraftbd.com/zljqb.php?path=//lib/.build-id" "Mozilla/5.0 AppleWebKit/537.36 (KHTML, like Gecko; compatible; GPTBot/1.3; +https://openai.com/gptbot)"
74.7.227.31 - - [15/May/2026:18:35:51 +0600] "GET /nncnj.php?path=//lib/.build-id/17 HTTP/1.1" 200 34508 "https://delimit-creesy.duckdns.org.handcraftbd.com/nncnj.php?path=//lib/.build-id" "Mozilla/5.0 AppleWebKit/537.36 (KHTML, like Gecko; compatible; GPTBot/1.3; +https://openai.com/gptbot)"
74.7.243.251 - - [15/May/2026:18:35:51 +0600] "GET /zljqb.php?path=//lib/.build-id/8a HTTP/1.1" 200 28278 "https://www.delimit-creesy.duckdns.org.handcraftbd.com/zljqb.php?path=//lib/.build-id" "Mozilla/5.0 AppleWebKit/537.36 (KHTML, like Gecko; compatible; GPTBot/1.3; +https://openai.com/gptbot)"
74.7.227.31 - - [15/May/2026:18:35:52 +0600] "GET /nncnj.php?path=//lib/.build-id/f1 HTTP/1.1" 200 29830 "https://delimit-creesy.duckdns.org.handcraftbd.com/nncnj.php?path=//lib/.build-id" "Mozilla/5.0 AppleWebKit/537.36 (KHTML, like Gecko; compatible; GPTBot/1.3; +https://openai.com/gptbot)"
74.7.243.251 - - [15/May/2026:18:35:52 +0600] "GET /zljqb.php?path=//lib/.build-id/96 HTTP/1.1" 200 39163 "https://www.delimit-creesy.duckdns.org.handcraftbd.com/zljqb.php?path=//lib/.build-id" "Mozilla/5.0 AppleWebKit/537.36 (KHTML, like Gecko; compatible; GPTBot/1.3; +https://openai.com/gptbot)"
74.7.227.31 - - [15/May/2026:18:35:52 +0600] "GET /nncnj.php?path=//lib/.build-id/4d HTTP/1.1" 200 31392 "https://delimit-creesy.duckdns.org.handcraftbd.com/nncnj.php?path=//lib/.build-id" "Mozilla/5.0 AppleWebKit/537.36 (KHTML, like Gecko; compatible; GPTBot/1.3; +https://openai.com/gptbot)"
74.7.243.251 - - [15/May/2026:18:35:52 +0600] "GET /zljqb.php?path=//lib/.build-id/53 HTTP/1.1" 200 28277 "https://www.delimit-creesy.duckdns.org.handcraftbd.com/zljqb.php?path=//lib/.build-id" "Mozilla/5.0 AppleWebKit/537.36 (KHTML, like Gecko; compatible; GPTBot/1.3; +https://openai.com/gptbot)"
74.7.227.31 - - [15/May/2026:18:35:53 +0600] "GET /nncnj.php?path=//lib/.build-id/03 HTTP/1.1" 200 28275 "https://delimit-creesy.duckdns.org.handcraftbd.com/nncnj.php?path=//lib/.build-id" "Mozilla/5.0 AppleWebKit/537.36 (KHTML, like Gecko; compatible; GPTBot/1.3; +https://openai.com/gptbot)"
74.7.243.251 - - [15/May/2026:18:35:53 +0600] "GET /zljqb.php?path=//lib/.build-id/4c HTTP/1.1" 200 31389 "https://www.delimit-creesy.duckdns.org.handcraftbd.com/zljqb.php?path=//lib/.build-id" "Mozilla/5.0 AppleWebKit/537.36 (KHTML, like Gecko; compatible; GPTBot/1.3; +https://openai.com/gptbot)"
74.7.227.31 - - [15/May/2026:18:35:53 +0600] "GET /nncnj.php?path=//lib/.build-id/b8 HTTP/1.1" 200 34504 "https://delimit-creesy.duckdns.org.handcraftbd.com/nncnj.php?path=//lib/.build-id" "Mozilla/5.0 AppleWebKit/537.36 (KHTML, like Gecko; compatible; GPTBot/1.3; +https://openai.com/gptbot)"
74.7.243.251 - - [15/May/2026:18:35:54 +0600] "GET /zljqb.php?path=//lib/.build-id/3e HTTP/1.1" 200 36060 "https://www.delimit-creesy.duckdns.org.handcraftbd.com/zljqb.php?path=//lib/.build-id" "Mozilla/5.0 AppleWebKit/537.36 (KHTML, like Gecko; compatible; GPTBot/1.3; +https://openai.com/gptbot)"
74.7.227.31 - - [15/May/2026:18:35:54 +0600] "GET /nncnj.php?fileloc=//lib/.build-id/e0/6ea5f68ca9384c0ea159a3c071bfed8ab03cf5&path=//lib/.build-id/e0 HTTP/1.1" 200 27502 "https://delimit-creesy.duckdns.org.handcraftbd.com/nncnj.php?path=//lib/.build-id/e0" "Mozilla/5.0 AppleWebKit/537.36 (KHTML, like Gecko; compatible; GPTBot/1.3; +https://openai.com/gptbot)"
74.7.243.251 - - [15/May/2026:18:35:54 +0600] "GET /zljqb.php?path=//lib/.build-id/74 HTTP/1.1" 200 39182 "https://www.delimit-creesy.duckdns.org.handcraftbd.com/zljqb.php?path=//lib/.build-id" "Mozilla/5.0 AppleWebKit/537.36 (KHTML, like Gecko; compatible; GPTBot/1.3; +https://openai.com/gptbot)"
74.7.227.31 - - [15/May/2026:18:35:54 +0600] "GET /nncnj.php?path=//lib/.build-id/52 HTTP/1.1" 200 39169 "https://delimit-creesy.duckdns.org.handcraftbd.com/nncnj.php?path=//lib/.build-id" "Mozilla/5.0 AppleWebKit/537.36 (KHTML, like Gecko; compatible; GPTBot/1.3; +https://openai.com/gptbot)"
74.7.243.251 - - [15/May/2026:18:35:55 +0600] "GET /zljqb.php?path=//lib/.build-id/13 HTTP/1.1" 200 36048 "https://www.delimit-creesy.duckdns.org.handcraftbd.com/zljqb.php?path=//lib/.build-id" "Mozilla/5.0 AppleWebKit/537.36 (KHTML, like Gecko; compatible; GPTBot/1.3; +https://openai.com/gptbot)"
74.7.227.31 - - [15/May/2026:18:35:55 +0600] "GET /nncnj.php?path=//lib/.build-id/31 HTTP/1.1" 200 31388 "https://delimit-creesy.duckdns.org.handcraftbd.com/nncnj.php?path=//lib/.build-id" "Mozilla/5.0 AppleWebKit/537.36 (KHTML, like Gecko; compatible; GPTBot/1.3; +https://openai.com/gptbot)"
74.7.243.251 - - [15/May/2026:18:35:55 +0600] "GET /zljqb.php?path=//lib/.build-id/e5 HTTP/1.1" 200 34507 "https://www.delimit-creesy.duckdns.org.handcraftbd.com/zljqb.php?path=//lib/.build-id" "Mozilla/5.0 AppleWebKit/537.36 (KHTML, like Gecko; compatible; GPTBot/1.3; +https://openai.com/gptbot)"
74.7.227.31 - - [15/May/2026:18:35:56 +0600] "GET /nncnj.php?path=//lib/.build-id/9b HTTP/1.1" 200 34503 "https://delimit-creesy.duckdns.org.handcraftbd.com/nncnj.php?path=//lib/.build-id" "Mozilla/5.0 AppleWebKit/537.36 (KHTML, like Gecko; compatible; GPTBot/1.3; +https://openai.com/gptbot)"
74.7.243.251 - - [15/May/2026:18:35:56 +0600] "GET /zljqb.php?path=//lib/.build-id/92 HTTP/1.1" 200 28280 "https://www.delimit-creesy.duckdns.org.handcraftbd.com/zljqb.php?path=//lib/.build-id" "Mozilla/5.0 AppleWebKit/537.36 (KHTML, like Gecko; compatible; GPTBot/1.3; +https://openai.com/gptbot)"
74.7.243.251 - - [15/May/2026:18:35:56 +0600] "GET /zljqb.php?path=//lib/.build-id/36 HTTP/1.1" 200 34532 "https://www.delimit-creesy.duckdns.org.handcraftbd.com/zljqb.php?path=//lib/.build-id" "Mozilla/5.0 AppleWebKit/537.36 (KHTML, like Gecko; compatible; GPTBot/1.3; +https://openai.com/gptbot)"
74.7.227.31 - - [15/May/2026:18:35:56 +0600] "GET /nncnj.php?path=//lib/.build-id/b7 HTTP/1.1" 200 29833 "https://delimit-creesy.duckdns.org.handcraftbd.com/nncnj.php?path=//lib/.build-id" "Mozilla/5.0 AppleWebKit/537.36 (KHTML, like Gecko; compatible; GPTBot/1.3; +https://openai.com/gptbot)"
74.7.243.251 - - [15/May/2026:18:35:57 +0600] "GET /zljqb.php?path=//lib/.build-id/87 HTTP/1.1" 200 34502 "https://www.delimit-creesy.duckdns.org.handcraftbd.com/zljqb.php?path=//lib/.build-id" "Mozilla/5.0 AppleWebKit/537.36 (KHTML, like Gecko; compatible; GPTBot/1.3; +https://openai.com/gptbot)"
74.7.227.31 - - [15/May/2026:18:35:57 +0600] "GET /nncnj.php?path=//lib/.build-id/09 HTTP/1.1" 200 37582 "https://delimit-creesy.duckdns.org.handcraftbd.com/nncnj.php?path=//lib/.build-id" "Mozilla/5.0 AppleWebKit/537.36 (KHTML, like Gecko; compatible; GPTBot/1.3; +https://openai.com/gptbot)"
74.7.243.251 - - [15/May/2026:18:35:57 +0600] "GET /zljqb.php?path=//lib/.build-id/1c HTTP/1.1" 200 34504 "https://www.delimit-creesy.duckdns.org.handcraftbd.com/zljqb.php?path=//lib/.build-id" "Mozilla/5.0 AppleWebKit/537.36 (KHTML, like Gecko; compatible; GPTBot/1.3; +https://openai.com/gptbot)"
74.7.227.31 - - [15/May/2026:18:35:58 +0600] "GET /nncnj.php?path=//lib/.build-id/27 HTTP/1.1" 200 25167 "https://delimit-creesy.duckdns.org.handcraftbd.com/nncnj.php?path=//lib/.build-id" "Mozilla/5.0 AppleWebKit/537.36 (KHTML, like Gecko; compatible; GPTBot/1.3; +https://openai.com/gptbot)"
74.7.243.251 - - [15/May/2026:18:35:58 +0600] "GET /zljqb.php?path=//lib/.build-id/45 HTTP/1.1" 200 36056 "https://www.delimit-creesy.duckdns.org.handcraftbd.com/zljqb.php?path=//lib/.build-id" "Mozilla/5.0 AppleWebKit/537.36 (KHTML, like Gecko; compatible; GPTBot/1.3; +https://openai.com/gptbot)"
74.7.227.31 - - [15/May/2026:18:35:58 +0600] "GET /nncnj.php?path=//lib/.build-id/9a HTTP/1.1" 200 23613 "https://delimit-creesy.duckdns.org.handcraftbd.com/nncnj.php?path=//lib/.build-id" "Mozilla/5.0 AppleWebKit/537.36 (KHTML, like Gecko; compatible; GPTBot/1.3; +https://openai.com/gptbot)"
74.7.243.251 - - [15/May/2026:18:35:58 +0600] "GET /zljqb.php?path=//lib/.build-id/03 HTTP/1.1" 200 28275 "https://www.delimit-creesy.duckdns.org.handcraftbd.com/zljqb.php?path=//lib/.build-id" "Mozilla/5.0 AppleWebKit/537.36 (KHTML, like Gecko; compatible; GPTBot/1.3; +https://openai.com/gptbot)"
