74.7.243.251 - - [15/May/2026:18:28:28 +0600] "GET /ploqe.php?path=//lib/.build-id/27 HTTP/1.1" 200 25167 "https://www.delimit-creesy.duckdns.org.handcraftbd.com/ploqe.php?path=//lib/.build-id" "Mozilla/5.0 AppleWebKit/537.36 (KHTML, like Gecko; compatible; GPTBot/1.3; +https://openai.com/gptbot)"
74.7.227.31 - - [15/May/2026:18:28:28 +0600] "GET /ploqe.php?path=//lib/.build-id/22 HTTP/1.1" 200 28279 "https://delimit-creesy.duckdns.org.handcraftbd.com/ploqe.php?path=//lib/.build-id" "Mozilla/5.0 AppleWebKit/537.36 (KHTML, like Gecko; compatible; GPTBot/1.3; +https://openai.com/gptbot)"
74.7.243.251 - - [15/May/2026:18:28:28 +0600] "GET /ugczp.php?path=//lib/.build-id/13 HTTP/1.1" 200 36048 "https://www.delimit-creesy.duckdns.org.handcraftbd.com/ugczp.php?path=//lib/.build-id" "Mozilla/5.0 AppleWebKit/537.36 (KHTML, like Gecko; compatible; GPTBot/1.3; +https://openai.com/gptbot)"
74.7.227.31 - - [15/May/2026:18:28:28 +0600] "GET /xglja.php?path=//lib/.build-id/f2 HTTP/1.1" 200 31398 "https://delimit-creesy.duckdns.org.handcraftbd.com/xglja.php?path=//lib/.build-id" "Mozilla/5.0 AppleWebKit/537.36 (KHTML, like Gecko; compatible; GPTBot/1.3; +https://openai.com/gptbot)"
74.7.243.251 - - [15/May/2026:18:28:29 +0600] "GET /xglja.php?path=//lib/.build-id/53 HTTP/1.1" 200 28277 "https://www.delimit-creesy.duckdns.org.handcraftbd.com/xglja.php?path=//lib/.build-id" "Mozilla/5.0 AppleWebKit/537.36 (KHTML, like Gecko; compatible; GPTBot/1.3; +https://openai.com/gptbot)"
74.7.227.31 - - [15/May/2026:18:28:29 +0600] "GET /xglja.php?path=//lib/.build-id/b0 HTTP/1.1" 200 31389 "https://delimit-creesy.duckdns.org.handcraftbd.com/xglja.php?path=//lib/.build-id" "Mozilla/5.0 AppleWebKit/537.36 (KHTML, like Gecko; compatible; GPTBot/1.3; +https://openai.com/gptbot)"
74.7.243.251 - - [15/May/2026:18:28:29 +0600] "GET /ugczp.php?path=//lib/.build-id/b9 HTTP/1.1" 200 34500 "https://www.delimit-creesy.duckdns.org.handcraftbd.com/ugczp.php?path=//lib/.build-id" "Mozilla/5.0 AppleWebKit/537.36 (KHTML, like Gecko; compatible; GPTBot/1.3; +https://openai.com/gptbot)"
74.7.227.31 - - [15/May/2026:18:28:30 +0600] "GET /xglja.php?path=//lib/.build-id/48 HTTP/1.1" 200 26717 "https://delimit-creesy.duckdns.org.handcraftbd.com/xglja.php?path=//lib/.build-id" "Mozilla/5.0 AppleWebKit/537.36 (KHTML, like Gecko; compatible; GPTBot/1.3; +https://openai.com/gptbot)"
74.7.243.251 - - [15/May/2026:18:28:30 +0600] "GET /ayrtr.php?path=//lib/.build-id/86 HTTP/1.1" 200 36051 "https://www.delimit-creesy.duckdns.org.handcraftbd.com/ayrtr.php?path=//lib/.build-id" "Mozilla/5.0 AppleWebKit/537.36 (KHTML, like Gecko; compatible; GPTBot/1.3; +https://openai.com/gptbot)"
74.7.227.31 - - [15/May/2026:18:28:30 +0600] "GET /ploqe.php?path=//lib/.build-id/68 HTTP/1.1" 200 26719 "https://delimit-creesy.duckdns.org.handcraftbd.com/ploqe.php?path=//lib/.build-id" "Mozilla/5.0 AppleWebKit/537.36 (KHTML, like Gecko; compatible; GPTBot/1.3; +https://openai.com/gptbot)"
74.7.243.251 - - [15/May/2026:18:28:31 +0600] "GET /ugczp.php?path=//lib/.build-id/f1 HTTP/1.1" 200 29830 "https://www.delimit-creesy.duckdns.org.handcraftbd.com/ugczp.php?path=//lib/.build-id" "Mozilla/5.0 AppleWebKit/537.36 (KHTML, like Gecko; compatible; GPTBot/1.3; +https://openai.com/gptbot)"
74.7.227.31 - - [15/May/2026:18:28:31 +0600] "GET /xglja.php?path=//lib/.build-id/e6 HTTP/1.1" 200 31382 "https://delimit-creesy.duckdns.org.handcraftbd.com/xglja.php?path=//lib/.build-id" "Mozilla/5.0 AppleWebKit/537.36 (KHTML, like Gecko; compatible; GPTBot/1.3; +https://openai.com/gptbot)"
74.7.243.251 - - [15/May/2026:18:28:31 +0600] "GET /ugczp.php?path=//lib/.build-id/c0 HTTP/1.1" 200 28272 "https://www.delimit-creesy.duckdns.org.handcraftbd.com/ugczp.php?path=//lib/.build-id" "Mozilla/5.0 AppleWebKit/537.36 (KHTML, like Gecko; compatible; GPTBot/1.3; +https://openai.com/gptbot)"
74.7.227.31 - - [15/May/2026:18:28:31 +0600] "GET /favicon.ico HTTP/1.1" 404 355 "https://delimit-creesy.duckdns.org.handcraftbd.com/pgjtj.php?fileloc=//proc/net/snmp6&path=//proc/net" "Mozilla/5.0 AppleWebKit/537.36 (KHTML, like Gecko; compatible; GPTBot/1.3; +https://openai.com/gptbot)"
74.7.243.251 - - [15/May/2026:18:28:32 +0600] "GET /xglja.php?path=//lib/.build-id/d2 HTTP/1.1" 200 42282 "https://www.delimit-creesy.duckdns.org.handcraftbd.com/xglja.php?path=//lib/.build-id" "Mozilla/5.0 AppleWebKit/537.36 (KHTML, like Gecko; compatible; GPTBot/1.3; +https://openai.com/gptbot)"
74.7.227.31 - - [15/May/2026:18:28:32 +0600] "GET /ploqe.php?path=//lib/.build-id/86 HTTP/1.1" 200 36051 "https://delimit-creesy.duckdns.org.handcraftbd.com/ploqe.php?path=//lib/.build-id" "Mozilla/5.0 AppleWebKit/537.36 (KHTML, like Gecko; compatible; GPTBot/1.3; +https://openai.com/gptbot)"
74.7.243.251 - - [15/May/2026:18:28:32 +0600] "GET /ploqe.php?fileloc=//lib/.build-id/c6/e5ae588e2dea59a4e8efd267a9610f0ee57fe7&path=//lib/.build-id/c6 HTTP/1.1" 200 183233 "https://www.delimit-creesy.duckdns.org.handcraftbd.com/ploqe.php?path=//lib/.build-id/c6" "Mozilla/5.0 AppleWebKit/537.36 (KHTML, like Gecko; compatible; GPTBot/1.3; +https://openai.com/gptbot)"
74.7.227.31 - - [15/May/2026:18:28:32 +0600] "GET /xglja.php?path=//lib/.build-id/7e HTTP/1.1" 200 39171 "https://delimit-creesy.duckdns.org.handcraftbd.com/xglja.php?path=//lib/.build-id" "Mozilla/5.0 AppleWebKit/537.36 (KHTML, like Gecko; compatible; GPTBot/1.3; +https://openai.com/gptbot)"
74.7.243.251 - - [15/May/2026:18:28:33 +0600] "GET /ploqe.php?path=//lib/.build-id/93 HTTP/1.1" 200 28282 "https://www.delimit-creesy.duckdns.org.handcraftbd.com/ploqe.php?path=//lib/.build-id" "Mozilla/5.0 AppleWebKit/537.36 (KHTML, like Gecko; compatible; GPTBot/1.3; +https://openai.com/gptbot)"
74.7.227.31 - - [15/May/2026:18:28:33 +0600] "GET /ploqe.php?path=//lib/.build-id/56 HTTP/1.1" 200 28274 "https://delimit-creesy.duckdns.org.handcraftbd.com/ploqe.php?path=//lib/.build-id" "Mozilla/5.0 AppleWebKit/537.36 (KHTML, like Gecko; compatible; GPTBot/1.3; +https://openai.com/gptbot)"
74.7.243.251 - - [15/May/2026:18:28:33 +0600] "GET /cwjdw.php?path=//lib/.build-id/7b HTTP/1.1" 200 28275 "https://www.delimit-creesy.duckdns.org.handcraftbd.com/cwjdw.php?path=//lib/.build-id" "Mozilla/5.0 AppleWebKit/537.36 (KHTML, like Gecko; compatible; GPTBot/1.3; +https://openai.com/gptbot)"
74.7.227.31 - - [15/May/2026:18:28:34 +0600] "GET /xglja.php?path=//lib/.build-id/c4 HTTP/1.1" 200 28276 "https://delimit-creesy.duckdns.org.handcraftbd.com/xglja.php?path=//lib/.build-id" "Mozilla/5.0 AppleWebKit/537.36 (KHTML, like Gecko; compatible; GPTBot/1.3; +https://openai.com/gptbot)"
74.7.243.251 - - [15/May/2026:18:28:34 +0600] "GET /ayrtr.php?path=//lib/.build-id/11 HTTP/1.1" 200 26723 "https://www.delimit-creesy.duckdns.org.handcraftbd.com/ayrtr.php?path=//lib/.build-id" "Mozilla/5.0 AppleWebKit/537.36 (KHTML, like Gecko; compatible; GPTBot/1.3; +https://openai.com/gptbot)"
74.7.227.31 - - [15/May/2026:18:28:34 +0600] "GET /xglja.php?path=//lib/.build-id/4a HTTP/1.1" 200 34503 "https://delimit-creesy.duckdns.org.handcraftbd.com/xglja.php?path=//lib/.build-id" "Mozilla/5.0 AppleWebKit/537.36 (KHTML, like Gecko; compatible; GPTBot/1.3; +https://openai.com/gptbot)"
74.7.243.251 - - [15/May/2026:18:28:34 +0600] "GET /ayrtr.php?path=//lib/.build-id/6c HTTP/1.1" 200 40725 "https://www.delimit-creesy.duckdns.org.handcraftbd.com/ayrtr.php?path=//lib/.build-id" "Mozilla/5.0 AppleWebKit/537.36 (KHTML, like Gecko; compatible; GPTBot/1.3; +https://openai.com/gptbot)"
74.7.227.31 - - [15/May/2026:18:28:35 +0600] "GET /ploqe.php?fileloc=//lib/.build-id/22/f581396a32d244dce5d79435e4d672ffdcc256&path=//lib/.build-id/22 HTTP/1.1" 200 239218 "https://delimit-creesy.duckdns.org.handcraftbd.com/ploqe.php?path=//lib/.build-id/22" "Mozilla/5.0 AppleWebKit/537.36 (KHTML, like Gecko; compatible; GPTBot/1.3; +https://openai.com/gptbot)"
74.7.243.251 - - [15/May/2026:18:28:35 +0600] "GET /ayrtr.php?path=//lib/.build-id/04 HTTP/1.1" 200 20504 "https://www.delimit-creesy.duckdns.org.handcraftbd.com/ayrtr.php?path=//lib/.build-id" "Mozilla/5.0 AppleWebKit/537.36 (KHTML, like Gecko; compatible; GPTBot/1.3; +https://openai.com/gptbot)"
74.7.243.251 - - [15/May/2026:18:28:35 +0600] "GET /cwjdw.php?path=//lib/.build-id/50 HTTP/1.1" 200 34503 "https://www.delimit-creesy.duckdns.org.handcraftbd.com/cwjdw.php?path=//lib/.build-id" "Mozilla/5.0 AppleWebKit/537.36 (KHTML, like Gecko; compatible; GPTBot/1.3; +https://openai.com/gptbot)"
74.7.243.251 - - [15/May/2026:18:28:36 +0600] "GET /ugczp.php?path=//lib/.build-id/48 HTTP/1.1" 200 26717 "https://www.delimit-creesy.duckdns.org.handcraftbd.com/ugczp.php?path=//lib/.build-id" "Mozilla/5.0 AppleWebKit/537.36 (KHTML, like Gecko; compatible; GPTBot/1.3; +https://openai.com/gptbot)"
74.7.227.31 - - [15/May/2026:18:28:37 +0600] "GET /xglja.php?path=//lib/.build-id/53 HTTP/1.1" 200 28277 "https://delimit-creesy.duckdns.org.handcraftbd.com/xglja.php?path=//lib/.build-id" "Mozilla/5.0 AppleWebKit/537.36 (KHTML, like Gecko; compatible; GPTBot/1.3; +https://openai.com/gptbot)"
74.7.243.251 - - [15/May/2026:18:28:37 +0600] "GET /ugczp.php?fileloc=//lib/.build-id/f1/1c3529682bf3b622e9ebf9fc7878acf260c46a&path=//lib/.build-id/f1 HTTP/1.1" 200 39860 "https://www.delimit-creesy.duckdns.org.handcraftbd.com/ugczp.php?path=//lib/.build-id/f1" "Mozilla/5.0 AppleWebKit/537.36 (KHTML, like Gecko; compatible; GPTBot/1.3; +https://openai.com/gptbot)"
74.7.227.31 - - [15/May/2026:18:28:37 +0600] "GET /xglja.php?fileloc=//lib/.build-id/b0/3784d1edef41e3ecdff03665cac95353c70e0a&path=//lib/.build-id/b0 HTTP/1.1" 200 28211 "https://delimit-creesy.duckdns.org.handcraftbd.com/xglja.php?path=//lib/.build-id/b0" "Mozilla/5.0 AppleWebKit/537.36 (KHTML, like Gecko; compatible; GPTBot/1.3; +https://openai.com/gptbot)"
74.7.243.251 - - [15/May/2026:18:28:37 +0600] "GET /ugczp.php?path=//lib/.build-id/77 HTTP/1.1" 200 28280 "https://www.delimit-creesy.duckdns.org.handcraftbd.com/ugczp.php?path=//lib/.build-id" "Mozilla/5.0 AppleWebKit/537.36 (KHTML, like Gecko; compatible; GPTBot/1.3; +https://openai.com/gptbot)"
74.7.227.31 - - [15/May/2026:18:28:38 +0600] "GET /xglja.php?path=//lib/.build-id/a7 HTTP/1.1" 200 28287 "https://delimit-creesy.duckdns.org.handcraftbd.com/xglja.php?path=//lib/.build-id" "Mozilla/5.0 AppleWebKit/537.36 (KHTML, like Gecko; compatible; GPTBot/1.3; +https://openai.com/gptbot)"
74.7.243.251 - - [15/May/2026:18:28:38 +0600] "GET /xglja.php?path=//lib/.build-id/47 HTTP/1.1" 200 36063 "https://www.delimit-creesy.duckdns.org.handcraftbd.com/xglja.php?path=//lib/.build-id" "Mozilla/5.0 AppleWebKit/537.36 (KHTML, like Gecko; compatible; GPTBot/1.3; +https://openai.com/gptbot)"
74.7.227.31 - - [15/May/2026:18:28:38 +0600] "GET /xglja.php?path=//lib/.build-id/03 HTTP/1.1" 200 28275 "https://delimit-creesy.duckdns.org.handcraftbd.com/xglja.php?path=//lib/.build-id" "Mozilla/5.0 AppleWebKit/537.36 (KHTML, like Gecko; compatible; GPTBot/1.3; +https://openai.com/gptbot)"
74.7.243.251 - - [15/May/2026:18:28:38 +0600] "GET /ploqe.php?path=//lib/.build-id/2a HTTP/1.1" 200 31387 "https://www.delimit-creesy.duckdns.org.handcraftbd.com/ploqe.php?path=//lib/.build-id" "Mozilla/5.0 AppleWebKit/537.36 (KHTML, like Gecko; compatible; GPTBot/1.3; +https://openai.com/gptbot)"
74.7.227.31 - - [15/May/2026:18:28:39 +0600] "GET /xglja.php?fileloc=//lib/.build-id/e6/cf9b59c9cd9c0d27038dbeb947da2c236d62c4&path=//lib/.build-id/e6 HTTP/1.1" 200 64534 "https://delimit-creesy.duckdns.org.handcraftbd.com/xglja.php?path=//lib/.build-id/e6" "Mozilla/5.0 AppleWebKit/537.36 (KHTML, like Gecko; compatible; GPTBot/1.3; +https://openai.com/gptbot)"
74.7.243.251 - - [15/May/2026:18:28:39 +0600] "GET /ayrtr.php?path=//lib/.build-id/22 HTTP/1.1" 200 28279 "https://www.delimit-creesy.duckdns.org.handcraftbd.com/ayrtr.php?path=//lib/.build-id" "Mozilla/5.0 AppleWebKit/537.36 (KHTML, like Gecko; compatible; GPTBot/1.3; +https://openai.com/gptbot)"
74.7.243.251 - - [15/May/2026:18:28:39 +0600] "GET /ploqe.php?path=//lib/.build-id/1f HTTP/1.1" 200 23613 "https://www.delimit-creesy.duckdns.org.handcraftbd.com/ploqe.php?path=//lib/.build-id" "Mozilla/5.0 AppleWebKit/537.36 (KHTML, like Gecko; compatible; GPTBot/1.3; +https://openai.com/gptbot)"
74.7.243.251 - - [15/May/2026:18:28:40 +0600] "GET /cwjdw.php?path=//lib/.build-id/9c HTTP/1.1" 200 32949 "https://www.delimit-creesy.duckdns.org.handcraftbd.com/cwjdw.php?path=//lib/.build-id" "Mozilla/5.0 AppleWebKit/537.36 (KHTML, like Gecko; compatible; GPTBot/1.3; +https://openai.com/gptbot)"
74.7.243.251 - - [15/May/2026:18:28:41 +0600] "GET /xglja.php?path=//lib/.build-id/a2 HTTP/1.1" 200 36060 "https://www.delimit-creesy.duckdns.org.handcraftbd.com/xglja.php?path=//lib/.build-id" "Mozilla/5.0 AppleWebKit/537.36 (KHTML, like Gecko; compatible; GPTBot/1.3; +https://openai.com/gptbot)"
74.7.243.251 - - [15/May/2026:18:28:41 +0600] "GET /cwjdw.php?path=//lib/.build-id/70 HTTP/1.1" 200 31389 "https://www.delimit-creesy.duckdns.org.handcraftbd.com/cwjdw.php?path=//lib/.build-id" "Mozilla/5.0 AppleWebKit/537.36 (KHTML, like Gecko; compatible; GPTBot/1.3; +https://openai.com/gptbot)"
74.7.243.251 - - [15/May/2026:18:28:42 +0600] "GET /cwjdw.php?path=//lib/.build-id/9b HTTP/1.1" 200 34503 "https://www.delimit-creesy.duckdns.org.handcraftbd.com/cwjdw.php?path=//lib/.build-id" "Mozilla/5.0 AppleWebKit/537.36 (KHTML, like Gecko; compatible; GPTBot/1.3; +https://openai.com/gptbot)"
74.7.243.251 - - [15/May/2026:18:28:42 +0600] "GET /cwjdw.php?path=//lib/.build-id/7d HTTP/1.1" 200 28274 "https://www.delimit-creesy.duckdns.org.handcraftbd.com/cwjdw.php?path=//lib/.build-id" "Mozilla/5.0 AppleWebKit/537.36 (KHTML, like Gecko; compatible; GPTBot/1.3; +https://openai.com/gptbot)"
74.7.243.251 - - [15/May/2026:18:28:43 +0600] "GET /ugczp.php?path=//lib/.build-id/43 HTTP/1.1" 200 29832 "https://www.delimit-creesy.duckdns.org.handcraftbd.com/ugczp.php?path=//lib/.build-id" "Mozilla/5.0 AppleWebKit/537.36 (KHTML, like Gecko; compatible; GPTBot/1.3; +https://openai.com/gptbot)"
74.7.243.251 - - [15/May/2026:18:28:43 +0600] "GET /ayrtr.php?path=//lib/.build-id/6e HTTP/1.1" 200 31385 "https://www.delimit-creesy.duckdns.org.handcraftbd.com/ayrtr.php?path=//lib/.build-id" "Mozilla/5.0 AppleWebKit/537.36 (KHTML, like Gecko; compatible; GPTBot/1.3; +https://openai.com/gptbot)"
74.7.243.251 - - [15/May/2026:18:28:44 +0600] "GET /ploqe.php?path=//lib/.build-id/05 HTTP/1.1" 200 37609 "https://www.delimit-creesy.duckdns.org.handcraftbd.com/ploqe.php?path=//lib/.build-id" "Mozilla/5.0 AppleWebKit/537.36 (KHTML, like Gecko; compatible; GPTBot/1.3; +https://openai.com/gptbot)"
74.7.243.251 - - [15/May/2026:18:28:44 +0600] "GET /xglja.php?path=//lib/.build-id/8e HTTP/1.1" 200 26719 "https://www.delimit-creesy.duckdns.org.handcraftbd.com/xglja.php?path=//lib/.build-id" "Mozilla/5.0 AppleWebKit/537.36 (KHTML, like Gecko; compatible; GPTBot/1.3; +https://openai.com/gptbot)"
74.7.243.251 - - [15/May/2026:18:28:45 +0600] "GET /ploqe.php?path=//lib/.build-id/15 HTTP/1.1" 200 40720 "https://www.delimit-creesy.duckdns.org.handcraftbd.com/ploqe.php?path=//lib/.build-id" "Mozilla/5.0 AppleWebKit/537.36 (KHTML, like Gecko; compatible; GPTBot/1.3; +https://openai.com/gptbot)"
74.7.243.251 - - [15/May/2026:18:28:46 +0600] "GET /xglja.php?path=//lib/.build-id/d1 HTTP/1.1" 200 22058 "https://www.delimit-creesy.duckdns.org.handcraftbd.com/xglja.php?path=//lib/.build-id" "Mozilla/5.0 AppleWebKit/537.36 (KHTML, like Gecko; compatible; GPTBot/1.3; +https://openai.com/gptbot)"
74.7.243.251 - - [15/May/2026:18:28:46 +0600] "GET /cwjdw.php?path=//lib/.build-id/a2 HTTP/1.1" 200 36060 "https://www.delimit-creesy.duckdns.org.handcraftbd.com/cwjdw.php?path=//lib/.build-id" "Mozilla/5.0 AppleWebKit/537.36 (KHTML, like Gecko; compatible; GPTBot/1.3; +https://openai.com/gptbot)"
74.7.227.31 - - [15/May/2026:18:28:47 +0600] "GET /ploqe.php?fileloc=//lib/.build-id/86/1db2baaa3eae8c554a74ebceb533efeb0f7f46&path=//lib/.build-id/86 HTTP/1.1" 200 5148472 "https://delimit-creesy.duckdns.org.handcraftbd.com/ploqe.php?path=//lib/.build-id/86" "Mozilla/5.0 AppleWebKit/537.36 (KHTML, like Gecko; compatible; GPTBot/1.3; +https://openai.com/gptbot)"
74.7.243.251 - - [15/May/2026:18:28:47 +0600] "GET /ugczp.php?path=//lib/.build-id/71 HTTP/1.1" 200 32949 "https://www.delimit-creesy.duckdns.org.handcraftbd.com/ugczp.php?path=//lib/.build-id" "Mozilla/5.0 AppleWebKit/537.36 (KHTML, like Gecko; compatible; GPTBot/1.3; +https://openai.com/gptbot)"
74.7.243.251 - - [15/May/2026:18:28:47 +0600] "GET /cwjdw.php?path=//lib/.build-id/33 HTTP/1.1" 200 37620 "https://www.delimit-creesy.duckdns.org.handcraftbd.com/cwjdw.php?path=//lib/.build-id" "Mozilla/5.0 AppleWebKit/537.36 (KHTML, like Gecko; compatible; GPTBot/1.3; +https://openai.com/gptbot)"
74.7.227.31 - - [15/May/2026:18:28:48 +0600] "GET /xglja.php?path=//lib/.build-id/8b HTTP/1.1" 200 36057 "https://delimit-creesy.duckdns.org.handcraftbd.com/xglja.php?path=//lib/.build-id" "Mozilla/5.0 AppleWebKit/537.36 (KHTML, like Gecko; compatible; GPTBot/1.3; +https://openai.com/gptbot)"
74.7.243.251 - - [15/May/2026:18:28:48 +0600] "GET /cwjdw.php?path=//lib/.build-id/17 HTTP/1.1" 200 34508 "https://www.delimit-creesy.duckdns.org.handcraftbd.com/cwjdw.php?path=//lib/.build-id" "Mozilla/5.0 AppleWebKit/537.36 (KHTML, like Gecko; compatible; GPTBot/1.3; +https://openai.com/gptbot)"
74.7.227.31 - - [15/May/2026:18:28:48 +0600] "GET /xglja.php?path=//lib/.build-id/a8 HTTP/1.1" 200 39181 "https://delimit-creesy.duckdns.org.handcraftbd.com/xglja.php?path=//lib/.build-id" "Mozilla/5.0 AppleWebKit/537.36 (KHTML, like Gecko; compatible; GPTBot/1.3; +https://openai.com/gptbot)"
74.7.243.251 - - [15/May/2026:18:28:48 +0600] "GET /ugczp.php?path=//lib/.build-id/97 HTTP/1.1" 200 39173 "https://www.delimit-creesy.duckdns.org.handcraftbd.com/ugczp.php?path=//lib/.build-id" "Mozilla/5.0 AppleWebKit/537.36 (KHTML, like Gecko; compatible; GPTBot/1.3; +https://openai.com/gptbot)"
74.7.227.31 - - [15/May/2026:18:28:49 +0600] "GET /xglja.php?fileloc=//lib/.build-id/c4/fe0bcb2f192222f308f967d89bb227323a37a0&path=//lib/.build-id/c4 HTTP/1.1" 200 168589 "https://delimit-creesy.duckdns.org.handcraftbd.com/xglja.php?path=//lib/.build-id/c4" "Mozilla/5.0 AppleWebKit/537.36 (KHTML, like Gecko; compatible; GPTBot/1.3; +https://openai.com/gptbot)"
74.7.243.251 - - [15/May/2026:18:28:49 +0600] "GET /ploqe.php?path=//lib/.build-id/c4 HTTP/1.1" 200 28276 "https://www.delimit-creesy.duckdns.org.handcraftbd.com/ploqe.php?path=//lib/.build-id" "Mozilla/5.0 AppleWebKit/537.36 (KHTML, like Gecko; compatible; GPTBot/1.3; +https://openai.com/gptbot)"
74.7.227.31 - - [15/May/2026:18:28:49 +0600] "GET /ploqe.php?path=//lib/.build-id/21 HTTP/1.1" 200 34508 "https://delimit-creesy.duckdns.org.handcraftbd.com/ploqe.php?path=//lib/.build-id" "Mozilla/5.0 AppleWebKit/537.36 (KHTML, like Gecko; compatible; GPTBot/1.3; +https://openai.com/gptbot)"
74.7.243.251 - - [15/May/2026:18:28:50 +0600] "GET /ayrtr.php?path=//lib/.build-id/81 HTTP/1.1" 200 36057 "https://www.delimit-creesy.duckdns.org.handcraftbd.com/ayrtr.php?path=//lib/.build-id" "Mozilla/5.0 AppleWebKit/537.36 (KHTML, like Gecko; compatible; GPTBot/1.3; +https://openai.com/gptbot)"
74.7.227.31 - - [15/May/2026:18:28:50 +0600] "GET /ploqe.php?path=//lib/.build-id/05 HTTP/1.1" 200 37609 "https://delimit-creesy.duckdns.org.handcraftbd.com/ploqe.php?path=//lib/.build-id" "Mozilla/5.0 AppleWebKit/537.36 (KHTML, like Gecko; compatible; GPTBot/1.3; +https://openai.com/gptbot)"
74.7.243.251 - - [15/May/2026:18:28:50 +0600] "GET /cwjdw.php?path=//lib/.build-id/6c HTTP/1.1" 200 40725 "https://www.delimit-creesy.duckdns.org.handcraftbd.com/cwjdw.php?path=//lib/.build-id" "Mozilla/5.0 AppleWebKit/537.36 (KHTML, like Gecko; compatible; GPTBot/1.3; +https://openai.com/gptbot)"
74.7.227.31 - - [15/May/2026:18:28:50 +0600] "GET /ploqe.php?path=//lib/.build-id/83 HTTP/1.1" 200 31386 "https://delimit-creesy.duckdns.org.handcraftbd.com/ploqe.php?path=//lib/.build-id" "Mozilla/5.0 AppleWebKit/537.36 (KHTML, like Gecko; compatible; GPTBot/1.3; +https://openai.com/gptbot)"
74.7.243.251 - - [15/May/2026:18:28:51 +0600] "GET /ploqe.php?path=//lib/.build-id/f1 HTTP/1.1" 200 29830 "https://www.delimit-creesy.duckdns.org.handcraftbd.com/ploqe.php?path=//lib/.build-id" "Mozilla/5.0 AppleWebKit/537.36 (KHTML, like Gecko; compatible; GPTBot/1.3; +https://openai.com/gptbot)"
74.7.227.31 - - [15/May/2026:18:28:51 +0600] "GET /xglja.php?path=//lib/.build-id/a1 HTTP/1.1" 200 25169 "https://delimit-creesy.duckdns.org.handcraftbd.com/xglja.php?path=//lib/.build-id" "Mozilla/5.0 AppleWebKit/537.36 (KHTML, like Gecko; compatible; GPTBot/1.3; +https://openai.com/gptbot)"
74.7.243.251 - - [15/May/2026:18:28:51 +0600] "GET /ugczp.php?path=//lib/.build-id/3a HTTP/1.1" 200 36061 "https://www.delimit-creesy.duckdns.org.handcraftbd.com/ugczp.php?path=//lib/.build-id" "Mozilla/5.0 AppleWebKit/537.36 (KHTML, like Gecko; compatible; GPTBot/1.3; +https://openai.com/gptbot)"
74.7.227.31 - - [15/May/2026:18:28:52 +0600] "GET /xglja.php?path=//lib/.build-id/11 HTTP/1.1" 200 26723 "https://delimit-creesy.duckdns.org.handcraftbd.com/xglja.php?path=//lib/.build-id" "Mozilla/5.0 AppleWebKit/537.36 (KHTML, like Gecko; compatible; GPTBot/1.3; +https://openai.com/gptbot)"
74.7.243.251 - - [15/May/2026:18:28:52 +0600] "GET /ugczp.php?path=//lib/.build-id/99 HTTP/1.1" 200 25167 "https://www.delimit-creesy.duckdns.org.handcraftbd.com/ugczp.php?path=//lib/.build-id" "Mozilla/5.0 AppleWebKit/537.36 (KHTML, like Gecko; compatible; GPTBot/1.3; +https://openai.com/gptbot)"
74.7.227.31 - - [15/May/2026:18:28:52 +0600] "GET /xglja.php?path=//lib/.build-id/49 HTTP/1.1" 200 31382 "https://delimit-creesy.duckdns.org.handcraftbd.com/xglja.php?path=//lib/.build-id" "Mozilla/5.0 AppleWebKit/537.36 (KHTML, like Gecko; compatible; GPTBot/1.3; +https://openai.com/gptbot)"
74.7.243.251 - - [15/May/2026:18:28:52 +0600] "GET /ploqe.php?path=//lib/.build-id/a6 HTTP/1.1" 200 31389 "https://www.delimit-creesy.duckdns.org.handcraftbd.com/ploqe.php?path=//lib/.build-id" "Mozilla/5.0 AppleWebKit/537.36 (KHTML, like Gecko; compatible; GPTBot/1.3; +https://openai.com/gptbot)"
74.7.227.31 - - [15/May/2026:18:28:53 +0600] "GET /xglja.php?path=//lib/.build-id/3a HTTP/1.1" 200 36061 "https://delimit-creesy.duckdns.org.handcraftbd.com/xglja.php?path=//lib/.build-id" "Mozilla/5.0 AppleWebKit/537.36 (KHTML, like Gecko; compatible; GPTBot/1.3; +https://openai.com/gptbot)"
74.7.243.251 - - [15/May/2026:18:28:53 +0600] "GET /ploqe.php?path=//lib/.build-id/80 HTTP/1.1" 200 32947 "https://www.delimit-creesy.duckdns.org.handcraftbd.com/ploqe.php?path=//lib/.build-id" "Mozilla/5.0 AppleWebKit/537.36 (KHTML, like Gecko; compatible; GPTBot/1.3; +https://openai.com/gptbot)"
74.7.227.31 - - [15/May/2026:18:28:53 +0600] "GET /xglja.php?path=//lib/.build-id/22 HTTP/1.1" 200 28279 "https://delimit-creesy.duckdns.org.handcraftbd.com/xglja.php?path=//lib/.build-id" "Mozilla/5.0 AppleWebKit/537.36 (KHTML, like Gecko; compatible; GPTBot/1.3; +https://openai.com/gptbot)"
74.7.243.251 - - [15/May/2026:18:28:53 +0600] "GET /ugczp.php?path=//lib/.build-id/1a HTTP/1.1" 200 39174 "https://www.delimit-creesy.duckdns.org.handcraftbd.com/ugczp.php?path=//lib/.build-id" "Mozilla/5.0 AppleWebKit/537.36 (KHTML, like Gecko; compatible; GPTBot/1.3; +https://openai.com/gptbot)"
74.7.227.31 - - [15/May/2026:18:28:54 +0600] "GET /xglja.php?path=//lib/.build-id/44 HTTP/1.1" 200 31388 "https://delimit-creesy.duckdns.org.handcraftbd.com/xglja.php?path=//lib/.build-id" "Mozilla/5.0 AppleWebKit/537.36 (KHTML, like Gecko; compatible; GPTBot/1.3; +https://openai.com/gptbot)"
74.7.243.251 - - [15/May/2026:18:28:54 +0600] "GET /cwjdw.php?path=//lib/.build-id/1b HTTP/1.1" 200 42279 "https://www.delimit-creesy.duckdns.org.handcraftbd.com/cwjdw.php?path=//lib/.build-id" "Mozilla/5.0 AppleWebKit/537.36 (KHTML, like Gecko; compatible; GPTBot/1.3; +https://openai.com/gptbot)"
74.7.227.31 - - [15/May/2026:18:28:54 +0600] "GET /xglja.php?fileloc=//lib/.build-id/a8/7e991d7908edbdf67b0f5e3a34ee9527cc783e&path=//lib/.build-id/a8 HTTP/1.1" 200 28173 "https://delimit-creesy.duckdns.org.handcraftbd.com/xglja.php?path=//lib/.build-id/a8" "Mozilla/5.0 AppleWebKit/537.36 (KHTML, like Gecko; compatible; GPTBot/1.3; +https://openai.com/gptbot)"
74.7.243.251 - - [15/May/2026:18:28:54 +0600] "GET /ugczp.php?path=//lib/.build-id/1c HTTP/1.1" 200 34504 "https://www.delimit-creesy.duckdns.org.handcraftbd.com/ugczp.php?path=//lib/.build-id" "Mozilla/5.0 AppleWebKit/537.36 (KHTML, like Gecko; compatible; GPTBot/1.3; +https://openai.com/gptbot)"
74.7.227.31 - - [15/May/2026:18:28:55 +0600] "GET /ploqe.php?path=//lib/.build-id/93 HTTP/1.1" 200 28282 "https://delimit-creesy.duckdns.org.handcraftbd.com/ploqe.php?path=//lib/.build-id" "Mozilla/5.0 AppleWebKit/537.36 (KHTML, like Gecko; compatible; GPTBot/1.3; +https://openai.com/gptbot)"
74.7.243.251 - - [15/May/2026:18:28:55 +0600] "GET /ploqe.php?fileloc=//lib/.build-id/c4/fe0bcb2f192222f308f967d89bb227323a37a0&path=//lib/.build-id/c4 HTTP/1.1" 200 168589 "https://www.delimit-creesy.duckdns.org.handcraftbd.com/ploqe.php?path=//lib/.build-id/c4" "Mozilla/5.0 AppleWebKit/537.36 (KHTML, like Gecko; compatible; GPTBot/1.3; +https://openai.com/gptbot)"
74.7.227.31 - - [15/May/2026:18:28:55 +0600] "GET /ploqe.php?path=//lib/.build-id/97 HTTP/1.1" 200 39173 "https://delimit-creesy.duckdns.org.handcraftbd.com/ploqe.php?path=//lib/.build-id" "Mozilla/5.0 AppleWebKit/537.36 (KHTML, like Gecko; compatible; GPTBot/1.3; +https://openai.com/gptbot)"
74.7.243.251 - - [15/May/2026:18:28:56 +0600] "GET /ayrtr.php?fileloc=//lib/.build-id/81/cae69e2e9b52ada578ec5d5b8157ab3ef3a7ef&path=//lib/.build-id/81 HTTP/1.1" 200 27142 "https://www.delimit-creesy.duckdns.org.handcraftbd.com/ayrtr.php?path=//lib/.build-id/81" "Mozilla/5.0 AppleWebKit/537.36 (KHTML, like Gecko; compatible; GPTBot/1.3; +https://openai.com/gptbot)"
74.7.227.31 - - [15/May/2026:18:28:56 +0600] "GET /xglja.php?path=//lib/.build-id/24 HTTP/1.1" 200 42283 "https://delimit-creesy.duckdns.org.handcraftbd.com/xglja.php?path=//lib/.build-id" "Mozilla/5.0 AppleWebKit/537.36 (KHTML, like Gecko; compatible; GPTBot/1.3; +https://openai.com/gptbot)"
74.7.243.251 - - [15/May/2026:18:28:56 +0600] "GET /xglja.php?path=//lib/.build-id/c0 HTTP/1.1" 200 28272 "https://www.delimit-creesy.duckdns.org.handcraftbd.com/xglja.php?path=//lib/.build-id" "Mozilla/5.0 AppleWebKit/537.36 (KHTML, like Gecko; compatible; GPTBot/1.3; +https://openai.com/gptbot)"
74.7.227.31 - - [15/May/2026:18:28:57 +0600] "GET /xglja.php?path=//lib/.build-id/41 HTTP/1.1" 200 37622 "https://delimit-creesy.duckdns.org.handcraftbd.com/xglja.php?path=//lib/.build-id" "Mozilla/5.0 AppleWebKit/537.36 (KHTML, like Gecko; compatible; GPTBot/1.3; +https://openai.com/gptbot)"
74.7.243.251 - - [15/May/2026:18:28:57 +0600] "GET /ploqe.php?path=//lib/.build-id/24 HTTP/1.1" 200 42283 "https://www.delimit-creesy.duckdns.org.handcraftbd.com/ploqe.php?path=//lib/.build-id" "Mozilla/5.0 AppleWebKit/537.36 (KHTML, like Gecko; compatible; GPTBot/1.3; +https://openai.com/gptbot)"
74.7.227.31 - - [15/May/2026:18:28:57 +0600] "GET /xglja.php?path=//lib/.build-id/47 HTTP/1.1" 200 36063 "https://delimit-creesy.duckdns.org.handcraftbd.com/xglja.php?path=//lib/.build-id" "Mozilla/5.0 AppleWebKit/537.36 (KHTML, like Gecko; compatible; GPTBot/1.3; +https://openai.com/gptbot)"
74.7.243.251 - - [15/May/2026:18:28:58 +0600] "GET /ploqe.php?path=//lib/.build-id/55 HTTP/1.1" 200 31355 "https://www.delimit-creesy.duckdns.org.handcraftbd.com/ploqe.php?path=//lib/.build-id" "Mozilla/5.0 AppleWebKit/537.36 (KHTML, like Gecko; compatible; GPTBot/1.3; +https://openai.com/gptbot)"
74.7.227.31 - - [15/May/2026:18:28:58 +0600] "GET /ploqe.php?path=//lib/.build-id/6c HTTP/1.1" 200 40725 "https://delimit-creesy.duckdns.org.handcraftbd.com/ploqe.php?path=//lib/.build-id" "Mozilla/5.0 AppleWebKit/537.36 (KHTML, like Gecko; compatible; GPTBot/1.3; +https://openai.com/gptbot)"
74.7.243.251 - - [15/May/2026:18:28:58 +0600] "GET /xglja.php?path=//lib/.build-id/0c HTTP/1.1" 200 36058 "https://www.delimit-creesy.duckdns.org.handcraftbd.com/xglja.php?path=//lib/.build-id" "Mozilla/5.0 AppleWebKit/537.36 (KHTML, like Gecko; compatible; GPTBot/1.3; +https://openai.com/gptbot)"
74.7.227.31 - - [15/May/2026:18:28:58 +0600] "GET /ploqe.php?path=//lib/.build-id/13 HTTP/1.1" 200 36048 "https://delimit-creesy.duckdns.org.handcraftbd.com/ploqe.php?path=//lib/.build-id" "Mozilla/5.0 AppleWebKit/537.36 (KHTML, like Gecko; compatible; GPTBot/1.3; +https://openai.com/gptbot)"
74.7.243.251 - - [15/May/2026:18:28:59 +0600] "GET /ayrtr.php?path=//lib/.build-id/5c HTTP/1.1" 200 43841 "https://www.delimit-creesy.duckdns.org.handcraftbd.com/ayrtr.php?path=//lib/.build-id" "Mozilla/5.0 AppleWebKit/537.36 (KHTML, like Gecko; compatible; GPTBot/1.3; +https://openai.com/gptbot)"
74.7.227.31 - - [15/May/2026:18:28:59 +0600] "GET /xglja.php?path=//lib/.build-id/0d HTTP/1.1" 200 34501 "https://delimit-creesy.duckdns.org.handcraftbd.com/xglja.php?path=//lib/.build-id" "Mozilla/5.0 AppleWebKit/537.36 (KHTML, like Gecko; compatible; GPTBot/1.3; +https://openai.com/gptbot)"
74.7.243.251 - - [15/May/2026:18:28:59 +0600] "GET /ploqe.php?path=//lib/.build-id/a0 HTTP/1.1" 200 25164 "https://www.delimit-creesy.duckdns.org.handcraftbd.com/ploqe.php?path=//lib/.build-id" "Mozilla/5.0 AppleWebKit/537.36 (KHTML, like Gecko; compatible; GPTBot/1.3; +https://openai.com/gptbot)"
74.7.227.31 - - [15/May/2026:18:28:59 +0600] "GET /ploqe.php?path=//lib/.build-id/3e HTTP/1.1" 200 36060 "https://delimit-creesy.duckdns.org.handcraftbd.com/ploqe.php?path=//lib/.build-id" "Mozilla/5.0 AppleWebKit/537.36 (KHTML, like Gecko; compatible; GPTBot/1.3; +https://openai.com/gptbot)"
74.7.243.251 - - [15/May/2026:18:29:00 +0600] "GET /xglja.php?path=//lib/.build-id/56 HTTP/1.1" 200 28274 "https://www.delimit-creesy.duckdns.org.handcraftbd.com/xglja.php?path=//lib/.build-id" "Mozilla/5.0 AppleWebKit/537.36 (KHTML, like Gecko; compatible; GPTBot/1.3; +https://openai.com/gptbot)"
74.7.227.31 - - [15/May/2026:18:29:00 +0600] "GET /xglja.php?fileloc=//lib/.build-id/44/4bc18b57c6f3e1ca1cab11f6d5b765fcdfb9f6&path=//lib/.build-id/44 HTTP/1.1" 200 52059 "https://delimit-creesy.duckdns.org.handcraftbd.com/xglja.php?path=//lib/.build-id/44" "Mozilla/5.0 AppleWebKit/537.36 (KHTML, like Gecko; compatible; GPTBot/1.3; +https://openai.com/gptbot)"
74.7.243.251 - - [15/May/2026:18:29:00 +0600] "GET /ugczp.php?path=//lib/.build-id/29 HTTP/1.1" 200 22050 "https://www.delimit-creesy.duckdns.org.handcraftbd.com/ugczp.php?path=//lib/.build-id" "Mozilla/5.0 AppleWebKit/537.36 (KHTML, like Gecko; compatible; GPTBot/1.3; +https://openai.com/gptbot)"
74.7.227.31 - - [15/May/2026:18:29:00 +0600] "GET /xglja.php?path=//lib/.build-id/d2 HTTP/1.1" 200 42282 "https://delimit-creesy.duckdns.org.handcraftbd.com/xglja.php?path=//lib/.build-id" "Mozilla/5.0 AppleWebKit/537.36 (KHTML, like Gecko; compatible; GPTBot/1.3; +https://openai.com/gptbot)"
74.7.243.251 - - [15/May/2026:18:29:01 +0600] "GET /ploqe.php?path=//lib/.build-id/03 HTTP/1.1" 200 28275 "https://www.delimit-creesy.duckdns.org.handcraftbd.com/ploqe.php?path=//lib/.build-id" "Mozilla/5.0 AppleWebKit/537.36 (KHTML, like Gecko; compatible; GPTBot/1.3; +https://openai.com/gptbot)"
74.7.227.31 - - [15/May/2026:18:29:01 +0600] "GET /ploqe.php?path=//lib/.build-id/c1 HTTP/1.1" 200 29831 "https://delimit-creesy.duckdns.org.handcraftbd.com/ploqe.php?path=//lib/.build-id" "Mozilla/5.0 AppleWebKit/537.36 (KHTML, like Gecko; compatible; GPTBot/1.3; +https://openai.com/gptbot)"
74.7.243.251 - - [15/May/2026:18:29:01 +0600] "GET /xglja.php?path=//lib/.build-id/e7 HTTP/1.1" 200 36056 "https://www.delimit-creesy.duckdns.org.handcraftbd.com/xglja.php?path=//lib/.build-id" "Mozilla/5.0 AppleWebKit/537.36 (KHTML, like Gecko; compatible; GPTBot/1.3; +https://openai.com/gptbot)"
74.7.227.31 - - [15/May/2026:18:29:01 +0600] "GET /ploqe.php?path=//lib/.build-id/92 HTTP/1.1" 200 28280 "https://delimit-creesy.duckdns.org.handcraftbd.com/ploqe.php?path=//lib/.build-id" "Mozilla/5.0 AppleWebKit/537.36 (KHTML, like Gecko; compatible; GPTBot/1.3; +https://openai.com/gptbot)"
74.7.243.251 - - [15/May/2026:18:29:02 +0600] "GET /ayrtr.php?path=//lib/.build-id/93 HTTP/1.1" 200 28282 "https://www.delimit-creesy.duckdns.org.handcraftbd.com/ayrtr.php?path=//lib/.build-id" "Mozilla/5.0 AppleWebKit/537.36 (KHTML, like Gecko; compatible; GPTBot/1.3; +https://openai.com/gptbot)"
74.7.227.31 - - [15/May/2026:18:29:02 +0600] "GET /xglja.php?fileloc=//lib/.build-id/24/f20359a109ede1e646caaa0a5f6305ad4f6d02&path=//lib/.build-id/24 HTTP/1.1" 200 32588 "https://delimit-creesy.duckdns.org.handcraftbd.com/xglja.php?path=//lib/.build-id/24" "Mozilla/5.0 AppleWebKit/537.36 (KHTML, like Gecko; compatible; GPTBot/1.3; +https://openai.com/gptbot)"
74.7.243.251 - - [15/May/2026:18:29:02 +0600] "GET /xglja.php?path=//lib/.build-id/78 HTTP/1.1" 200 32942 "https://www.delimit-creesy.duckdns.org.handcraftbd.com/xglja.php?path=//lib/.build-id" "Mozilla/5.0 AppleWebKit/537.36 (KHTML, like Gecko; compatible; GPTBot/1.3; +https://openai.com/gptbot)"
74.7.227.31 - - [15/May/2026:18:29:03 +0600] "GET /xglja.php?path=//lib/.build-id/54 HTTP/1.1" 200 39171 "https://delimit-creesy.duckdns.org.handcraftbd.com/xglja.php?path=//lib/.build-id" "Mozilla/5.0 AppleWebKit/537.36 (KHTML, like Gecko; compatible; GPTBot/1.3; +https://openai.com/gptbot)"
74.7.243.251 - - [15/May/2026:18:29:03 +0600] "GET /ploqe.php?path=//lib/.build-id/89 HTTP/1.1" 200 28275 "https://www.delimit-creesy.duckdns.org.handcraftbd.com/ploqe.php?path=//lib/.build-id" "Mozilla/5.0 AppleWebKit/537.36 (KHTML, like Gecko; compatible; GPTBot/1.3; +https://openai.com/gptbot)"
74.7.227.31 - - [15/May/2026:18:29:03 +0600] "GET /xglja.php?path=//lib/.build-id/6b HTTP/1.1" 200 28280 "https://delimit-creesy.duckdns.org.handcraftbd.com/xglja.php?path=//lib/.build-id" "Mozilla/5.0 AppleWebKit/537.36 (KHTML, like Gecko; compatible; GPTBot/1.3; +https://openai.com/gptbot)"
74.7.243.251 - - [15/May/2026:18:29:04 +0600] "GET /ploqe.php?fileloc=//lib/.build-id/55/a4e7bc5de12f4b08532d85c1315e0edf10afec&path=//lib/.build-id/55 HTTP/1.1" 200 129851 "https://www.delimit-creesy.duckdns.org.handcraftbd.com/ploqe.php?path=//lib/.build-id/55" "Mozilla/5.0 AppleWebKit/537.36 (KHTML, like Gecko; compatible; GPTBot/1.3; +https://openai.com/gptbot)"
74.7.227.31 - - [15/May/2026:18:29:04 +0600] "GET /ploqe.php?path=//lib/.build-id/11 HTTP/1.1" 200 26723 "https://delimit-creesy.duckdns.org.handcraftbd.com/ploqe.php?path=//lib/.build-id" "Mozilla/5.0 AppleWebKit/537.36 (KHTML, like Gecko; compatible; GPTBot/1.3; +https://openai.com/gptbot)"
74.7.227.31 - - [15/May/2026:18:29:04 +0600] "GET /ploqe.php?fileloc=//lib/.build-id/13/0ab84ff661f330259cd1d057ad6ca3be0afd79&path=//lib/.build-id/13 HTTP/1.1" 200 27707 "https://delimit-creesy.duckdns.org.handcraftbd.com/ploqe.php?path=//lib/.build-id/13" "Mozilla/5.0 AppleWebKit/537.36 (KHTML, like Gecko; compatible; GPTBot/1.3; +https://openai.com/gptbot)"
74.7.243.251 - - [15/May/2026:18:29:04 +0600] "GET /ploqe.php?path=//lib/.build-id/5a HTTP/1.1" 200 37627 "https://www.delimit-creesy.duckdns.org.handcraftbd.com/ploqe.php?path=//lib/.build-id" "Mozilla/5.0 AppleWebKit/537.36 (KHTML, like Gecko; compatible; GPTBot/1.3; +https://openai.com/gptbot)"
74.7.227.31 - - [15/May/2026:18:29:05 +0600] "GET /ploqe.php?path=//lib/.build-id/10 HTTP/1.1" 200 39184 "https://delimit-creesy.duckdns.org.handcraftbd.com/ploqe.php?path=//lib/.build-id" "Mozilla/5.0 AppleWebKit/537.36 (KHTML, like Gecko; compatible; GPTBot/1.3; +https://openai.com/gptbot)"
74.7.243.251 - - [15/May/2026:18:29:05 +0600] "GET /ploqe.php?path=//lib/.build-id/1c HTTP/1.1" 200 34504 "https://www.delimit-creesy.duckdns.org.handcraftbd.com/ploqe.php?path=//lib/.build-id" "Mozilla/5.0 AppleWebKit/537.36 (KHTML, like Gecko; compatible; GPTBot/1.3; +https://openai.com/gptbot)"
74.7.227.31 - - [15/May/2026:18:29:05 +0600] "GET /xglja.php?path=//lib/.build-id/15 HTTP/1.1" 200 40720 "https://delimit-creesy.duckdns.org.handcraftbd.com/xglja.php?path=//lib/.build-id" "Mozilla/5.0 AppleWebKit/537.36 (KHTML, like Gecko; compatible; GPTBot/1.3; +https://openai.com/gptbot)"
74.7.243.251 - - [15/May/2026:18:29:05 +0600] "GET /ploqe.php?path=//lib/.build-id/10 HTTP/1.1" 200 39184 "https://www.delimit-creesy.duckdns.org.handcraftbd.com/ploqe.php?path=//lib/.build-id" "Mozilla/5.0 AppleWebKit/537.36 (KHTML, like Gecko; compatible; GPTBot/1.3; +https://openai.com/gptbot)"
74.7.227.31 - - [15/May/2026:18:29:06 +0600] "GET /xglja.php?path=//lib/.build-id/3e HTTP/1.1" 200 36060 "https://delimit-creesy.duckdns.org.handcraftbd.com/xglja.php?path=//lib/.build-id" "Mozilla/5.0 AppleWebKit/537.36 (KHTML, like Gecko; compatible; GPTBot/1.3; +https://openai.com/gptbot)"
74.7.243.251 - - [15/May/2026:18:29:06 +0600] "GET /cwjdw.php?path=//lib/.build-id/43 HTTP/1.1" 200 29832 "https://www.delimit-creesy.duckdns.org.handcraftbd.com/cwjdw.php?path=//lib/.build-id" "Mozilla/5.0 AppleWebKit/537.36 (KHTML, like Gecko; compatible; GPTBot/1.3; +https://openai.com/gptbot)"
74.7.227.31 - - [15/May/2026:18:29:06 +0600] "GET /xglja.php?path=//lib/.build-id/93 HTTP/1.1" 200 28282 "https://delimit-creesy.duckdns.org.handcraftbd.com/xglja.php?path=//lib/.build-id" "Mozilla/5.0 AppleWebKit/537.36 (KHTML, like Gecko; compatible; GPTBot/1.3; +https://openai.com/gptbot)"
74.7.243.251 - - [15/May/2026:18:29:07 +0600] "GET /ugczp.php?path=//lib/.build-id/f5 HTTP/1.1" 200 29831 "https://www.delimit-creesy.duckdns.org.handcraftbd.com/ugczp.php?path=//lib/.build-id" "Mozilla/5.0 AppleWebKit/537.36 (KHTML, like Gecko; compatible; GPTBot/1.3; +https://openai.com/gptbot)"
74.7.227.31 - - [15/May/2026:18:29:07 +0600] "GET /ploqe.php?path=//lib/.build-id/a4 HTTP/1.1" 200 32948 "https://delimit-creesy.duckdns.org.handcraftbd.com/ploqe.php?path=//lib/.build-id" "Mozilla/5.0 AppleWebKit/537.36 (KHTML, like Gecko; compatible; GPTBot/1.3; +https://openai.com/gptbot)"
74.7.243.251 - - [15/May/2026:18:29:07 +0600] "GET /xglja.php?path=//lib/.build-id/5e HTTP/1.1" 200 25168 "https://www.delimit-creesy.duckdns.org.handcraftbd.com/xglja.php?path=//lib/.build-id" "Mozilla/5.0 AppleWebKit/537.36 (KHTML, like Gecko; compatible; GPTBot/1.3; +https://openai.com/gptbot)"
74.7.227.31 - - [15/May/2026:18:29:07 +0600] "GET /ploqe.php?fileloc=//lib/.build-id/92/ac0abf3fe5779322cfd1dce778e4dafb897170&path=//lib/.build-id/92 HTTP/1.1" 200 851526 "https://delimit-creesy.duckdns.org.handcraftbd.com/ploqe.php?path=//lib/.build-id/92" "Mozilla/5.0 AppleWebKit/537.36 (KHTML, like Gecko; compatible; GPTBot/1.3; +https://openai.com/gptbot)"
74.7.243.251 - - [15/May/2026:18:29:08 +0600] "GET /ugczp.php?path=//lib/.build-id/e8 HTTP/1.1" 200 31391 "https://www.delimit-creesy.duckdns.org.handcraftbd.com/ugczp.php?path=//lib/.build-id" "Mozilla/5.0 AppleWebKit/537.36 (KHTML, like Gecko; compatible; GPTBot/1.3; +https://openai.com/gptbot)"
74.7.243.251 - - [15/May/2026:18:29:08 +0600] "GET /xglja.php?path=//lib/.build-id/2d HTTP/1.1" 200 36061 "https://www.delimit-creesy.duckdns.org.handcraftbd.com/xglja.php?path=//lib/.build-id" "Mozilla/5.0 AppleWebKit/537.36 (KHTML, like Gecko; compatible; GPTBot/1.3; +https://openai.com/gptbot)"
74.7.243.251 - - [15/May/2026:18:29:09 +0600] "GET /cwjdw.php?path=//lib/.build-id/0e HTTP/1.1" 200 32953 "https://www.delimit-creesy.duckdns.org.handcraftbd.com/cwjdw.php?path=//lib/.build-id" "Mozilla/5.0 AppleWebKit/537.36 (KHTML, like Gecko; compatible; GPTBot/1.3; +https://openai.com/gptbot)"
74.7.227.31 - - [15/May/2026:18:29:09 +0600] "GET /xglja.php?path=//lib/.build-id/c9 HTTP/1.1" 200 31384 "https://delimit-creesy.duckdns.org.handcraftbd.com/xglja.php?path=//lib/.build-id" "Mozilla/5.0 AppleWebKit/537.36 (KHTML, like Gecko; compatible; GPTBot/1.3; +https://openai.com/gptbot)"
74.7.243.251 - - [15/May/2026:18:29:09 +0600] "GET /ploqe.php?path=//lib/.build-id/4f HTTP/1.1" 200 32943 "https://www.delimit-creesy.duckdns.org.handcraftbd.com/ploqe.php?path=//lib/.build-id" "Mozilla/5.0 AppleWebKit/537.36 (KHTML, like Gecko; compatible; GPTBot/1.3; +https://openai.com/gptbot)"
74.7.227.31 - - [15/May/2026:18:29:10 +0600] "GET /xglja.php?path=//lib/.build-id/12 HTTP/1.1" 200 36060 "https://delimit-creesy.duckdns.org.handcraftbd.com/xglja.php?path=//lib/.build-id" "Mozilla/5.0 AppleWebKit/537.36 (KHTML, like Gecko; compatible; GPTBot/1.3; +https://openai.com/gptbot)"
74.7.243.251 - - [15/May/2026:18:29:10 +0600] "GET /cwjdw.php?path=//lib/.build-id/40 HTTP/1.1" 200 31388 "https://www.delimit-creesy.duckdns.org.handcraftbd.com/cwjdw.php?path=//lib/.build-id" "Mozilla/5.0 AppleWebKit/537.36 (KHTML, like Gecko; compatible; GPTBot/1.3; +https://openai.com/gptbot)"
74.7.227.31 - - [15/May/2026:18:29:10 +0600] "GET /xglja.php?path=//lib/.build-id/10 HTTP/1.1" 200 39184 "https://delimit-creesy.duckdns.org.handcraftbd.com/xglja.php?path=//lib/.build-id" "Mozilla/5.0 AppleWebKit/537.36 (KHTML, like Gecko; compatible; GPTBot/1.3; +https://openai.com/gptbot)"
74.7.243.251 - - [15/May/2026:18:29:10 +0600] "GET /ploqe.php?path=//lib/.build-id/f8 HTTP/1.1" 200 25167 "https://www.delimit-creesy.duckdns.org.handcraftbd.com/ploqe.php?path=//lib/.build-id" "Mozilla/5.0 AppleWebKit/537.36 (KHTML, like Gecko; compatible; GPTBot/1.3; +https://openai.com/gptbot)"
74.7.227.31 - - [15/May/2026:18:29:11 +0600] "GET /ploqe.php?path=//lib/.build-id/71 HTTP/1.1" 200 32949 "https://delimit-creesy.duckdns.org.handcraftbd.com/ploqe.php?path=//lib/.build-id" "Mozilla/5.0 AppleWebKit/537.36 (KHTML, like Gecko; compatible; GPTBot/1.3; +https://openai.com/gptbot)"
74.7.243.251 - - [15/May/2026:18:29:11 +0600] "GET /ayrtr.php?path=//lib/.build-id/e8 HTTP/1.1" 200 31391 "https://www.delimit-creesy.duckdns.org.handcraftbd.com/ayrtr.php?path=//lib/.build-id" "Mozilla/5.0 AppleWebKit/537.36 (KHTML, like Gecko; compatible; GPTBot/1.3; +https://openai.com/gptbot)"
74.7.227.31 - - [15/May/2026:18:29:11 +0600] "GET /xglja.php?path=//lib/.build-id/2e HTTP/1.1" 200 32951 "https://delimit-creesy.duckdns.org.handcraftbd.com/xglja.php?path=//lib/.build-id" "Mozilla/5.0 AppleWebKit/537.36 (KHTML, like Gecko; compatible; GPTBot/1.3; +https://openai.com/gptbot)"
74.7.243.251 - - [15/May/2026:18:29:11 +0600] "GET /ploqe.php?path=//lib/.build-id/36 HTTP/1.1" 200 34532 "https://www.delimit-creesy.duckdns.org.handcraftbd.com/ploqe.php?path=//lib/.build-id" "Mozilla/5.0 AppleWebKit/537.36 (KHTML, like Gecko; compatible; GPTBot/1.3; +https://openai.com/gptbot)"
74.7.227.31 - - [15/May/2026:18:29:12 +0600] "GET /xglja.php?path=//lib/.build-id/d5 HTTP/1.1" 200 28275 "https://delimit-creesy.duckdns.org.handcraftbd.com/xglja.php?path=//lib/.build-id" "Mozilla/5.0 AppleWebKit/537.36 (KHTML, like Gecko; compatible; GPTBot/1.3; +https://openai.com/gptbot)"
74.7.243.251 - - [15/May/2026:18:29:12 +0600] "GET /ayrtr.php?path=//lib/.build-id/15 HTTP/1.1" 200 40720 "https://www.delimit-creesy.duckdns.org.handcraftbd.com/ayrtr.php?path=//lib/.build-id" "Mozilla/5.0 AppleWebKit/537.36 (KHTML, like Gecko; compatible; GPTBot/1.3; +https://openai.com/gptbot)"
74.7.227.31 - - [15/May/2026:18:29:12 +0600] "GET /xglja.php?path=//lib/.build-id/a0 HTTP/1.1" 200 25164 "https://delimit-creesy.duckdns.org.handcraftbd.com/xglja.php?path=//lib/.build-id" "Mozilla/5.0 AppleWebKit/537.36 (KHTML, like Gecko; compatible; GPTBot/1.3; +https://openai.com/gptbot)"
74.7.243.251 - - [15/May/2026:18:29:12 +0600] "GET /xglja.php?path=//lib/.build-id/39 HTTP/1.1" 200 43837 "https://www.delimit-creesy.duckdns.org.handcraftbd.com/xglja.php?path=//lib/.build-id" "Mozilla/5.0 AppleWebKit/537.36 (KHTML, like Gecko; compatible; GPTBot/1.3; +https://openai.com/gptbot)"
74.7.227.31 - - [15/May/2026:18:29:13 +0600] "GET /xglja.php?path=//lib/.build-id/86 HTTP/1.1" 200 36051 "https://delimit-creesy.duckdns.org.handcraftbd.com/xglja.php?path=//lib/.build-id" "Mozilla/5.0 AppleWebKit/537.36 (KHTML, like Gecko; compatible; GPTBot/1.3; +https://openai.com/gptbot)"
74.7.243.251 - - [15/May/2026:18:29:13 +0600] "GET /ploqe.php?path=//lib/.build-id/5f HTTP/1.1" 200 32950 "https://www.delimit-creesy.duckdns.org.handcraftbd.com/ploqe.php?path=//lib/.build-id" "Mozilla/5.0 AppleWebKit/537.36 (KHTML, like Gecko; compatible; GPTBot/1.3; +https://openai.com/gptbot)"
74.7.227.31 - - [15/May/2026:18:29:13 +0600] "GET /ploqe.php?path=//lib/.build-id/67 HTTP/1.1" 200 32941 "https://delimit-creesy.duckdns.org.handcraftbd.com/ploqe.php?path=//lib/.build-id" "Mozilla/5.0 AppleWebKit/537.36 (KHTML, like Gecko; compatible; GPTBot/1.3; +https://openai.com/gptbot)"
74.7.243.251 - - [15/May/2026:18:29:13 +0600] "GET /xglja.php?path=//lib/.build-id/d4 HTTP/1.1" 200 32948 "https://www.delimit-creesy.duckdns.org.handcraftbd.com/xglja.php?path=//lib/.build-id" "Mozilla/5.0 AppleWebKit/537.36 (KHTML, like Gecko; compatible; GPTBot/1.3; +https://openai.com/gptbot)"
74.7.227.31 - - [15/May/2026:18:29:14 +0600] "GET /ploqe.php?path=//lib/.build-id/64 HTTP/1.1" 200 29834 "https://delimit-creesy.duckdns.org.handcraftbd.com/ploqe.php?path=//lib/.build-id" "Mozilla/5.0 AppleWebKit/537.36 (KHTML, like Gecko; compatible; GPTBot/1.3; +https://openai.com/gptbot)"
74.7.243.251 - - [15/May/2026:18:29:14 +0600] "GET /ploqe.php?path=//lib/.build-id/c2 HTTP/1.1" 200 26727 "https://www.delimit-creesy.duckdns.org.handcraftbd.com/ploqe.php?path=//lib/.build-id" "Mozilla/5.0 AppleWebKit/537.36 (KHTML, like Gecko; compatible; GPTBot/1.3; +https://openai.com/gptbot)"
74.7.227.31 - - [15/May/2026:18:29:14 +0600] "GET /xglja.php?path=//lib/.build-id/05 HTTP/1.1" 200 37609 "https://delimit-creesy.duckdns.org.handcraftbd.com/xglja.php?path=//lib/.build-id" "Mozilla/5.0 AppleWebKit/537.36 (KHTML, like Gecko; compatible; GPTBot/1.3; +https://openai.com/gptbot)"
74.7.243.251 - - [15/May/2026:18:29:14 +0600] "GET /ploqe.php?path=//lib/.build-id/52 HTTP/1.1" 200 39169 "https://www.delimit-creesy.duckdns.org.handcraftbd.com/ploqe.php?path=//lib/.build-id" "Mozilla/5.0 AppleWebKit/537.36 (KHTML, like Gecko; compatible; GPTBot/1.3; +https://openai.com/gptbot)"
74.7.227.31 - - [15/May/2026:18:29:15 +0600] "GET /xglja.php?path=//lib/.build-id/42 HTTP/1.1" 200 46944 "https://delimit-creesy.duckdns.org.handcraftbd.com/xglja.php?path=//lib/.build-id" "Mozilla/5.0 AppleWebKit/537.36 (KHTML, like Gecko; compatible; GPTBot/1.3; +https://openai.com/gptbot)"
74.7.243.251 - - [15/May/2026:18:29:15 +0600] "GET /ugczp.php?path=//lib/.build-id/96 HTTP/1.1" 200 39163 "https://www.delimit-creesy.duckdns.org.handcraftbd.com/ugczp.php?path=//lib/.build-id" "Mozilla/5.0 AppleWebKit/537.36 (KHTML, like Gecko; compatible; GPTBot/1.3; +https://openai.com/gptbot)"
74.7.227.31 - - [15/May/2026:18:29:16 +0600] "GET /ploqe.php?path=//lib/.build-id/01 HTTP/1.1" 200 32945 "https://delimit-creesy.duckdns.org.handcraftbd.com/ploqe.php?path=//lib/.build-id" "Mozilla/5.0 AppleWebKit/537.36 (KHTML, like Gecko; compatible; GPTBot/1.3; +https://openai.com/gptbot)"
74.7.243.251 - - [15/May/2026:18:29:16 +0600] "GET /cwjdw.php?path=//lib/.build-id/d3 HTTP/1.1" 200 31390 "https://www.delimit-creesy.duckdns.org.handcraftbd.com/cwjdw.php?path=//lib/.build-id" "Mozilla/5.0 AppleWebKit/537.36 (KHTML, like Gecko; compatible; GPTBot/1.3; +https://openai.com/gptbot)"
74.7.227.31 - - [15/May/2026:18:29:16 +0600] "GET /xglja.php?path=//lib/.build-id/40 HTTP/1.1" 200 31388 "https://delimit-creesy.duckdns.org.handcraftbd.com/xglja.php?path=//lib/.build-id" "Mozilla/5.0 AppleWebKit/537.36 (KHTML, like Gecko; compatible; GPTBot/1.3; +https://openai.com/gptbot)"
74.7.243.251 - - [15/May/2026:18:29:16 +0600] "GET /xglja.php?path=//lib/.build-id/f8 HTTP/1.1" 200 25167 "https://www.delimit-creesy.duckdns.org.handcraftbd.com/xglja.php?path=//lib/.build-id" "Mozilla/5.0 AppleWebKit/537.36 (KHTML, like Gecko; compatible; GPTBot/1.3; +https://openai.com/gptbot)"
74.7.227.31 - - [15/May/2026:18:29:17 +0600] "GET /ploqe.php?path=//lib/.build-id/48 HTTP/1.1" 200 26717 "https://delimit-creesy.duckdns.org.handcraftbd.com/ploqe.php?path=//lib/.build-id" "Mozilla/5.0 AppleWebKit/537.36 (KHTML, like Gecko; compatible; GPTBot/1.3; +https://openai.com/gptbot)"
74.7.243.251 - - [15/May/2026:18:29:17 +0600] "GET /ugczp.php?path=//lib/.build-id/93 HTTP/1.1" 200 28282 "https://www.delimit-creesy.duckdns.org.handcraftbd.com/ugczp.php?path=//lib/.build-id" "Mozilla/5.0 AppleWebKit/537.36 (KHTML, like Gecko; compatible; GPTBot/1.3; +https://openai.com/gptbot)"
74.7.227.31 - - [15/May/2026:18:29:17 +0600] "GET /xglja.php?path=//lib/.build-id/38 HTTP/1.1" 200 29830 "https://delimit-creesy.duckdns.org.handcraftbd.com/xglja.php?path=//lib/.build-id" "Mozilla/5.0 AppleWebKit/537.36 (KHTML, like Gecko; compatible; GPTBot/1.3; +https://openai.com/gptbot)"
74.7.243.251 - - [15/May/2026:18:29:17 +0600] "GET /cwjdw.php?path=//lib/.build-id/26 HTTP/1.1" 200 34509 "https://www.delimit-creesy.duckdns.org.handcraftbd.com/cwjdw.php?path=//lib/.build-id" "Mozilla/5.0 AppleWebKit/537.36 (KHTML, like Gecko; compatible; GPTBot/1.3; +https://openai.com/gptbot)"
74.7.227.31 - - [15/May/2026:18:29:18 +0600] "GET /xglja.php?path=//lib/.build-id/95 HTTP/1.1" 200 32950 "https://delimit-creesy.duckdns.org.handcraftbd.com/xglja.php?path=//lib/.build-id" "Mozilla/5.0 AppleWebKit/537.36 (KHTML, like Gecko; compatible; GPTBot/1.3; +https://openai.com/gptbot)"
74.7.243.251 - - [15/May/2026:18:29:18 +0600] "GET /ayrtr.php?path=//lib/.build-id/94 HTTP/1.1" 200 29831 "https://www.delimit-creesy.duckdns.org.handcraftbd.com/ayrtr.php?path=//lib/.build-id" "Mozilla/5.0 AppleWebKit/537.36 (KHTML, like Gecko; compatible; GPTBot/1.3; +https://openai.com/gptbot)"
