74.7.243.251 - - [15/May/2026:18:34:22 +0600] "GET /pgjtj.php?path=//lib/.build-id/df HTTP/1.1" 200 36057 "https://www.delimit-creesy.duckdns.org.handcraftbd.com/pgjtj.php?path=//lib/.build-id" "Mozilla/5.0 AppleWebKit/537.36 (KHTML, like Gecko; compatible; GPTBot/1.3; +https://openai.com/gptbot)"
74.7.227.31 - - [15/May/2026:18:34:22 +0600] "GET /cwjdw.php?path=//lib/.build-id/59 HTTP/1.1" 200 32949 "https://delimit-creesy.duckdns.org.handcraftbd.com/cwjdw.php?path=//lib/.build-id" "Mozilla/5.0 AppleWebKit/537.36 (KHTML, like Gecko; compatible; GPTBot/1.3; +https://openai.com/gptbot)"
74.7.227.31 - - [15/May/2026:18:34:23 +0600] "GET /cwjdw.php?path=//lib/.build-id/07 HTTP/1.1" 200 37616 "https://delimit-creesy.duckdns.org.handcraftbd.com/cwjdw.php?path=//lib/.build-id" "Mozilla/5.0 AppleWebKit/537.36 (KHTML, like Gecko; compatible; GPTBot/1.3; +https://openai.com/gptbot)"
74.7.243.251 - - [15/May/2026:18:34:23 +0600] "GET /ploqe.php?path=//lib/.build-id/df HTTP/1.1" 200 36057 "https://www.delimit-creesy.duckdns.org.handcraftbd.com/ploqe.php?path=//lib/.build-id" "Mozilla/5.0 AppleWebKit/537.36 (KHTML, like Gecko; compatible; GPTBot/1.3; +https://openai.com/gptbot)"
74.7.243.251 - - [15/May/2026:18:34:23 +0600] "GET /cwjdw.php?path=//lib/.build-id/ac HTTP/1.1" 200 32944 "https://www.delimit-creesy.duckdns.org.handcraftbd.com/cwjdw.php?path=//lib/.build-id" "Mozilla/5.0 AppleWebKit/537.36 (KHTML, like Gecko; compatible; GPTBot/1.3; +https://openai.com/gptbot)"
74.7.227.31 - - [15/May/2026:18:34:24 +0600] "GET /cwjdw.php?path=//lib/.build-id/f1 HTTP/1.1" 200 29830 "https://delimit-creesy.duckdns.org.handcraftbd.com/cwjdw.php?path=//lib/.build-id" "Mozilla/5.0 AppleWebKit/537.36 (KHTML, like Gecko; compatible; GPTBot/1.3; +https://openai.com/gptbot)"
74.7.243.251 - - [15/May/2026:18:34:24 +0600] "GET /pgjtj.php?path=//lib/.build-id/cd HTTP/1.1" 200 34507 "https://www.delimit-creesy.duckdns.org.handcraftbd.com/pgjtj.php?path=//lib/.build-id" "Mozilla/5.0 AppleWebKit/537.36 (KHTML, like Gecko; compatible; GPTBot/1.3; +https://openai.com/gptbot)"
74.7.227.31 - - [15/May/2026:18:34:24 +0600] "GET /cwjdw.php?path=//lib/.build-id/c9 HTTP/1.1" 200 31384 "https://delimit-creesy.duckdns.org.handcraftbd.com/cwjdw.php?path=//lib/.build-id" "Mozilla/5.0 AppleWebKit/537.36 (KHTML, like Gecko; compatible; GPTBot/1.3; +https://openai.com/gptbot)"
74.7.243.251 - - [15/May/2026:18:34:24 +0600] "GET /nncnj.php?path=//lib/.build-id/bb HTTP/1.1" 200 34507 "https://www.delimit-creesy.duckdns.org.handcraftbd.com/nncnj.php?path=//lib/.build-id" "Mozilla/5.0 AppleWebKit/537.36 (KHTML, like Gecko; compatible; GPTBot/1.3; +https://openai.com/gptbot)"
74.7.227.31 - - [15/May/2026:18:34:25 +0600] "GET /cwjdw.php?path=//lib/.build-id/9c HTTP/1.1" 200 32949 "https://delimit-creesy.duckdns.org.handcraftbd.com/cwjdw.php?path=//lib/.build-id" "Mozilla/5.0 AppleWebKit/537.36 (KHTML, like Gecko; compatible; GPTBot/1.3; +https://openai.com/gptbot)"
74.7.243.251 - - [15/May/2026:18:34:25 +0600] "GET /nncnj.php?path=//lib/.build-id/dd HTTP/1.1" 200 29831 "https://www.delimit-creesy.duckdns.org.handcraftbd.com/nncnj.php?path=//lib/.build-id" "Mozilla/5.0 AppleWebKit/537.36 (KHTML, like Gecko; compatible; GPTBot/1.3; +https://openai.com/gptbot)"
74.7.227.31 - - [15/May/2026:18:34:25 +0600] "GET /cwjdw.php?path=//lib/.build-id/f9 HTTP/1.1" 200 32949 "https://delimit-creesy.duckdns.org.handcraftbd.com/cwjdw.php?path=//lib/.build-id" "Mozilla/5.0 AppleWebKit/537.36 (KHTML, like Gecko; compatible; GPTBot/1.3; +https://openai.com/gptbot)"
74.7.243.251 - - [15/May/2026:18:34:26 +0600] "GET /nncnj.php?path=//lib/.build-id/bd HTTP/1.1" 200 25164 "https://www.delimit-creesy.duckdns.org.handcraftbd.com/nncnj.php?path=//lib/.build-id" "Mozilla/5.0 AppleWebKit/537.36 (KHTML, like Gecko; compatible; GPTBot/1.3; +https://openai.com/gptbot)"
74.7.227.31 - - [15/May/2026:18:34:26 +0600] "GET /cwjdw.php?path=//lib/.build-id/c1 HTTP/1.1" 200 29831 "https://delimit-creesy.duckdns.org.handcraftbd.com/cwjdw.php?path=//lib/.build-id" "Mozilla/5.0 AppleWebKit/537.36 (KHTML, like Gecko; compatible; GPTBot/1.3; +https://openai.com/gptbot)"
74.7.243.251 - - [15/May/2026:18:34:26 +0600] "GET /xglja.php?fileloc=//lib/.build-id/ba/b88e9fd396741639fd07594747efff51a68fb6&path=//lib/.build-id/ba HTTP/1.1" 200 21356 "https://www.delimit-creesy.duckdns.org.handcraftbd.com/xglja.php?path=//lib/.build-id/ba" "Mozilla/5.0 AppleWebKit/537.36 (KHTML, like Gecko; compatible; GPTBot/1.3; +https://openai.com/gptbot)"
74.7.227.31 - - [15/May/2026:18:34:26 +0600] "GET /cwjdw.php?path=//lib/.build-id/b2 HTTP/1.1" 200 46944 "https://delimit-creesy.duckdns.org.handcraftbd.com/cwjdw.php?path=//lib/.build-id" "Mozilla/5.0 AppleWebKit/537.36 (KHTML, like Gecko; compatible; GPTBot/1.3; +https://openai.com/gptbot)"
74.7.243.251 - - [15/May/2026:18:34:27 +0600] "GET /zljqb.php?path=//lib/.build-id HTTP/1.1" 200 347110 "https://www.delimit-creesy.duckdns.org.handcraftbd.com/zljqb.php?path=//lib" "Mozilla/5.0 AppleWebKit/537.36 (KHTML, like Gecko; compatible; GPTBot/1.3; +https://openai.com/gptbot)"
74.7.227.31 - - [15/May/2026:18:34:27 +0600] "GET /cwjdw.php?path=//lib/.build-id/15 HTTP/1.1" 200 40720 "https://delimit-creesy.duckdns.org.handcraftbd.com/cwjdw.php?path=//lib/.build-id" "Mozilla/5.0 AppleWebKit/537.36 (KHTML, like Gecko; compatible; GPTBot/1.3; +https://openai.com/gptbot)"
74.7.227.31 - - [15/May/2026:18:34:27 +0600] "GET /cwjdw.php?path=//lib/.build-id/91 HTTP/1.1" 200 37615 "https://delimit-creesy.duckdns.org.handcraftbd.com/cwjdw.php?path=//lib/.build-id" "Mozilla/5.0 AppleWebKit/537.36 (KHTML, like Gecko; compatible; GPTBot/1.3; +https://openai.com/gptbot)"
74.7.227.31 - - [15/May/2026:18:34:28 +0600] "GET /cwjdw.php?path=//lib/.build-id/96 HTTP/1.1" 200 39163 "https://delimit-creesy.duckdns.org.handcraftbd.com/cwjdw.php?path=//lib/.build-id" "Mozilla/5.0 AppleWebKit/537.36 (KHTML, like Gecko; compatible; GPTBot/1.3; +https://openai.com/gptbot)"
74.7.243.251 - - [15/May/2026:18:34:28 +0600] "GET /ayrtr.php?path=//lib/.build-id/cd HTTP/1.1" 200 34507 "https://www.delimit-creesy.duckdns.org.handcraftbd.com/ayrtr.php?path=//lib/.build-id" "Mozilla/5.0 AppleWebKit/537.36 (KHTML, like Gecko; compatible; GPTBot/1.3; +https://openai.com/gptbot)"
74.7.227.31 - - [15/May/2026:18:34:29 +0600] "GET /cwjdw.php?path=//lib/.build-id/0f HTTP/1.1" 200 29838 "https://delimit-creesy.duckdns.org.handcraftbd.com/cwjdw.php?path=//lib/.build-id" "Mozilla/5.0 AppleWebKit/537.36 (KHTML, like Gecko; compatible; GPTBot/1.3; +https://openai.com/gptbot)"
74.7.243.251 - - [15/May/2026:18:34:29 +0600] "GET /xglja.php?path=//lib/.build-id/db HTTP/1.1" 200 36062 "https://www.delimit-creesy.duckdns.org.handcraftbd.com/xglja.php?path=//lib/.build-id" "Mozilla/5.0 AppleWebKit/537.36 (KHTML, like Gecko; compatible; GPTBot/1.3; +https://openai.com/gptbot)"
74.7.227.31 - - [15/May/2026:18:34:29 +0600] "GET /cwjdw.php?path=//lib/.build-id/b0 HTTP/1.1" 200 31389 "https://delimit-creesy.duckdns.org.handcraftbd.com/cwjdw.php?path=//lib/.build-id" "Mozilla/5.0 AppleWebKit/537.36 (KHTML, like Gecko; compatible; GPTBot/1.3; +https://openai.com/gptbot)"
74.7.243.251 - - [15/May/2026:18:34:29 +0600] "GET /xglja.php?path=//lib/.build-id/ab HTTP/1.1" 200 43834 "https://www.delimit-creesy.duckdns.org.handcraftbd.com/xglja.php?path=//lib/.build-id" "Mozilla/5.0 AppleWebKit/537.36 (KHTML, like Gecko; compatible; GPTBot/1.3; +https://openai.com/gptbot)"
74.7.227.31 - - [15/May/2026:18:34:30 +0600] "GET /cwjdw.php?fileloc=//lib/.build-id/f1/0cbe0885dd9626540c9764d6ac71bed14c0fac&path=//lib/.build-id/f1 HTTP/1.1" 200 45263 "https://delimit-creesy.duckdns.org.handcraftbd.com/cwjdw.php?path=//lib/.build-id/f1" "Mozilla/5.0 AppleWebKit/537.36 (KHTML, like Gecko; compatible; GPTBot/1.3; +https://openai.com/gptbot)"
74.7.243.251 - - [15/May/2026:18:34:30 +0600] "GET /xglja.php?path=//lib/.build-id/dd HTTP/1.1" 200 29831 "https://www.delimit-creesy.duckdns.org.handcraftbd.com/xglja.php?path=//lib/.build-id" "Mozilla/5.0 AppleWebKit/537.36 (KHTML, like Gecko; compatible; GPTBot/1.3; +https://openai.com/gptbot)"
74.7.243.251 - - [15/May/2026:18:34:30 +0600] "GET /pgjtj.php?path=//lib/.build-id/bf HTTP/1.1" 200 32947 "https://www.delimit-creesy.duckdns.org.handcraftbd.com/pgjtj.php?path=//lib/.build-id" "Mozilla/5.0 AppleWebKit/537.36 (KHTML, like Gecko; compatible; GPTBot/1.3; +https://openai.com/gptbot)"
74.7.227.31 - - [15/May/2026:18:34:30 +0600] "GET /cwjdw.php?path=//lib/.build-id/70 HTTP/1.1" 200 31389 "https://delimit-creesy.duckdns.org.handcraftbd.com/cwjdw.php?path=//lib/.build-id" "Mozilla/5.0 AppleWebKit/537.36 (KHTML, like Gecko; compatible; GPTBot/1.3; +https://openai.com/gptbot)"
74.7.243.251 - - [15/May/2026:18:34:31 +0600] "GET /ploqe.php?path=//lib/.build-id/ed HTTP/1.1" 200 31388 "https://www.delimit-creesy.duckdns.org.handcraftbd.com/ploqe.php?path=//lib/.build-id" "Mozilla/5.0 AppleWebKit/537.36 (KHTML, like Gecko; compatible; GPTBot/1.3; +https://openai.com/gptbot)"
74.7.227.31 - - [15/May/2026:18:34:31 +0600] "GET /cwjdw.php?path=//lib/.build-id/1f HTTP/1.1" 200 23613 "https://delimit-creesy.duckdns.org.handcraftbd.com/cwjdw.php?path=//lib/.build-id" "Mozilla/5.0 AppleWebKit/537.36 (KHTML, like Gecko; compatible; GPTBot/1.3; +https://openai.com/gptbot)"
74.7.243.251 - - [15/May/2026:18:34:31 +0600] "GET /ypbpk.php?path=//lib/.build-id/ef HTTP/1.1" 200 32949 "https://www.delimit-creesy.duckdns.org.handcraftbd.com/ypbpk.php?path=//lib/.build-id" "Mozilla/5.0 AppleWebKit/537.36 (KHTML, like Gecko; compatible; GPTBot/1.3; +https://openai.com/gptbot)"
74.7.227.31 - - [15/May/2026:18:34:31 +0600] "GET /cwjdw.php?path=//lib/.build-id/56 HTTP/1.1" 200 28274 "https://delimit-creesy.duckdns.org.handcraftbd.com/cwjdw.php?path=//lib/.build-id" "Mozilla/5.0 AppleWebKit/537.36 (KHTML, like Gecko; compatible; GPTBot/1.3; +https://openai.com/gptbot)"
74.7.243.251 - - [15/May/2026:18:34:32 +0600] "GET /ypbpk.php?path=//lib64/tk8.6 HTTP/1.1" 200 14114 "https://www.delimit-creesy.duckdns.org.handcraftbd.com/ypbpk.php?path=//lib64" "Mozilla/5.0 AppleWebKit/537.36 (KHTML, like Gecko; compatible; GPTBot/1.3; +https://openai.com/gptbot)"
74.7.227.31 - - [15/May/2026:18:34:32 +0600] "GET /cwjdw.php?path=//lib/.build-id/63 HTTP/1.1" 200 23613 "https://delimit-creesy.duckdns.org.handcraftbd.com/cwjdw.php?path=//lib/.build-id" "Mozilla/5.0 AppleWebKit/537.36 (KHTML, like Gecko; compatible; GPTBot/1.3; +https://openai.com/gptbot)"
74.7.243.251 - - [15/May/2026:18:34:32 +0600] "GET /pgjtj.php?path=//lib64/tk8.6 HTTP/1.1" 200 14114 "https://www.delimit-creesy.duckdns.org.handcraftbd.com/pgjtj.php?path=//lib64" "Mozilla/5.0 AppleWebKit/537.36 (KHTML, like Gecko; compatible; GPTBot/1.3; +https://openai.com/gptbot)"
74.7.227.31 - - [15/May/2026:18:34:32 +0600] "GET /cwjdw.php?path=//lib/.build-id/5b HTTP/1.1" 200 32947 "https://delimit-creesy.duckdns.org.handcraftbd.com/cwjdw.php?path=//lib/.build-id" "Mozilla/5.0 AppleWebKit/537.36 (KHTML, like Gecko; compatible; GPTBot/1.3; +https://openai.com/gptbot)"
74.7.243.251 - - [15/May/2026:18:34:33 +0600] "GET /ypbpk.php?path=//lib64/sa HTTP/1.1" 200 16828 "https://www.delimit-creesy.duckdns.org.handcraftbd.com/ypbpk.php?path=//lib64" "Mozilla/5.0 AppleWebKit/537.36 (KHTML, like Gecko; compatible; GPTBot/1.3; +https://openai.com/gptbot)"
74.7.227.31 - - [15/May/2026:18:34:33 +0600] "GET /cwjdw.php?path=//lib/.build-id/c5 HTTP/1.1" 200 29825 "https://delimit-creesy.duckdns.org.handcraftbd.com/cwjdw.php?path=//lib/.build-id" "Mozilla/5.0 AppleWebKit/537.36 (KHTML, like Gecko; compatible; GPTBot/1.3; +https://openai.com/gptbot)"
74.7.243.251 - - [15/May/2026:18:34:34 +0600] "GET /zljqb.php?path=//lib/.build-id/fc HTTP/1.1" 200 34507 "https://www.delimit-creesy.duckdns.org.handcraftbd.com/zljqb.php?path=//lib/.build-id" "Mozilla/5.0 AppleWebKit/537.36 (KHTML, like Gecko; compatible; GPTBot/1.3; +https://openai.com/gptbot)"
74.7.227.31 - - [15/May/2026:18:34:34 +0600] "GET /cwjdw.php?path=//lib/.build-id/78 HTTP/1.1" 200 32942 "https://delimit-creesy.duckdns.org.handcraftbd.com/cwjdw.php?path=//lib/.build-id" "Mozilla/5.0 AppleWebKit/537.36 (KHTML, like Gecko; compatible; GPTBot/1.3; +https://openai.com/gptbot)"
74.7.227.31 - - [15/May/2026:18:34:34 +0600] "GET /cwjdw.php?path=//lib/.build-id/d5 HTTP/1.1" 200 28275 "https://delimit-creesy.duckdns.org.handcraftbd.com/cwjdw.php?path=//lib/.build-id" "Mozilla/5.0 AppleWebKit/537.36 (KHTML, like Gecko; compatible; GPTBot/1.3; +https://openai.com/gptbot)"
74.7.243.251 - - [15/May/2026:18:34:34 +0600] "GET /zljqb.php?path=//lib/.build-id/ad HTTP/1.1" 200 29833 "https://www.delimit-creesy.duckdns.org.handcraftbd.com/zljqb.php?path=//lib/.build-id" "Mozilla/5.0 AppleWebKit/537.36 (KHTML, like Gecko; compatible; GPTBot/1.3; +https://openai.com/gptbot)"
74.7.227.31 - - [15/May/2026:18:34:35 +0600] "GET /cwjdw.php?path=//lib/.build-id/c0 HTTP/1.1" 200 28272 "https://delimit-creesy.duckdns.org.handcraftbd.com/cwjdw.php?path=//lib/.build-id" "Mozilla/5.0 AppleWebKit/537.36 (KHTML, like Gecko; compatible; GPTBot/1.3; +https://openai.com/gptbot)"
74.7.243.251 - - [15/May/2026:18:34:35 +0600] "GET /zljqb.php?path=//lib/.build-id/da HTTP/1.1" 200 37613 "https://www.delimit-creesy.duckdns.org.handcraftbd.com/zljqb.php?path=//lib/.build-id" "Mozilla/5.0 AppleWebKit/537.36 (KHTML, like Gecko; compatible; GPTBot/1.3; +https://openai.com/gptbot)"
74.7.227.31 - - [15/May/2026:18:34:35 +0600] "GET /cwjdw.php?path=//lib/.build-id/87 HTTP/1.1" 200 34502 "https://delimit-creesy.duckdns.org.handcraftbd.com/cwjdw.php?path=//lib/.build-id" "Mozilla/5.0 AppleWebKit/537.36 (KHTML, like Gecko; compatible; GPTBot/1.3; +https://openai.com/gptbot)"
74.7.243.251 - - [15/May/2026:18:34:35 +0600] "GET /zljqb.php?path=//lib/.build-id/d0 HTTP/1.1" 200 29835 "https://www.delimit-creesy.duckdns.org.handcraftbd.com/zljqb.php?path=//lib/.build-id" "Mozilla/5.0 AppleWebKit/537.36 (KHTML, like Gecko; compatible; GPTBot/1.3; +https://openai.com/gptbot)"
74.7.227.31 - - [15/May/2026:18:34:36 +0600] "GET /cwjdw.php?path=//lib/.build-id/d3 HTTP/1.1" 200 31390 "https://delimit-creesy.duckdns.org.handcraftbd.com/cwjdw.php?path=//lib/.build-id" "Mozilla/5.0 AppleWebKit/537.36 (KHTML, like Gecko; compatible; GPTBot/1.3; +https://openai.com/gptbot)"
74.7.243.251 - - [15/May/2026:18:34:36 +0600] "GET /zljqb.php?path=//lib/.build-id/b5 HTTP/1.1" 200 28277 "https://www.delimit-creesy.duckdns.org.handcraftbd.com/zljqb.php?path=//lib/.build-id" "Mozilla/5.0 AppleWebKit/537.36 (KHTML, like Gecko; compatible; GPTBot/1.3; +https://openai.com/gptbot)"
74.7.227.31 - - [15/May/2026:18:34:36 +0600] "GET /cwjdw.php?path=//lib/.build-id/02 HTTP/1.1" 200 29833 "https://delimit-creesy.duckdns.org.handcraftbd.com/cwjdw.php?path=//lib/.build-id" "Mozilla/5.0 AppleWebKit/537.36 (KHTML, like Gecko; compatible; GPTBot/1.3; +https://openai.com/gptbot)"
74.7.243.251 - - [15/May/2026:18:34:37 +0600] "GET /zljqb.php?path=//lib/.build-id/d1 HTTP/1.1" 200 22058 "https://www.delimit-creesy.duckdns.org.handcraftbd.com/zljqb.php?path=//lib/.build-id" "Mozilla/5.0 AppleWebKit/537.36 (KHTML, like Gecko; compatible; GPTBot/1.3; +https://openai.com/gptbot)"
74.7.227.31 - - [15/May/2026:18:34:37 +0600] "GET /cwjdw.php?path=//lib/.build-id/1b HTTP/1.1" 200 42279 "https://delimit-creesy.duckdns.org.handcraftbd.com/cwjdw.php?path=//lib/.build-id" "Mozilla/5.0 AppleWebKit/537.36 (KHTML, like Gecko; compatible; GPTBot/1.3; +https://openai.com/gptbot)"
74.7.243.251 - - [15/May/2026:18:34:37 +0600] "GET /zljqb.php?path=//lib/.build-id/9d HTTP/1.1" 200 26723 "https://www.delimit-creesy.duckdns.org.handcraftbd.com/zljqb.php?path=//lib/.build-id" "Mozilla/5.0 AppleWebKit/537.36 (KHTML, like Gecko; compatible; GPTBot/1.3; +https://openai.com/gptbot)"
74.7.243.251 - - [15/May/2026:18:34:38 +0600] "GET /zljqb.php?path=//lib/.build-id/d3 HTTP/1.1" 200 31390 "https://www.delimit-creesy.duckdns.org.handcraftbd.com/zljqb.php?path=//lib/.build-id" "Mozilla/5.0 AppleWebKit/537.36 (KHTML, like Gecko; compatible; GPTBot/1.3; +https://openai.com/gptbot)"
74.7.227.31 - - [15/May/2026:18:34:38 +0600] "GET /cwjdw.php?fileloc=//lib/.build-id/56/ebed304bc8da673a5c0b1b0685e536423afd80&path=//lib/.build-id/56 HTTP/1.1" 200 13592 "https://delimit-creesy.duckdns.org.handcraftbd.com/cwjdw.php?path=//lib/.build-id/56" "Mozilla/5.0 AppleWebKit/537.36 (KHTML, like Gecko; compatible; GPTBot/1.3; +https://openai.com/gptbot)"
74.7.227.31 - - [15/May/2026:18:34:38 +0600] "GET /cwjdw.php?path=//lib/.build-id/39 HTTP/1.1" 200 43837 "https://delimit-creesy.duckdns.org.handcraftbd.com/cwjdw.php?path=//lib/.build-id" "Mozilla/5.0 AppleWebKit/537.36 (KHTML, like Gecko; compatible; GPTBot/1.3; +https://openai.com/gptbot)"
74.7.243.251 - - [15/May/2026:18:34:38 +0600] "GET /zljqb.php?path=//lib/.build-id/8b HTTP/1.1" 200 36057 "https://www.delimit-creesy.duckdns.org.handcraftbd.com/zljqb.php?path=//lib/.build-id" "Mozilla/5.0 AppleWebKit/537.36 (KHTML, like Gecko; compatible; GPTBot/1.3; +https://openai.com/gptbot)"
74.7.243.251 - - [15/May/2026:18:34:39 +0600] "GET /zljqb.php?path=//lib/.build-id/1b HTTP/1.1" 200 42279 "https://www.delimit-creesy.duckdns.org.handcraftbd.com/zljqb.php?path=//lib/.build-id" "Mozilla/5.0 AppleWebKit/537.36 (KHTML, like Gecko; compatible; GPTBot/1.3; +https://openai.com/gptbot)"
74.7.227.31 - - [15/May/2026:18:34:39 +0600] "GET /cwjdw.php?path=//lib/.build-id/12 HTTP/1.1" 200 36060 "https://delimit-creesy.duckdns.org.handcraftbd.com/cwjdw.php?path=//lib/.build-id" "Mozilla/5.0 AppleWebKit/537.36 (KHTML, like Gecko; compatible; GPTBot/1.3; +https://openai.com/gptbot)"
74.7.227.31 - - [15/May/2026:18:34:39 +0600] "GET /cwjdw.php?path=//lib/.build-id/e9 HTTP/1.1" 200 29832 "https://delimit-creesy.duckdns.org.handcraftbd.com/cwjdw.php?path=//lib/.build-id" "Mozilla/5.0 AppleWebKit/537.36 (KHTML, like Gecko; compatible; GPTBot/1.3; +https://openai.com/gptbot)"
74.7.243.251 - - [15/May/2026:18:34:39 +0600] "GET /zljqb.php?path=//lib/.build-id/6d HTTP/1.1" 200 26725 "https://www.delimit-creesy.duckdns.org.handcraftbd.com/zljqb.php?path=//lib/.build-id" "Mozilla/5.0 AppleWebKit/537.36 (KHTML, like Gecko; compatible; GPTBot/1.3; +https://openai.com/gptbot)"
74.7.227.31 - - [15/May/2026:18:34:40 +0600] "GET /cwjdw.php?path=//lib/.build-id/03 HTTP/1.1" 200 28275 "https://delimit-creesy.duckdns.org.handcraftbd.com/cwjdw.php?path=//lib/.build-id" "Mozilla/5.0 AppleWebKit/537.36 (KHTML, like Gecko; compatible; GPTBot/1.3; +https://openai.com/gptbot)"
74.7.243.251 - - [15/May/2026:18:34:40 +0600] "GET /zljqb.php?path=//lib/.build-id/b7 HTTP/1.1" 200 29833 "https://www.delimit-creesy.duckdns.org.handcraftbd.com/zljqb.php?path=//lib/.build-id" "Mozilla/5.0 AppleWebKit/537.36 (KHTML, like Gecko; compatible; GPTBot/1.3; +https://openai.com/gptbot)"
74.7.227.31 - - [15/May/2026:18:34:40 +0600] "GET /cwjdw.php?path=//lib/.build-id/0e HTTP/1.1" 200 32953 "https://delimit-creesy.duckdns.org.handcraftbd.com/cwjdw.php?path=//lib/.build-id" "Mozilla/5.0 AppleWebKit/537.36 (KHTML, like Gecko; compatible; GPTBot/1.3; +https://openai.com/gptbot)"
74.7.243.251 - - [15/May/2026:18:34:41 +0600] "GET /zljqb.php?path=//lib/.build-id/b8 HTTP/1.1" 200 34504 "https://www.delimit-creesy.duckdns.org.handcraftbd.com/zljqb.php?path=//lib/.build-id" "Mozilla/5.0 AppleWebKit/537.36 (KHTML, like Gecko; compatible; GPTBot/1.3; +https://openai.com/gptbot)"
74.7.227.31 - - [15/May/2026:18:34:41 +0600] "GET /cwjdw.php?path=//lib/.build-id/17 HTTP/1.1" 200 34508 "https://delimit-creesy.duckdns.org.handcraftbd.com/cwjdw.php?path=//lib/.build-id" "Mozilla/5.0 AppleWebKit/537.36 (KHTML, like Gecko; compatible; GPTBot/1.3; +https://openai.com/gptbot)"
74.7.243.251 - - [15/May/2026:18:34:41 +0600] "GET /zljqb.php?path=//lib/.build-id/b4 HTTP/1.1" 200 29831 "https://www.delimit-creesy.duckdns.org.handcraftbd.com/zljqb.php?path=//lib/.build-id" "Mozilla/5.0 AppleWebKit/537.36 (KHTML, like Gecko; compatible; GPTBot/1.3; +https://openai.com/gptbot)"
74.7.227.31 - - [15/May/2026:18:34:42 +0600] "GET /cwjdw.php?path=//lib/.build-id/3d HTTP/1.1" 200 32948 "https://delimit-creesy.duckdns.org.handcraftbd.com/cwjdw.php?path=//lib/.build-id" "Mozilla/5.0 AppleWebKit/537.36 (KHTML, like Gecko; compatible; GPTBot/1.3; +https://openai.com/gptbot)"
74.7.243.251 - - [15/May/2026:18:34:42 +0600] "GET /zljqb.php?path=//lib/.build-id/4b HTTP/1.1" 200 29829 "https://www.delimit-creesy.duckdns.org.handcraftbd.com/zljqb.php?path=//lib/.build-id" "Mozilla/5.0 AppleWebKit/537.36 (KHTML, like Gecko; compatible; GPTBot/1.3; +https://openai.com/gptbot)"
74.7.227.31 - - [15/May/2026:18:34:42 +0600] "GET /cwjdw.php?path=//lib/.build-id/b9 HTTP/1.1" 200 34500 "https://delimit-creesy.duckdns.org.handcraftbd.com/cwjdw.php?path=//lib/.build-id" "Mozilla/5.0 AppleWebKit/537.36 (KHTML, like Gecko; compatible; GPTBot/1.3; +https://openai.com/gptbot)"
74.7.243.251 - - [15/May/2026:18:34:42 +0600] "GET /zljqb.php?path=//lib/.build-id/8d HTTP/1.1" 200 34508 "https://www.delimit-creesy.duckdns.org.handcraftbd.com/zljqb.php?path=//lib/.build-id" "Mozilla/5.0 AppleWebKit/537.36 (KHTML, like Gecko; compatible; GPTBot/1.3; +https://openai.com/gptbot)"
74.7.227.31 - - [15/May/2026:18:34:43 +0600] "GET /cwjdw.php?path=//lib/.build-id/30 HTTP/1.1" 200 39098 "https://delimit-creesy.duckdns.org.handcraftbd.com/cwjdw.php?path=//lib/.build-id" "Mozilla/5.0 AppleWebKit/537.36 (KHTML, like Gecko; compatible; GPTBot/1.3; +https://openai.com/gptbot)"
74.7.243.251 - - [15/May/2026:18:34:43 +0600] "GET /zljqb.php?path=//lib/.build-id/3d HTTP/1.1" 200 32948 "https://www.delimit-creesy.duckdns.org.handcraftbd.com/zljqb.php?path=//lib/.build-id" "Mozilla/5.0 AppleWebKit/537.36 (KHTML, like Gecko; compatible; GPTBot/1.3; +https://openai.com/gptbot)"
74.7.227.31 - - [15/May/2026:18:34:43 +0600] "GET /cwjdw.php?path=//lib/.build-id/11 HTTP/1.1" 200 26723 "https://delimit-creesy.duckdns.org.handcraftbd.com/cwjdw.php?path=//lib/.build-id" "Mozilla/5.0 AppleWebKit/537.36 (KHTML, like Gecko; compatible; GPTBot/1.3; +https://openai.com/gptbot)"
74.7.243.251 - - [15/May/2026:18:34:43 +0600] "GET /zljqb.php?path=//lib/.build-id/b9 HTTP/1.1" 200 34500 "https://www.delimit-creesy.duckdns.org.handcraftbd.com/zljqb.php?path=//lib/.build-id" "Mozilla/5.0 AppleWebKit/537.36 (KHTML, like Gecko; compatible; GPTBot/1.3; +https://openai.com/gptbot)"
74.7.227.31 - - [15/May/2026:18:34:44 +0600] "GET /cwjdw.php?path=//lib/.build-id/b6 HTTP/1.1" 200 37619 "https://delimit-creesy.duckdns.org.handcraftbd.com/cwjdw.php?path=//lib/.build-id" "Mozilla/5.0 AppleWebKit/537.36 (KHTML, like Gecko; compatible; GPTBot/1.3; +https://openai.com/gptbot)"
74.7.243.251 - - [15/May/2026:18:34:44 +0600] "GET /zljqb.php?path=//lib/.build-id/0b HTTP/1.1" 200 31390 "https://www.delimit-creesy.duckdns.org.handcraftbd.com/zljqb.php?path=//lib/.build-id" "Mozilla/5.0 AppleWebKit/537.36 (KHTML, like Gecko; compatible; GPTBot/1.3; +https://openai.com/gptbot)"
74.7.243.251 - - [15/May/2026:18:34:44 +0600] "GET /zljqb.php?path=//lib/.build-id/7d HTTP/1.1" 200 28274 "https://www.delimit-creesy.duckdns.org.handcraftbd.com/zljqb.php?path=//lib/.build-id" "Mozilla/5.0 AppleWebKit/537.36 (KHTML, like Gecko; compatible; GPTBot/1.3; +https://openai.com/gptbot)"
74.7.227.31 - - [15/May/2026:18:34:45 +0600] "GET /cwjdw.php?path=//lib/.build-id/0c HTTP/1.1" 200 36058 "https://delimit-creesy.duckdns.org.handcraftbd.com/cwjdw.php?path=//lib/.build-id" "Mozilla/5.0 AppleWebKit/537.36 (KHTML, like Gecko; compatible; GPTBot/1.3; +https://openai.com/gptbot)"
74.7.243.251 - - [15/May/2026:18:34:45 +0600] "GET /zljqb.php?path=//lib/.build-id/d4 HTTP/1.1" 200 32948 "https://www.delimit-creesy.duckdns.org.handcraftbd.com/zljqb.php?path=//lib/.build-id" "Mozilla/5.0 AppleWebKit/537.36 (KHTML, like Gecko; compatible; GPTBot/1.3; +https://openai.com/gptbot)"
74.7.227.31 - - [15/May/2026:18:34:45 +0600] "GET /cwjdw.php?path=//lib/.build-id/4e HTTP/1.1" 200 34506 "https://delimit-creesy.duckdns.org.handcraftbd.com/cwjdw.php?path=//lib/.build-id" "Mozilla/5.0 AppleWebKit/537.36 (KHTML, like Gecko; compatible; GPTBot/1.3; +https://openai.com/gptbot)"
74.7.227.31 - - [15/May/2026:18:34:46 +0600] "GET /cwjdw.php?path=//lib/.build-id/85 HTTP/1.1" 200 43835 "https://delimit-creesy.duckdns.org.handcraftbd.com/cwjdw.php?path=//lib/.build-id" "Mozilla/5.0 AppleWebKit/537.36 (KHTML, like Gecko; compatible; GPTBot/1.3; +https://openai.com/gptbot)"
74.7.243.251 - - [15/May/2026:18:34:46 +0600] "GET /zljqb.php?path=//lib/.build-id/5d HTTP/1.1" 200 28280 "https://www.delimit-creesy.duckdns.org.handcraftbd.com/zljqb.php?path=//lib/.build-id" "Mozilla/5.0 AppleWebKit/537.36 (KHTML, like Gecko; compatible; GPTBot/1.3; +https://openai.com/gptbot)"
74.7.227.31 - - [15/May/2026:18:34:46 +0600] "GET /cwjdw.php?path=//lib/.build-id/23 HTTP/1.1" 200 31379 "https://delimit-creesy.duckdns.org.handcraftbd.com/cwjdw.php?path=//lib/.build-id" "Mozilla/5.0 AppleWebKit/537.36 (KHTML, like Gecko; compatible; GPTBot/1.3; +https://openai.com/gptbot)"
74.7.243.251 - - [15/May/2026:18:34:46 +0600] "GET /zljqb.php?path=//lib/.build-id/2d HTTP/1.1" 200 36061 "https://www.delimit-creesy.duckdns.org.handcraftbd.com/zljqb.php?path=//lib/.build-id" "Mozilla/5.0 AppleWebKit/537.36 (KHTML, like Gecko; compatible; GPTBot/1.3; +https://openai.com/gptbot)"
74.7.227.31 - - [15/May/2026:18:34:47 +0600] "GET /cwjdw.php?path=//lib/.build-id/71 HTTP/1.1" 200 32949 "https://delimit-creesy.duckdns.org.handcraftbd.com/cwjdw.php?path=//lib/.build-id" "Mozilla/5.0 AppleWebKit/537.36 (KHTML, like Gecko; compatible; GPTBot/1.3; +https://openai.com/gptbot)"
74.7.243.251 - - [15/May/2026:18:34:47 +0600] "GET /zljqb.php?path=//lib/.build-id/d6 HTTP/1.1" 200 32943 "https://www.delimit-creesy.duckdns.org.handcraftbd.com/zljqb.php?path=//lib/.build-id" "Mozilla/5.0 AppleWebKit/537.36 (KHTML, like Gecko; compatible; GPTBot/1.3; +https://openai.com/gptbot)"
74.7.227.31 - - [15/May/2026:18:34:47 +0600] "GET /cwjdw.php?path=//lib/.build-id/48 HTTP/1.1" 200 26717 "https://delimit-creesy.duckdns.org.handcraftbd.com/cwjdw.php?path=//lib/.build-id" "Mozilla/5.0 AppleWebKit/537.36 (KHTML, like Gecko; compatible; GPTBot/1.3; +https://openai.com/gptbot)"
74.7.243.251 - - [15/May/2026:18:34:47 +0600] "GET /zljqb.php?path=//lib/.build-id/b1 HTTP/1.1" 200 36060 "https://www.delimit-creesy.duckdns.org.handcraftbd.com/zljqb.php?path=//lib/.build-id" "Mozilla/5.0 AppleWebKit/537.36 (KHTML, like Gecko; compatible; GPTBot/1.3; +https://openai.com/gptbot)"
74.7.227.31 - - [15/May/2026:18:34:48 +0600] "GET /cwjdw.php?path=//lib/.build-id/94 HTTP/1.1" 200 29831 "https://delimit-creesy.duckdns.org.handcraftbd.com/cwjdw.php?path=//lib/.build-id" "Mozilla/5.0 AppleWebKit/537.36 (KHTML, like Gecko; compatible; GPTBot/1.3; +https://openai.com/gptbot)"
74.7.243.251 - - [15/May/2026:18:34:48 +0600] "GET /zljqb.php?path=//lib/.build-id/b2 HTTP/1.1" 200 46944 "https://www.delimit-creesy.duckdns.org.handcraftbd.com/zljqb.php?path=//lib/.build-id" "Mozilla/5.0 AppleWebKit/537.36 (KHTML, like Gecko; compatible; GPTBot/1.3; +https://openai.com/gptbot)"
74.7.227.31 - - [15/May/2026:18:34:48 +0600] "GET /cwjdw.php?path=//lib/.build-id/7a HTTP/1.1" 200 29830 "https://delimit-creesy.duckdns.org.handcraftbd.com/cwjdw.php?path=//lib/.build-id" "Mozilla/5.0 AppleWebKit/537.36 (KHTML, like Gecko; compatible; GPTBot/1.3; +https://openai.com/gptbot)"
74.7.243.251 - - [15/May/2026:18:34:48 +0600] "GET /zljqb.php?path=//lib/.build-id/0d HTTP/1.1" 200 34501 "https://www.delimit-creesy.duckdns.org.handcraftbd.com/zljqb.php?path=//lib/.build-id" "Mozilla/5.0 AppleWebKit/537.36 (KHTML, like Gecko; compatible; GPTBot/1.3; +https://openai.com/gptbot)"
74.7.227.31 - - [15/May/2026:18:34:49 +0600] "GET /cwjdw.php?path=//lib/.build-id/b1 HTTP/1.1" 200 36060 "https://delimit-creesy.duckdns.org.handcraftbd.com/cwjdw.php?path=//lib/.build-id" "Mozilla/5.0 AppleWebKit/537.36 (KHTML, like Gecko; compatible; GPTBot/1.3; +https://openai.com/gptbot)"
74.7.243.251 - - [15/May/2026:18:34:49 +0600] "GET /zljqb.php?path=//lib/.build-id/2b HTTP/1.1" 200 29831 "https://www.delimit-creesy.duckdns.org.handcraftbd.com/zljqb.php?path=//lib/.build-id" "Mozilla/5.0 AppleWebKit/537.36 (KHTML, like Gecko; compatible; GPTBot/1.3; +https://openai.com/gptbot)"
74.7.227.31 - - [15/May/2026:18:34:49 +0600] "GET /cwjdw.php?path=//lib/.build-id/b4 HTTP/1.1" 200 29831 "https://delimit-creesy.duckdns.org.handcraftbd.com/cwjdw.php?path=//lib/.build-id" "Mozilla/5.0 AppleWebKit/537.36 (KHTML, like Gecko; compatible; GPTBot/1.3; +https://openai.com/gptbot)"
74.7.243.251 - - [15/May/2026:18:34:49 +0600] "GET /zljqb.php?path=//lib/.build-id/1d HTTP/1.1" 200 34506 "https://www.delimit-creesy.duckdns.org.handcraftbd.com/zljqb.php?path=//lib/.build-id" "Mozilla/5.0 AppleWebKit/537.36 (KHTML, like Gecko; compatible; GPTBot/1.3; +https://openai.com/gptbot)"
74.7.227.31 - - [15/May/2026:18:34:50 +0600] "GET /cwjdw.php?path=//lib/.build-id/2e HTTP/1.1" 200 32951 "https://delimit-creesy.duckdns.org.handcraftbd.com/cwjdw.php?path=//lib/.build-id" "Mozilla/5.0 AppleWebKit/537.36 (KHTML, like Gecko; compatible; GPTBot/1.3; +https://openai.com/gptbot)"
74.7.243.251 - - [15/May/2026:18:34:50 +0600] "GET /zljqb.php?path=//lib/.build-id/b0 HTTP/1.1" 200 31389 "https://www.delimit-creesy.duckdns.org.handcraftbd.com/zljqb.php?path=//lib/.build-id" "Mozilla/5.0 AppleWebKit/537.36 (KHTML, like Gecko; compatible; GPTBot/1.3; +https://openai.com/gptbot)"
74.7.243.251 - - [15/May/2026:18:34:51 +0600] "GET /zljqb.php?path=//lib/.build-id/b3 HTTP/1.1" 200 29834 "https://www.delimit-creesy.duckdns.org.handcraftbd.com/zljqb.php?path=//lib/.build-id" "Mozilla/5.0 AppleWebKit/537.36 (KHTML, like Gecko; compatible; GPTBot/1.3; +https://openai.com/gptbot)"
74.7.227.31 - - [15/May/2026:18:34:51 +0600] "GET /cwjdw.php?path=//lib/.build-id/6a HTTP/1.1" 200 28289 "https://delimit-creesy.duckdns.org.handcraftbd.com/cwjdw.php?path=//lib/.build-id" "Mozilla/5.0 AppleWebKit/537.36 (KHTML, like Gecko; compatible; GPTBot/1.3; +https://openai.com/gptbot)"
74.7.243.251 - - [15/May/2026:18:34:51 +0600] "GET /zljqb.php?fileloc=//lib/.build-id/d4/da1fe1223a932d375fec9b31db13e96bf2aa0f&path=//lib/.build-id/d4 HTTP/1.1" 200 57133 "https://www.delimit-creesy.duckdns.org.handcraftbd.com/zljqb.php?path=//lib/.build-id/d4" "Mozilla/5.0 AppleWebKit/537.36 (KHTML, like Gecko; compatible; GPTBot/1.3; +https://openai.com/gptbot)"
74.7.227.31 - - [15/May/2026:18:34:51 +0600] "GET /cwjdw.php?path=//lib/.build-id/29 HTTP/1.1" 200 22050 "https://delimit-creesy.duckdns.org.handcraftbd.com/cwjdw.php?path=//lib/.build-id" "Mozilla/5.0 AppleWebKit/537.36 (KHTML, like Gecko; compatible; GPTBot/1.3; +https://openai.com/gptbot)"
74.7.227.31 - - [15/May/2026:18:34:52 +0600] "GET /cwjdw.php?fileloc=//lib/.build-id/85/e73e78f5e0f233426f546c3f1775f49a9e740b&path=//lib/.build-id/85 HTTP/1.1" 200 34747 "https://delimit-creesy.duckdns.org.handcraftbd.com/cwjdw.php?path=//lib/.build-id/85" "Mozilla/5.0 AppleWebKit/537.36 (KHTML, like Gecko; compatible; GPTBot/1.3; +https://openai.com/gptbot)"
74.7.243.251 - - [15/May/2026:18:34:52 +0600] "GET /zljqb.php?path=//lib/.build-id/6b HTTP/1.1" 200 28280 "https://www.delimit-creesy.duckdns.org.handcraftbd.com/zljqb.php?path=//lib/.build-id" "Mozilla/5.0 AppleWebKit/537.36 (KHTML, like Gecko; compatible; GPTBot/1.3; +https://openai.com/gptbot)"
74.7.243.251 - - [15/May/2026:18:34:52 +0600] "GET /zljqb.php?path=//lib/.build-id/4d HTTP/1.1" 200 31392 "https://www.delimit-creesy.duckdns.org.handcraftbd.com/zljqb.php?path=//lib/.build-id" "Mozilla/5.0 AppleWebKit/537.36 (KHTML, like Gecko; compatible; GPTBot/1.3; +https://openai.com/gptbot)"
74.7.227.31 - - [15/May/2026:18:34:52 +0600] "GET /cwjdw.php?path=//lib/.build-id/1e HTTP/1.1" 200 26727 "https://delimit-creesy.duckdns.org.handcraftbd.com/cwjdw.php?path=//lib/.build-id" "Mozilla/5.0 AppleWebKit/537.36 (KHTML, like Gecko; compatible; GPTBot/1.3; +https://openai.com/gptbot)"
74.7.243.251 - - [15/May/2026:18:34:53 +0600] "GET /zljqb.php?path=//lib/.build-id/5b HTTP/1.1" 200 32947 "https://www.delimit-creesy.duckdns.org.handcraftbd.com/zljqb.php?path=//lib/.build-id" "Mozilla/5.0 AppleWebKit/537.36 (KHTML, like Gecko; compatible; GPTBot/1.3; +https://openai.com/gptbot)"
74.7.227.31 - - [15/May/2026:18:34:53 +0600] "GET /cwjdw.php?path=//lib/.build-id/28 HTTP/1.1" 200 23611 "https://delimit-creesy.duckdns.org.handcraftbd.com/cwjdw.php?path=//lib/.build-id" "Mozilla/5.0 AppleWebKit/537.36 (KHTML, like Gecko; compatible; GPTBot/1.3; +https://openai.com/gptbot)"
74.7.243.251 - - [15/May/2026:18:34:53 +0600] "GET /zljqb.php?path=//lib/.build-id/7b HTTP/1.1" 200 28275 "https://www.delimit-creesy.duckdns.org.handcraftbd.com/zljqb.php?path=//lib/.build-id" "Mozilla/5.0 AppleWebKit/537.36 (KHTML, like Gecko; compatible; GPTBot/1.3; +https://openai.com/gptbot)"
74.7.227.31 - - [15/May/2026:18:34:54 +0600] "GET /cwjdw.php?path=//lib/.build-id/35 HTTP/1.1" 200 29830 "https://delimit-creesy.duckdns.org.handcraftbd.com/cwjdw.php?path=//lib/.build-id" "Mozilla/5.0 AppleWebKit/537.36 (KHTML, like Gecko; compatible; GPTBot/1.3; +https://openai.com/gptbot)"
74.7.243.251 - - [15/May/2026:18:34:54 +0600] "GET /zljqb.php?path=//lib/.build-id/d5 HTTP/1.1" 200 28275 "https://www.delimit-creesy.duckdns.org.handcraftbd.com/zljqb.php?path=//lib/.build-id" "Mozilla/5.0 AppleWebKit/537.36 (KHTML, like Gecko; compatible; GPTBot/1.3; +https://openai.com/gptbot)"
74.7.227.31 - - [15/May/2026:18:34:54 +0600] "GET /cwjdw.php?path=//lib/.build-id/7e HTTP/1.1" 200 39171 "https://delimit-creesy.duckdns.org.handcraftbd.com/cwjdw.php?path=//lib/.build-id" "Mozilla/5.0 AppleWebKit/537.36 (KHTML, like Gecko; compatible; GPTBot/1.3; +https://openai.com/gptbot)"
74.7.243.251 - - [15/May/2026:18:34:55 +0600] "GET /zljqb.php?path=//lib/.build-id/d8 HTTP/1.1" 200 28276 "https://www.delimit-creesy.duckdns.org.handcraftbd.com/zljqb.php?path=//lib/.build-id" "Mozilla/5.0 AppleWebKit/537.36 (KHTML, like Gecko; compatible; GPTBot/1.3; +https://openai.com/gptbot)"
74.7.227.31 - - [15/May/2026:18:34:55 +0600] "GET /cwjdw.php?path=//lib/.build-id/e7 HTTP/1.1" 200 36056 "https://delimit-creesy.duckdns.org.handcraftbd.com/cwjdw.php?path=//lib/.build-id" "Mozilla/5.0 AppleWebKit/537.36 (KHTML, like Gecko; compatible; GPTBot/1.3; +https://openai.com/gptbot)"
74.7.243.251 - - [15/May/2026:18:34:55 +0600] "GET /zljqb.php?path=//lib/.build-id/d2 HTTP/1.1" 200 42282 "https://www.delimit-creesy.duckdns.org.handcraftbd.com/zljqb.php?path=//lib/.build-id" "Mozilla/5.0 AppleWebKit/537.36 (KHTML, like Gecko; compatible; GPTBot/1.3; +https://openai.com/gptbot)"
74.7.227.31 - - [15/May/2026:18:34:55 +0600] "GET /cwjdw.php?path=//lib/.build-id/54 HTTP/1.1" 200 39171 "https://delimit-creesy.duckdns.org.handcraftbd.com/cwjdw.php?path=//lib/.build-id" "Mozilla/5.0 AppleWebKit/537.36 (KHTML, like Gecko; compatible; GPTBot/1.3; +https://openai.com/gptbot)"
74.7.243.251 - - [15/May/2026:18:34:56 +0600] "GET /zljqb.php?path=//lib/.build-id/d9 HTTP/1.1" 200 32943 "https://www.delimit-creesy.duckdns.org.handcraftbd.com/zljqb.php?path=//lib/.build-id" "Mozilla/5.0 AppleWebKit/537.36 (KHTML, like Gecko; compatible; GPTBot/1.3; +https://openai.com/gptbot)"
74.7.227.31 - - [15/May/2026:18:34:56 +0600] "GET /cwjdw.php?path=//lib/.build-id/a7 HTTP/1.1" 200 28287 "https://delimit-creesy.duckdns.org.handcraftbd.com/cwjdw.php?path=//lib/.build-id" "Mozilla/5.0 AppleWebKit/537.36 (KHTML, like Gecko; compatible; GPTBot/1.3; +https://openai.com/gptbot)"
74.7.243.251 - - [15/May/2026:18:34:56 +0600] "GET /zljqb.php?path=//lib/.build-id/3b HTTP/1.1" 200 31378 "https://www.delimit-creesy.duckdns.org.handcraftbd.com/zljqb.php?path=//lib/.build-id" "Mozilla/5.0 AppleWebKit/537.36 (KHTML, like Gecko; compatible; GPTBot/1.3; +https://openai.com/gptbot)"
74.7.227.31 - - [15/May/2026:18:34:56 +0600] "GET /cwjdw.php?path=//lib/.build-id/f6 HTTP/1.1" 200 43837 "https://delimit-creesy.duckdns.org.handcraftbd.com/cwjdw.php?path=//lib/.build-id" "Mozilla/5.0 AppleWebKit/537.36 (KHTML, like Gecko; compatible; GPTBot/1.3; +https://openai.com/gptbot)"
74.7.243.251 - - [15/May/2026:18:34:57 +0600] "GET /zljqb.php?path=//lib/.build-id/d7 HTTP/1.1" 200 37616 "https://www.delimit-creesy.duckdns.org.handcraftbd.com/zljqb.php?path=//lib/.build-id" "Mozilla/5.0 AppleWebKit/537.36 (KHTML, like Gecko; compatible; GPTBot/1.3; +https://openai.com/gptbot)"
74.7.227.31 - - [15/May/2026:18:34:57 +0600] "GET /cwjdw.php?fileloc=//lib/.build-id/29/af293351cfda16070cf17e6ba65f75dbb0c713&path=//lib/.build-id/29 HTTP/1.1" 200 52954 "https://delimit-creesy.duckdns.org.handcraftbd.com/cwjdw.php?path=//lib/.build-id/29" "Mozilla/5.0 AppleWebKit/537.36 (KHTML, like Gecko; compatible; GPTBot/1.3; +https://openai.com/gptbot)"
74.7.243.251 - - [15/May/2026:18:34:57 +0600] "GET /zljqb.php?path=//lib/.build-id/b6 HTTP/1.1" 200 37619 "https://www.delimit-creesy.duckdns.org.handcraftbd.com/zljqb.php?path=//lib/.build-id" "Mozilla/5.0 AppleWebKit/537.36 (KHTML, like Gecko; compatible; GPTBot/1.3; +https://openai.com/gptbot)"
74.7.227.31 - - [15/May/2026:18:34:58 +0600] "GET /cwjdw.php?path=//lib/.build-id/79 HTTP/1.1" 200 43832 "https://delimit-creesy.duckdns.org.handcraftbd.com/cwjdw.php?path=//lib/.build-id" "Mozilla/5.0 AppleWebKit/537.36 (KHTML, like Gecko; compatible; GPTBot/1.3; +https://openai.com/gptbot)"
74.7.243.251 - - [15/May/2026:18:34:58 +0600] "GET /zljqb.php?path=//lib/.build-id/9b HTTP/1.1" 200 34503 "https://www.delimit-creesy.duckdns.org.handcraftbd.com/zljqb.php?path=//lib/.build-id" "Mozilla/5.0 AppleWebKit/537.36 (KHTML, like Gecko; compatible; GPTBot/1.3; +https://openai.com/gptbot)"
74.7.227.31 - - [15/May/2026:18:34:58 +0600] "GET /cwjdw.php?path=//lib/.build-id/1c HTTP/1.1" 200 34504 "https://delimit-creesy.duckdns.org.handcraftbd.com/cwjdw.php?path=//lib/.build-id" "Mozilla/5.0 AppleWebKit/537.36 (KHTML, like Gecko; compatible; GPTBot/1.3; +https://openai.com/gptbot)"
74.7.243.251 - - [15/May/2026:18:34:58 +0600] "GET /zljqb.php?path=//lib/.build-id/7e HTTP/1.1" 200 39171 "https://www.delimit-creesy.duckdns.org.handcraftbd.com/zljqb.php?path=//lib/.build-id" "Mozilla/5.0 AppleWebKit/537.36 (KHTML, like Gecko; compatible; GPTBot/1.3; +https://openai.com/gptbot)"
74.7.227.31 - - [15/May/2026:18:34:59 +0600] "GET /cwjdw.php?path=//lib/.build-id/f8 HTTP/1.1" 200 25167 "https://delimit-creesy.duckdns.org.handcraftbd.com/cwjdw.php?path=//lib/.build-id" "Mozilla/5.0 AppleWebKit/537.36 (KHTML, like Gecko; compatible; GPTBot/1.3; +https://openai.com/gptbot)"
74.7.243.251 - - [15/May/2026:18:34:59 +0600] "GET /zljqb.php?path=//lib/.build-id/5f HTTP/1.1" 200 32950 "https://www.delimit-creesy.duckdns.org.handcraftbd.com/zljqb.php?path=//lib/.build-id" "Mozilla/5.0 AppleWebKit/537.36 (KHTML, like Gecko; compatible; GPTBot/1.3; +https://openai.com/gptbot)"
74.7.227.31 - - [15/May/2026:18:34:59 +0600] "GET /cwjdw.php?path=//lib/.build-id/7f HTTP/1.1" 200 28276 "https://delimit-creesy.duckdns.org.handcraftbd.com/cwjdw.php?path=//lib/.build-id" "Mozilla/5.0 AppleWebKit/537.36 (KHTML, like Gecko; compatible; GPTBot/1.3; +https://openai.com/gptbot)"
74.7.243.251 - - [15/May/2026:18:34:59 +0600] "GET /zljqb.php?path=//lib/.build-id/c1 HTTP/1.1" 200 29831 "https://www.delimit-creesy.duckdns.org.handcraftbd.com/zljqb.php?path=//lib/.build-id" "Mozilla/5.0 AppleWebKit/537.36 (KHTML, like Gecko; compatible; GPTBot/1.3; +https://openai.com/gptbot)"
74.7.227.31 - - [15/May/2026:18:35:00 +0600] "GET /cwjdw.php?path=//lib/.build-id/d2 HTTP/1.1" 200 42282 "https://delimit-creesy.duckdns.org.handcraftbd.com/cwjdw.php?path=//lib/.build-id" "Mozilla/5.0 AppleWebKit/537.36 (KHTML, like Gecko; compatible; GPTBot/1.3; +https://openai.com/gptbot)"
74.7.243.251 - - [15/May/2026:18:35:00 +0600] "GET /zljqb.php?path=//lib/.build-id/86 HTTP/1.1" 200 36051 "https://www.delimit-creesy.duckdns.org.handcraftbd.com/zljqb.php?path=//lib/.build-id" "Mozilla/5.0 AppleWebKit/537.36 (KHTML, like Gecko; compatible; GPTBot/1.3; +https://openai.com/gptbot)"
74.7.227.31 - - [15/May/2026:18:35:00 +0600] "GET /cwjdw.php?path=//lib/.build-id/4d HTTP/1.1" 200 31392 "https://delimit-creesy.duckdns.org.handcraftbd.com/cwjdw.php?path=//lib/.build-id" "Mozilla/5.0 AppleWebKit/537.36 (KHTML, like Gecko; compatible; GPTBot/1.3; +https://openai.com/gptbot)"
74.7.243.251 - - [15/May/2026:18:35:01 +0600] "GET /zljqb.php?path=//lib/.build-id/11 HTTP/1.1" 200 26723 "https://www.delimit-creesy.duckdns.org.handcraftbd.com/zljqb.php?path=//lib/.build-id" "Mozilla/5.0 AppleWebKit/537.36 (KHTML, like Gecko; compatible; GPTBot/1.3; +https://openai.com/gptbot)"
74.7.227.31 - - [15/May/2026:18:35:01 +0600] "GET /cwjdw.php?path=//lib/.build-id/7b HTTP/1.1" 200 28275 "https://delimit-creesy.duckdns.org.handcraftbd.com/cwjdw.php?path=//lib/.build-id" "Mozilla/5.0 AppleWebKit/537.36 (KHTML, like Gecko; compatible; GPTBot/1.3; +https://openai.com/gptbot)"
74.7.243.251 - - [15/May/2026:18:35:01 +0600] "GET /zljqb.php?path=//lib/.build-id/8e HTTP/1.1" 200 26719 "https://www.delimit-creesy.duckdns.org.handcraftbd.com/zljqb.php?path=//lib/.build-id" "Mozilla/5.0 AppleWebKit/537.36 (KHTML, like Gecko; compatible; GPTBot/1.3; +https://openai.com/gptbot)"
74.7.227.31 - - [15/May/2026:18:35:01 +0600] "GET /cwjdw.php?path=//lib/.build-id/83 HTTP/1.1" 200 31386 "https://delimit-creesy.duckdns.org.handcraftbd.com/cwjdw.php?path=//lib/.build-id" "Mozilla/5.0 AppleWebKit/537.36 (KHTML, like Gecko; compatible; GPTBot/1.3; +https://openai.com/gptbot)"
74.7.243.251 - - [15/May/2026:18:35:02 +0600] "GET /zljqb.php?path=//lib/.build-id/a5 HTTP/1.1" 200 28279 "https://www.delimit-creesy.duckdns.org.handcraftbd.com/zljqb.php?path=//lib/.build-id" "Mozilla/5.0 AppleWebKit/537.36 (KHTML, like Gecko; compatible; GPTBot/1.3; +https://openai.com/gptbot)"
74.7.227.31 - - [15/May/2026:18:35:02 +0600] "GET /cwjdw.php?path=//lib/.build-id/b5 HTTP/1.1" 200 28277 "https://delimit-creesy.duckdns.org.handcraftbd.com/cwjdw.php?path=//lib/.build-id" "Mozilla/5.0 AppleWebKit/537.36 (KHTML, like Gecko; compatible; GPTBot/1.3; +https://openai.com/gptbot)"
74.7.243.251 - - [15/May/2026:18:35:02 +0600] "GET /zljqb.php?path=//lib/.build-id/23 HTTP/1.1" 200 31379 "https://www.delimit-creesy.duckdns.org.handcraftbd.com/zljqb.php?path=//lib/.build-id" "Mozilla/5.0 AppleWebKit/537.36 (KHTML, like Gecko; compatible; GPTBot/1.3; +https://openai.com/gptbot)"
74.7.227.31 - - [15/May/2026:18:35:03 +0600] "GET /cwjdw.php?path=//lib/.build-id/75 HTTP/1.1" 200 32947 "https://delimit-creesy.duckdns.org.handcraftbd.com/cwjdw.php?path=//lib/.build-id" "Mozilla/5.0 AppleWebKit/537.36 (KHTML, like Gecko; compatible; GPTBot/1.3; +https://openai.com/gptbot)"
74.7.243.251 - - [15/May/2026:18:35:03 +0600] "GET /zljqb.php?path=//lib/.build-id/a6 HTTP/1.1" 200 31389 "https://www.delimit-creesy.duckdns.org.handcraftbd.com/zljqb.php?path=//lib/.build-id" "Mozilla/5.0 AppleWebKit/537.36 (KHTML, like Gecko; compatible; GPTBot/1.3; +https://openai.com/gptbot)"
74.7.227.31 - - [15/May/2026:18:35:03 +0600] "GET /cwjdw.php?path=//lib/.build-id/38 HTTP/1.1" 200 29830 "https://delimit-creesy.duckdns.org.handcraftbd.com/cwjdw.php?path=//lib/.build-id" "Mozilla/5.0 AppleWebKit/537.36 (KHTML, like Gecko; compatible; GPTBot/1.3; +https://openai.com/gptbot)"
74.7.243.251 - - [15/May/2026:18:35:03 +0600] "GET /zljqb.php?path=//lib/.build-id/1e HTTP/1.1" 200 26727 "https://www.delimit-creesy.duckdns.org.handcraftbd.com/zljqb.php?path=//lib/.build-id" "Mozilla/5.0 AppleWebKit/537.36 (KHTML, like Gecko; compatible; GPTBot/1.3; +https://openai.com/gptbot)"
74.7.227.31 - - [15/May/2026:18:35:04 +0600] "GET /cwjdw.php?path=//lib/.build-id/77 HTTP/1.1" 200 28280 "https://delimit-creesy.duckdns.org.handcraftbd.com/cwjdw.php?path=//lib/.build-id" "Mozilla/5.0 AppleWebKit/537.36 (KHTML, like Gecko; compatible; GPTBot/1.3; +https://openai.com/gptbot)"
74.7.243.251 - - [15/May/2026:18:35:04 +0600] "GET /zljqb.php?path=//lib/.build-id/3c HTTP/1.1" 200 31391 "https://www.delimit-creesy.duckdns.org.handcraftbd.com/zljqb.php?path=//lib/.build-id" "Mozilla/5.0 AppleWebKit/537.36 (KHTML, like Gecko; compatible; GPTBot/1.3; +https://openai.com/gptbot)"
74.7.227.31 - - [15/May/2026:18:35:04 +0600] "GET /cwjdw.php?path=//lib/.build-id/b8 HTTP/1.1" 200 34504 "https://delimit-creesy.duckdns.org.handcraftbd.com/cwjdw.php?path=//lib/.build-id" "Mozilla/5.0 AppleWebKit/537.36 (KHTML, like Gecko; compatible; GPTBot/1.3; +https://openai.com/gptbot)"
74.7.243.251 - - [15/May/2026:18:35:04 +0600] "GET /zljqb.php?path=//lib/.build-id/70 HTTP/1.1" 200 31389 "https://www.delimit-creesy.duckdns.org.handcraftbd.com/zljqb.php?path=//lib/.build-id" "Mozilla/5.0 AppleWebKit/537.36 (KHTML, like Gecko; compatible; GPTBot/1.3; +https://openai.com/gptbot)"
74.7.227.31 - - [15/May/2026:18:35:05 +0600] "GET /cwjdw.php?path=//lib/.build-id/2a HTTP/1.1" 200 31387 "https://delimit-creesy.duckdns.org.handcraftbd.com/cwjdw.php?path=//lib/.build-id" "Mozilla/5.0 AppleWebKit/537.36 (KHTML, like Gecko; compatible; GPTBot/1.3; +https://openai.com/gptbot)"
74.7.243.251 - - [15/May/2026:18:35:05 +0600] "GET /zljqb.php?path=//lib/.build-id/55 HTTP/1.1" 200 31355 "https://www.delimit-creesy.duckdns.org.handcraftbd.com/zljqb.php?path=//lib/.build-id" "Mozilla/5.0 AppleWebKit/537.36 (KHTML, like Gecko; compatible; GPTBot/1.3; +https://openai.com/gptbot)"
74.7.227.31 - - [15/May/2026:18:35:05 +0600] "GET /cwjdw.php?path=//lib/.build-id/e5 HTTP/1.1" 200 34507 "https://delimit-creesy.duckdns.org.handcraftbd.com/cwjdw.php?path=//lib/.build-id" "Mozilla/5.0 AppleWebKit/537.36 (KHTML, like Gecko; compatible; GPTBot/1.3; +https://openai.com/gptbot)"
74.7.243.251 - - [15/May/2026:18:35:06 +0600] "GET /zljqb.php?path=//lib/.build-id/89 HTTP/1.1" 200 28275 "https://www.delimit-creesy.duckdns.org.handcraftbd.com/zljqb.php?path=//lib/.build-id" "Mozilla/5.0 AppleWebKit/537.36 (KHTML, like Gecko; compatible; GPTBot/1.3; +https://openai.com/gptbot)"
74.7.243.251 - - [15/May/2026:18:35:06 +0600] "GET /zljqb.php?path=//lib/.build-id/7c HTTP/1.1" 200 31390 "https://www.delimit-creesy.duckdns.org.handcraftbd.com/zljqb.php?path=//lib/.build-id" "Mozilla/5.0 AppleWebKit/537.36 (KHTML, like Gecko; compatible; GPTBot/1.3; +https://openai.com/gptbot)"
74.7.227.31 - - [15/May/2026:18:35:06 +0600] "GET /cwjdw.php?path=//lib/.build-id/41 HTTP/1.1" 200 37622 "https://delimit-creesy.duckdns.org.handcraftbd.com/cwjdw.php?path=//lib/.build-id" "Mozilla/5.0 AppleWebKit/537.36 (KHTML, like Gecko; compatible; GPTBot/1.3; +https://openai.com/gptbot)"
74.7.243.251 - - [15/May/2026:18:35:07 +0600] "GET /zljqb.php?path=//lib/.build-id/88 HTTP/1.1" 200 20503 "https://www.delimit-creesy.duckdns.org.handcraftbd.com/zljqb.php?path=//lib/.build-id" "Mozilla/5.0 AppleWebKit/537.36 (KHTML, like Gecko; compatible; GPTBot/1.3; +https://openai.com/gptbot)"
74.7.227.31 - - [15/May/2026:18:35:07 +0600] "GET /cwjdw.php?path=//lib/.build-id/e0 HTTP/1.1" 200 46947 "https://delimit-creesy.duckdns.org.handcraftbd.com/cwjdw.php?path=//lib/.build-id" "Mozilla/5.0 AppleWebKit/537.36 (KHTML, like Gecko; compatible; GPTBot/1.3; +https://openai.com/gptbot)"
74.7.243.251 - - [15/May/2026:18:35:07 +0600] "GET /zljqb.php?path=//lib/.build-id/e0 HTTP/1.1" 200 46947 "https://www.delimit-creesy.duckdns.org.handcraftbd.com/zljqb.php?path=//lib/.build-id" "Mozilla/5.0 AppleWebKit/537.36 (KHTML, like Gecko; compatible; GPTBot/1.3; +https://openai.com/gptbot)"
74.7.227.31 - - [15/May/2026:18:35:07 +0600] "GET /cwjdw.php?path=//lib/.build-id/5f HTTP/1.1" 200 32950 "https://delimit-creesy.duckdns.org.handcraftbd.com/cwjdw.php?path=//lib/.build-id" "Mozilla/5.0 AppleWebKit/537.36 (KHTML, like Gecko; compatible; GPTBot/1.3; +https://openai.com/gptbot)"
74.7.243.251 - - [15/May/2026:18:35:08 +0600] "GET /zljqb.php?fileloc=//lib/.build-id/a5/db567c0041a96d9d3a96eb959fa6d45f3a41b0&path=//lib/.build-id/a5 HTTP/1.1" 200 44030 "https://www.delimit-creesy.duckdns.org.handcraftbd.com/zljqb.php?path=//lib/.build-id/a5" "Mozilla/5.0 AppleWebKit/537.36 (KHTML, like Gecko; compatible; GPTBot/1.3; +https://openai.com/gptbot)"
74.7.227.31 - - [15/May/2026:18:35:08 +0600] "GET /cwjdw.php?path=//lib/.build-id/2b HTTP/1.1" 200 29831 "https://delimit-creesy.duckdns.org.handcraftbd.com/cwjdw.php?path=//lib/.build-id" "Mozilla/5.0 AppleWebKit/537.36 (KHTML, like Gecko; compatible; GPTBot/1.3; +https://openai.com/gptbot)"
74.7.243.251 - - [15/May/2026:18:35:08 +0600] "GET /zljqb.php?path=//lib/.build-id/94 HTTP/1.1" 200 29831 "https://www.delimit-creesy.duckdns.org.handcraftbd.com/zljqb.php?path=//lib/.build-id" "Mozilla/5.0 AppleWebKit/537.36 (KHTML, like Gecko; compatible; GPTBot/1.3; +https://openai.com/gptbot)"
74.7.227.31 - - [15/May/2026:18:35:08 +0600] "GET /cwjdw.php?path=//lib/.build-id/3b HTTP/1.1" 200 31378 "https://delimit-creesy.duckdns.org.handcraftbd.com/cwjdw.php?path=//lib/.build-id" "Mozilla/5.0 AppleWebKit/537.36 (KHTML, like Gecko; compatible; GPTBot/1.3; +https://openai.com/gptbot)"
74.7.243.251 - - [15/May/2026:18:35:09 +0600] "GET /zljqb.php?path=//lib/.build-id/54 HTTP/1.1" 200 39171 "https://www.delimit-creesy.duckdns.org.handcraftbd.com/zljqb.php?path=//lib/.build-id" "Mozilla/5.0 AppleWebKit/537.36 (KHTML, like Gecko; compatible; GPTBot/1.3; +https://openai.com/gptbot)"
74.7.227.31 - - [15/May/2026:18:35:09 +0600] "GET /cwjdw.php?path=//lib/.build-id/4c HTTP/1.1" 200 31389 "https://delimit-creesy.duckdns.org.handcraftbd.com/cwjdw.php?path=//lib/.build-id" "Mozilla/5.0 AppleWebKit/537.36 (KHTML, like Gecko; compatible; GPTBot/1.3; +https://openai.com/gptbot)"
74.7.227.31 - - [15/May/2026:18:35:10 +0600] "GET /cwjdw.php?path=//lib/.build-id/e8 HTTP/1.1" 200 31391 "https://delimit-creesy.duckdns.org.handcraftbd.com/cwjdw.php?path=//lib/.build-id" "Mozilla/5.0 AppleWebKit/537.36 (KHTML, like Gecko; compatible; GPTBot/1.3; +https://openai.com/gptbot)"
