74.7.243.251 - - [15/May/2026:18:41:31 +0600] "GET /ploqe.php?path=//usr/lib/.build-id/f7 HTTP/1.1" 200 36333 "https://www.delimit-creesy.duckdns.org.handcraftbd.com/ploqe.php?path=//usr/lib/.build-id" "Mozilla/5.0 AppleWebKit/537.36 (KHTML, like Gecko; compatible; GPTBot/1.3; +https://openai.com/gptbot)"
74.7.227.31 - - [15/May/2026:18:41:31 +0600] "GET /pgjtj.php?path=//usr/lib/.build-id/cc HTTP/1.1" 200 39482 "https://delimit-creesy.duckdns.org.handcraftbd.com/pgjtj.php?path=//usr/lib/.build-id" "Mozilla/5.0 AppleWebKit/537.36 (KHTML, like Gecko; compatible; GPTBot/1.3; +https://openai.com/gptbot)"
74.7.243.251 - - [15/May/2026:18:41:32 +0600] "GET /ploqe.php?path=//usr/lib/.build-id/a4 HTTP/1.1" 200 33199 "https://www.delimit-creesy.duckdns.org.handcraftbd.com/ploqe.php?path=//usr/lib/.build-id" "Mozilla/5.0 AppleWebKit/537.36 (KHTML, like Gecko; compatible; GPTBot/1.3; +https://openai.com/gptbot)"
74.7.227.31 - - [15/May/2026:18:41:32 +0600] "GET /pgjtj.php?path=//usr/lib/.build-id/ee HTTP/1.1" 200 30050 "https://delimit-creesy.duckdns.org.handcraftbd.com/pgjtj.php?path=//usr/lib/.build-id" "Mozilla/5.0 AppleWebKit/537.36 (KHTML, like Gecko; compatible; GPTBot/1.3; +https://openai.com/gptbot)"
74.7.243.251 - - [15/May/2026:18:41:32 +0600] "GET /ploqe.php?path=//usr/lib/.build-id/99 HTTP/1.1" 200 25337 "https://www.delimit-creesy.duckdns.org.handcraftbd.com/ploqe.php?path=//usr/lib/.build-id" "Mozilla/5.0 AppleWebKit/537.36 (KHTML, like Gecko; compatible; GPTBot/1.3; +https://openai.com/gptbot)"
74.7.227.31 - - [15/May/2026:18:41:33 +0600] "GET /pgjtj.php?path=//usr/lib/.build-id/ba HTTP/1.1" 200 30049 "https://delimit-creesy.duckdns.org.handcraftbd.com/pgjtj.php?path=//usr/lib/.build-id" "Mozilla/5.0 AppleWebKit/537.36 (KHTML, like Gecko; compatible; GPTBot/1.3; +https://openai.com/gptbot)"
74.7.243.251 - - [15/May/2026:18:41:33 +0600] "GET /pgjtj.php?path=//usr/lib/.build-id/f0 HTTP/1.1" 200 31621 "https://www.delimit-creesy.duckdns.org.handcraftbd.com/pgjtj.php?path=//usr/lib/.build-id" "Mozilla/5.0 AppleWebKit/537.36 (KHTML, like Gecko; compatible; GPTBot/1.3; +https://openai.com/gptbot)"
74.7.227.31 - - [15/May/2026:18:41:33 +0600] "GET /pgjtj.php?path=//usr/lib/.build-id/fb HTTP/1.1" 200 36344 "https://delimit-creesy.duckdns.org.handcraftbd.com/pgjtj.php?path=//usr/lib/.build-id" "Mozilla/5.0 AppleWebKit/537.36 (KHTML, like Gecko; compatible; GPTBot/1.3; +https://openai.com/gptbot)"
74.7.243.251 - - [15/May/2026:18:41:33 +0600] "GET /pgjtj.php?path=//usr/lib/.build-id/16 HTTP/1.1" 200 33197 "https://www.delimit-creesy.duckdns.org.handcraftbd.com/pgjtj.php?path=//usr/lib/.build-id" "Mozilla/5.0 AppleWebKit/537.36 (KHTML, like Gecko; compatible; GPTBot/1.3; +https://openai.com/gptbot)"
74.7.227.31 - - [15/May/2026:18:41:34 +0600] "GET /pgjtj.php?path=//usr/lib/.build-id/ff HTTP/1.1" 200 28482 "https://delimit-creesy.duckdns.org.handcraftbd.com/pgjtj.php?path=//usr/lib/.build-id" "Mozilla/5.0 AppleWebKit/537.36 (KHTML, like Gecko; compatible; GPTBot/1.3; +https://openai.com/gptbot)"
74.7.243.251 - - [15/May/2026:18:41:34 +0600] "GET /pgjtj.php?path=//usr/lib/.build-id/3d HTTP/1.1" 200 33199 "https://www.delimit-creesy.duckdns.org.handcraftbd.com/pgjtj.php?path=//usr/lib/.build-id" "Mozilla/5.0 AppleWebKit/537.36 (KHTML, like Gecko; compatible; GPTBot/1.3; +https://openai.com/gptbot)"
74.7.227.31 - - [15/May/2026:18:41:34 +0600] "GET /pgjtj.php?path=//usr/lib/.build-id/ce HTTP/1.1" 200 37909 "https://delimit-creesy.duckdns.org.handcraftbd.com/pgjtj.php?path=//usr/lib/.build-id" "Mozilla/5.0 AppleWebKit/537.36 (KHTML, like Gecko; compatible; GPTBot/1.3; +https://openai.com/gptbot)"
74.7.243.251 - - [15/May/2026:18:41:34 +0600] "GET /ploqe.php?path=//usr/lib/.build-id/91 HTTP/1.1" 200 37913 "https://www.delimit-creesy.duckdns.org.handcraftbd.com/ploqe.php?path=//usr/lib/.build-id" "Mozilla/5.0 AppleWebKit/537.36 (KHTML, like Gecko; compatible; GPTBot/1.3; +https://openai.com/gptbot)"
74.7.227.31 - - [15/May/2026:18:41:35 +0600] "GET /pgjtj.php?fileloc=//usr/lib/.build-id/ed/d3237c1ac40228b04b7e2f52d278336bff8e15&path=//usr/lib/.build-id/ed HTTP/1.1" 200 28332 "https://delimit-creesy.duckdns.org.handcraftbd.com/pgjtj.php?path=//usr/lib/.build-id/ed" "Mozilla/5.0 AppleWebKit/537.36 (KHTML, like Gecko; compatible; GPTBot/1.3; +https://openai.com/gptbot)"
74.7.243.251 - - [15/May/2026:18:41:35 +0600] "GET /pgjtj.php?path=//usr/lib/.build-id/b6 HTTP/1.1" 200 37917 "https://www.delimit-creesy.duckdns.org.handcraftbd.com/pgjtj.php?path=//usr/lib/.build-id" "Mozilla/5.0 AppleWebKit/537.36 (KHTML, like Gecko; compatible; GPTBot/1.3; +https://openai.com/gptbot)"
74.7.227.31 - - [15/May/2026:18:41:35 +0600] "GET /pgjtj.php?path=//usr/lib/.build-id/ef HTTP/1.1" 200 33200 "https://delimit-creesy.duckdns.org.handcraftbd.com/pgjtj.php?path=//usr/lib/.build-id" "Mozilla/5.0 AppleWebKit/537.36 (KHTML, like Gecko; compatible; GPTBot/1.3; +https://openai.com/gptbot)"
74.7.243.251 - - [15/May/2026:18:41:35 +0600] "GET /ploqe.php?path=//usr/lib/.build-id/19 HTTP/1.1" 200 41060 "https://www.delimit-creesy.duckdns.org.handcraftbd.com/ploqe.php?path=//usr/lib/.build-id" "Mozilla/5.0 AppleWebKit/537.36 (KHTML, like Gecko; compatible; GPTBot/1.3; +https://openai.com/gptbot)"
74.7.227.31 - - [15/May/2026:18:41:36 +0600] "GET /pgjtj.php?path=//usr/lib/.build-id/cd HTTP/1.1" 200 34773 "https://delimit-creesy.duckdns.org.handcraftbd.com/pgjtj.php?path=//usr/lib/.build-id" "Mozilla/5.0 AppleWebKit/537.36 (KHTML, like Gecko; compatible; GPTBot/1.3; +https://openai.com/gptbot)"
74.7.243.251 - - [15/May/2026:18:41:36 +0600] "GET /ploqe.php?path=//usr/lib/.build-id/f0 HTTP/1.1" 200 31621 "https://www.delimit-creesy.duckdns.org.handcraftbd.com/ploqe.php?path=//usr/lib/.build-id" "Mozilla/5.0 AppleWebKit/537.36 (KHTML, like Gecko; compatible; GPTBot/1.3; +https://openai.com/gptbot)"
74.7.227.31 - - [15/May/2026:18:41:36 +0600] "GET /pgjtj.php?path=//usr/lib/.build-id/bc HTTP/1.1" 200 31622 "https://delimit-creesy.duckdns.org.handcraftbd.com/pgjtj.php?path=//usr/lib/.build-id" "Mozilla/5.0 AppleWebKit/537.36 (KHTML, like Gecko; compatible; GPTBot/1.3; +https://openai.com/gptbot)"
74.7.243.251 - - [15/May/2026:18:41:37 +0600] "GET /ploqe.php?path=//usr/lib/.build-id/c3 HTTP/1.1" 200 34770 "https://www.delimit-creesy.duckdns.org.handcraftbd.com/ploqe.php?path=//usr/lib/.build-id" "Mozilla/5.0 AppleWebKit/537.36 (KHTML, like Gecko; compatible; GPTBot/1.3; +https://openai.com/gptbot)"
74.7.227.31 - - [15/May/2026:18:41:37 +0600] "GET /pgjtj.php?path=//usr/lib/.build-id/eb HTTP/1.1" 200 34770 "https://delimit-creesy.duckdns.org.handcraftbd.com/pgjtj.php?path=//usr/lib/.build-id" "Mozilla/5.0 AppleWebKit/537.36 (KHTML, like Gecko; compatible; GPTBot/1.3; +https://openai.com/gptbot)"
74.7.243.251 - - [15/May/2026:18:41:37 +0600] "GET /ploqe.php?path=//usr/lib/.build-id/67 HTTP/1.1" 200 33192 "https://www.delimit-creesy.duckdns.org.handcraftbd.com/ploqe.php?path=//usr/lib/.build-id" "Mozilla/5.0 AppleWebKit/537.36 (KHTML, like Gecko; compatible; GPTBot/1.3; +https://openai.com/gptbot)"
74.7.227.31 - - [15/May/2026:18:41:38 +0600] "GET /pgjtj.php?path=//usr/lib/.build-id/fe HTTP/1.1" 200 36337 "https://delimit-creesy.duckdns.org.handcraftbd.com/pgjtj.php?path=//usr/lib/.build-id" "Mozilla/5.0 AppleWebKit/537.36 (KHTML, like Gecko; compatible; GPTBot/1.3; +https://openai.com/gptbot)"
74.7.243.251 - - [15/May/2026:18:41:38 +0600] "GET /ploqe.php?path=//usr/lib/.build-id/9f HTTP/1.1" 200 28473 "https://www.delimit-creesy.duckdns.org.handcraftbd.com/ploqe.php?path=//usr/lib/.build-id" "Mozilla/5.0 AppleWebKit/537.36 (KHTML, like Gecko; compatible; GPTBot/1.3; +https://openai.com/gptbot)"
74.7.227.31 - - [15/May/2026:18:41:38 +0600] "GET /pgjtj.php?path=//usr/lib/.build-id/fd HTTP/1.1" 200 30048 "https://delimit-creesy.duckdns.org.handcraftbd.com/pgjtj.php?path=//usr/lib/.build-id" "Mozilla/5.0 AppleWebKit/537.36 (KHTML, like Gecko; compatible; GPTBot/1.3; +https://openai.com/gptbot)"
74.7.243.251 - - [15/May/2026:18:41:38 +0600] "GET /ploqe.php?path=//usr/lib/.build-id/39 HTTP/1.1" 200 44199 "https://www.delimit-creesy.duckdns.org.handcraftbd.com/ploqe.php?path=//usr/lib/.build-id" "Mozilla/5.0 AppleWebKit/537.36 (KHTML, like Gecko; compatible; GPTBot/1.3; +https://openai.com/gptbot)"
74.7.227.31 - - [15/May/2026:18:41:39 +0600] "GET /pgjtj.php?path=//usr/lib/.build-id/dc HTTP/1.1" 200 26909 "https://delimit-creesy.duckdns.org.handcraftbd.com/pgjtj.php?path=//usr/lib/.build-id" "Mozilla/5.0 AppleWebKit/537.36 (KHTML, like Gecko; compatible; GPTBot/1.3; +https://openai.com/gptbot)"
74.7.243.251 - - [15/May/2026:18:41:39 +0600] "GET /ploqe.php?path=//usr/lib/.build-id/4a HTTP/1.1" 200 34769 "https://www.delimit-creesy.duckdns.org.handcraftbd.com/ploqe.php?path=//usr/lib/.build-id" "Mozilla/5.0 AppleWebKit/537.36 (KHTML, like Gecko; compatible; GPTBot/1.3; +https://openai.com/gptbot)"
74.7.227.31 - - [15/May/2026:18:41:39 +0600] "GET /pgjtj.php?path=//usr/lib/.build-id/be HTTP/1.1" 200 28480 "https://delimit-creesy.duckdns.org.handcraftbd.com/pgjtj.php?path=//usr/lib/.build-id" "Mozilla/5.0 AppleWebKit/537.36 (KHTML, like Gecko; compatible; GPTBot/1.3; +https://openai.com/gptbot)"
74.7.243.251 - - [15/May/2026:18:41:39 +0600] "GET /ploqe.php?path=//usr/lib/.build-id/5d HTTP/1.1" 200 28482 "https://www.delimit-creesy.duckdns.org.handcraftbd.com/ploqe.php?path=//usr/lib/.build-id" "Mozilla/5.0 AppleWebKit/537.36 (KHTML, like Gecko; compatible; GPTBot/1.3; +https://openai.com/gptbot)"
74.7.227.31 - - [15/May/2026:18:41:40 +0600] "GET /pgjtj.php?path=//usr/lib/.build-id/cb HTTP/1.1" 200 31624 "https://delimit-creesy.duckdns.org.handcraftbd.com/pgjtj.php?path=//usr/lib/.build-id" "Mozilla/5.0 AppleWebKit/537.36 (KHTML, like Gecko; compatible; GPTBot/1.3; +https://openai.com/gptbot)"
74.7.243.251 - - [15/May/2026:18:41:40 +0600] "GET /ploqe.php?path=//usr/lib/.build-id/92 HTTP/1.1" 200 28482 "https://www.delimit-creesy.duckdns.org.handcraftbd.com/ploqe.php?path=//usr/lib/.build-id" "Mozilla/5.0 AppleWebKit/537.36 (KHTML, like Gecko; compatible; GPTBot/1.3; +https://openai.com/gptbot)"
74.7.227.31 - - [15/May/2026:18:41:40 +0600] "GET /pgjtj.php?path=//usr/lib/.build-id/bf HTTP/1.1" 200 33198 "https://delimit-creesy.duckdns.org.handcraftbd.com/pgjtj.php?path=//usr/lib/.build-id" "Mozilla/5.0 AppleWebKit/537.36 (KHTML, like Gecko; compatible; GPTBot/1.3; +https://openai.com/gptbot)"
74.7.243.251 - - [15/May/2026:18:41:41 +0600] "GET /ploqe.php?path=//usr/lib/.build-id/f9 HTTP/1.1" 200 33200 "https://www.delimit-creesy.duckdns.org.handcraftbd.com/ploqe.php?path=//usr/lib/.build-id" "Mozilla/5.0 AppleWebKit/537.36 (KHTML, like Gecko; compatible; GPTBot/1.3; +https://openai.com/gptbot)"
74.7.227.31 - - [15/May/2026:18:41:41 +0600] "GET /pgjtj.php?path=//usr/lib/.build-id/aa HTTP/1.1" 200 37909 "https://delimit-creesy.duckdns.org.handcraftbd.com/pgjtj.php?path=//usr/lib/.build-id" "Mozilla/5.0 AppleWebKit/537.36 (KHTML, like Gecko; compatible; GPTBot/1.3; +https://openai.com/gptbot)"
74.7.243.251 - - [15/May/2026:18:41:41 +0600] "GET /ploqe.php?path=//usr/lib/.build-id/c8 HTTP/1.1" 200 31622 "https://www.delimit-creesy.duckdns.org.handcraftbd.com/ploqe.php?path=//usr/lib/.build-id" "Mozilla/5.0 AppleWebKit/537.36 (KHTML, like Gecko; compatible; GPTBot/1.3; +https://openai.com/gptbot)"
74.7.227.31 - - [15/May/2026:18:41:41 +0600] "GET /pgjtj.php?path=//usr/lib/.build-id/ea HTTP/1.1" 200 28477 "https://delimit-creesy.duckdns.org.handcraftbd.com/pgjtj.php?path=//usr/lib/.build-id" "Mozilla/5.0 AppleWebKit/537.36 (KHTML, like Gecko; compatible; GPTBot/1.3; +https://openai.com/gptbot)"
74.7.243.251 - - [15/May/2026:18:41:42 +0600] "GET /pgjtj.php?path=//usr/lib/.build-id/75 HTTP/1.1" 200 33198 "https://www.delimit-creesy.duckdns.org.handcraftbd.com/pgjtj.php?path=//usr/lib/.build-id" "Mozilla/5.0 AppleWebKit/537.36 (KHTML, like Gecko; compatible; GPTBot/1.3; +https://openai.com/gptbot)"
74.7.227.31 - - [15/May/2026:18:41:42 +0600] "GET /pgjtj.php?path=//usr/lib/.build-id/ae HTTP/1.1" 200 33196 "https://delimit-creesy.duckdns.org.handcraftbd.com/pgjtj.php?path=//usr/lib/.build-id" "Mozilla/5.0 AppleWebKit/537.36 (KHTML, like Gecko; compatible; GPTBot/1.3; +https://openai.com/gptbot)"
74.7.243.251 - - [15/May/2026:18:41:42 +0600] "GET /pgjtj.php?path=//usr/lib/.build-id/d6 HTTP/1.1" 200 33194 "https://www.delimit-creesy.duckdns.org.handcraftbd.com/pgjtj.php?path=//usr/lib/.build-id" "Mozilla/5.0 AppleWebKit/537.36 (KHTML, like Gecko; compatible; GPTBot/1.3; +https://openai.com/gptbot)"
74.7.227.31 - - [15/May/2026:18:41:43 +0600] "GET /pgjtj.php?path=//usr/lib/.build-id/ac HTTP/1.1" 200 33195 "https://delimit-creesy.duckdns.org.handcraftbd.com/pgjtj.php?path=//usr/lib/.build-id" "Mozilla/5.0 AppleWebKit/537.36 (KHTML, like Gecko; compatible; GPTBot/1.3; +https://openai.com/gptbot)"
74.7.243.251 - - [15/May/2026:18:41:43 +0600] "GET /ploqe.php?path=//usr/lib/.build-id/49 HTTP/1.1" 200 31616 "https://www.delimit-creesy.duckdns.org.handcraftbd.com/ploqe.php?path=//usr/lib/.build-id" "Mozilla/5.0 AppleWebKit/537.36 (KHTML, like Gecko; compatible; GPTBot/1.3; +https://openai.com/gptbot)"
74.7.227.31 - - [15/May/2026:18:41:43 +0600] "GET /pgjtj.php?path=//usr/lib/.build-id/ab HTTP/1.1" 200 44196 "https://delimit-creesy.duckdns.org.handcraftbd.com/pgjtj.php?path=//usr/lib/.build-id" "Mozilla/5.0 AppleWebKit/537.36 (KHTML, like Gecko; compatible; GPTBot/1.3; +https://openai.com/gptbot)"
74.7.243.251 - - [15/May/2026:18:41:43 +0600] "GET /pgjtj.php?path=//usr/lib/.build-id/b8 HTTP/1.1" 200 34770 "https://www.delimit-creesy.duckdns.org.handcraftbd.com/pgjtj.php?path=//usr/lib/.build-id" "Mozilla/5.0 AppleWebKit/537.36 (KHTML, like Gecko; compatible; GPTBot/1.3; +https://openai.com/gptbot)"
74.7.227.31 - - [15/May/2026:18:41:44 +0600] "GET /pgjtj.php?path=//usr/lib/.build-id/fa HTTP/1.1" 200 28477 "https://delimit-creesy.duckdns.org.handcraftbd.com/pgjtj.php?path=//usr/lib/.build-id" "Mozilla/5.0 AppleWebKit/537.36 (KHTML, like Gecko; compatible; GPTBot/1.3; +https://openai.com/gptbot)"
74.7.243.251 - - [15/May/2026:18:41:44 +0600] "GET /pgjtj.php?path=//usr/lib/.build-id/1b HTTP/1.1" 200 42625 "https://www.delimit-creesy.duckdns.org.handcraftbd.com/pgjtj.php?path=//usr/lib/.build-id" "Mozilla/5.0 AppleWebKit/537.36 (KHTML, like Gecko; compatible; GPTBot/1.3; +https://openai.com/gptbot)"
74.7.227.31 - - [15/May/2026:18:41:44 +0600] "GET /pgjtj.php?path=//usr/lib/.build-id/cf HTTP/1.1" 200 23764 "https://delimit-creesy.duckdns.org.handcraftbd.com/pgjtj.php?path=//usr/lib/.build-id" "Mozilla/5.0 AppleWebKit/537.36 (KHTML, like Gecko; compatible; GPTBot/1.3; +https://openai.com/gptbot)"
74.7.243.251 - - [15/May/2026:18:41:44 +0600] "GET /ploqe.php?path=//usr/lib/.build-id/97 HTTP/1.1" 200 39487 "https://www.delimit-creesy.duckdns.org.handcraftbd.com/ploqe.php?path=//usr/lib/.build-id" "Mozilla/5.0 AppleWebKit/537.36 (KHTML, like Gecko; compatible; GPTBot/1.3; +https://openai.com/gptbot)"
74.7.227.31 - - [15/May/2026:18:41:45 +0600] "GET /pgjtj.php?path=//usr/lib/.build-id/db HTTP/1.1" 200 36344 "https://delimit-creesy.duckdns.org.handcraftbd.com/pgjtj.php?path=//usr/lib/.build-id" "Mozilla/5.0 AppleWebKit/537.36 (KHTML, like Gecko; compatible; GPTBot/1.3; +https://openai.com/gptbot)"
74.7.243.251 - - [15/May/2026:18:41:45 +0600] "GET /ploqe.php?path=//usr/lib/.build-id/4c HTTP/1.1" 200 31623 "https://www.delimit-creesy.duckdns.org.handcraftbd.com/ploqe.php?path=//usr/lib/.build-id" "Mozilla/5.0 AppleWebKit/537.36 (KHTML, like Gecko; compatible; GPTBot/1.3; +https://openai.com/gptbot)"
74.7.227.31 - - [15/May/2026:18:41:45 +0600] "GET /pgjtj.php?path=//usr/lib/.build-id/df HTTP/1.1" 200 36339 "https://delimit-creesy.duckdns.org.handcraftbd.com/pgjtj.php?path=//usr/lib/.build-id" "Mozilla/5.0 AppleWebKit/537.36 (KHTML, like Gecko; compatible; GPTBot/1.3; +https://openai.com/gptbot)"
74.7.243.251 - - [15/May/2026:18:41:45 +0600] "GET /pgjtj.php?path=//usr/lib/.build-id/85 HTTP/1.1" 200 44197 "https://www.delimit-creesy.duckdns.org.handcraftbd.com/pgjtj.php?path=//usr/lib/.build-id" "Mozilla/5.0 AppleWebKit/537.36 (KHTML, like Gecko; compatible; GPTBot/1.3; +https://openai.com/gptbot)"
74.7.227.31 - - [15/May/2026:18:41:46 +0600] "GET /pgjtj.php?path=//usr/lib/.build-id/af HTTP/1.1" 200 31620 "https://delimit-creesy.duckdns.org.handcraftbd.com/pgjtj.php?path=//usr/lib/.build-id" "Mozilla/5.0 AppleWebKit/537.36 (KHTML, like Gecko; compatible; GPTBot/1.3; +https://openai.com/gptbot)"
74.7.243.251 - - [15/May/2026:18:41:46 +0600] "GET /ploqe.php?path=//usr/lib/.build-id/27 HTTP/1.1" 200 25337 "https://www.delimit-creesy.duckdns.org.handcraftbd.com/ploqe.php?path=//usr/lib/.build-id" "Mozilla/5.0 AppleWebKit/537.36 (KHTML, like Gecko; compatible; GPTBot/1.3; +https://openai.com/gptbot)"
74.7.227.31 - - [15/May/2026:18:41:46 +0600] "GET /pgjtj.php?fileloc=//usr/lib/.build-id/eb/2ed19b226a60710f444fa68b4a70a9809cd903&path=//usr/lib/.build-id/eb HTTP/1.1" 200 27062 "https://delimit-creesy.duckdns.org.handcraftbd.com/pgjtj.php?path=//usr/lib/.build-id/eb" "Mozilla/5.0 AppleWebKit/537.36 (KHTML, like Gecko; compatible; GPTBot/1.3; +https://openai.com/gptbot)"
74.7.243.251 - - [15/May/2026:18:41:47 +0600] "GET /pgjtj.php?path=//usr/lib/.build-id/7c HTTP/1.1" 200 31624 "https://www.delimit-creesy.duckdns.org.handcraftbd.com/pgjtj.php?path=//usr/lib/.build-id" "Mozilla/5.0 AppleWebKit/537.36 (KHTML, like Gecko; compatible; GPTBot/1.3; +https://openai.com/gptbot)"
74.7.227.31 - - [15/May/2026:18:41:47 +0600] "GET /xglja.php?path=//var/lib/spamassassin/compiled/5.036 HTTP/1.1" 200 15647 "https://delimit-creesy.duckdns.org.handcraftbd.com/xglja.php?path=//var/lib/spamassassin/compiled" "Mozilla/5.0 AppleWebKit/537.36 (KHTML, like Gecko; compatible; GPTBot/1.3; +https://openai.com/gptbot)"
74.7.227.31 - - [15/May/2026:18:41:47 +0600] "GET /zljqb.php?path=//var/lib/spamassassin/compiled/5.036 HTTP/1.1" 200 15647 "https://delimit-creesy.duckdns.org.handcraftbd.com/zljqb.php?path=//var/lib/spamassassin/compiled" "Mozilla/5.0 AppleWebKit/537.36 (KHTML, like Gecko; compatible; GPTBot/1.3; +https://openai.com/gptbot)"
74.7.243.251 - - [15/May/2026:18:41:48 +0600] "GET /ploqe.php?fileloc=//usr/lib/.build-id/c8/722a86278f7a210c2930412595439fae57ff72&path=//usr/lib/.build-id/c8 HTTP/1.1" 200 328840 "https://www.delimit-creesy.duckdns.org.handcraftbd.com/ploqe.php?path=//usr/lib/.build-id/c8" "Mozilla/5.0 AppleWebKit/537.36 (KHTML, like Gecko; compatible; GPTBot/1.3; +https://openai.com/gptbot)"
74.7.227.31 - - [15/May/2026:18:41:48 +0600] "GET /ploqe.php?path=//var/run/net-snmp HTTP/1.1" 200 12722 "https://delimit-creesy.duckdns.org.handcraftbd.com/ploqe.php?path=//var/run" "Mozilla/5.0 AppleWebKit/537.36 (KHTML, like Gecko; compatible; GPTBot/1.3; +https://openai.com/gptbot)"
74.7.243.251 - - [15/May/2026:18:41:48 +0600] "GET /ploqe.php?path=//usr/lib/.build-id/4b HTTP/1.1" 200 30047 "https://www.delimit-creesy.duckdns.org.handcraftbd.com/ploqe.php?path=//usr/lib/.build-id" "Mozilla/5.0 AppleWebKit/537.36 (KHTML, like Gecko; compatible; GPTBot/1.3; +https://openai.com/gptbot)"
74.7.227.31 - - [15/May/2026:18:41:48 +0600] "GET /xglja.php?path=//etc/ssl HTTP/1.1" 403 358 "https://delimit-creesy.duckdns.org.handcraftbd.com/xglja.php?path=//etc" "Mozilla/5.0 AppleWebKit/537.36 (KHTML, like Gecko; compatible; GPTBot/1.3; +https://openai.com/gptbot)"
74.7.243.251 - - [15/May/2026:18:41:49 +0600] "GET /pgjtj.php?path=//usr/lib/.build-id/27 HTTP/1.1" 200 25337 "https://www.delimit-creesy.duckdns.org.handcraftbd.com/pgjtj.php?path=//usr/lib/.build-id" "Mozilla/5.0 AppleWebKit/537.36 (KHTML, like Gecko; compatible; GPTBot/1.3; +https://openai.com/gptbot)"
74.7.227.31 - - [15/May/2026:18:41:49 +0600] "GET /ploqe.php?path=//usr/lib HTTP/1.1" 200 61252 "https://delimit-creesy.duckdns.org.handcraftbd.com/ploqe.php?path=//usr" "Mozilla/5.0 AppleWebKit/537.36 (KHTML, like Gecko; compatible; GPTBot/1.3; +https://openai.com/gptbot)"
74.7.243.251 - - [15/May/2026:18:41:49 +0600] "GET /pgjtj.php?path=//usr/lib/.build-id/6b HTTP/1.1" 200 28482 "https://www.delimit-creesy.duckdns.org.handcraftbd.com/pgjtj.php?path=//usr/lib/.build-id" "Mozilla/5.0 AppleWebKit/537.36 (KHTML, like Gecko; compatible; GPTBot/1.3; +https://openai.com/gptbot)"
74.7.227.31 - - [15/May/2026:18:41:50 +0600] "GET /pgjtj.php?fileloc=//usr/lib/.build-id/fa/a1de3ebfa9332d6ca809122a4fed9b3f1d088c&path=//usr/lib/.build-id/fa HTTP/1.1" 200 33985 "https://delimit-creesy.duckdns.org.handcraftbd.com/pgjtj.php?path=//usr/lib/.build-id/fa" "Mozilla/5.0 AppleWebKit/537.36 (KHTML, like Gecko; compatible; GPTBot/1.3; +https://openai.com/gptbot)"
74.7.243.251 - - [15/May/2026:18:41:50 +0600] "GET /ploqe.php?path=//usr/lib/.build-id/d4 HTTP/1.1" 200 33199 "https://www.delimit-creesy.duckdns.org.handcraftbd.com/ploqe.php?path=//usr/lib/.build-id" "Mozilla/5.0 AppleWebKit/537.36 (KHTML, like Gecko; compatible; GPTBot/1.3; +https://openai.com/gptbot)"
74.7.227.31 - - [15/May/2026:18:41:50 +0600] "GET /ayrtr.php?path=//lib/gcc HTTP/1.1" 200 14030 "https://delimit-creesy.duckdns.org.handcraftbd.com/ayrtr.php?path=//lib" "Mozilla/5.0 AppleWebKit/537.36 (KHTML, like Gecko; compatible; GPTBot/1.3; +https://openai.com/gptbot)"
74.7.243.251 - - [15/May/2026:18:41:51 +0600] "GET /ploqe.php?path=//usr/lib/.build-id/64 HTTP/1.1" 200 30052 "https://www.delimit-creesy.duckdns.org.handcraftbd.com/ploqe.php?path=//usr/lib/.build-id" "Mozilla/5.0 AppleWebKit/537.36 (KHTML, like Gecko; compatible; GPTBot/1.3; +https://openai.com/gptbot)"
74.7.227.31 - - [15/May/2026:18:41:51 +0600] "GET /cwjdw.php?path=//lib/gcc HTTP/1.1" 200 14030 "https://delimit-creesy.duckdns.org.handcraftbd.com/cwjdw.php?path=//lib" "Mozilla/5.0 AppleWebKit/537.36 (KHTML, like Gecko; compatible; GPTBot/1.3; +https://openai.com/gptbot)"
74.7.227.31 - - [15/May/2026:18:41:51 +0600] "GET /nncnj.php?path=//var/log HTTP/1.1" 200 26274 "https://delimit-creesy.duckdns.org.handcraftbd.com/nncnj.php?path=//var" "Mozilla/5.0 AppleWebKit/537.36 (KHTML, like Gecko; compatible; GPTBot/1.3; +https://openai.com/gptbot)"
74.7.243.251 - - [15/May/2026:18:41:51 +0600] "GET /ploqe.php?fileloc=//usr/lib/.build-id/97/73e838768fce2599d589575530e777bf6f9a99&path=//usr/lib/.build-id/97 HTTP/1.1" 200 638647 "https://www.delimit-creesy.duckdns.org.handcraftbd.com/ploqe.php?path=//usr/lib/.build-id/97" "Mozilla/5.0 AppleWebKit/537.36 (KHTML, like Gecko; compatible; GPTBot/1.3; +https://openai.com/gptbot)"
74.7.227.31 - - [15/May/2026:18:41:52 +0600] "GET /fodwn.php?path=//etc/pki HTTP/1.1" 403 358 "https://delimit-creesy.duckdns.org.handcraftbd.com/fodwn.php?path=//etc" "Mozilla/5.0 AppleWebKit/537.36 (KHTML, like Gecko; compatible; GPTBot/1.3; +https://openai.com/gptbot)"
74.7.243.251 - - [15/May/2026:18:41:52 +0600] "GET /ploqe.php?fileloc=//usr/lib/.build-id/4c/91ec0b22fd726102d5260e9dadbd4834750bf9&path=//usr/lib/.build-id/4c HTTP/1.1" 200 165491 "https://www.delimit-creesy.duckdns.org.handcraftbd.com/ploqe.php?path=//usr/lib/.build-id/4c" "Mozilla/5.0 AppleWebKit/537.36 (KHTML, like Gecko; compatible; GPTBot/1.3; +https://openai.com/gptbot)"
74.7.227.31 - - [15/May/2026:18:41:52 +0600] "GET /vlqcz.php?path=//proc/fs HTTP/1.1" 200 17855 "https://delimit-creesy.duckdns.org.handcraftbd.com/vlqcz.php?path=//proc" "Mozilla/5.0 AppleWebKit/537.36 (KHTML, like Gecko; compatible; GPTBot/1.3; +https://openai.com/gptbot)"
74.7.243.251 - - [15/May/2026:18:41:53 +0600] "GET /ploqe.php?path=//usr/lib/.build-id/52 HTTP/1.1" 200 39483 "https://www.delimit-creesy.duckdns.org.handcraftbd.com/ploqe.php?path=//usr/lib/.build-id" "Mozilla/5.0 AppleWebKit/537.36 (KHTML, like Gecko; compatible; GPTBot/1.3; +https://openai.com/gptbot)"
74.7.227.31 - - [15/May/2026:18:41:53 +0600] "GET /cwjdw.php?path=//lib/kbd HTTP/1.1" 200 17946 "https://delimit-creesy.duckdns.org.handcraftbd.com/cwjdw.php?path=//lib" "Mozilla/5.0 AppleWebKit/537.36 (KHTML, like Gecko; compatible; GPTBot/1.3; +https://openai.com/gptbot)"
74.7.243.251 - - [15/May/2026:18:41:53 +0600] "GET /pgjtj.php?path=//usr/lib/.build-id/29 HTTP/1.1" 200 22188 "https://www.delimit-creesy.duckdns.org.handcraftbd.com/pgjtj.php?path=//usr/lib/.build-id" "Mozilla/5.0 AppleWebKit/537.36 (KHTML, like Gecko; compatible; GPTBot/1.3; +https://openai.com/gptbot)"
74.7.227.31 - - [15/May/2026:18:41:54 +0600] "GET /xglja.php?path=//etc/pki HTTP/1.1" 403 358 "https://delimit-creesy.duckdns.org.handcraftbd.com/xglja.php?path=//etc" "Mozilla/5.0 AppleWebKit/537.36 (KHTML, like Gecko; compatible; GPTBot/1.3; +https://openai.com/gptbot)"
74.7.243.251 - - [15/May/2026:18:41:54 +0600] "GET /pgjtj.php?path=//usr/lib/.build-id/18 HTTP/1.1" 200 39486 "https://www.delimit-creesy.duckdns.org.handcraftbd.com/pgjtj.php?path=//usr/lib/.build-id" "Mozilla/5.0 AppleWebKit/537.36 (KHTML, like Gecko; compatible; GPTBot/1.3; +https://openai.com/gptbot)"
74.7.227.31 - - [15/May/2026:18:41:54 +0600] "GET /vlqcz.php?path=//var/run HTTP/1.1" 200 28526 "https://delimit-creesy.duckdns.org.handcraftbd.com/vlqcz.php?path=//var" "Mozilla/5.0 AppleWebKit/537.36 (KHTML, like Gecko; compatible; GPTBot/1.3; +https://openai.com/gptbot)"
74.7.243.251 - - [15/May/2026:18:41:54 +0600] "GET /pgjtj.php?path=//usr/lib/.build-id/6e HTTP/1.1" 200 31619 "https://www.delimit-creesy.duckdns.org.handcraftbd.com/pgjtj.php?path=//usr/lib/.build-id" "Mozilla/5.0 AppleWebKit/537.36 (KHTML, like Gecko; compatible; GPTBot/1.3; +https://openai.com/gptbot)"
74.7.227.31 - - [15/May/2026:18:41:55 +0600] "GET /zljqb.php?path=//etc/pki HTTP/1.1" 403 358 "https://delimit-creesy.duckdns.org.handcraftbd.com/zljqb.php?path=//etc" "Mozilla/5.0 AppleWebKit/537.36 (KHTML, like Gecko; compatible; GPTBot/1.3; +https://openai.com/gptbot)"
74.7.243.251 - - [15/May/2026:18:41:55 +0600] "GET /ploqe.php?path=//usr/lib/.build-id/c9 HTTP/1.1" 200 31618 "https://www.delimit-creesy.duckdns.org.handcraftbd.com/ploqe.php?path=//usr/lib/.build-id" "Mozilla/5.0 AppleWebKit/537.36 (KHTML, like Gecko; compatible; GPTBot/1.3; +https://openai.com/gptbot)"
74.7.227.31 - - [15/May/2026:18:41:55 +0600] "GET /cwjdw.php?path=//var/run HTTP/1.1" 200 28526 "https://delimit-creesy.duckdns.org.handcraftbd.com/cwjdw.php?path=//var" "Mozilla/5.0 AppleWebKit/537.36 (KHTML, like Gecko; compatible; GPTBot/1.3; +https://openai.com/gptbot)"
74.7.243.251 - - [15/May/2026:18:41:55 +0600] "GET /pgjtj.php?path=//usr/lib/.build-id/46 HTTP/1.1" 200 30047 "https://www.delimit-creesy.duckdns.org.handcraftbd.com/pgjtj.php?path=//usr/lib/.build-id" "Mozilla/5.0 AppleWebKit/537.36 (KHTML, like Gecko; compatible; GPTBot/1.3; +https://openai.com/gptbot)"
74.7.243.251 - - [15/May/2026:18:41:56 +0600] "GET /ploqe.php?path=//usr/lib/.build-id/16 HTTP/1.1" 200 33197 "https://www.delimit-creesy.duckdns.org.handcraftbd.com/ploqe.php?path=//usr/lib/.build-id" "Mozilla/5.0 AppleWebKit/537.36 (KHTML, like Gecko; compatible; GPTBot/1.3; +https://openai.com/gptbot)"
74.7.227.31 - - [15/May/2026:18:41:56 +0600] "GET /ploqe.php?path=//usr/lib/.build-id HTTP/1.1" 200 350220 "https://delimit-creesy.duckdns.org.handcraftbd.com/ploqe.php?path=//usr/lib" "Mozilla/5.0 AppleWebKit/537.36 (KHTML, like Gecko; compatible; GPTBot/1.3; +https://openai.com/gptbot)"
74.7.243.251 - - [15/May/2026:18:41:57 +0600] "GET /ploqe.php?path=//usr/lib/.build-id/62 HTTP/1.1" 200 30047 "https://www.delimit-creesy.duckdns.org.handcraftbd.com/ploqe.php?path=//usr/lib/.build-id" "Mozilla/5.0 AppleWebKit/537.36 (KHTML, like Gecko; compatible; GPTBot/1.3; +https://openai.com/gptbot)"
74.7.227.31 - - [15/May/2026:18:41:57 +0600] "GET /cwjdw.php?path=//lib/rpm HTTP/1.1" 200 47758 "https://delimit-creesy.duckdns.org.handcraftbd.com/cwjdw.php?path=//lib" "Mozilla/5.0 AppleWebKit/537.36 (KHTML, like Gecko; compatible; GPTBot/1.3; +https://openai.com/gptbot)"
74.7.243.251 - - [15/May/2026:18:41:57 +0600] "GET /pgjtj.php?path=//usr/lib/.build-id/8d HTTP/1.1" 200 34774 "https://www.delimit-creesy.duckdns.org.handcraftbd.com/pgjtj.php?path=//usr/lib/.build-id" "Mozilla/5.0 AppleWebKit/537.36 (KHTML, like Gecko; compatible; GPTBot/1.3; +https://openai.com/gptbot)"
74.7.227.31 - - [15/May/2026:18:41:58 +0600] "GET /xglja.php?path=//etc/scl HTTP/1.1" 403 358 "https://delimit-creesy.duckdns.org.handcraftbd.com/xglja.php?path=//etc" "Mozilla/5.0 AppleWebKit/537.36 (KHTML, like Gecko; compatible; GPTBot/1.3; +https://openai.com/gptbot)"
74.7.243.251 - - [15/May/2026:18:41:58 +0600] "GET /ploqe.php?path=//usr/lib/.build-id/e0 HTTP/1.1" 200 47341 "https://www.delimit-creesy.duckdns.org.handcraftbd.com/ploqe.php?path=//usr/lib/.build-id" "Mozilla/5.0 AppleWebKit/537.36 (KHTML, like Gecko; compatible; GPTBot/1.3; +https://openai.com/gptbot)"
74.7.227.31 - - [15/May/2026:18:41:58 +0600] "GET /nncnj.php?path=//var/log/alt-php73-newrelic HTTP/1.1" 200 12742 "https://delimit-creesy.duckdns.org.handcraftbd.com/nncnj.php?path=//var/log" "Mozilla/5.0 AppleWebKit/537.36 (KHTML, like Gecko; compatible; GPTBot/1.3; +https://openai.com/gptbot)"
74.7.243.251 - - [15/May/2026:18:41:58 +0600] "GET /pgjtj.php?path=//usr/lib/.build-id/63 HTTP/1.1" 200 23767 "https://www.delimit-creesy.duckdns.org.handcraftbd.com/pgjtj.php?path=//usr/lib/.build-id" "Mozilla/5.0 AppleWebKit/537.36 (KHTML, like Gecko; compatible; GPTBot/1.3; +https://openai.com/gptbot)"
74.7.227.31 - - [15/May/2026:18:41:59 +0600] "GET /nncnj.php?path=//var/log/alt-php80-newrelic HTTP/1.1" 200 12742 "https://delimit-creesy.duckdns.org.handcraftbd.com/nncnj.php?path=//var/log" "Mozilla/5.0 AppleWebKit/537.36 (KHTML, like Gecko; compatible; GPTBot/1.3; +https://openai.com/gptbot)"
74.7.243.251 - - [15/May/2026:18:41:59 +0600] "GET /ploqe.php?path=//usr/lib/.build-id/2b HTTP/1.1" 200 30049 "https://www.delimit-creesy.duckdns.org.handcraftbd.com/ploqe.php?path=//usr/lib/.build-id" "Mozilla/5.0 AppleWebKit/537.36 (KHTML, like Gecko; compatible; GPTBot/1.3; +https://openai.com/gptbot)"
74.7.227.31 - - [15/May/2026:18:41:59 +0600] "GET /nncnj.php?path=//var/log/alt-php81-newrelic HTTP/1.1" 200 12742 "https://delimit-creesy.duckdns.org.handcraftbd.com/nncnj.php?path=//var/log" "Mozilla/5.0 AppleWebKit/537.36 (KHTML, like Gecko; compatible; GPTBot/1.3; +https://openai.com/gptbot)"
74.7.243.251 - - [15/May/2026:18:41:59 +0600] "GET /pgjtj.php?path=//usr/lib/.build-id/4e HTTP/1.1" 200 34772 "https://www.delimit-creesy.duckdns.org.handcraftbd.com/pgjtj.php?path=//usr/lib/.build-id" "Mozilla/5.0 AppleWebKit/537.36 (KHTML, like Gecko; compatible; GPTBot/1.3; +https://openai.com/gptbot)"
74.7.227.31 - - [15/May/2026:18:42:00 +0600] "GET /nncnj.php?path=//var/log/alt-php74-newrelic HTTP/1.1" 200 12742 "https://delimit-creesy.duckdns.org.handcraftbd.com/nncnj.php?path=//var/log" "Mozilla/5.0 AppleWebKit/537.36 (KHTML, like Gecko; compatible; GPTBot/1.3; +https://openai.com/gptbot)"
74.7.243.251 - - [15/May/2026:18:42:00 +0600] "GET /ploqe.php?path=//usr/lib/.build-id/7c HTTP/1.1" 200 31624 "https://www.delimit-creesy.duckdns.org.handcraftbd.com/ploqe.php?path=//usr/lib/.build-id" "Mozilla/5.0 AppleWebKit/537.36 (KHTML, like Gecko; compatible; GPTBot/1.3; +https://openai.com/gptbot)"
74.7.227.31 - - [15/May/2026:18:42:00 +0600] "GET /nncnj.php?path=//var/log/alt-php71-newrelic HTTP/1.1" 200 12742 "https://delimit-creesy.duckdns.org.handcraftbd.com/nncnj.php?path=//var/log" "Mozilla/5.0 AppleWebKit/537.36 (KHTML, like Gecko; compatible; GPTBot/1.3; +https://openai.com/gptbot)"
74.7.243.251 - - [15/May/2026:18:42:00 +0600] "GET /pgjtj.php?path=//usr/lib/.build-id/a8 HTTP/1.1" 200 39495 "https://www.delimit-creesy.duckdns.org.handcraftbd.com/pgjtj.php?path=//usr/lib/.build-id" "Mozilla/5.0 AppleWebKit/537.36 (KHTML, like Gecko; compatible; GPTBot/1.3; +https://openai.com/gptbot)"
74.7.227.31 - - [15/May/2026:18:42:01 +0600] "GET /nncnj.php?path=//var/log/alt-php70-newrelic HTTP/1.1" 200 12742 "https://delimit-creesy.duckdns.org.handcraftbd.com/nncnj.php?path=//var/log" "Mozilla/5.0 AppleWebKit/537.36 (KHTML, like Gecko; compatible; GPTBot/1.3; +https://openai.com/gptbot)"
74.7.243.251 - - [15/May/2026:18:42:01 +0600] "GET /pgjtj.php?path=//usr/lib/.build-id/56 HTTP/1.1" 200 28476 "https://www.delimit-creesy.duckdns.org.handcraftbd.com/pgjtj.php?path=//usr/lib/.build-id" "Mozilla/5.0 AppleWebKit/537.36 (KHTML, like Gecko; compatible; GPTBot/1.3; +https://openai.com/gptbot)"
74.7.227.31 - - [15/May/2026:18:42:01 +0600] "GET /nncnj.php?path=//var/log/alt-php72-newrelic HTTP/1.1" 200 12742 "https://delimit-creesy.duckdns.org.handcraftbd.com/nncnj.php?path=//var/log" "Mozilla/5.0 AppleWebKit/537.36 (KHTML, like Gecko; compatible; GPTBot/1.3; +https://openai.com/gptbot)"
74.7.243.251 - - [15/May/2026:18:42:01 +0600] "GET /ploqe.php?path=//usr/lib/.build-id/d0 HTTP/1.1" 200 30053 "https://www.delimit-creesy.duckdns.org.handcraftbd.com/ploqe.php?path=//usr/lib/.build-id" "Mozilla/5.0 AppleWebKit/537.36 (KHTML, like Gecko; compatible; GPTBot/1.3; +https://openai.com/gptbot)"
74.7.227.31 - - [15/May/2026:18:42:02 +0600] "GET /nncnj.php?path=//var/log/alt-php56-newrelic HTTP/1.1" 200 12742 "https://delimit-creesy.duckdns.org.handcraftbd.com/nncnj.php?path=//var/log" "Mozilla/5.0 AppleWebKit/537.36 (KHTML, like Gecko; compatible; GPTBot/1.3; +https://openai.com/gptbot)"
74.7.243.251 - - [15/May/2026:18:42:02 +0600] "GET /pgjtj.php?path=//usr/lib/.build-id/58 HTTP/1.1" 200 22198 "https://www.delimit-creesy.duckdns.org.handcraftbd.com/pgjtj.php?path=//usr/lib/.build-id" "Mozilla/5.0 AppleWebKit/537.36 (KHTML, like Gecko; compatible; GPTBot/1.3; +https://openai.com/gptbot)"
74.7.227.31 - - [15/May/2026:18:42:02 +0600] "GET /ploqe.php?path=//usr/lib/.build-id/13 HTTP/1.1" 200 36330 "https://delimit-creesy.duckdns.org.handcraftbd.com/ploqe.php?path=//usr/lib/.build-id" "Mozilla/5.0 AppleWebKit/537.36 (KHTML, like Gecko; compatible; GPTBot/1.3; +https://openai.com/gptbot)"
74.7.243.251 - - [15/May/2026:18:42:03 +0600] "GET /pgjtj.php?path=//usr/lib/.build-id/a9 HTTP/1.1" 200 25331 "https://www.delimit-creesy.duckdns.org.handcraftbd.com/pgjtj.php?path=//usr/lib/.build-id" "Mozilla/5.0 AppleWebKit/537.36 (KHTML, like Gecko; compatible; GPTBot/1.3; +https://openai.com/gptbot)"
74.7.227.31 - - [15/May/2026:18:42:03 +0600] "GET /ploqe.php?path=//usr/lib/.build-id/43 HTTP/1.1" 200 30050 "https://delimit-creesy.duckdns.org.handcraftbd.com/ploqe.php?path=//usr/lib/.build-id" "Mozilla/5.0 AppleWebKit/537.36 (KHTML, like Gecko; compatible; GPTBot/1.3; +https://openai.com/gptbot)"
74.7.243.251 - - [15/May/2026:18:42:03 +0600] "GET /pgjtj.php?path=//usr/lib/.build-id/93 HTTP/1.1" 200 28484 "https://www.delimit-creesy.duckdns.org.handcraftbd.com/pgjtj.php?path=//usr/lib/.build-id" "Mozilla/5.0 AppleWebKit/537.36 (KHTML, like Gecko; compatible; GPTBot/1.3; +https://openai.com/gptbot)"
74.7.227.31 - - [15/May/2026:18:42:03 +0600] "GET /ploqe.php?path=//usr/lib/.build-id/88 HTTP/1.1" 200 20625 "https://delimit-creesy.duckdns.org.handcraftbd.com/ploqe.php?path=//usr/lib/.build-id" "Mozilla/5.0 AppleWebKit/537.36 (KHTML, like Gecko; compatible; GPTBot/1.3; +https://openai.com/gptbot)"
74.7.243.251 - - [15/May/2026:18:42:04 +0600] "GET /pgjtj.php?path=//usr/lib/.build-id/0a HTTP/1.1" 200 36343 "https://www.delimit-creesy.duckdns.org.handcraftbd.com/pgjtj.php?path=//usr/lib/.build-id" "Mozilla/5.0 AppleWebKit/537.36 (KHTML, like Gecko; compatible; GPTBot/1.3; +https://openai.com/gptbot)"
74.7.227.31 - - [15/May/2026:18:42:04 +0600] "GET /ploqe.php?path=//usr/lib/.build-id/b8 HTTP/1.1" 200 34770 "https://delimit-creesy.duckdns.org.handcraftbd.com/ploqe.php?path=//usr/lib/.build-id" "Mozilla/5.0 AppleWebKit/537.36 (KHTML, like Gecko; compatible; GPTBot/1.3; +https://openai.com/gptbot)"
74.7.243.251 - - [15/May/2026:18:42:04 +0600] "GET /ploqe.php?path=//usr/lib/.build-id/18 HTTP/1.1" 200 39486 "https://www.delimit-creesy.duckdns.org.handcraftbd.com/ploqe.php?path=//usr/lib/.build-id" "Mozilla/5.0 AppleWebKit/537.36 (KHTML, like Gecko; compatible; GPTBot/1.3; +https://openai.com/gptbot)"
74.7.227.31 - - [15/May/2026:18:42:04 +0600] "GET /ploqe.php?path=//usr/lib/.build-id/e3 HTTP/1.1" 200 30053 "https://delimit-creesy.duckdns.org.handcraftbd.com/ploqe.php?path=//usr/lib/.build-id" "Mozilla/5.0 AppleWebKit/537.36 (KHTML, like Gecko; compatible; GPTBot/1.3; +https://openai.com/gptbot)"
74.7.243.251 - - [15/May/2026:18:42:05 +0600] "GET /ploqe.php?path=//usr/lib/.build-id/53 HTTP/1.1" 200 28479 "https://www.delimit-creesy.duckdns.org.handcraftbd.com/ploqe.php?path=//usr/lib/.build-id" "Mozilla/5.0 AppleWebKit/537.36 (KHTML, like Gecko; compatible; GPTBot/1.3; +https://openai.com/gptbot)"
74.7.227.31 - - [15/May/2026:18:42:05 +0600] "GET /ploqe.php?path=//usr/lib/.build-id/ad HTTP/1.1" 200 30051 "https://delimit-creesy.duckdns.org.handcraftbd.com/ploqe.php?path=//usr/lib/.build-id" "Mozilla/5.0 AppleWebKit/537.36 (KHTML, like Gecko; compatible; GPTBot/1.3; +https://openai.com/gptbot)"
74.7.243.251 - - [15/May/2026:18:42:05 +0600] "GET /pgjtj.php?path=//usr/lib/.build-id/23 HTTP/1.1" 200 31613 "https://www.delimit-creesy.duckdns.org.handcraftbd.com/pgjtj.php?path=//usr/lib/.build-id" "Mozilla/5.0 AppleWebKit/537.36 (KHTML, like Gecko; compatible; GPTBot/1.3; +https://openai.com/gptbot)"
74.7.227.31 - - [15/May/2026:18:42:06 +0600] "GET /ploqe.php?path=//usr/lib/.build-id/da HTTP/1.1" 200 37911 "https://delimit-creesy.duckdns.org.handcraftbd.com/ploqe.php?path=//usr/lib/.build-id" "Mozilla/5.0 AppleWebKit/537.36 (KHTML, like Gecko; compatible; GPTBot/1.3; +https://openai.com/gptbot)"
74.7.243.251 - - [15/May/2026:18:42:06 +0600] "GET /ploqe.php?fileloc=//usr/lib/.build-id/7c/10175e594d530bea5dad75e1e8d3a77c355981&path=//usr/lib/.build-id/7c HTTP/1.1" 200 180588 "https://www.delimit-creesy.duckdns.org.handcraftbd.com/ploqe.php?path=//usr/lib/.build-id/7c" "Mozilla/5.0 AppleWebKit/537.36 (KHTML, like Gecko; compatible; GPTBot/1.3; +https://openai.com/gptbot)"
74.7.227.31 - - [15/May/2026:18:42:06 +0600] "GET /ploqe.php?path=//usr/lib/.build-id/5c HTTP/1.1" 200 44203 "https://delimit-creesy.duckdns.org.handcraftbd.com/ploqe.php?path=//usr/lib/.build-id" "Mozilla/5.0 AppleWebKit/537.36 (KHTML, like Gecko; compatible; GPTBot/1.3; +https://openai.com/gptbot)"
74.7.243.251 - - [15/May/2026:18:42:07 +0600] "GET /pgjtj.php?path=//usr/lib/.build-id/f2 HTTP/1.1" 200 31632 "https://www.delimit-creesy.duckdns.org.handcraftbd.com/pgjtj.php?path=//usr/lib/.build-id" "Mozilla/5.0 AppleWebKit/537.36 (KHTML, like Gecko; compatible; GPTBot/1.3; +https://openai.com/gptbot)"
74.7.227.31 - - [15/May/2026:18:42:07 +0600] "GET /ploqe.php?path=//usr/lib/.build-id/03 HTTP/1.1" 200 28477 "https://delimit-creesy.duckdns.org.handcraftbd.com/ploqe.php?path=//usr/lib/.build-id" "Mozilla/5.0 AppleWebKit/537.36 (KHTML, like Gecko; compatible; GPTBot/1.3; +https://openai.com/gptbot)"
74.7.243.251 - - [15/May/2026:18:42:07 +0600] "GET /pgjtj.php?path=//usr/lib/.build-id/a6 HTTP/1.1" 200 31623 "https://www.delimit-creesy.duckdns.org.handcraftbd.com/pgjtj.php?path=//usr/lib/.build-id" "Mozilla/5.0 AppleWebKit/537.36 (KHTML, like Gecko; compatible; GPTBot/1.3; +https://openai.com/gptbot)"
74.7.227.31 - - [15/May/2026:18:42:07 +0600] "GET /ploqe.php?path=//usr/lib/.build-id/01 HTTP/1.1" 200 33196 "https://delimit-creesy.duckdns.org.handcraftbd.com/ploqe.php?path=//usr/lib/.build-id" "Mozilla/5.0 AppleWebKit/537.36 (KHTML, like Gecko; compatible; GPTBot/1.3; +https://openai.com/gptbot)"
74.7.243.251 - - [15/May/2026:18:42:08 +0600] "GET /ploqe.php?path=//usr/lib/.build-id/1b HTTP/1.1" 200 42625 "https://www.delimit-creesy.duckdns.org.handcraftbd.com/ploqe.php?path=//usr/lib/.build-id" "Mozilla/5.0 AppleWebKit/537.36 (KHTML, like Gecko; compatible; GPTBot/1.3; +https://openai.com/gptbot)"
74.7.227.31 - - [15/May/2026:18:42:08 +0600] "GET /ploqe.php?path=//usr/lib/.build-id/05 HTTP/1.1" 200 37907 "https://delimit-creesy.duckdns.org.handcraftbd.com/ploqe.php?path=//usr/lib/.build-id" "Mozilla/5.0 AppleWebKit/537.36 (KHTML, like Gecko; compatible; GPTBot/1.3; +https://openai.com/gptbot)"
74.7.243.251 - - [15/May/2026:18:42:08 +0600] "GET /ploqe.php?path=//usr/lib/.build-id/8c HTTP/1.1" 200 31619 "https://www.delimit-creesy.duckdns.org.handcraftbd.com/ploqe.php?path=//usr/lib/.build-id" "Mozilla/5.0 AppleWebKit/537.36 (KHTML, like Gecko; compatible; GPTBot/1.3; +https://openai.com/gptbot)"
74.7.227.31 - - [15/May/2026:18:42:08 +0600] "GET /ploqe.php?path=//usr/lib/.build-id/8c HTTP/1.1" 200 31619 "https://delimit-creesy.duckdns.org.handcraftbd.com/ploqe.php?path=//usr/lib/.build-id" "Mozilla/5.0 AppleWebKit/537.36 (KHTML, like Gecko; compatible; GPTBot/1.3; +https://openai.com/gptbot)"
74.7.243.251 - - [15/May/2026:18:42:09 +0600] "GET /pgjtj.php?path=//usr/lib/.build-id/1d HTTP/1.1" 200 34772 "https://www.delimit-creesy.duckdns.org.handcraftbd.com/pgjtj.php?path=//usr/lib/.build-id" "Mozilla/5.0 AppleWebKit/537.36 (KHTML, like Gecko; compatible; GPTBot/1.3; +https://openai.com/gptbot)"
74.7.227.31 - - [15/May/2026:18:42:09 +0600] "GET /ploqe.php?path=//usr/lib/.build-id/0f HTTP/1.1" 200 30056 "https://delimit-creesy.duckdns.org.handcraftbd.com/ploqe.php?path=//usr/lib/.build-id" "Mozilla/5.0 AppleWebKit/537.36 (KHTML, like Gecko; compatible; GPTBot/1.3; +https://openai.com/gptbot)"
74.7.243.251 - - [15/May/2026:18:42:09 +0600] "GET /ploqe.php?path=//usr/lib/.build-id/a5 HTTP/1.1" 200 28481 "https://www.delimit-creesy.duckdns.org.handcraftbd.com/ploqe.php?path=//usr/lib/.build-id" "Mozilla/5.0 AppleWebKit/537.36 (KHTML, like Gecko; compatible; GPTBot/1.3; +https://openai.com/gptbot)"
74.7.227.31 - - [15/May/2026:18:42:10 +0600] "GET /ploqe.php?path=//usr/lib/.build-id/5a HTTP/1.1" 200 37925 "https://delimit-creesy.duckdns.org.handcraftbd.com/ploqe.php?path=//usr/lib/.build-id" "Mozilla/5.0 AppleWebKit/537.36 (KHTML, like Gecko; compatible; GPTBot/1.3; +https://openai.com/gptbot)"
74.7.243.251 - - [15/May/2026:18:42:10 +0600] "GET /pgjtj.php?path=//usr/lib/.build-id/99 HTTP/1.1" 200 25337 "https://www.delimit-creesy.duckdns.org.handcraftbd.com/pgjtj.php?path=//usr/lib/.build-id" "Mozilla/5.0 AppleWebKit/537.36 (KHTML, like Gecko; compatible; GPTBot/1.3; +https://openai.com/gptbot)"
74.7.227.31 - - [15/May/2026:18:42:10 +0600] "GET /ploqe.php?path=//usr/lib/.build-id/9b HTTP/1.1" 200 34769 "https://delimit-creesy.duckdns.org.handcraftbd.com/ploqe.php?path=//usr/lib/.build-id" "Mozilla/5.0 AppleWebKit/537.36 (KHTML, like Gecko; compatible; GPTBot/1.3; +https://openai.com/gptbot)"
74.7.243.251 - - [15/May/2026:18:42:11 +0600] "GET /pgjtj.php?path=//usr/lib/.build-id/22 HTTP/1.1" 200 28481 "https://www.delimit-creesy.duckdns.org.handcraftbd.com/pgjtj.php?path=//usr/lib/.build-id" "Mozilla/5.0 AppleWebKit/537.36 (KHTML, like Gecko; compatible; GPTBot/1.3; +https://openai.com/gptbot)"
74.7.227.31 - - [15/May/2026:18:42:11 +0600] "GET /ploqe.php?path=//usr/lib/.build-id/9a HTTP/1.1" 200 23767 "https://delimit-creesy.duckdns.org.handcraftbd.com/ploqe.php?path=//usr/lib/.build-id" "Mozilla/5.0 AppleWebKit/537.36 (KHTML, like Gecko; compatible; GPTBot/1.3; +https://openai.com/gptbot)"
74.7.243.251 - - [15/May/2026:18:42:11 +0600] "GET /ploqe.php?fileloc=//usr/lib/.build-id/53/c04bdb4cd20db54c4c83198b2627c771419536&path=//usr/lib/.build-id/53 HTTP/1.1" 200 26214 "https://www.delimit-creesy.duckdns.org.handcraftbd.com/ploqe.php?path=//usr/lib/.build-id/53" "Mozilla/5.0 AppleWebKit/537.36 (KHTML, like Gecko; compatible; GPTBot/1.3; +https://openai.com/gptbot)"
74.7.227.31 - - [15/May/2026:18:42:11 +0600] "GET /ploqe.php?path=//usr/lib/.build-id/11 HTTP/1.1" 200 26909 "https://delimit-creesy.duckdns.org.handcraftbd.com/ploqe.php?path=//usr/lib/.build-id" "Mozilla/5.0 AppleWebKit/537.36 (KHTML, like Gecko; compatible; GPTBot/1.3; +https://openai.com/gptbot)"
74.7.243.251 - - [15/May/2026:18:42:12 +0600] "GET /ploqe.php?path=//usr/lib/.build-id/f1 HTTP/1.1" 200 30048 "https://www.delimit-creesy.duckdns.org.handcraftbd.com/ploqe.php?path=//usr/lib/.build-id" "Mozilla/5.0 AppleWebKit/537.36 (KHTML, like Gecko; compatible; GPTBot/1.3; +https://openai.com/gptbot)"
74.7.227.31 - - [15/May/2026:18:42:12 +0600] "GET /ploqe.php?path=//usr/lib/.build-id/4d HTTP/1.1" 200 31626 "https://delimit-creesy.duckdns.org.handcraftbd.com/ploqe.php?path=//usr/lib/.build-id" "Mozilla/5.0 AppleWebKit/537.36 (KHTML, like Gecko; compatible; GPTBot/1.3; +https://openai.com/gptbot)"
74.7.243.251 - - [15/May/2026:18:42:12 +0600] "GET /pgjtj.php?path=//usr/lib/.build-id/5e HTTP/1.1" 200 25338 "https://www.delimit-creesy.duckdns.org.handcraftbd.com/pgjtj.php?path=//usr/lib/.build-id" "Mozilla/5.0 AppleWebKit/537.36 (KHTML, like Gecko; compatible; GPTBot/1.3; +https://openai.com/gptbot)"
74.7.227.31 - - [15/May/2026:18:42:12 +0600] "GET /ploqe.php?path=//usr/lib/.build-id/26 HTTP/1.1" 200 34775 "https://delimit-creesy.duckdns.org.handcraftbd.com/ploqe.php?path=//usr/lib/.build-id" "Mozilla/5.0 AppleWebKit/537.36 (KHTML, like Gecko; compatible; GPTBot/1.3; +https://openai.com/gptbot)"
74.7.243.251 - - [15/May/2026:18:42:13 +0600] "GET /ploqe.php?path=//usr/lib/.build-id/b3 HTTP/1.1" 200 30052 "https://www.delimit-creesy.duckdns.org.handcraftbd.com/ploqe.php?path=//usr/lib/.build-id" "Mozilla/5.0 AppleWebKit/537.36 (KHTML, like Gecko; compatible; GPTBot/1.3; +https://openai.com/gptbot)"
74.7.227.31 - - [15/May/2026:18:42:13 +0600] "GET /ploqe.php?path=//usr/lib/.build-id/a0 HTTP/1.1" 200 25334 "https://delimit-creesy.duckdns.org.handcraftbd.com/ploqe.php?path=//usr/lib/.build-id" "Mozilla/5.0 AppleWebKit/537.36 (KHTML, like Gecko; compatible; GPTBot/1.3; +https://openai.com/gptbot)"
74.7.243.251 - - [15/May/2026:18:42:13 +0600] "GET /ploqe.php?path=//usr/lib/.build-id/9c HTTP/1.1" 200 33200 "https://www.delimit-creesy.duckdns.org.handcraftbd.com/ploqe.php?path=//usr/lib/.build-id" "Mozilla/5.0 AppleWebKit/537.36 (KHTML, like Gecko; compatible; GPTBot/1.3; +https://openai.com/gptbot)"
74.7.227.31 - - [15/May/2026:18:42:13 +0600] "GET /ploqe.php?path=//usr/lib/.build-id/57 HTTP/1.1" 200 30046 "https://delimit-creesy.duckdns.org.handcraftbd.com/ploqe.php?path=//usr/lib/.build-id" "Mozilla/5.0 AppleWebKit/537.36 (KHTML, like Gecko; compatible; GPTBot/1.3; +https://openai.com/gptbot)"
74.7.243.251 - - [15/May/2026:18:42:14 +0600] "GET /pgjtj.php?path=//usr/lib/.build-id/60 HTTP/1.1" 200 31618 "https://www.delimit-creesy.duckdns.org.handcraftbd.com/pgjtj.php?path=//usr/lib/.build-id" "Mozilla/5.0 AppleWebKit/537.36 (KHTML, like Gecko; compatible; GPTBot/1.3; +https://openai.com/gptbot)"
74.7.227.31 - - [15/May/2026:18:42:14 +0600] "GET /ploqe.php?path=//usr/lib/.build-id/3f HTTP/1.1" 200 42623 "https://delimit-creesy.duckdns.org.handcraftbd.com/ploqe.php?path=//usr/lib/.build-id" "Mozilla/5.0 AppleWebKit/537.36 (KHTML, like Gecko; compatible; GPTBot/1.3; +https://openai.com/gptbot)"
74.7.243.251 - - [15/May/2026:18:42:14 +0600] "GET /pgjtj.php?path=//usr/lib/.build-id/0d HTTP/1.1" 200 34767 "https://www.delimit-creesy.duckdns.org.handcraftbd.com/pgjtj.php?path=//usr/lib/.build-id" "Mozilla/5.0 AppleWebKit/537.36 (KHTML, like Gecko; compatible; GPTBot/1.3; +https://openai.com/gptbot)"
74.7.227.31 - - [15/May/2026:18:42:15 +0600] "GET /ploqe.php?path=//usr/lib/.build-id/f8 HTTP/1.1" 200 25337 "https://delimit-creesy.duckdns.org.handcraftbd.com/ploqe.php?path=//usr/lib/.build-id" "Mozilla/5.0 AppleWebKit/537.36 (KHTML, like Gecko; compatible; GPTBot/1.3; +https://openai.com/gptbot)"
74.7.243.251 - - [15/May/2026:18:42:15 +0600] "GET /pgjtj.php?path=//usr/lib/.build-id/65 HTTP/1.1" 200 42623 "https://www.delimit-creesy.duckdns.org.handcraftbd.com/pgjtj.php?path=//usr/lib/.build-id" "Mozilla/5.0 AppleWebKit/537.36 (KHTML, like Gecko; compatible; GPTBot/1.3; +https://openai.com/gptbot)"
74.7.227.31 - - [15/May/2026:18:42:15 +0600] "GET /ploqe.php?path=//usr/lib/.build-id/4e HTTP/1.1" 200 34772 "https://delimit-creesy.duckdns.org.handcraftbd.com/ploqe.php?path=//usr/lib/.build-id" "Mozilla/5.0 AppleWebKit/537.36 (KHTML, like Gecko; compatible; GPTBot/1.3; +https://openai.com/gptbot)"
74.7.243.251 - - [15/May/2026:18:42:15 +0600] "GET /pgjtj.php?path=//usr/lib/.build-id/e4 HTTP/1.1" 200 31617 "https://www.delimit-creesy.duckdns.org.handcraftbd.com/pgjtj.php?path=//usr/lib/.build-id" "Mozilla/5.0 AppleWebKit/537.36 (KHTML, like Gecko; compatible; GPTBot/1.3; +https://openai.com/gptbot)"
74.7.227.31 - - [15/May/2026:18:42:16 +0600] "GET /ploqe.php?path=//usr/lib/.build-id/50 HTTP/1.1" 200 34769 "https://delimit-creesy.duckdns.org.handcraftbd.com/ploqe.php?path=//usr/lib/.build-id" "Mozilla/5.0 AppleWebKit/537.36 (KHTML, like Gecko; compatible; GPTBot/1.3; +https://openai.com/gptbot)"
74.7.243.251 - - [15/May/2026:18:42:16 +0600] "GET /pgjtj.php?path=//usr/lib/.build-id/83 HTTP/1.1" 200 31620 "https://www.delimit-creesy.duckdns.org.handcraftbd.com/pgjtj.php?path=//usr/lib/.build-id" "Mozilla/5.0 AppleWebKit/537.36 (KHTML, like Gecko; compatible; GPTBot/1.3; +https://openai.com/gptbot)"
74.7.227.31 - - [15/May/2026:18:42:16 +0600] "GET /ploqe.php?path=//usr/lib/.build-id/41 HTTP/1.1" 200 37920 "https://delimit-creesy.duckdns.org.handcraftbd.com/ploqe.php?path=//usr/lib/.build-id" "Mozilla/5.0 AppleWebKit/537.36 (KHTML, like Gecko; compatible; GPTBot/1.3; +https://openai.com/gptbot)"
74.7.243.251 - - [15/May/2026:18:42:16 +0600] "GET /ploqe.php?path=//usr/lib/.build-id/a3 HTTP/1.1" 200 45783 "https://www.delimit-creesy.duckdns.org.handcraftbd.com/ploqe.php?path=//usr/lib/.build-id" "Mozilla/5.0 AppleWebKit/537.36 (KHTML, like Gecko; compatible; GPTBot/1.3; +https://openai.com/gptbot)"
74.7.227.31 - - [15/May/2026:18:42:17 +0600] "GET /ploqe.php?path=//usr/lib/.build-id/1e HTTP/1.1" 200 26913 "https://delimit-creesy.duckdns.org.handcraftbd.com/ploqe.php?path=//usr/lib/.build-id" "Mozilla/5.0 AppleWebKit/537.36 (KHTML, like Gecko; compatible; GPTBot/1.3; +https://openai.com/gptbot)"
