74.7.243.251 - - [15/May/2026:18:47:00 +0600] "GET /ypbpk.php?path=//lib64/gssproxy HTTP/1.1" 200 14134 "https://www.delimit-creesy.duckdns.org.handcraftbd.com/ypbpk.php?path=//lib64" "Mozilla/5.0 AppleWebKit/537.36 (KHTML, like Gecko; compatible; GPTBot/1.3; +https://openai.com/gptbot)"
74.7.227.31 - - [15/May/2026:18:47:00 +0600] "GET /ugczp.php?path=//usr/lib/.build-id/63 HTTP/1.1" 200 23767 "https://delimit-creesy.duckdns.org.handcraftbd.com/ugczp.php?path=//usr/lib/.build-id" "Mozilla/5.0 AppleWebKit/537.36 (KHTML, like Gecko; compatible; GPTBot/1.3; +https://openai.com/gptbot)"
74.7.243.251 - - [15/May/2026:18:47:01 +0600] "GET /xglja.php?path=//lib64/firebird/plugins/udr HTTP/1.1" 200 17326 "https://www.delimit-creesy.duckdns.org.handcraftbd.com/xglja.php?path=//lib64/firebird/plugins" "Mozilla/5.0 AppleWebKit/537.36 (KHTML, like Gecko; compatible; GPTBot/1.3; +https://openai.com/gptbot)"
74.7.227.31 - - [15/May/2026:18:47:01 +0600] "GET /ugczp.php?path=//usr/lib/.build-id/26 HTTP/1.1" 200 34775 "https://delimit-creesy.duckdns.org.handcraftbd.com/ugczp.php?path=//usr/lib/.build-id" "Mozilla/5.0 AppleWebKit/537.36 (KHTML, like Gecko; compatible; GPTBot/1.3; +https://openai.com/gptbot)"
74.7.243.251 - - [15/May/2026:18:47:01 +0600] "GET /ayrtr.php?path=//lib64/plymouth HTTP/1.1" 200 18315 "https://www.delimit-creesy.duckdns.org.handcraftbd.com/ayrtr.php?path=//lib64" "Mozilla/5.0 AppleWebKit/537.36 (KHTML, like Gecko; compatible; GPTBot/1.3; +https://openai.com/gptbot)"
74.7.227.31 - - [15/May/2026:18:47:01 +0600] "GET /ugczp.php?path=//usr/lib/.build-id/20 HTTP/1.1" 200 36341 "https://delimit-creesy.duckdns.org.handcraftbd.com/ugczp.php?path=//usr/lib/.build-id" "Mozilla/5.0 AppleWebKit/537.36 (KHTML, like Gecko; compatible; GPTBot/1.3; +https://openai.com/gptbot)"
74.7.243.251 - - [15/May/2026:18:47:02 +0600] "GET /xiewz.php?path=//lib64/hmaccalc HTTP/1.1" 200 19952 "https://www.delimit-creesy.duckdns.org.handcraftbd.com/xiewz.php?path=//lib64" "Mozilla/5.0 AppleWebKit/537.36 (KHTML, like Gecko; compatible; GPTBot/1.3; +https://openai.com/gptbot)"
74.7.227.31 - - [15/May/2026:18:47:02 +0600] "GET /ugczp.php?path=//usr/lib/.build-id/3a HTTP/1.1" 200 36343 "https://delimit-creesy.duckdns.org.handcraftbd.com/ugczp.php?path=//usr/lib/.build-id" "Mozilla/5.0 AppleWebKit/537.36 (KHTML, like Gecko; compatible; GPTBot/1.3; +https://openai.com/gptbot)"
74.7.243.251 - - [15/May/2026:18:47:02 +0600] "GET /ayrtr.php?path=//lib64/firebird HTTP/1.1" 200 15336 "https://www.delimit-creesy.duckdns.org.handcraftbd.com/ayrtr.php?path=//lib64" "Mozilla/5.0 AppleWebKit/537.36 (KHTML, like Gecko; compatible; GPTBot/1.3; +https://openai.com/gptbot)"
74.7.227.31 - - [15/May/2026:18:47:02 +0600] "GET /ugczp.php?path=//usr/lib/.build-id/b8 HTTP/1.1" 200 34770 "https://delimit-creesy.duckdns.org.handcraftbd.com/ugczp.php?path=//usr/lib/.build-id" "Mozilla/5.0 AppleWebKit/537.36 (KHTML, like Gecko; compatible; GPTBot/1.3; +https://openai.com/gptbot)"
74.7.243.251 - - [15/May/2026:18:47:03 +0600] "GET /fodwn.php?path=//lib64/firebird/plugins/udr HTTP/1.1" 200 17326 "https://www.delimit-creesy.duckdns.org.handcraftbd.com/fodwn.php?path=//lib64/firebird/plugins" "Mozilla/5.0 AppleWebKit/537.36 (KHTML, like Gecko; compatible; GPTBot/1.3; +https://openai.com/gptbot)"
74.7.227.31 - - [15/May/2026:18:47:03 +0600] "GET /ugczp.php?path=//usr/lib/.build-id/84 HTTP/1.1" 200 30051 "https://delimit-creesy.duckdns.org.handcraftbd.com/ugczp.php?path=//usr/lib/.build-id" "Mozilla/5.0 AppleWebKit/537.36 (KHTML, like Gecko; compatible; GPTBot/1.3; +https://openai.com/gptbot)"
74.7.243.251 - - [15/May/2026:18:47:03 +0600] "GET /xiewz.php?path=//lib64/plymouth HTTP/1.1" 200 18315 "https://www.delimit-creesy.duckdns.org.handcraftbd.com/xiewz.php?path=//lib64" "Mozilla/5.0 AppleWebKit/537.36 (KHTML, like Gecko; compatible; GPTBot/1.3; +https://openai.com/gptbot)"
74.7.227.31 - - [15/May/2026:18:47:03 +0600] "GET /ugczp.php?path=//usr/lib/.build-id/f4 HTTP/1.1" 200 37915 "https://delimit-creesy.duckdns.org.handcraftbd.com/ugczp.php?path=//usr/lib/.build-id" "Mozilla/5.0 AppleWebKit/537.36 (KHTML, like Gecko; compatible; GPTBot/1.3; +https://openai.com/gptbot)"
74.7.243.251 - - [15/May/2026:18:47:04 +0600] "GET /ugczp.php?path=//lib64/firebird/plugins/udr HTTP/1.1" 200 17326 "https://www.delimit-creesy.duckdns.org.handcraftbd.com/ugczp.php?path=//lib64/firebird/plugins" "Mozilla/5.0 AppleWebKit/537.36 (KHTML, like Gecko; compatible; GPTBot/1.3; +https://openai.com/gptbot)"
74.7.227.31 - - [15/May/2026:18:47:04 +0600] "GET /ugczp.php?path=//usr/lib/.build-id/0b HTTP/1.1" 200 31624 "https://delimit-creesy.duckdns.org.handcraftbd.com/ugczp.php?path=//usr/lib/.build-id" "Mozilla/5.0 AppleWebKit/537.36 (KHTML, like Gecko; compatible; GPTBot/1.3; +https://openai.com/gptbot)"
74.7.243.251 - - [15/May/2026:18:47:04 +0600] "GET /ugczp.php?path=//lib64/graphviz HTTP/1.1" 200 43962 "https://www.delimit-creesy.duckdns.org.handcraftbd.com/ugczp.php?path=//lib64" "Mozilla/5.0 AppleWebKit/537.36 (KHTML, like Gecko; compatible; GPTBot/1.3; +https://openai.com/gptbot)"
74.7.227.31 - - [15/May/2026:18:47:05 +0600] "GET /ugczp.php?path=//usr/lib/.build-id/32 HTTP/1.1" 200 26911 "https://delimit-creesy.duckdns.org.handcraftbd.com/ugczp.php?path=//usr/lib/.build-id" "Mozilla/5.0 AppleWebKit/537.36 (KHTML, like Gecko; compatible; GPTBot/1.3; +https://openai.com/gptbot)"
74.7.243.251 - - [15/May/2026:18:47:05 +0600] "GET /cwjdw.php?path=//lib64/plymouth HTTP/1.1" 200 18315 "https://www.delimit-creesy.duckdns.org.handcraftbd.com/cwjdw.php?path=//lib64" "Mozilla/5.0 AppleWebKit/537.36 (KHTML, like Gecko; compatible; GPTBot/1.3; +https://openai.com/gptbot)"
74.7.227.31 - - [15/May/2026:18:47:05 +0600] "GET /ugczp.php?path=//usr/lib/.build-id/b6 HTTP/1.1" 200 37917 "https://delimit-creesy.duckdns.org.handcraftbd.com/ugczp.php?path=//usr/lib/.build-id" "Mozilla/5.0 AppleWebKit/537.36 (KHTML, like Gecko; compatible; GPTBot/1.3; +https://openai.com/gptbot)"
74.7.243.251 - - [15/May/2026:18:47:06 +0600] "GET /ayrtr.php?fileloc=//lib64/security/pam_faildelay.so&path=//lib64/security HTTP/1.1" 200 26285 "https://www.delimit-creesy.duckdns.org.handcraftbd.com/ayrtr.php?path=//lib64/security" "Mozilla/5.0 AppleWebKit/537.36 (KHTML, like Gecko; compatible; GPTBot/1.3; +https://openai.com/gptbot)"
74.7.227.31 - - [15/May/2026:18:47:06 +0600] "GET /ugczp.php?path=//usr/lib/.build-id/67 HTTP/1.1" 200 33192 "https://delimit-creesy.duckdns.org.handcraftbd.com/ugczp.php?path=//usr/lib/.build-id" "Mozilla/5.0 AppleWebKit/537.36 (KHTML, like Gecko; compatible; GPTBot/1.3; +https://openai.com/gptbot)"
74.7.243.251 - - [15/May/2026:18:47:06 +0600] "GET /ayrtr.php?path=//lib64/security/pam_filter HTTP/1.1" 200 14228 "https://www.delimit-creesy.duckdns.org.handcraftbd.com/ayrtr.php?path=//lib64/security" "Mozilla/5.0 AppleWebKit/537.36 (KHTML, like Gecko; compatible; GPTBot/1.3; +https://openai.com/gptbot)"
74.7.227.31 - - [15/May/2026:18:47:06 +0600] "GET /ugczp.php?path=//usr/lib/.build-id/06 HTTP/1.1" 200 20626 "https://delimit-creesy.duckdns.org.handcraftbd.com/ugczp.php?path=//usr/lib/.build-id" "Mozilla/5.0 AppleWebKit/537.36 (KHTML, like Gecko; compatible; GPTBot/1.3; +https://openai.com/gptbot)"
74.7.243.251 - - [15/May/2026:18:47:07 +0600] "GET /xglja.php?fileloc=//lib64/firebird/plugins/udr/libudf_compat.so&path=//lib64/firebird/plugins/udr HTTP/1.1" 200 223698 "https://www.delimit-creesy.duckdns.org.handcraftbd.com/xglja.php?path=//lib64/firebird/plugins/udr" "Mozilla/5.0 AppleWebKit/537.36 (KHTML, like Gecko; compatible; GPTBot/1.3; +https://openai.com/gptbot)"
74.7.227.31 - - [15/May/2026:18:47:07 +0600] "GET /ugczp.php?path=//usr/lib/.build-id/4e HTTP/1.1" 200 34772 "https://delimit-creesy.duckdns.org.handcraftbd.com/ugczp.php?path=//usr/lib/.build-id" "Mozilla/5.0 AppleWebKit/537.36 (KHTML, like Gecko; compatible; GPTBot/1.3; +https://openai.com/gptbot)"
74.7.227.31 - - [15/May/2026:18:47:07 +0600] "GET /ugczp.php?path=//usr/lib/.build-id/69 HTTP/1.1" 200 42631 "https://delimit-creesy.duckdns.org.handcraftbd.com/ugczp.php?path=//usr/lib/.build-id" "Mozilla/5.0 AppleWebKit/537.36 (KHTML, like Gecko; compatible; GPTBot/1.3; +https://openai.com/gptbot)"
74.7.243.251 - - [15/May/2026:18:47:08 +0600] "GET /ayrtr.php?path=//lib64/plymouth/renderers HTTP/1.1" 200 12747 "https://www.delimit-creesy.duckdns.org.handcraftbd.com/ayrtr.php?path=//lib64/plymouth" "Mozilla/5.0 AppleWebKit/537.36 (KHTML, like Gecko; compatible; GPTBot/1.3; +https://openai.com/gptbot)"
74.7.227.31 - - [15/May/2026:18:47:08 +0600] "GET /ugczp.php?path=//usr/lib/.build-id/0c HTTP/1.1" 200 36340 "https://delimit-creesy.duckdns.org.handcraftbd.com/ugczp.php?path=//usr/lib/.build-id" "Mozilla/5.0 AppleWebKit/537.36 (KHTML, like Gecko; compatible; GPTBot/1.3; +https://openai.com/gptbot)"
74.7.243.251 - - [15/May/2026:18:47:08 +0600] "GET /nncnj.php?path=//lib64/firebird HTTP/1.1" 200 15336 "https://www.delimit-creesy.duckdns.org.handcraftbd.com/nncnj.php?path=//lib64" "Mozilla/5.0 AppleWebKit/537.36 (KHTML, like Gecko; compatible; GPTBot/1.3; +https://openai.com/gptbot)"
74.7.227.31 - - [15/May/2026:18:47:08 +0600] "GET /ugczp.php?path=//usr/lib/.build-id/f1 HTTP/1.1" 200 30048 "https://delimit-creesy.duckdns.org.handcraftbd.com/ugczp.php?path=//usr/lib/.build-id" "Mozilla/5.0 AppleWebKit/537.36 (KHTML, like Gecko; compatible; GPTBot/1.3; +https://openai.com/gptbot)"
74.7.243.251 - - [15/May/2026:18:47:09 +0600] "GET /ayrtr.php?path=//lib64/firebird/intl HTTP/1.1" 200 15631 "https://www.delimit-creesy.duckdns.org.handcraftbd.com/ayrtr.php?path=//lib64/firebird" "Mozilla/5.0 AppleWebKit/537.36 (KHTML, like Gecko; compatible; GPTBot/1.3; +https://openai.com/gptbot)"
74.7.227.31 - - [15/May/2026:18:47:09 +0600] "GET /ugczp.php?path=//usr/lib/.build-id/96 HTTP/1.1" 200 39477 "https://delimit-creesy.duckdns.org.handcraftbd.com/ugczp.php?path=//usr/lib/.build-id" "Mozilla/5.0 AppleWebKit/537.36 (KHTML, like Gecko; compatible; GPTBot/1.3; +https://openai.com/gptbot)"
74.7.243.251 - - [15/May/2026:18:47:09 +0600] "GET /ayrtr.php?path=//lib64/firebird/plugins HTTP/1.1" 200 25961 "https://www.delimit-creesy.duckdns.org.handcraftbd.com/ayrtr.php?path=//lib64/firebird" "Mozilla/5.0 AppleWebKit/537.36 (KHTML, like Gecko; compatible; GPTBot/1.3; +https://openai.com/gptbot)"
74.7.227.31 - - [15/May/2026:18:47:09 +0600] "GET /ugczp.php?path=//usr/lib/.build-id/21 HTTP/1.1" 200 34774 "https://delimit-creesy.duckdns.org.handcraftbd.com/ugczp.php?path=//usr/lib/.build-id" "Mozilla/5.0 AppleWebKit/537.36 (KHTML, like Gecko; compatible; GPTBot/1.3; +https://openai.com/gptbot)"
74.7.243.251 - - [15/May/2026:18:47:10 +0600] "GET /xiewz.php?path=//lib64/plymouth/renderers HTTP/1.1" 200 12747 "https://www.delimit-creesy.duckdns.org.handcraftbd.com/xiewz.php?path=//lib64/plymouth" "Mozilla/5.0 AppleWebKit/537.36 (KHTML, like Gecko; compatible; GPTBot/1.3; +https://openai.com/gptbot)"
74.7.227.31 - - [15/May/2026:18:47:10 +0600] "GET /ugczp.php?path=//usr/lib/.build-id/e4 HTTP/1.1" 200 31617 "https://delimit-creesy.duckdns.org.handcraftbd.com/ugczp.php?path=//usr/lib/.build-id" "Mozilla/5.0 AppleWebKit/537.36 (KHTML, like Gecko; compatible; GPTBot/1.3; +https://openai.com/gptbot)"
74.7.243.251 - - [15/May/2026:18:47:10 +0600] "GET /ypbpk.php?path=//lib64/security HTTP/1.1" 200 103917 "https://www.delimit-creesy.duckdns.org.handcraftbd.com/ypbpk.php?path=//lib64" "Mozilla/5.0 AppleWebKit/537.36 (KHTML, like Gecko; compatible; GPTBot/1.3; +https://openai.com/gptbot)"
74.7.227.31 - - [15/May/2026:18:47:11 +0600] "GET /ugczp.php?path=//usr/lib/.build-id/89 HTTP/1.1" 200 28477 "https://delimit-creesy.duckdns.org.handcraftbd.com/ugczp.php?path=//usr/lib/.build-id" "Mozilla/5.0 AppleWebKit/537.36 (KHTML, like Gecko; compatible; GPTBot/1.3; +https://openai.com/gptbot)"
74.7.227.31 - - [15/May/2026:18:47:11 +0600] "GET /ugczp.php?path=//usr/lib/.build-id/03 HTTP/1.1" 200 28477 "https://delimit-creesy.duckdns.org.handcraftbd.com/ugczp.php?path=//usr/lib/.build-id" "Mozilla/5.0 AppleWebKit/537.36 (KHTML, like Gecko; compatible; GPTBot/1.3; +https://openai.com/gptbot)"
74.7.243.251 - - [15/May/2026:18:47:11 +0600] "GET /fodwn.php?path=//lib64/plymouth HTTP/1.1" 200 18315 "https://www.delimit-creesy.duckdns.org.handcraftbd.com/fodwn.php?path=//lib64" "Mozilla/5.0 AppleWebKit/537.36 (KHTML, like Gecko; compatible; GPTBot/1.3; +https://openai.com/gptbot)"
74.7.227.31 - - [15/May/2026:18:47:12 +0600] "GET /ugczp.php?path=//usr/lib/.build-id/2d HTTP/1.1" 200 36343 "https://delimit-creesy.duckdns.org.handcraftbd.com/ugczp.php?path=//usr/lib/.build-id" "Mozilla/5.0 AppleWebKit/537.36 (KHTML, like Gecko; compatible; GPTBot/1.3; +https://openai.com/gptbot)"
74.7.243.251 - - [15/May/2026:18:47:12 +0600] "GET /cwjdw.php?path=//lib64/plymouth/renderers HTTP/1.1" 200 12747 "https://www.delimit-creesy.duckdns.org.handcraftbd.com/cwjdw.php?path=//lib64/plymouth" "Mozilla/5.0 AppleWebKit/537.36 (KHTML, like Gecko; compatible; GPTBot/1.3; +https://openai.com/gptbot)"
74.7.227.31 - - [15/May/2026:18:47:12 +0600] "GET /ugczp.php?path=//usr/lib/.build-id/d8 HTTP/1.1" 200 28478 "https://delimit-creesy.duckdns.org.handcraftbd.com/ugczp.php?path=//usr/lib/.build-id" "Mozilla/5.0 AppleWebKit/537.36 (KHTML, like Gecko; compatible; GPTBot/1.3; +https://openai.com/gptbot)"
74.7.243.251 - - [15/May/2026:18:47:12 +0600] "GET /nncnj.php?path=//lib64/plymouth HTTP/1.1" 200 18315 "https://www.delimit-creesy.duckdns.org.handcraftbd.com/nncnj.php?path=//lib64" "Mozilla/5.0 AppleWebKit/537.36 (KHTML, like Gecko; compatible; GPTBot/1.3; +https://openai.com/gptbot)"
74.7.227.31 - - [15/May/2026:18:47:13 +0600] "GET /ugczp.php?path=//usr/lib/.build-id/8f HTTP/1.1" 200 41050 "https://delimit-creesy.duckdns.org.handcraftbd.com/ugczp.php?path=//usr/lib/.build-id" "Mozilla/5.0 AppleWebKit/537.36 (KHTML, like Gecko; compatible; GPTBot/1.3; +https://openai.com/gptbot)"
74.7.243.251 - - [15/May/2026:18:47:13 +0600] "GET /xglja.php?path=//lib64/plymouth HTTP/1.1" 200 18315 "https://www.delimit-creesy.duckdns.org.handcraftbd.com/xglja.php?path=//lib64" "Mozilla/5.0 AppleWebKit/537.36 (KHTML, like Gecko; compatible; GPTBot/1.3; +https://openai.com/gptbot)"
74.7.227.31 - - [15/May/2026:18:47:13 +0600] "GET /ugczp.php?path=//usr/lib/.build-id/18 HTTP/1.1" 200 39486 "https://delimit-creesy.duckdns.org.handcraftbd.com/ugczp.php?path=//usr/lib/.build-id" "Mozilla/5.0 AppleWebKit/537.36 (KHTML, like Gecko; compatible; GPTBot/1.3; +https://openai.com/gptbot)"
74.7.243.251 - - [15/May/2026:18:47:13 +0600] "GET /pgjtj.php?path=//lib64/firebird HTTP/1.1" 200 15336 "https://www.delimit-creesy.duckdns.org.handcraftbd.com/pgjtj.php?path=//lib64" "Mozilla/5.0 AppleWebKit/537.36 (KHTML, like Gecko; compatible; GPTBot/1.3; +https://openai.com/gptbot)"
74.7.227.31 - - [15/May/2026:18:47:14 +0600] "GET /ugczp.php?path=//usr/lib/.build-id/7a HTTP/1.1" 200 30048 "https://delimit-creesy.duckdns.org.handcraftbd.com/ugczp.php?path=//usr/lib/.build-id" "Mozilla/5.0 AppleWebKit/537.36 (KHTML, like Gecko; compatible; GPTBot/1.3; +https://openai.com/gptbot)"
74.7.243.251 - - [15/May/2026:18:47:14 +0600] "GET /ypbpk.php?path=//lib64/firebird HTTP/1.1" 200 15336 "https://www.delimit-creesy.duckdns.org.handcraftbd.com/ypbpk.php?path=//lib64" "Mozilla/5.0 AppleWebKit/537.36 (KHTML, like Gecko; compatible; GPTBot/1.3; +https://openai.com/gptbot)"
74.7.243.251 - - [15/May/2026:18:47:14 +0600] "GET /nncnj.php?path=//lib64/firebird/intl HTTP/1.1" 200 15631 "https://www.delimit-creesy.duckdns.org.handcraftbd.com/nncnj.php?path=//lib64/firebird" "Mozilla/5.0 AppleWebKit/537.36 (KHTML, like Gecko; compatible; GPTBot/1.3; +https://openai.com/gptbot)"
74.7.243.251 - - [15/May/2026:18:47:15 +0600] "GET /nncnj.php?path=//lib64/firebird/plugins HTTP/1.1" 200 25961 "https://www.delimit-creesy.duckdns.org.handcraftbd.com/nncnj.php?path=//lib64/firebird" "Mozilla/5.0 AppleWebKit/537.36 (KHTML, like Gecko; compatible; GPTBot/1.3; +https://openai.com/gptbot)"
74.7.243.251 - - [15/May/2026:18:47:16 +0600] "GET /ayrtr.php?path=//lib64/firebird/plugins/udr HTTP/1.1" 200 17326 "https://www.delimit-creesy.duckdns.org.handcraftbd.com/ayrtr.php?path=//lib64/firebird/plugins" "Mozilla/5.0 AppleWebKit/537.36 (KHTML, like Gecko; compatible; GPTBot/1.3; +https://openai.com/gptbot)"
74.7.227.31 - - [15/May/2026:18:47:16 +0600] "GET /ugczp.php?fileloc=//usr/lib/.build-id/34/e3e6f2cf4de66b249e220637fe3f1d998cfe21&path=//usr/lib/.build-id/34 HTTP/1.1" 200 832215 "https://delimit-creesy.duckdns.org.handcraftbd.com/ugczp.php?path=//usr/lib/.build-id/34" "Mozilla/5.0 AppleWebKit/537.36 (KHTML, like Gecko; compatible; GPTBot/1.3; +https://openai.com/gptbot)"
74.7.227.31 - - [15/May/2026:18:47:16 +0600] "GET /ugczp.php?fileloc=//usr/lib/.build-id/19/0d21f128beafe1b6468c2aa012b9a41af796b1&path=//usr/lib/.build-id/19 HTTP/1.1" 200 46054 "https://delimit-creesy.duckdns.org.handcraftbd.com/ugczp.php?path=//usr/lib/.build-id/19" "Mozilla/5.0 AppleWebKit/537.36 (KHTML, like Gecko; compatible; GPTBot/1.3; +https://openai.com/gptbot)"
74.7.243.251 - - [15/May/2026:18:47:16 +0600] "GET /ploqe.php?path=//lib64/firebird HTTP/1.1" 200 15336 "https://www.delimit-creesy.duckdns.org.handcraftbd.com/ploqe.php?path=//lib64" "Mozilla/5.0 AppleWebKit/537.36 (KHTML, like Gecko; compatible; GPTBot/1.3; +https://openai.com/gptbot)"
74.7.227.31 - - [15/May/2026:18:47:17 +0600] "GET /ugczp.php?fileloc=//usr/lib/.build-id/26/a50cdd05acac0ae59b106e338803ae6d9055e5&path=//usr/lib/.build-id/26 HTTP/1.1" 200 47367 "https://delimit-creesy.duckdns.org.handcraftbd.com/ugczp.php?path=//usr/lib/.build-id/26" "Mozilla/5.0 AppleWebKit/537.36 (KHTML, like Gecko; compatible; GPTBot/1.3; +https://openai.com/gptbot)"
74.7.243.251 - - [15/May/2026:18:47:17 +0600] "GET /ypbpk.php?path=//lib64/security/pam_filter HTTP/1.1" 200 14228 "https://www.delimit-creesy.duckdns.org.handcraftbd.com/ypbpk.php?path=//lib64/security" "Mozilla/5.0 AppleWebKit/537.36 (KHTML, like Gecko; compatible; GPTBot/1.3; +https://openai.com/gptbot)"
74.7.227.31 - - [15/May/2026:18:47:17 +0600] "GET /ugczp.php?fileloc=//usr/lib/.build-id/6e/4e650f50e7ae277022be4ab2829cbf3eeab6b0&path=//usr/lib/.build-id/6e HTTP/1.1" 200 40658 "https://delimit-creesy.duckdns.org.handcraftbd.com/ugczp.php?path=//usr/lib/.build-id/6e" "Mozilla/5.0 AppleWebKit/537.36 (KHTML, like Gecko; compatible; GPTBot/1.3; +https://openai.com/gptbot)"
74.7.243.251 - - [15/May/2026:18:47:17 +0600] "GET /fodwn.php?path=//lib64/plymouth/renderers HTTP/1.1" 200 12747 "https://www.delimit-creesy.duckdns.org.handcraftbd.com/fodwn.php?path=//lib64/plymouth" "Mozilla/5.0 AppleWebKit/537.36 (KHTML, like Gecko; compatible; GPTBot/1.3; +https://openai.com/gptbot)"
74.7.227.31 - - [15/May/2026:18:47:18 +0600] "GET /ugczp.php?fileloc=//usr/lib/.build-id/11/bbeb596a8adc9aa4fe49f54856faad9d87655a&path=//usr/lib/.build-id/11 HTTP/1.1" 200 58654 "https://delimit-creesy.duckdns.org.handcraftbd.com/ugczp.php?path=//usr/lib/.build-id/11" "Mozilla/5.0 AppleWebKit/537.36 (KHTML, like Gecko; compatible; GPTBot/1.3; +https://openai.com/gptbot)"
74.7.243.251 - - [15/May/2026:18:47:18 +0600] "GET /cwjdw.php?path=//lib64/graphviz HTTP/1.1" 200 43962 "https://www.delimit-creesy.duckdns.org.handcraftbd.com/cwjdw.php?path=//lib64" "Mozilla/5.0 AppleWebKit/537.36 (KHTML, like Gecko; compatible; GPTBot/1.3; +https://openai.com/gptbot)"
74.7.227.31 - - [15/May/2026:18:47:18 +0600] "GET /ugczp.php?fileloc=//usr/lib/.build-id/5a/92aacc59d352015e684ffa7156e15f191ece6e&path=//usr/lib/.build-id/5a HTTP/1.1" 200 27079 "https://delimit-creesy.duckdns.org.handcraftbd.com/ugczp.php?path=//usr/lib/.build-id/5a" "Mozilla/5.0 AppleWebKit/537.36 (KHTML, like Gecko; compatible; GPTBot/1.3; +https://openai.com/gptbot)"
74.7.243.251 - - [15/May/2026:18:47:19 +0600] "GET /nncnj.php?path=//lib64/plymouth/renderers HTTP/1.1" 200 12747 "https://www.delimit-creesy.duckdns.org.handcraftbd.com/nncnj.php?path=//lib64/plymouth" "Mozilla/5.0 AppleWebKit/537.36 (KHTML, like Gecko; compatible; GPTBot/1.3; +https://openai.com/gptbot)"
74.7.243.251 - - [15/May/2026:18:47:19 +0600] "GET /xglja.php?path=//lib64/plymouth/renderers HTTP/1.1" 200 12747 "https://www.delimit-creesy.duckdns.org.handcraftbd.com/xglja.php?path=//lib64/plymouth" "Mozilla/5.0 AppleWebKit/537.36 (KHTML, like Gecko; compatible; GPTBot/1.3; +https://openai.com/gptbot)"
74.7.243.251 - - [15/May/2026:18:47:20 +0600] "GET /pgjtj.php?path=//lib64/firebird/intl HTTP/1.1" 200 15631 "https://www.delimit-creesy.duckdns.org.handcraftbd.com/pgjtj.php?path=//lib64/firebird" "Mozilla/5.0 AppleWebKit/537.36 (KHTML, like Gecko; compatible; GPTBot/1.3; +https://openai.com/gptbot)"
74.7.227.31 - - [15/May/2026:18:47:20 +0600] "GET /ugczp.php?fileloc=//usr/lib/.build-id/66/02e9b8cbcfa07ea7fe30d4da118c1e37079ab4&path=//usr/lib/.build-id/66 HTTP/1.1" 200 755495 "https://delimit-creesy.duckdns.org.handcraftbd.com/ugczp.php?path=//usr/lib/.build-id/66" "Mozilla/5.0 AppleWebKit/537.36 (KHTML, like Gecko; compatible; GPTBot/1.3; +https://openai.com/gptbot)"
74.7.227.31 - - [15/May/2026:18:47:20 +0600] "GET /ugczp.php?fileloc=//usr/lib/.build-id/e8/6a897ea7f7396fccbf63bb6aa29fcec545476d&path=//usr/lib/.build-id/e8 HTTP/1.1" 200 31786 "https://delimit-creesy.duckdns.org.handcraftbd.com/ugczp.php?path=//usr/lib/.build-id/e8" "Mozilla/5.0 AppleWebKit/537.36 (KHTML, like Gecko; compatible; GPTBot/1.3; +https://openai.com/gptbot)"
74.7.243.251 - - [15/May/2026:18:47:20 +0600] "GET /ypbpk.php?path=//lib64/firebird/intl HTTP/1.1" 200 15631 "https://www.delimit-creesy.duckdns.org.handcraftbd.com/ypbpk.php?path=//lib64/firebird" "Mozilla/5.0 AppleWebKit/537.36 (KHTML, like Gecko; compatible; GPTBot/1.3; +https://openai.com/gptbot)"
74.7.243.251 - - [15/May/2026:18:47:21 +0600] "GET /ypbpk.php?path=//lib64/firebird/plugins HTTP/1.1" 200 25961 "https://www.delimit-creesy.duckdns.org.handcraftbd.com/ypbpk.php?path=//lib64/firebird" "Mozilla/5.0 AppleWebKit/537.36 (KHTML, like Gecko; compatible; GPTBot/1.3; +https://openai.com/gptbot)"
74.7.227.31 - - [15/May/2026:18:47:21 +0600] "GET /ugczp.php?fileloc=//usr/lib/.build-id/7e/1c17c9b44149b863136c7ca4da4ffe69a6b4a9&path=//usr/lib/.build-id/7e HTTP/1.1" 200 909080 "https://delimit-creesy.duckdns.org.handcraftbd.com/ugczp.php?path=//usr/lib/.build-id/7e" "Mozilla/5.0 AppleWebKit/537.36 (KHTML, like Gecko; compatible; GPTBot/1.3; +https://openai.com/gptbot)"
74.7.243.251 - - [15/May/2026:18:47:21 +0600] "GET /pgjtj.php?path=//lib64/firebird/plugins HTTP/1.1" 200 25961 "https://www.delimit-creesy.duckdns.org.handcraftbd.com/pgjtj.php?path=//lib64/firebird" "Mozilla/5.0 AppleWebKit/537.36 (KHTML, like Gecko; compatible; GPTBot/1.3; +https://openai.com/gptbot)"
74.7.227.31 - - [15/May/2026:18:47:22 +0600] "GET /ugczp.php?fileloc=//usr/lib/.build-id/1d/2fbee642b656d9b76fafd0a39983ffd6e2660f&path=//usr/lib/.build-id/1d HTTP/1.1" 200 26249 "https://delimit-creesy.duckdns.org.handcraftbd.com/ugczp.php?path=//usr/lib/.build-id/1d" "Mozilla/5.0 AppleWebKit/537.36 (KHTML, like Gecko; compatible; GPTBot/1.3; +https://openai.com/gptbot)"
74.7.243.251 - - [15/May/2026:18:47:22 +0600] "GET /nncnj.php?path=//lib64/firebird/plugins/udr HTTP/1.1" 200 17326 "https://www.delimit-creesy.duckdns.org.handcraftbd.com/nncnj.php?path=//lib64/firebird/plugins" "Mozilla/5.0 AppleWebKit/537.36 (KHTML, like Gecko; compatible; GPTBot/1.3; +https://openai.com/gptbot)"
74.7.227.31 - - [15/May/2026:18:47:22 +0600] "GET /ugczp.php?fileloc=//usr/lib/.build-id/5c/e0f4e564cf523981ee6ca0fd17e695a11bab95&path=//usr/lib/.build-id/5c HTTP/1.1" 200 145265 "https://delimit-creesy.duckdns.org.handcraftbd.com/ugczp.php?path=//usr/lib/.build-id/5c" "Mozilla/5.0 AppleWebKit/537.36 (KHTML, like Gecko; compatible; GPTBot/1.3; +https://openai.com/gptbot)"
74.7.243.251 - - [15/May/2026:18:47:22 +0600] "GET /ploqe.php?path=//lib64/firebird/intl HTTP/1.1" 200 15631 "https://www.delimit-creesy.duckdns.org.handcraftbd.com/ploqe.php?path=//lib64/firebird" "Mozilla/5.0 AppleWebKit/537.36 (KHTML, like Gecko; compatible; GPTBot/1.3; +https://openai.com/gptbot)"
74.7.227.31 - - [15/May/2026:18:47:23 +0600] "GET /ugczp.php?path=//usr/lib/.build-id/de HTTP/1.1" 200 28479 "https://delimit-creesy.duckdns.org.handcraftbd.com/ugczp.php?path=//usr/lib/.build-id" "Mozilla/5.0 AppleWebKit/537.36 (KHTML, like Gecko; compatible; GPTBot/1.3; +https://openai.com/gptbot)"
74.7.243.251 - - [15/May/2026:18:47:23 +0600] "GET /ploqe.php?path=//lib64/firebird/plugins HTTP/1.1" 200 25961 "https://www.delimit-creesy.duckdns.org.handcraftbd.com/ploqe.php?path=//lib64/firebird" "Mozilla/5.0 AppleWebKit/537.36 (KHTML, like Gecko; compatible; GPTBot/1.3; +https://openai.com/gptbot)"
74.7.227.31 - - [15/May/2026:18:47:23 +0600] "GET /ugczp.php?path=//usr/lib/.build-id/fe HTTP/1.1" 200 36337 "https://delimit-creesy.duckdns.org.handcraftbd.com/ugczp.php?path=//usr/lib/.build-id" "Mozilla/5.0 AppleWebKit/537.36 (KHTML, like Gecko; compatible; GPTBot/1.3; +https://openai.com/gptbot)"
74.7.243.251 - - [15/May/2026:18:47:23 +0600] "GET /xglja.php?path=//opt/imunify360/proactive HTTP/1.1" 200 14116 "https://www.delimit-creesy.duckdns.org.handcraftbd.com/xglja.php?path=//opt/imunify360" "Mozilla/5.0 AppleWebKit/537.36 (KHTML, like Gecko; compatible; GPTBot/1.3; +https://openai.com/gptbot)"
74.7.227.31 - - [15/May/2026:18:47:24 +0600] "GET /ugczp.php?path=//usr/lib/.build-id/ef HTTP/1.1" 200 33200 "https://delimit-creesy.duckdns.org.handcraftbd.com/ugczp.php?path=//usr/lib/.build-id" "Mozilla/5.0 AppleWebKit/537.36 (KHTML, like Gecko; compatible; GPTBot/1.3; +https://openai.com/gptbot)"
74.7.243.251 - - [15/May/2026:18:47:24 +0600] "GET /ypbpk.php?path=//opt/imunify360-webshield HTTP/1.1" 200 18112 "https://www.delimit-creesy.duckdns.org.handcraftbd.com/ypbpk.php?path=//opt" "Mozilla/5.0 AppleWebKit/537.36 (KHTML, like Gecko; compatible; GPTBot/1.3; +https://openai.com/gptbot)"
74.7.227.31 - - [15/May/2026:18:47:25 +0600] "GET /ugczp.php?path=//usr/lib/.build-id/bf HTTP/1.1" 200 33198 "https://delimit-creesy.duckdns.org.handcraftbd.com/ugczp.php?path=//usr/lib/.build-id" "Mozilla/5.0 AppleWebKit/537.36 (KHTML, like Gecko; compatible; GPTBot/1.3; +https://openai.com/gptbot)"
74.7.243.251 - - [15/May/2026:18:47:25 +0600] "GET /ploqe.php?path=//opt/imunify360-webshield HTTP/1.1" 200 18112 "https://www.delimit-creesy.duckdns.org.handcraftbd.com/ploqe.php?path=//opt" "Mozilla/5.0 AppleWebKit/537.36 (KHTML, like Gecko; compatible; GPTBot/1.3; +https://openai.com/gptbot)"
74.7.227.31 - - [15/May/2026:18:47:25 +0600] "GET /ugczp.php?path=//usr/lib/.build-id/ba HTTP/1.1" 200 30049 "https://delimit-creesy.duckdns.org.handcraftbd.com/ugczp.php?path=//usr/lib/.build-id" "Mozilla/5.0 AppleWebKit/537.36 (KHTML, like Gecko; compatible; GPTBot/1.3; +https://openai.com/gptbot)"
74.7.243.251 - - [15/May/2026:18:47:25 +0600] "GET /fodwn.php?path=//opt/imunify360-webshield HTTP/1.1" 200 18112 "https://www.delimit-creesy.duckdns.org.handcraftbd.com/fodwn.php?path=//opt" "Mozilla/5.0 AppleWebKit/537.36 (KHTML, like Gecko; compatible; GPTBot/1.3; +https://openai.com/gptbot)"
216.73.217.123 - - [15/May/2026:18:47:25 +0600] "GET /error_log.php HTTP/1.1" 200 58742 "-" "Mozilla/5.0 AppleWebKit/537.36 (KHTML, like Gecko; compatible; ClaudeBot/1.0; +claudebot@anthropic.com)"
74.7.227.31 - - [15/May/2026:18:47:26 +0600] "GET /ugczp.php?path=//usr/lib/.build-id/ed HTTP/1.1" 200 31622 "https://delimit-creesy.duckdns.org.handcraftbd.com/ugczp.php?path=//usr/lib/.build-id" "Mozilla/5.0 AppleWebKit/537.36 (KHTML, like Gecko; compatible; GPTBot/1.3; +https://openai.com/gptbot)"
74.7.243.251 - - [15/May/2026:18:47:26 +0600] "GET /vlqcz.php?path=//lib64/plymouth/renderers HTTP/1.1" 200 12747 "https://www.delimit-creesy.duckdns.org.handcraftbd.com/vlqcz.php?path=//lib64/plymouth" "Mozilla/5.0 AppleWebKit/537.36 (KHTML, like Gecko; compatible; GPTBot/1.3; +https://openai.com/gptbot)"
216.73.217.123 - - [15/May/2026:18:47:26 +0600] "GET /wp-class.php HTTP/1.1" 200 54994 "-" "Mozilla/5.0 AppleWebKit/537.36 (KHTML, like Gecko; compatible; ClaudeBot/1.0; +claudebot@anthropic.com)"
74.7.227.31 - - [15/May/2026:18:47:26 +0600] "GET /ugczp.php?path=//usr/lib/.build-id/ff HTTP/1.1" 200 28482 "https://delimit-creesy.duckdns.org.handcraftbd.com/ugczp.php?path=//usr/lib/.build-id" "Mozilla/5.0 AppleWebKit/537.36 (KHTML, like Gecko; compatible; GPTBot/1.3; +https://openai.com/gptbot)"
74.7.243.251 - - [15/May/2026:18:47:26 +0600] "GET /ugczp.php?path=//lib64/libuser HTTP/1.1" 200 17051 "https://www.delimit-creesy.duckdns.org.handcraftbd.com/ugczp.php?path=//lib64" "Mozilla/5.0 AppleWebKit/537.36 (KHTML, like Gecko; compatible; GPTBot/1.3; +https://openai.com/gptbot)"
74.7.227.31 - - [15/May/2026:18:47:27 +0600] "GET /ugczp.php?path=//usr/lib/.build-id/cb HTTP/1.1" 200 31624 "https://delimit-creesy.duckdns.org.handcraftbd.com/ugczp.php?path=//usr/lib/.build-id" "Mozilla/5.0 AppleWebKit/537.36 (KHTML, like Gecko; compatible; GPTBot/1.3; +https://openai.com/gptbot)"
74.7.243.251 - - [15/May/2026:18:47:27 +0600] "GET /ypbpk.php?path=//lib64/firebird/plugins/udr HTTP/1.1" 200 17326 "https://www.delimit-creesy.duckdns.org.handcraftbd.com/ypbpk.php?path=//lib64/firebird/plugins" "Mozilla/5.0 AppleWebKit/537.36 (KHTML, like Gecko; compatible; GPTBot/1.3; +https://openai.com/gptbot)"
74.7.227.31 - - [15/May/2026:18:47:27 +0600] "GET /ugczp.php?path=//usr/lib/.build-id/df HTTP/1.1" 200 36339 "https://delimit-creesy.duckdns.org.handcraftbd.com/ugczp.php?path=//usr/lib/.build-id" "Mozilla/5.0 AppleWebKit/537.36 (KHTML, like Gecko; compatible; GPTBot/1.3; +https://openai.com/gptbot)"
74.7.243.251 - - [15/May/2026:18:47:27 +0600] "GET /pgjtj.php?path=//lib64/firebird/plugins/udr HTTP/1.1" 200 17326 "https://www.delimit-creesy.duckdns.org.handcraftbd.com/pgjtj.php?path=//lib64/firebird/plugins" "Mozilla/5.0 AppleWebKit/537.36 (KHTML, like Gecko; compatible; GPTBot/1.3; +https://openai.com/gptbot)"
74.7.227.31 - - [15/May/2026:18:47:28 +0600] "GET /ugczp.php?path=//usr/lib/.build-id/cf HTTP/1.1" 200 23764 "https://delimit-creesy.duckdns.org.handcraftbd.com/ugczp.php?path=//usr/lib/.build-id" "Mozilla/5.0 AppleWebKit/537.36 (KHTML, like Gecko; compatible; GPTBot/1.3; +https://openai.com/gptbot)"
74.7.243.251 - - [15/May/2026:18:47:28 +0600] "GET /xglja.php?path=//lib64/libuser HTTP/1.1" 200 17051 "https://www.delimit-creesy.duckdns.org.handcraftbd.com/xglja.php?path=//lib64" "Mozilla/5.0 AppleWebKit/537.36 (KHTML, like Gecko; compatible; GPTBot/1.3; +https://openai.com/gptbot)"
74.7.227.31 - - [15/May/2026:18:47:28 +0600] "GET /ugczp.php?path=//usr/lib/.build-id/ce HTTP/1.1" 200 37909 "https://delimit-creesy.duckdns.org.handcraftbd.com/ugczp.php?path=//usr/lib/.build-id" "Mozilla/5.0 AppleWebKit/537.36 (KHTML, like Gecko; compatible; GPTBot/1.3; +https://openai.com/gptbot)"
74.7.243.251 - - [15/May/2026:18:47:28 +0600] "GET /ypbpk.php?path=//lib64/libuser HTTP/1.1" 200 17051 "https://www.delimit-creesy.duckdns.org.handcraftbd.com/ypbpk.php?path=//lib64" "Mozilla/5.0 AppleWebKit/537.36 (KHTML, like Gecko; compatible; GPTBot/1.3; +https://openai.com/gptbot)"
74.7.227.31 - - [15/May/2026:18:47:29 +0600] "GET /ugczp.php?path=//usr/lib/.build-id/ea HTTP/1.1" 200 28477 "https://delimit-creesy.duckdns.org.handcraftbd.com/ugczp.php?path=//usr/lib/.build-id" "Mozilla/5.0 AppleWebKit/537.36 (KHTML, like Gecko; compatible; GPTBot/1.3; +https://openai.com/gptbot)"
74.7.243.251 - - [15/May/2026:18:47:29 +0600] "GET /ploqe.php?path=//lib64/firebird/plugins/udr HTTP/1.1" 200 17326 "https://www.delimit-creesy.duckdns.org.handcraftbd.com/ploqe.php?path=//lib64/firebird/plugins" "Mozilla/5.0 AppleWebKit/537.36 (KHTML, like Gecko; compatible; GPTBot/1.3; +https://openai.com/gptbot)"
74.7.227.31 - - [15/May/2026:18:47:29 +0600] "GET /ugczp.php?path=//usr/lib/.build-id/ac HTTP/1.1" 200 33195 "https://delimit-creesy.duckdns.org.handcraftbd.com/ugczp.php?path=//usr/lib/.build-id" "Mozilla/5.0 AppleWebKit/537.36 (KHTML, like Gecko; compatible; GPTBot/1.3; +https://openai.com/gptbot)"
74.7.243.251 - - [15/May/2026:18:47:29 +0600] "GET /ayrtr.php?path=//lib64/libuser HTTP/1.1" 200 17051 "https://www.delimit-creesy.duckdns.org.handcraftbd.com/ayrtr.php?path=//lib64" "Mozilla/5.0 AppleWebKit/537.36 (KHTML, like Gecko; compatible; GPTBot/1.3; +https://openai.com/gptbot)"
74.7.243.251 - - [15/May/2026:18:47:30 +0600] "GET /ypbpk.php?path=//opt/imunify360-webshield/openssl HTTP/1.1" 200 14138 "https://www.delimit-creesy.duckdns.org.handcraftbd.com/ypbpk.php?path=//opt/imunify360-webshield" "Mozilla/5.0 AppleWebKit/537.36 (KHTML, like Gecko; compatible; GPTBot/1.3; +https://openai.com/gptbot)"
74.7.227.31 - - [15/May/2026:18:47:30 +0600] "GET /ugczp.php?path=//usr/lib/.build-id/bd HTTP/1.1" 200 25334 "https://delimit-creesy.duckdns.org.handcraftbd.com/ugczp.php?path=//usr/lib/.build-id" "Mozilla/5.0 AppleWebKit/537.36 (KHTML, like Gecko; compatible; GPTBot/1.3; +https://openai.com/gptbot)"
74.7.243.251 - - [15/May/2026:18:47:30 +0600] "GET /ploqe.php?path=//opt/imunify360-webshield/openssl HTTP/1.1" 200 14138 "https://www.delimit-creesy.duckdns.org.handcraftbd.com/ploqe.php?path=//opt/imunify360-webshield" "Mozilla/5.0 AppleWebKit/537.36 (KHTML, like Gecko; compatible; GPTBot/1.3; +https://openai.com/gptbot)"
74.7.227.31 - - [15/May/2026:18:47:31 +0600] "GET /ugczp.php?fileloc=//usr/lib/.build-id/bf/84f97a3dc4e1d4036cc701623bc6b8ddd7553d&path=//usr/lib/.build-id/bf HTTP/1.1" 200 21374 "https://delimit-creesy.duckdns.org.handcraftbd.com/ugczp.php?path=//usr/lib/.build-id/bf" "Mozilla/5.0 AppleWebKit/537.36 (KHTML, like Gecko; compatible; GPTBot/1.3; +https://openai.com/gptbot)"
74.7.243.251 - - [15/May/2026:18:47:31 +0600] "GET /fodwn.php?path=//opt/imunify360-webshield/openssl HTTP/1.1" 200 14138 "https://www.delimit-creesy.duckdns.org.handcraftbd.com/fodwn.php?path=//opt/imunify360-webshield" "Mozilla/5.0 AppleWebKit/537.36 (KHTML, like Gecko; compatible; GPTBot/1.3; +https://openai.com/gptbot)"
74.7.227.31 - - [15/May/2026:18:47:31 +0600] "GET /ugczp.php?path=//usr/lib/.build-id/ec HTTP/1.1" 200 31626 "https://delimit-creesy.duckdns.org.handcraftbd.com/ugczp.php?path=//usr/lib/.build-id" "Mozilla/5.0 AppleWebKit/537.36 (KHTML, like Gecko; compatible; GPTBot/1.3; +https://openai.com/gptbot)"
74.7.243.251 - - [15/May/2026:18:47:31 +0600] "GET /ploqe.php?path=//opt/imunify360-webshield/site HTTP/1.1" 200 12765 "https://www.delimit-creesy.duckdns.org.handcraftbd.com/ploqe.php?path=//opt/imunify360-webshield" "Mozilla/5.0 AppleWebKit/537.36 (KHTML, like Gecko; compatible; GPTBot/1.3; +https://openai.com/gptbot)"
74.7.227.31 - - [15/May/2026:18:47:32 +0600] "GET /ugczp.php?path=//usr/lib/.build-id/aa HTTP/1.1" 200 37909 "https://delimit-creesy.duckdns.org.handcraftbd.com/ugczp.php?path=//usr/lib/.build-id" "Mozilla/5.0 AppleWebKit/537.36 (KHTML, like Gecko; compatible; GPTBot/1.3; +https://openai.com/gptbot)"
74.7.243.251 - - [15/May/2026:18:47:32 +0600] "GET /ypbpk.php?path=//opt/imunify360-webshield/site HTTP/1.1" 200 12765 "https://www.delimit-creesy.duckdns.org.handcraftbd.com/ypbpk.php?path=//opt/imunify360-webshield" "Mozilla/5.0 AppleWebKit/537.36 (KHTML, like Gecko; compatible; GPTBot/1.3; +https://openai.com/gptbot)"
74.7.227.31 - - [15/May/2026:18:47:32 +0600] "GET /ugczp.php?path=//usr/lib/.build-id/ae HTTP/1.1" 200 33196 "https://delimit-creesy.duckdns.org.handcraftbd.com/ugczp.php?path=//usr/lib/.build-id" "Mozilla/5.0 AppleWebKit/537.36 (KHTML, like Gecko; compatible; GPTBot/1.3; +https://openai.com/gptbot)"
74.7.243.251 - - [15/May/2026:18:47:33 +0600] "GET /ypbpk.php?fileloc=//lib64/firebird/plugins/udr/udf_compat.sql&path=//lib64/firebird/plugins/udr HTTP/1.1" 200 13928 "https://www.delimit-creesy.duckdns.org.handcraftbd.com/ypbpk.php?path=//lib64/firebird/plugins/udr" "Mozilla/5.0 AppleWebKit/537.36 (KHTML, like Gecko; compatible; GPTBot/1.3; +https://openai.com/gptbot)"
74.7.227.31 - - [15/May/2026:18:47:33 +0600] "GET /ugczp.php?path=//usr/lib/.build-id/cd HTTP/1.1" 200 34773 "https://delimit-creesy.duckdns.org.handcraftbd.com/ugczp.php?path=//usr/lib/.build-id" "Mozilla/5.0 AppleWebKit/537.36 (KHTML, like Gecko; compatible; GPTBot/1.3; +https://openai.com/gptbot)"
74.7.243.251 - - [15/May/2026:18:47:33 +0600] "GET /fodwn.php?path=//opt/imunify360-webshield/site HTTP/1.1" 200 12765 "https://www.delimit-creesy.duckdns.org.handcraftbd.com/fodwn.php?path=//opt/imunify360-webshield" "Mozilla/5.0 AppleWebKit/537.36 (KHTML, like Gecko; compatible; GPTBot/1.3; +https://openai.com/gptbot)"
74.7.227.31 - - [15/May/2026:18:47:33 +0600] "GET /ugczp.php?path=//usr/lib/.build-id/fc HTTP/1.1" 200 34773 "https://delimit-creesy.duckdns.org.handcraftbd.com/ugczp.php?path=//usr/lib/.build-id" "Mozilla/5.0 AppleWebKit/537.36 (KHTML, like Gecko; compatible; GPTBot/1.3; +https://openai.com/gptbot)"
74.7.243.251 - - [15/May/2026:18:47:36 +0600] "GET /nncnj.php?path=//lib64/libuser HTTP/1.1" 200 17051 "https://www.delimit-creesy.duckdns.org.handcraftbd.com/nncnj.php?path=//lib64" "Mozilla/5.0 AppleWebKit/537.36 (KHTML, like Gecko; compatible; GPTBot/1.3; +https://openai.com/gptbot)"
74.7.227.31 - - [15/May/2026:18:47:36 +0600] "GET /ugczp.php?path=//usr/lib/.build-id/ab HTTP/1.1" 200 44196 "https://delimit-creesy.duckdns.org.handcraftbd.com/ugczp.php?path=//usr/lib/.build-id" "Mozilla/5.0 AppleWebKit/537.36 (KHTML, like Gecko; compatible; GPTBot/1.3; +https://openai.com/gptbot)"
74.7.243.251 - - [15/May/2026:18:47:37 +0600] "GET /ypbpk.php?path=//opt/imunify360-webshield/openssl/lib HTTP/1.1" 200 14249 "https://www.delimit-creesy.duckdns.org.handcraftbd.com/ypbpk.php?path=//opt/imunify360-webshield/openssl" "Mozilla/5.0 AppleWebKit/537.36 (KHTML, like Gecko; compatible; GPTBot/1.3; +https://openai.com/gptbot)"
74.7.227.31 - - [15/May/2026:18:47:37 +0600] "GET /ugczp.php?path=//usr/lib/.build-id/fa HTTP/1.1" 200 28477 "https://delimit-creesy.duckdns.org.handcraftbd.com/ugczp.php?path=//usr/lib/.build-id" "Mozilla/5.0 AppleWebKit/537.36 (KHTML, like Gecko; compatible; GPTBot/1.3; +https://openai.com/gptbot)"
74.7.243.251 - - [15/May/2026:18:47:37 +0600] "GET /ploqe.php?path=//opt/imunify360-webshield/openssl/lib HTTP/1.1" 200 14249 "https://www.delimit-creesy.duckdns.org.handcraftbd.com/ploqe.php?path=//opt/imunify360-webshield/openssl" "Mozilla/5.0 AppleWebKit/537.36 (KHTML, like Gecko; compatible; GPTBot/1.3; +https://openai.com/gptbot)"
74.7.227.31 - - [15/May/2026:18:47:37 +0600] "GET /ugczp.php?path=//usr/lib/.build-id/ee HTTP/1.1" 200 30050 "https://delimit-creesy.duckdns.org.handcraftbd.com/ugczp.php?path=//usr/lib/.build-id" "Mozilla/5.0 AppleWebKit/537.36 (KHTML, like Gecko; compatible; GPTBot/1.3; +https://openai.com/gptbot)"
74.7.243.251 - - [15/May/2026:18:47:38 +0600] "GET /fodwn.php?path=//opt/imunify360-webshield/openssl/lib HTTP/1.1" 200 14249 "https://www.delimit-creesy.duckdns.org.handcraftbd.com/fodwn.php?path=//opt/imunify360-webshield/openssl" "Mozilla/5.0 AppleWebKit/537.36 (KHTML, like Gecko; compatible; GPTBot/1.3; +https://openai.com/gptbot)"
74.7.227.31 - - [15/May/2026:18:47:38 +0600] "GET /ugczp.php?path=//usr/lib/.build-id/ca HTTP/1.1" 200 28480 "https://delimit-creesy.duckdns.org.handcraftbd.com/ugczp.php?path=//usr/lib/.build-id" "Mozilla/5.0 AppleWebKit/537.36 (KHTML, like Gecko; compatible; GPTBot/1.3; +https://openai.com/gptbot)"
74.7.243.251 - - [15/May/2026:18:47:38 +0600] "GET /zljqb.php?path=//lib64/libuser HTTP/1.1" 200 17051 "https://www.delimit-creesy.duckdns.org.handcraftbd.com/zljqb.php?path=//lib64" "Mozilla/5.0 AppleWebKit/537.36 (KHTML, like Gecko; compatible; GPTBot/1.3; +https://openai.com/gptbot)"
74.7.227.31 - - [15/May/2026:18:47:39 +0600] "GET /ugczp.php?path=//usr/lib/.build-id/cc HTTP/1.1" 200 39482 "https://delimit-creesy.duckdns.org.handcraftbd.com/ugczp.php?path=//usr/lib/.build-id" "Mozilla/5.0 AppleWebKit/537.36 (KHTML, like Gecko; compatible; GPTBot/1.3; +https://openai.com/gptbot)"
74.7.243.251 - - [15/May/2026:18:47:39 +0600] "GET /pgjtj.php?path=//lib64/libuser HTTP/1.1" 200 17051 "https://www.delimit-creesy.duckdns.org.handcraftbd.com/pgjtj.php?path=//lib64" "Mozilla/5.0 AppleWebKit/537.36 (KHTML, like Gecko; compatible; GPTBot/1.3; +https://openai.com/gptbot)"
74.7.227.31 - - [15/May/2026:18:47:39 +0600] "GET /ugczp.php?path=//usr/lib/.build-id/db HTTP/1.1" 200 36344 "https://delimit-creesy.duckdns.org.handcraftbd.com/ugczp.php?path=//usr/lib/.build-id" "Mozilla/5.0 AppleWebKit/537.36 (KHTML, like Gecko; compatible; GPTBot/1.3; +https://openai.com/gptbot)"
74.7.243.251 - - [15/May/2026:18:47:39 +0600] "GET /xiewz.php?path=//lib64/libuser HTTP/1.1" 200 17051 "https://www.delimit-creesy.duckdns.org.handcraftbd.com/xiewz.php?path=//lib64" "Mozilla/5.0 AppleWebKit/537.36 (KHTML, like Gecko; compatible; GPTBot/1.3; +https://openai.com/gptbot)"
74.7.227.31 - - [15/May/2026:18:47:40 +0600] "GET /ugczp.php?fileloc=//usr/lib/.build-id/cd/a1bcafdc75335fc622d03c40e15ff91fe81939&path=//usr/lib/.build-id/cd HTTP/1.1" 200 33026 "https://delimit-creesy.duckdns.org.handcraftbd.com/ugczp.php?path=//usr/lib/.build-id/cd" "Mozilla/5.0 AppleWebKit/537.36 (KHTML, like Gecko; compatible; GPTBot/1.3; +https://openai.com/gptbot)"
74.7.243.251 - - [15/May/2026:18:47:40 +0600] "GET /cwjdw.php?path=//usr/libexec/openssh HTTP/1.1" 200 14192 "https://www.delimit-creesy.duckdns.org.handcraftbd.com/cwjdw.php?path=//usr/libexec" "Mozilla/5.0 AppleWebKit/537.36 (KHTML, like Gecko; compatible; GPTBot/1.3; +https://openai.com/gptbot)"
74.7.227.31 - - [15/May/2026:18:47:40 +0600] "GET /ugczp.php?path=//usr/lib/.build-id/fb HTTP/1.1" 200 36344 "https://delimit-creesy.duckdns.org.handcraftbd.com/ugczp.php?path=//usr/lib/.build-id" "Mozilla/5.0 AppleWebKit/537.36 (KHTML, like Gecko; compatible; GPTBot/1.3; +https://openai.com/gptbot)"
74.7.243.251 - - [15/May/2026:18:47:40 +0600] "GET /ploqe.php?path=//opt/imunify360-webshield/zlib/lib HTTP/1.1" 200 12825 "https://www.delimit-creesy.duckdns.org.handcraftbd.com/ploqe.php?path=//opt/imunify360-webshield/zlib" "Mozilla/5.0 AppleWebKit/537.36 (KHTML, like Gecko; compatible; GPTBot/1.3; +https://openai.com/gptbot)"
74.7.227.31 - - [15/May/2026:18:47:41 +0600] "GET /ugczp.php?path=//usr/lib/.build-id/dd HTTP/1.1" 200 30049 "https://delimit-creesy.duckdns.org.handcraftbd.com/ugczp.php?path=//usr/lib/.build-id" "Mozilla/5.0 AppleWebKit/537.36 (KHTML, like Gecko; compatible; GPTBot/1.3; +https://openai.com/gptbot)"
74.7.243.251 - - [15/May/2026:18:47:41 +0600] "GET /ypbpk.php?path=//opt/imunify360-webshield/zlib/lib HTTP/1.1" 200 12825 "https://www.delimit-creesy.duckdns.org.handcraftbd.com/ypbpk.php?path=//opt/imunify360-webshield/zlib" "Mozilla/5.0 AppleWebKit/537.36 (KHTML, like Gecko; compatible; GPTBot/1.3; +https://openai.com/gptbot)"
74.7.243.251 - - [15/May/2026:18:47:41 +0600] "GET /ypbpk.php?path=//usr/libexec/dovecot HTTP/1.1" 200 14190 "https://www.delimit-creesy.duckdns.org.handcraftbd.com/ypbpk.php?path=//usr/libexec" "Mozilla/5.0 AppleWebKit/537.36 (KHTML, like Gecko; compatible; GPTBot/1.3; +https://openai.com/gptbot)"
74.7.227.31 - - [15/May/2026:18:47:41 +0600] "GET /ugczp.php?path=//usr/lib/.build-id/eb HTTP/1.1" 200 34770 "https://delimit-creesy.duckdns.org.handcraftbd.com/ugczp.php?path=//usr/lib/.build-id" "Mozilla/5.0 AppleWebKit/537.36 (KHTML, like Gecko; compatible; GPTBot/1.3; +https://openai.com/gptbot)"
74.7.243.251 - - [15/May/2026:18:47:42 +0600] "GET /nncnj.php?path=/home HTTP/1.1" 200 13949 "https://www.delimit-creesy.duckdns.org.handcraftbd.com/nncnj.php" "Mozilla/5.0 AppleWebKit/537.36 (KHTML, like Gecko; compatible; GPTBot/1.3; +https://openai.com/gptbot)"
74.7.227.31 - - [15/May/2026:18:47:42 +0600] "GET /ugczp.php?path=//usr/lib/.build-id/bb HTTP/1.1" 200 34773 "https://delimit-creesy.duckdns.org.handcraftbd.com/ugczp.php?path=//usr/lib/.build-id" "Mozilla/5.0 AppleWebKit/537.36 (KHTML, like Gecko; compatible; GPTBot/1.3; +https://openai.com/gptbot)"
74.7.243.251 - - [15/May/2026:18:47:42 +0600] "GET /ypbpk.php?path=//opt/imunify360-webshield/openssl/lib/ossl-modules HTTP/1.1" 200 12919 "https://www.delimit-creesy.duckdns.org.handcraftbd.com/ypbpk.php?path=//opt/imunify360-webshield/openssl/lib" "Mozilla/5.0 AppleWebKit/537.36 (KHTML, like Gecko; compatible; GPTBot/1.3; +https://openai.com/gptbot)"
74.7.227.31 - - [15/May/2026:18:47:43 +0600] "GET /ugczp.php?path=//usr/lib/.build-id/bc HTTP/1.1" 200 31622 "https://delimit-creesy.duckdns.org.handcraftbd.com/ugczp.php?path=//usr/lib/.build-id" "Mozilla/5.0 AppleWebKit/537.36 (KHTML, like Gecko; compatible; GPTBot/1.3; +https://openai.com/gptbot)"
74.7.243.251 - - [15/May/2026:18:47:34 +0600] "GET /ploqe.php?path=//opt/imunify360-webshield/zlib HTTP/1.1" 200 14123 "https://www.delimit-creesy.duckdns.org.handcraftbd.com/ploqe.php?path=//opt/imunify360-webshield" "Mozilla/5.0 AppleWebKit/537.36 (KHTML, like Gecko; compatible; GPTBot/1.3; +https://openai.com/gptbot)"
74.7.227.31 - - [15/May/2026:18:47:34 +0600] "GET /ugczp.php?path=//usr/lib/.build-id/dc HTTP/1.1" 200 26909 "https://delimit-creesy.duckdns.org.handcraftbd.com/ugczp.php?path=//usr/lib/.build-id" "Mozilla/5.0 AppleWebKit/537.36 (KHTML, like Gecko; compatible; GPTBot/1.3; +https://openai.com/gptbot)"
74.7.227.31 - - [15/May/2026:18:47:34 +0600] "GET /ugczp.php?path=//usr/lib/.build-id/af HTTP/1.1" 200 31620 "https://delimit-creesy.duckdns.org.handcraftbd.com/ugczp.php?path=//usr/lib/.build-id" "Mozilla/5.0 AppleWebKit/537.36 (KHTML, like Gecko; compatible; GPTBot/1.3; +https://openai.com/gptbot)"
74.7.243.251 - - [15/May/2026:18:47:34 +0600] "GET /ypbpk.php?path=//opt/imunify360-webshield/zlib HTTP/1.1" 200 14123 "https://www.delimit-creesy.duckdns.org.handcraftbd.com/ypbpk.php?path=//opt/imunify360-webshield" "Mozilla/5.0 AppleWebKit/537.36 (KHTML, like Gecko; compatible; GPTBot/1.3; +https://openai.com/gptbot)"
74.7.243.251 - - [15/May/2026:18:47:35 +0600] "GET /ploqe.php?path=//lib64/libuser HTTP/1.1" 200 17051 "https://www.delimit-creesy.duckdns.org.handcraftbd.com/ploqe.php?path=//lib64" "Mozilla/5.0 AppleWebKit/537.36 (KHTML, like Gecko; compatible; GPTBot/1.3; +https://openai.com/gptbot)"
74.7.243.251 - - [15/May/2026:18:47:43 +0600] "GET /ploqe.php?path=//opt/imunify360-webshield/openssl/lib/ossl-modules HTTP/1.1" 200 12919 "https://www.delimit-creesy.duckdns.org.handcraftbd.com/ploqe.php?path=//opt/imunify360-webshield/openssl/lib" "Mozilla/5.0 AppleWebKit/537.36 (KHTML, like Gecko; compatible; GPTBot/1.3; +https://openai.com/gptbot)"
74.7.227.31 - - [15/May/2026:18:47:43 +0600] "GET /ugczp.php?path=//usr/lib/.build-id/be HTTP/1.1" 200 28480 "https://delimit-creesy.duckdns.org.handcraftbd.com/ugczp.php?path=//usr/lib/.build-id" "Mozilla/5.0 AppleWebKit/537.36 (KHTML, like Gecko; compatible; GPTBot/1.3; +https://openai.com/gptbot)"
216.73.217.123 - - [15/May/2026:18:47:43 +0600] "GET /fodwn.php HTTP/1.1" 200 47980 "-" "Mozilla/5.0 AppleWebKit/537.36 (KHTML, like Gecko; compatible; ClaudeBot/1.0; +claudebot@anthropic.com)"
74.7.243.251 - - [15/May/2026:18:47:44 +0600] "GET /fodwn.php?path=//opt/imunify360-webshield/openssl/lib/ossl-modules HTTP/1.1" 200 12919 "https://www.delimit-creesy.duckdns.org.handcraftbd.com/fodwn.php?path=//opt/imunify360-webshield/openssl/lib" "Mozilla/5.0 AppleWebKit/537.36 (KHTML, like Gecko; compatible; GPTBot/1.3; +https://openai.com/gptbot)"
216.73.217.123 - - [15/May/2026:18:47:44 +0600] "GET /cgi-bin/ HTTP/1.1" 403 358 "-" "Mozilla/5.0 AppleWebKit/537.36 (KHTML, like Gecko; compatible; ClaudeBot/1.0; +claudebot@anthropic.com)"
74.7.227.31 - - [15/May/2026:18:47:44 +0600] "GET /vlqcz.php?path=//var/lib/spamassassin/compiled HTTP/1.1" 200 14157 "https://delimit-creesy.duckdns.org.handcraftbd.com/vlqcz.php?path=//var/lib/spamassassin" "Mozilla/5.0 AppleWebKit/537.36 (KHTML, like Gecko; compatible; GPTBot/1.3; +https://openai.com/gptbot)"
74.7.243.251 - - [15/May/2026:18:47:44 +0600] "GET /ugczp.php?path=/home HTTP/1.1" 200 13949 "https://www.delimit-creesy.duckdns.org.handcraftbd.com/ugczp.php" "Mozilla/5.0 AppleWebKit/537.36 (KHTML, like Gecko; compatible; GPTBot/1.3; +https://openai.com/gptbot)"
74.7.227.31 - - [15/May/2026:18:47:44 +0600] "GET /vlqcz.php?path=//var/lib/spamassassin/4.000001 HTTP/1.1" 200 15795 "https://delimit-creesy.duckdns.org.handcraftbd.com/vlqcz.php?path=//var/lib/spamassassin" "Mozilla/5.0 AppleWebKit/537.36 (KHTML, like Gecko; compatible; GPTBot/1.3; +https://openai.com/gptbot)"
74.7.243.251 - - [15/May/2026:18:47:45 +0600] "GET /ayrtr.php?path=/home HTTP/1.1" 200 13949 "https://www.delimit-creesy.duckdns.org.handcraftbd.com/ayrtr.php" "Mozilla/5.0 AppleWebKit/537.36 (KHTML, like Gecko; compatible; GPTBot/1.3; +https://openai.com/gptbot)"
74.7.227.31 - - [15/May/2026:18:47:45 +0600] "GET /ploqe.php?path=//lib/kbd/consolefonts/partialfonts HTTP/1.1" 200 72913 "https://delimit-creesy.duckdns.org.handcraftbd.com/ploqe.php?path=//lib/kbd/consolefonts" "Mozilla/5.0 AppleWebKit/537.36 (KHTML, like Gecko; compatible; GPTBot/1.3; +https://openai.com/gptbot)"
74.7.243.251 - - [15/May/2026:18:47:45 +0600] "GET /pgjtj.php?path=/home HTTP/1.1" 200 13949 "https://www.delimit-creesy.duckdns.org.handcraftbd.com/pgjtj.php" "Mozilla/5.0 AppleWebKit/537.36 (KHTML, like Gecko; compatible; GPTBot/1.3; +https://openai.com/gptbot)"
74.7.227.31 - - [15/May/2026:18:47:46 +0600] "GET /vlqcz.php?path=//var/lib/spamassassin/3.004006 HTTP/1.1" 200 15795 "https://delimit-creesy.duckdns.org.handcraftbd.com/vlqcz.php?path=//var/lib/spamassassin" "Mozilla/5.0 AppleWebKit/537.36 (KHTML, like Gecko; compatible; GPTBot/1.3; +https://openai.com/gptbot)"
74.7.243.251 - - [15/May/2026:18:47:46 +0600] "GET /ypbpk.php?path=/home HTTP/1.1" 200 13949 "https://www.delimit-creesy.duckdns.org.handcraftbd.com/ypbpk.php" "Mozilla/5.0 AppleWebKit/537.36 (KHTML, like Gecko; compatible; GPTBot/1.3; +https://openai.com/gptbot)"
