74.7.243.251 - - [15/May/2026:18:36:45 +0600] "GET /zljqb.php?path=//lib/.build-id/db HTTP/1.1" 200 36062 "https://www.delimit-creesy.duckdns.org.handcraftbd.com/zljqb.php?path=//lib/.build-id" "Mozilla/5.0 AppleWebKit/537.36 (KHTML, like Gecko; compatible; GPTBot/1.3; +https://openai.com/gptbot)"
74.7.227.31 - - [15/May/2026:18:36:46 +0600] "GET /nncnj.php?path=//lib/.build-id/93 HTTP/1.1" 200 28282 "https://delimit-creesy.duckdns.org.handcraftbd.com/nncnj.php?path=//lib/.build-id" "Mozilla/5.0 AppleWebKit/537.36 (KHTML, like Gecko; compatible; GPTBot/1.3; +https://openai.com/gptbot)"
74.7.243.251 - - [15/May/2026:18:36:46 +0600] "GET /zljqb.php?fileloc=//lib/.build-id/45/21a5b26cc6252dd28796a74d128561b79246e1&path=//lib/.build-id/45 HTTP/1.1" 200 32811 "https://www.delimit-creesy.duckdns.org.handcraftbd.com/zljqb.php?path=//lib/.build-id/45" "Mozilla/5.0 AppleWebKit/537.36 (KHTML, like Gecko; compatible; GPTBot/1.3; +https://openai.com/gptbot)"
74.7.227.31 - - [15/May/2026:18:36:46 +0600] "GET /nncnj.php?path=//lib/.build-id/f5 HTTP/1.1" 200 29831 "https://delimit-creesy.duckdns.org.handcraftbd.com/nncnj.php?path=//lib/.build-id" "Mozilla/5.0 AppleWebKit/537.36 (KHTML, like Gecko; compatible; GPTBot/1.3; +https://openai.com/gptbot)"
74.7.243.251 - - [15/May/2026:18:36:47 +0600] "GET /zljqb.php?path=//lib/.build-id/de HTTP/1.1" 200 28277 "https://www.delimit-creesy.duckdns.org.handcraftbd.com/zljqb.php?path=//lib/.build-id" "Mozilla/5.0 AppleWebKit/537.36 (KHTML, like Gecko; compatible; GPTBot/1.3; +https://openai.com/gptbot)"
74.7.227.31 - - [15/May/2026:18:36:47 +0600] "GET /nncnj.php?path=//lib/.build-id/9f HTTP/1.1" 200 28271 "https://delimit-creesy.duckdns.org.handcraftbd.com/nncnj.php?path=//lib/.build-id" "Mozilla/5.0 AppleWebKit/537.36 (KHTML, like Gecko; compatible; GPTBot/1.3; +https://openai.com/gptbot)"
74.7.243.251 - - [15/May/2026:18:36:47 +0600] "GET /zljqb.php?fileloc=//lib/.build-id/71/4dc5bf4584afa204b833cbec8d17a5741cd628&path=//lib/.build-id/71 HTTP/1.1" 200 71556 "https://www.delimit-creesy.duckdns.org.handcraftbd.com/zljqb.php?path=//lib/.build-id/71" "Mozilla/5.0 AppleWebKit/537.36 (KHTML, like Gecko; compatible; GPTBot/1.3; +https://openai.com/gptbot)"
74.7.227.31 - - [15/May/2026:18:36:47 +0600] "GET /nncnj.php?fileloc=//lib/.build-id/61/5700ced367af3dded524c45b77fd5727c6b62c&path=//lib/.build-id/61 HTTP/1.1" 200 449497 "https://delimit-creesy.duckdns.org.handcraftbd.com/nncnj.php?path=//lib/.build-id/61" "Mozilla/5.0 AppleWebKit/537.36 (KHTML, like Gecko; compatible; GPTBot/1.3; +https://openai.com/gptbot)"
74.7.243.251 - - [15/May/2026:18:36:48 +0600] "GET /zljqb.php?fileloc=//lib/.build-id/a7/1621dd95033c6ef2c4b1f83b3d86a69701d0eb.1&path=//lib/.build-id/a7 HTTP/1.1" 200 321801 "https://www.delimit-creesy.duckdns.org.handcraftbd.com/zljqb.php?path=//lib/.build-id/a7" "Mozilla/5.0 AppleWebKit/537.36 (KHTML, like Gecko; compatible; GPTBot/1.3; +https://openai.com/gptbot)"
74.7.243.251 - - [15/May/2026:18:36:49 +0600] "GET /zljqb.php?fileloc=//lib/.build-id/3d/8474cf8e007e4dc97a57f8b312e3d0332631cf&path=//lib/.build-id/3d HTTP/1.1" 200 27835 "https://www.delimit-creesy.duckdns.org.handcraftbd.com/zljqb.php?path=//lib/.build-id/3d" "Mozilla/5.0 AppleWebKit/537.36 (KHTML, like Gecko; compatible; GPTBot/1.3; +https://openai.com/gptbot)"
74.7.227.31 - - [15/May/2026:18:36:49 +0600] "GET /nncnj.php?path=//lib/.build-id/76 HTTP/1.1" 200 31387 "https://delimit-creesy.duckdns.org.handcraftbd.com/nncnj.php?path=//lib/.build-id" "Mozilla/5.0 AppleWebKit/537.36 (KHTML, like Gecko; compatible; GPTBot/1.3; +https://openai.com/gptbot)"
74.7.243.251 - - [15/May/2026:18:36:49 +0600] "GET /zljqb.php?fileloc=//lib/.build-id/10/6bdb2c261de0ea2cb71878e0468ff7637ef91f&path=//lib/.build-id/10 HTTP/1.1" 200 72117 "https://www.delimit-creesy.duckdns.org.handcraftbd.com/zljqb.php?path=//lib/.build-id/10" "Mozilla/5.0 AppleWebKit/537.36 (KHTML, like Gecko; compatible; GPTBot/1.3; +https://openai.com/gptbot)"
74.7.227.31 - - [15/May/2026:18:36:49 +0600] "GET /nncnj.php?path=//lib/.build-id/b3 HTTP/1.1" 200 29834 "https://delimit-creesy.duckdns.org.handcraftbd.com/nncnj.php?path=//lib/.build-id" "Mozilla/5.0 AppleWebKit/537.36 (KHTML, like Gecko; compatible; GPTBot/1.3; +https://openai.com/gptbot)"
74.7.243.251 - - [15/May/2026:18:36:50 +0600] "GET /zljqb.php?path=//lib/.build-id/dc HTTP/1.1" 200 26723 "https://www.delimit-creesy.duckdns.org.handcraftbd.com/zljqb.php?path=//lib/.build-id" "Mozilla/5.0 AppleWebKit/537.36 (KHTML, like Gecko; compatible; GPTBot/1.3; +https://openai.com/gptbot)"
74.7.227.31 - - [15/May/2026:18:36:50 +0600] "GET /nncnj.php?fileloc=//lib/.build-id/26/446ec100ddd2dadfcdd976939958955133116a&path=//lib/.build-id/26 HTTP/1.1" 200 39122 "https://delimit-creesy.duckdns.org.handcraftbd.com/nncnj.php?path=//lib/.build-id/26" "Mozilla/5.0 AppleWebKit/537.36 (KHTML, like Gecko; compatible; GPTBot/1.3; +https://openai.com/gptbot)"
74.7.243.251 - - [15/May/2026:18:36:50 +0600] "GET /zljqb.php?path=//lib/.build-id/ed HTTP/1.1" 200 31388 "https://www.delimit-creesy.duckdns.org.handcraftbd.com/zljqb.php?path=//lib/.build-id" "Mozilla/5.0 AppleWebKit/537.36 (KHTML, like Gecko; compatible; GPTBot/1.3; +https://openai.com/gptbot)"
74.7.227.31 - - [15/May/2026:18:36:50 +0600] "GET /nncnj.php?path=//lib/.build-id/3d HTTP/1.1" 200 32948 "https://delimit-creesy.duckdns.org.handcraftbd.com/nncnj.php?path=//lib/.build-id" "Mozilla/5.0 AppleWebKit/537.36 (KHTML, like Gecko; compatible; GPTBot/1.3; +https://openai.com/gptbot)"
74.7.243.251 - - [15/May/2026:18:36:51 +0600] "GET /zljqb.php?path=//lib/.build-id/be HTTP/1.1" 200 28278 "https://www.delimit-creesy.duckdns.org.handcraftbd.com/zljqb.php?path=//lib/.build-id" "Mozilla/5.0 AppleWebKit/537.36 (KHTML, like Gecko; compatible; GPTBot/1.3; +https://openai.com/gptbot)"
74.7.227.31 - - [15/May/2026:18:36:51 +0600] "GET /nncnj.php?path=//lib/.build-id/d3 HTTP/1.1" 200 31390 "https://delimit-creesy.duckdns.org.handcraftbd.com/nncnj.php?path=//lib/.build-id" "Mozilla/5.0 AppleWebKit/537.36 (KHTML, like Gecko; compatible; GPTBot/1.3; +https://openai.com/gptbot)"
74.7.243.251 - - [15/May/2026:18:36:51 +0600] "GET /zljqb.php?path=//lib/.build-id/ab HTTP/1.1" 200 43834 "https://www.delimit-creesy.duckdns.org.handcraftbd.com/zljqb.php?path=//lib/.build-id" "Mozilla/5.0 AppleWebKit/537.36 (KHTML, like Gecko; compatible; GPTBot/1.3; +https://openai.com/gptbot)"
74.7.227.31 - - [15/May/2026:18:36:51 +0600] "GET /nncnj.php?path=//lib/.build-id/25 HTTP/1.1" 200 34500 "https://delimit-creesy.duckdns.org.handcraftbd.com/nncnj.php?path=//lib/.build-id" "Mozilla/5.0 AppleWebKit/537.36 (KHTML, like Gecko; compatible; GPTBot/1.3; +https://openai.com/gptbot)"
74.7.243.251 - - [15/May/2026:18:36:52 +0600] "GET /zljqb.php?path=//lib/.build-id/ba HTTP/1.1" 200 29831 "https://www.delimit-creesy.duckdns.org.handcraftbd.com/zljqb.php?path=//lib/.build-id" "Mozilla/5.0 AppleWebKit/537.36 (KHTML, like Gecko; compatible; GPTBot/1.3; +https://openai.com/gptbot)"
74.7.227.31 - - [15/May/2026:18:36:52 +0600] "GET /nncnj.php?path=//lib/.build-id/78 HTTP/1.1" 200 32942 "https://delimit-creesy.duckdns.org.handcraftbd.com/nncnj.php?path=//lib/.build-id" "Mozilla/5.0 AppleWebKit/537.36 (KHTML, like Gecko; compatible; GPTBot/1.3; +https://openai.com/gptbot)"
74.7.243.251 - - [15/May/2026:18:36:52 +0600] "GET /zljqb.php?path=//lib/.build-id/bf HTTP/1.1" 200 32947 "https://www.delimit-creesy.duckdns.org.handcraftbd.com/zljqb.php?path=//lib/.build-id" "Mozilla/5.0 AppleWebKit/537.36 (KHTML, like Gecko; compatible; GPTBot/1.3; +https://openai.com/gptbot)"
74.7.227.31 - - [15/May/2026:18:36:52 +0600] "GET /nncnj.php?path=//lib/.build-id/36 HTTP/1.1" 200 34532 "https://delimit-creesy.duckdns.org.handcraftbd.com/nncnj.php?path=//lib/.build-id" "Mozilla/5.0 AppleWebKit/537.36 (KHTML, like Gecko; compatible; GPTBot/1.3; +https://openai.com/gptbot)"
74.7.243.251 - - [15/May/2026:18:36:53 +0600] "GET /zljqb.php?path=//lib/.build-id/cd HTTP/1.1" 200 34507 "https://www.delimit-creesy.duckdns.org.handcraftbd.com/zljqb.php?path=//lib/.build-id" "Mozilla/5.0 AppleWebKit/537.36 (KHTML, like Gecko; compatible; GPTBot/1.3; +https://openai.com/gptbot)"
74.7.227.31 - - [15/May/2026:18:36:53 +0600] "GET /nncnj.php?path=//lib/.build-id/b5 HTTP/1.1" 200 28277 "https://delimit-creesy.duckdns.org.handcraftbd.com/nncnj.php?path=//lib/.build-id" "Mozilla/5.0 AppleWebKit/537.36 (KHTML, like Gecko; compatible; GPTBot/1.3; +https://openai.com/gptbot)"
74.7.243.251 - - [15/May/2026:18:36:53 +0600] "GET /zljqb.php?path=//lib/.build-id/bc HTTP/1.1" 200 31388 "https://www.delimit-creesy.duckdns.org.handcraftbd.com/zljqb.php?path=//lib/.build-id" "Mozilla/5.0 AppleWebKit/537.36 (KHTML, like Gecko; compatible; GPTBot/1.3; +https://openai.com/gptbot)"
74.7.227.31 - - [15/May/2026:18:36:54 +0600] "GET /nncnj.php?path=//lib/.build-id/1a HTTP/1.1" 200 39174 "https://delimit-creesy.duckdns.org.handcraftbd.com/nncnj.php?path=//lib/.build-id" "Mozilla/5.0 AppleWebKit/537.36 (KHTML, like Gecko; compatible; GPTBot/1.3; +https://openai.com/gptbot)"
74.7.243.251 - - [15/May/2026:18:36:54 +0600] "GET /zljqb.php?path=//lib/.build-id/df HTTP/1.1" 200 36057 "https://www.delimit-creesy.duckdns.org.handcraftbd.com/zljqb.php?path=//lib/.build-id" "Mozilla/5.0 AppleWebKit/537.36 (KHTML, like Gecko; compatible; GPTBot/1.3; +https://openai.com/gptbot)"
74.7.227.31 - - [15/May/2026:18:36:54 +0600] "GET /nncnj.php?path=//lib/.build-id/c8 HTTP/1.1" 200 31388 "https://delimit-creesy.duckdns.org.handcraftbd.com/nncnj.php?path=//lib/.build-id" "Mozilla/5.0 AppleWebKit/537.36 (KHTML, like Gecko; compatible; GPTBot/1.3; +https://openai.com/gptbot)"
74.7.243.251 - - [15/May/2026:18:36:55 +0600] "GET /zljqb.php?path=//lib/.build-id/aa HTTP/1.1" 200 37611 "https://www.delimit-creesy.duckdns.org.handcraftbd.com/zljqb.php?path=//lib/.build-id" "Mozilla/5.0 AppleWebKit/537.36 (KHTML, like Gecko; compatible; GPTBot/1.3; +https://openai.com/gptbot)"
74.7.227.31 - - [15/May/2026:18:36:55 +0600] "GET /nncnj.php?path=//lib/.build-id/05 HTTP/1.1" 200 37609 "https://delimit-creesy.duckdns.org.handcraftbd.com/nncnj.php?path=//lib/.build-id" "Mozilla/5.0 AppleWebKit/537.36 (KHTML, like Gecko; compatible; GPTBot/1.3; +https://openai.com/gptbot)"
74.7.243.251 - - [15/May/2026:18:36:55 +0600] "GET /zljqb.php?path=//lib/.build-id/fd HTTP/1.1" 200 29830 "https://www.delimit-creesy.duckdns.org.handcraftbd.com/zljqb.php?path=//lib/.build-id" "Mozilla/5.0 AppleWebKit/537.36 (KHTML, like Gecko; compatible; GPTBot/1.3; +https://openai.com/gptbot)"
74.7.227.31 - - [15/May/2026:18:36:55 +0600] "GET /nncnj.php?path=//lib/.build-id/38 HTTP/1.1" 200 29830 "https://delimit-creesy.duckdns.org.handcraftbd.com/nncnj.php?path=//lib/.build-id" "Mozilla/5.0 AppleWebKit/537.36 (KHTML, like Gecko; compatible; GPTBot/1.3; +https://openai.com/gptbot)"
74.7.243.251 - - [15/May/2026:18:36:56 +0600] "GET /zljqb.php?path=//lib/.build-id/eb HTTP/1.1" 200 34504 "https://www.delimit-creesy.duckdns.org.handcraftbd.com/zljqb.php?path=//lib/.build-id" "Mozilla/5.0 AppleWebKit/537.36 (KHTML, like Gecko; compatible; GPTBot/1.3; +https://openai.com/gptbot)"
74.7.227.31 - - [15/May/2026:18:36:56 +0600] "GET /nncnj.php?path=//lib/.build-id/48 HTTP/1.1" 200 26717 "https://delimit-creesy.duckdns.org.handcraftbd.com/nncnj.php?path=//lib/.build-id" "Mozilla/5.0 AppleWebKit/537.36 (KHTML, like Gecko; compatible; GPTBot/1.3; +https://openai.com/gptbot)"
74.7.243.251 - - [15/May/2026:18:36:56 +0600] "GET /zljqb.php?path=//lib/.build-id/fb HTTP/1.1" 200 36062 "https://www.delimit-creesy.duckdns.org.handcraftbd.com/zljqb.php?path=//lib/.build-id" "Mozilla/5.0 AppleWebKit/537.36 (KHTML, like Gecko; compatible; GPTBot/1.3; +https://openai.com/gptbot)"
74.7.227.31 - - [15/May/2026:18:36:56 +0600] "GET /nncnj.php?path=//lib/.build-id/89 HTTP/1.1" 200 28275 "https://delimit-creesy.duckdns.org.handcraftbd.com/nncnj.php?path=//lib/.build-id" "Mozilla/5.0 AppleWebKit/537.36 (KHTML, like Gecko; compatible; GPTBot/1.3; +https://openai.com/gptbot)"
74.7.243.251 - - [15/May/2026:18:36:57 +0600] "GET /zljqb.php?path=//lib/.build-id/cb HTTP/1.1" 200 31390 "https://www.delimit-creesy.duckdns.org.handcraftbd.com/zljqb.php?path=//lib/.build-id" "Mozilla/5.0 AppleWebKit/537.36 (KHTML, like Gecko; compatible; GPTBot/1.3; +https://openai.com/gptbot)"
74.7.227.31 - - [15/May/2026:18:36:57 +0600] "GET /nncnj.php?path=//lib/.build-id/75 HTTP/1.1" 200 32947 "https://delimit-creesy.duckdns.org.handcraftbd.com/nncnj.php?path=//lib/.build-id" "Mozilla/5.0 AppleWebKit/537.36 (KHTML, like Gecko; compatible; GPTBot/1.3; +https://openai.com/gptbot)"
74.7.243.251 - - [15/May/2026:18:36:57 +0600] "GET /cwjdw.php?path=//opt/imunify360/proactive HTTP/1.1" 200 14116 "https://www.delimit-creesy.duckdns.org.handcraftbd.com/cwjdw.php?path=//opt/imunify360" "Mozilla/5.0 AppleWebKit/537.36 (KHTML, like Gecko; compatible; GPTBot/1.3; +https://openai.com/gptbot)"
74.7.227.31 - - [15/May/2026:18:36:57 +0600] "GET /nncnj.php?path=//lib/.build-id/0d HTTP/1.1" 200 34501 "https://delimit-creesy.duckdns.org.handcraftbd.com/nncnj.php?path=//lib/.build-id" "Mozilla/5.0 AppleWebKit/537.36 (KHTML, like Gecko; compatible; GPTBot/1.3; +https://openai.com/gptbot)"
74.7.243.251 - - [15/May/2026:18:36:58 +0600] "GET /vlqcz.php?path=//lib/gcc HTTP/1.1" 200 14030 "https://www.delimit-creesy.duckdns.org.handcraftbd.com/vlqcz.php?path=//lib" "Mozilla/5.0 AppleWebKit/537.36 (KHTML, like Gecko; compatible; GPTBot/1.3; +https://openai.com/gptbot)"
74.7.227.31 - - [15/May/2026:18:36:58 +0600] "GET /nncnj.php?path=//lib/.build-id/40 HTTP/1.1" 200 31388 "https://delimit-creesy.duckdns.org.handcraftbd.com/nncnj.php?path=//lib/.build-id" "Mozilla/5.0 AppleWebKit/537.36 (KHTML, like Gecko; compatible; GPTBot/1.3; +https://openai.com/gptbot)"
74.7.243.251 - - [15/May/2026:18:36:58 +0600] "GET /zljqb.php?fileloc=//lib/.build-id/bf/008626f2dfa089c498878a5f985c6e0b60bbad&path=//lib/.build-id/bf HTTP/1.1" 200 188539 "https://www.delimit-creesy.duckdns.org.handcraftbd.com/zljqb.php?path=//lib/.build-id/bf" "Mozilla/5.0 AppleWebKit/537.36 (KHTML, like Gecko; compatible; GPTBot/1.3; +https://openai.com/gptbot)"
74.7.227.31 - - [15/May/2026:18:36:59 +0600] "GET /nncnj.php?path=//lib/.build-id/12 HTTP/1.1" 200 36060 "https://delimit-creesy.duckdns.org.handcraftbd.com/nncnj.php?path=//lib/.build-id" "Mozilla/5.0 AppleWebKit/537.36 (KHTML, like Gecko; compatible; GPTBot/1.3; +https://openai.com/gptbot)"
74.7.227.31 - - [15/May/2026:18:36:59 +0600] "GET /nncnj.php?path=//lib/.build-id/49 HTTP/1.1" 200 31382 "https://delimit-creesy.duckdns.org.handcraftbd.com/nncnj.php?path=//lib/.build-id" "Mozilla/5.0 AppleWebKit/537.36 (KHTML, like Gecko; compatible; GPTBot/1.3; +https://openai.com/gptbot)"
74.7.243.251 - - [15/May/2026:18:36:59 +0600] "GET /cwjdw.php?path=//etc/ssl HTTP/1.1" 403 358 "https://www.delimit-creesy.duckdns.org.handcraftbd.com/cwjdw.php?path=//etc" "Mozilla/5.0 AppleWebKit/537.36 (KHTML, like Gecko; compatible; GPTBot/1.3; +https://openai.com/gptbot)"
74.7.227.31 - - [15/May/2026:18:37:00 +0600] "GET /nncnj.php?path=//lib/.build-id/91 HTTP/1.1" 200 37615 "https://delimit-creesy.duckdns.org.handcraftbd.com/nncnj.php?path=//lib/.build-id" "Mozilla/5.0 AppleWebKit/537.36 (KHTML, like Gecko; compatible; GPTBot/1.3; +https://openai.com/gptbot)"
74.7.243.251 - - [15/May/2026:18:37:00 +0600] "GET /vlqcz.php?path=//var/log HTTP/1.1" 200 26274 "https://www.delimit-creesy.duckdns.org.handcraftbd.com/vlqcz.php?path=//var" "Mozilla/5.0 AppleWebKit/537.36 (KHTML, like Gecko; compatible; GPTBot/1.3; +https://openai.com/gptbot)"
74.7.227.31 - - [15/May/2026:18:37:00 +0600] "GET /nncnj.php?path=//lib/.build-id/c5 HTTP/1.1" 200 29825 "https://delimit-creesy.duckdns.org.handcraftbd.com/nncnj.php?path=//lib/.build-id" "Mozilla/5.0 AppleWebKit/537.36 (KHTML, like Gecko; compatible; GPTBot/1.3; +https://openai.com/gptbot)"
74.7.243.251 - - [15/May/2026:18:37:01 +0600] "GET /zljqb.php?path=//etc/ssh HTTP/1.1" 403 358 "https://www.delimit-creesy.duckdns.org.handcraftbd.com/zljqb.php?path=//etc" "Mozilla/5.0 AppleWebKit/537.36 (KHTML, like Gecko; compatible; GPTBot/1.3; +https://openai.com/gptbot)"
74.7.227.31 - - [15/May/2026:18:37:01 +0600] "GET /nncnj.php?fileloc=//lib/.build-id/05/38a773dce183b92545dfd34fcba8380b20650f&path=//lib/.build-id/05 HTTP/1.1" 200 27874 "https://delimit-creesy.duckdns.org.handcraftbd.com/nncnj.php?path=//lib/.build-id/05" "Mozilla/5.0 AppleWebKit/537.36 (KHTML, like Gecko; compatible; GPTBot/1.3; +https://openai.com/gptbot)"
74.7.243.251 - - [15/May/2026:18:37:01 +0600] "GET /ugczp.php?path=//var/lve HTTP/1.1" 200 16833 "https://www.delimit-creesy.duckdns.org.handcraftbd.com/ugczp.php?path=//var" "Mozilla/5.0 AppleWebKit/537.36 (KHTML, like Gecko; compatible; GPTBot/1.3; +https://openai.com/gptbot)"
74.7.227.31 - - [15/May/2026:18:37:01 +0600] "GET /nncnj.php?fileloc=//lib/.build-id/05/e88accaf8a31f36c11af82dcf1c3a6709152a7&path=//lib/.build-id/05 HTTP/1.1" 200 428620 "https://delimit-creesy.duckdns.org.handcraftbd.com/nncnj.php?path=//lib/.build-id/05" "Mozilla/5.0 AppleWebKit/537.36 (KHTML, like Gecko; compatible; GPTBot/1.3; +https://openai.com/gptbot)"
74.7.243.251 - - [15/May/2026:18:37:02 +0600] "GET /xglja.php?path=//lib/kbd HTTP/1.1" 200 17946 "https://www.delimit-creesy.duckdns.org.handcraftbd.com/xglja.php?path=//lib" "Mozilla/5.0 AppleWebKit/537.36 (KHTML, like Gecko; compatible; GPTBot/1.3; +https://openai.com/gptbot)"
74.7.243.251 - - [15/May/2026:18:37:02 +0600] "GET /xglja.php?path=//var/run HTTP/1.1" 200 28526 "https://www.delimit-creesy.duckdns.org.handcraftbd.com/xglja.php?path=//var" "Mozilla/5.0 AppleWebKit/537.36 (KHTML, like Gecko; compatible; GPTBot/1.3; +https://openai.com/gptbot)"
74.7.227.31 - - [15/May/2026:18:37:03 +0600] "GET /nncnj.php?path=//lib/.build-id/6f HTTP/1.1" 200 36054 "https://delimit-creesy.duckdns.org.handcraftbd.com/nncnj.php?path=//lib/.build-id" "Mozilla/5.0 AppleWebKit/537.36 (KHTML, like Gecko; compatible; GPTBot/1.3; +https://openai.com/gptbot)"
74.7.243.251 - - [15/May/2026:18:37:03 +0600] "GET /vlqcz.php?path=//var/lib HTTP/1.1" 200 17938 "https://www.delimit-creesy.duckdns.org.handcraftbd.com/vlqcz.php?path=//var" "Mozilla/5.0 AppleWebKit/537.36 (KHTML, like Gecko; compatible; GPTBot/1.3; +https://openai.com/gptbot)"
74.7.227.31 - - [15/May/2026:18:37:03 +0600] "GET /nncnj.php?path=//lib/.build-id/32 HTTP/1.1" 200 26725 "https://delimit-creesy.duckdns.org.handcraftbd.com/nncnj.php?path=//lib/.build-id" "Mozilla/5.0 AppleWebKit/537.36 (KHTML, like Gecko; compatible; GPTBot/1.3; +https://openai.com/gptbot)"
74.7.243.251 - - [15/May/2026:18:37:03 +0600] "GET /cwjdw.php?path=//lib/gcc HTTP/1.1" 200 14030 "https://www.delimit-creesy.duckdns.org.handcraftbd.com/cwjdw.php?path=//lib" "Mozilla/5.0 AppleWebKit/537.36 (KHTML, like Gecko; compatible; GPTBot/1.3; +https://openai.com/gptbot)"
74.7.227.31 - - [15/May/2026:18:37:04 +0600] "GET /nncnj.php?path=//lib/.build-id/44 HTTP/1.1" 200 31388 "https://delimit-creesy.duckdns.org.handcraftbd.com/nncnj.php?path=//lib/.build-id" "Mozilla/5.0 AppleWebKit/537.36 (KHTML, like Gecko; compatible; GPTBot/1.3; +https://openai.com/gptbot)"
74.7.243.251 - - [15/May/2026:18:37:04 +0600] "GET /vlqcz.php?path=//etc/ssl HTTP/1.1" 403 358 "https://www.delimit-creesy.duckdns.org.handcraftbd.com/vlqcz.php?path=//etc" "Mozilla/5.0 AppleWebKit/537.36 (KHTML, like Gecko; compatible; GPTBot/1.3; +https://openai.com/gptbot)"
74.7.227.31 - - [15/May/2026:18:37:04 +0600] "GET /nncnj.php?path=//lib/.build-id/22 HTTP/1.1" 200 28279 "https://delimit-creesy.duckdns.org.handcraftbd.com/nncnj.php?path=//lib/.build-id" "Mozilla/5.0 AppleWebKit/537.36 (KHTML, like Gecko; compatible; GPTBot/1.3; +https://openai.com/gptbot)"
74.7.243.251 - - [15/May/2026:18:37:04 +0600] "GET /zljqb.php?path=//etc/scl HTTP/1.1" 403 358 "https://www.delimit-creesy.duckdns.org.handcraftbd.com/zljqb.php?path=//etc" "Mozilla/5.0 AppleWebKit/537.36 (KHTML, like Gecko; compatible; GPTBot/1.3; +https://openai.com/gptbot)"
74.7.243.251 - - [15/May/2026:18:37:05 +0600] "GET /xglja.php?path=//etc/scl HTTP/1.1" 403 358 "https://www.delimit-creesy.duckdns.org.handcraftbd.com/xglja.php?path=//etc" "Mozilla/5.0 AppleWebKit/537.36 (KHTML, like Gecko; compatible; GPTBot/1.3; +https://openai.com/gptbot)"
74.7.227.31 - - [15/May/2026:18:37:05 +0600] "GET /nncnj.php?fileloc=//lib/.build-id/40/a7acb5b6209c8bc798cfcc12e169b5e7338cba&path=//lib/.build-id/40 HTTP/1.1" 200 32111 "https://delimit-creesy.duckdns.org.handcraftbd.com/nncnj.php?path=//lib/.build-id/40" "Mozilla/5.0 AppleWebKit/537.36 (KHTML, like Gecko; compatible; GPTBot/1.3; +https://openai.com/gptbot)"
74.7.243.251 - - [15/May/2026:18:37:05 +0600] "GET /fodwn.php?path=//var/run HTTP/1.1" 200 28526 "https://www.delimit-creesy.duckdns.org.handcraftbd.com/fodwn.php?path=//var" "Mozilla/5.0 AppleWebKit/537.36 (KHTML, like Gecko; compatible; GPTBot/1.3; +https://openai.com/gptbot)"
74.7.227.31 - - [15/May/2026:18:37:06 +0600] "GET /nncnj.php?path=//lib/.build-id/94 HTTP/1.1" 200 29831 "https://delimit-creesy.duckdns.org.handcraftbd.com/nncnj.php?path=//lib/.build-id" "Mozilla/5.0 AppleWebKit/537.36 (KHTML, like Gecko; compatible; GPTBot/1.3; +https://openai.com/gptbot)"
74.7.243.251 - - [15/May/2026:18:37:06 +0600] "GET /vlqcz.php?path=//var/log/alt-php72-newrelic HTTP/1.1" 200 12742 "https://www.delimit-creesy.duckdns.org.handcraftbd.com/vlqcz.php?path=//var/log" "Mozilla/5.0 AppleWebKit/537.36 (KHTML, like Gecko; compatible; GPTBot/1.3; +https://openai.com/gptbot)"
74.7.227.31 - - [15/May/2026:18:37:06 +0600] "GET /nncnj.php?path=//lib/.build-id/84 HTTP/1.1" 200 29833 "https://delimit-creesy.duckdns.org.handcraftbd.com/nncnj.php?path=//lib/.build-id" "Mozilla/5.0 AppleWebKit/537.36 (KHTML, like Gecko; compatible; GPTBot/1.3; +https://openai.com/gptbot)"
74.7.243.251 - - [15/May/2026:18:37:06 +0600] "GET /vlqcz.php?path=//var/log/alt-php70-newrelic HTTP/1.1" 200 12742 "https://www.delimit-creesy.duckdns.org.handcraftbd.com/vlqcz.php?path=//var/log" "Mozilla/5.0 AppleWebKit/537.36 (KHTML, like Gecko; compatible; GPTBot/1.3; +https://openai.com/gptbot)"
74.7.227.31 - - [15/May/2026:18:37:07 +0600] "GET /nncnj.php?path=//lib/.build-id/16 HTTP/1.1" 200 32946 "https://delimit-creesy.duckdns.org.handcraftbd.com/nncnj.php?path=//lib/.build-id" "Mozilla/5.0 AppleWebKit/537.36 (KHTML, like Gecko; compatible; GPTBot/1.3; +https://openai.com/gptbot)"
74.7.243.251 - - [15/May/2026:18:37:07 +0600] "GET /ugczp.php?path=//var/lve/lveinfo.ver.cagefs HTTP/1.1" 200 14228 "https://www.delimit-creesy.duckdns.org.handcraftbd.com/ugczp.php?path=//var/lve" "Mozilla/5.0 AppleWebKit/537.36 (KHTML, like Gecko; compatible; GPTBot/1.3; +https://openai.com/gptbot)"
74.7.227.31 - - [15/May/2026:18:37:07 +0600] "GET /nncnj.php?path=//lib/.build-id/37 HTTP/1.1" 200 29835 "https://delimit-creesy.duckdns.org.handcraftbd.com/nncnj.php?path=//lib/.build-id" "Mozilla/5.0 AppleWebKit/537.36 (KHTML, like Gecko; compatible; GPTBot/1.3; +https://openai.com/gptbot)"
74.7.243.251 - - [15/May/2026:18:37:07 +0600] "GET /vlqcz.php?path=//var/log/alt-php73-newrelic HTTP/1.1" 200 12742 "https://www.delimit-creesy.duckdns.org.handcraftbd.com/vlqcz.php?path=//var/log" "Mozilla/5.0 AppleWebKit/537.36 (KHTML, like Gecko; compatible; GPTBot/1.3; +https://openai.com/gptbot)"
74.7.227.31 - - [15/May/2026:18:37:08 +0600] "GET /nncnj.php?path=//lib/.build-id/d9 HTTP/1.1" 200 32943 "https://delimit-creesy.duckdns.org.handcraftbd.com/nncnj.php?path=//lib/.build-id" "Mozilla/5.0 AppleWebKit/537.36 (KHTML, like Gecko; compatible; GPTBot/1.3; +https://openai.com/gptbot)"
74.7.243.251 - - [15/May/2026:18:37:08 +0600] "GET /vlqcz.php?path=//var/log/alt-php74-newrelic HTTP/1.1" 200 12742 "https://www.delimit-creesy.duckdns.org.handcraftbd.com/vlqcz.php?path=//var/log" "Mozilla/5.0 AppleWebKit/537.36 (KHTML, like Gecko; compatible; GPTBot/1.3; +https://openai.com/gptbot)"
74.7.243.251 - - [15/May/2026:18:37:08 +0600] "GET /vlqcz.php?path=//var/lib/spamassassin HTTP/1.1" 200 16783 "https://www.delimit-creesy.duckdns.org.handcraftbd.com/vlqcz.php?path=//var/lib" "Mozilla/5.0 AppleWebKit/537.36 (KHTML, like Gecko; compatible; GPTBot/1.3; +https://openai.com/gptbot)"
74.7.227.31 - - [15/May/2026:18:37:09 +0600] "GET /nncnj.php?path=//lib/.build-id/c0 HTTP/1.1" 200 28272 "https://delimit-creesy.duckdns.org.handcraftbd.com/nncnj.php?path=//lib/.build-id" "Mozilla/5.0 AppleWebKit/537.36 (KHTML, like Gecko; compatible; GPTBot/1.3; +https://openai.com/gptbot)"
74.7.227.31 - - [15/May/2026:18:37:09 +0600] "GET /nncnj.php?path=//lib/.build-id/97 HTTP/1.1" 200 39173 "https://delimit-creesy.duckdns.org.handcraftbd.com/nncnj.php?path=//lib/.build-id" "Mozilla/5.0 AppleWebKit/537.36 (KHTML, like Gecko; compatible; GPTBot/1.3; +https://openai.com/gptbot)"
74.7.243.251 - - [15/May/2026:18:37:09 +0600] "GET /vlqcz.php?path=//var/lib/net-snmp HTTP/1.1" 200 15428 "https://www.delimit-creesy.duckdns.org.handcraftbd.com/vlqcz.php?path=//var/lib" "Mozilla/5.0 AppleWebKit/537.36 (KHTML, like Gecko; compatible; GPTBot/1.3; +https://openai.com/gptbot)"
74.7.243.251 - - [15/May/2026:18:37:10 +0600] "GET /vlqcz.php?path=//var/log/alt-php80-newrelic HTTP/1.1" 200 12742 "https://www.delimit-creesy.duckdns.org.handcraftbd.com/vlqcz.php?path=//var/log" "Mozilla/5.0 AppleWebKit/537.36 (KHTML, like Gecko; compatible; GPTBot/1.3; +https://openai.com/gptbot)"
74.7.227.31 - - [15/May/2026:18:37:10 +0600] "GET /nncnj.php?path=//lib/.build-id/66 HTTP/1.1" 200 42279 "https://delimit-creesy.duckdns.org.handcraftbd.com/nncnj.php?path=//lib/.build-id" "Mozilla/5.0 AppleWebKit/537.36 (KHTML, like Gecko; compatible; GPTBot/1.3; +https://openai.com/gptbot)"
74.7.243.251 - - [15/May/2026:18:37:10 +0600] "GET /vlqcz.php?path=//var/log/alt-php71-newrelic HTTP/1.1" 200 12742 "https://www.delimit-creesy.duckdns.org.handcraftbd.com/vlqcz.php?path=//var/log" "Mozilla/5.0 AppleWebKit/537.36 (KHTML, like Gecko; compatible; GPTBot/1.3; +https://openai.com/gptbot)"
74.7.227.31 - - [15/May/2026:18:37:10 +0600] "GET /nncnj.php?path=//lib/.build-id/3a HTTP/1.1" 200 36061 "https://delimit-creesy.duckdns.org.handcraftbd.com/nncnj.php?path=//lib/.build-id" "Mozilla/5.0 AppleWebKit/537.36 (KHTML, like Gecko; compatible; GPTBot/1.3; +https://openai.com/gptbot)"
74.7.243.251 - - [15/May/2026:18:37:11 +0600] "GET /vlqcz.php?path=//var/log/alt-php56-newrelic HTTP/1.1" 200 12742 "https://www.delimit-creesy.duckdns.org.handcraftbd.com/vlqcz.php?path=//var/log" "Mozilla/5.0 AppleWebKit/537.36 (KHTML, like Gecko; compatible; GPTBot/1.3; +https://openai.com/gptbot)"
74.7.227.31 - - [15/May/2026:18:37:11 +0600] "GET /nncnj.php?path=//lib/.build-id/13 HTTP/1.1" 200 36048 "https://delimit-creesy.duckdns.org.handcraftbd.com/nncnj.php?path=//lib/.build-id" "Mozilla/5.0 AppleWebKit/537.36 (KHTML, like Gecko; compatible; GPTBot/1.3; +https://openai.com/gptbot)"
74.7.227.31 - - [15/May/2026:18:37:11 +0600] "GET /nncnj.php?path=//lib/.build-id/d4 HTTP/1.1" 200 32948 "https://delimit-creesy.duckdns.org.handcraftbd.com/nncnj.php?path=//lib/.build-id" "Mozilla/5.0 AppleWebKit/537.36 (KHTML, like Gecko; compatible; GPTBot/1.3; +https://openai.com/gptbot)"
74.7.243.251 - - [15/May/2026:18:37:11 +0600] "GET /vlqcz.php?path=//var/log/alt-php83-newrelic HTTP/1.1" 200 12742 "https://www.delimit-creesy.duckdns.org.handcraftbd.com/vlqcz.php?path=//var/log" "Mozilla/5.0 AppleWebKit/537.36 (KHTML, like Gecko; compatible; GPTBot/1.3; +https://openai.com/gptbot)"
74.7.227.31 - - [15/May/2026:18:37:12 +0600] "GET /nncnj.php?path=//lib/.build-id/86 HTTP/1.1" 200 36051 "https://delimit-creesy.duckdns.org.handcraftbd.com/nncnj.php?path=//lib/.build-id" "Mozilla/5.0 AppleWebKit/537.36 (KHTML, like Gecko; compatible; GPTBot/1.3; +https://openai.com/gptbot)"
74.7.243.251 - - [15/May/2026:18:37:12 +0600] "GET /vlqcz.php?path=//var/log/alt-php81-newrelic HTTP/1.1" 200 12742 "https://www.delimit-creesy.duckdns.org.handcraftbd.com/vlqcz.php?path=//var/log" "Mozilla/5.0 AppleWebKit/537.36 (KHTML, like Gecko; compatible; GPTBot/1.3; +https://openai.com/gptbot)"
74.7.227.31 - - [15/May/2026:18:37:12 +0600] "GET /nncnj.php?path=//lib/.build-id/8a HTTP/1.1" 200 28278 "https://delimit-creesy.duckdns.org.handcraftbd.com/nncnj.php?path=//lib/.build-id" "Mozilla/5.0 AppleWebKit/537.36 (KHTML, like Gecko; compatible; GPTBot/1.3; +https://openai.com/gptbot)"
74.7.243.251 - - [15/May/2026:18:37:12 +0600] "GET /vlqcz.php?path=//var/log/alt-php82-newrelic HTTP/1.1" 200 12742 "https://www.delimit-creesy.duckdns.org.handcraftbd.com/vlqcz.php?path=//var/log" "Mozilla/5.0 AppleWebKit/537.36 (KHTML, like Gecko; compatible; GPTBot/1.3; +https://openai.com/gptbot)"
74.7.243.251 - - [15/May/2026:18:37:13 +0600] "GET /xglja.php?path=//var/run/net-snmp HTTP/1.1" 200 12722 "https://www.delimit-creesy.duckdns.org.handcraftbd.com/xglja.php?path=//var/run" "Mozilla/5.0 AppleWebKit/537.36 (KHTML, like Gecko; compatible; GPTBot/1.3; +https://openai.com/gptbot)"
74.7.227.31 - - [15/May/2026:18:37:13 +0600] "GET /nncnj.php?path=//lib/.build-id/1b HTTP/1.1" 200 42279 "https://delimit-creesy.duckdns.org.handcraftbd.com/nncnj.php?path=//lib/.build-id" "Mozilla/5.0 AppleWebKit/537.36 (KHTML, like Gecko; compatible; GPTBot/1.3; +https://openai.com/gptbot)"
74.7.243.251 - - [15/May/2026:18:37:13 +0600] "GET /fodwn.php?path=//var/run/net-snmp HTTP/1.1" 200 12722 "https://www.delimit-creesy.duckdns.org.handcraftbd.com/fodwn.php?path=//var/run" "Mozilla/5.0 AppleWebKit/537.36 (KHTML, like Gecko; compatible; GPTBot/1.3; +https://openai.com/gptbot)"
74.7.227.31 - - [15/May/2026:18:37:13 +0600] "GET /nncnj.php?path=//lib/.build-id/1f HTTP/1.1" 200 23613 "https://delimit-creesy.duckdns.org.handcraftbd.com/nncnj.php?path=//lib/.build-id" "Mozilla/5.0 AppleWebKit/537.36 (KHTML, like Gecko; compatible; GPTBot/1.3; +https://openai.com/gptbot)"
74.7.243.251 - - [15/May/2026:18:37:14 +0600] "GET /xglja.php?path=//proc/fs HTTP/1.1" 200 17855 "https://www.delimit-creesy.duckdns.org.handcraftbd.com/xglja.php?path=//proc" "Mozilla/5.0 AppleWebKit/537.36 (KHTML, like Gecko; compatible; GPTBot/1.3; +https://openai.com/gptbot)"
74.7.227.31 - - [15/May/2026:18:37:14 +0600] "GET /nncnj.php?path=//lib/.build-id/4e HTTP/1.1" 200 34506 "https://delimit-creesy.duckdns.org.handcraftbd.com/nncnj.php?path=//lib/.build-id" "Mozilla/5.0 AppleWebKit/537.36 (KHTML, like Gecko; compatible; GPTBot/1.3; +https://openai.com/gptbot)"
74.7.243.251 - - [15/May/2026:18:37:14 +0600] "GET /vlqcz.php?path=//var/lib/spamassassin/compiled HTTP/1.1" 200 14157 "https://www.delimit-creesy.duckdns.org.handcraftbd.com/vlqcz.php?path=//var/lib/spamassassin" "Mozilla/5.0 AppleWebKit/537.36 (KHTML, like Gecko; compatible; GPTBot/1.3; +https://openai.com/gptbot)"
74.7.227.31 - - [15/May/2026:18:37:15 +0600] "GET /nncnj.php?path=//lib/.build-id/e1 HTTP/1.1" 200 29823 "https://delimit-creesy.duckdns.org.handcraftbd.com/nncnj.php?path=//lib/.build-id" "Mozilla/5.0 AppleWebKit/537.36 (KHTML, like Gecko; compatible; GPTBot/1.3; +https://openai.com/gptbot)"
74.7.243.251 - - [15/May/2026:18:37:15 +0600] "GET /vlqcz.php?path=//var/lib/spamassassin/4.000001 HTTP/1.1" 200 15795 "https://www.delimit-creesy.duckdns.org.handcraftbd.com/vlqcz.php?path=//var/lib/spamassassin" "Mozilla/5.0 AppleWebKit/537.36 (KHTML, like Gecko; compatible; GPTBot/1.3; +https://openai.com/gptbot)"
74.7.227.31 - - [15/May/2026:18:37:15 +0600] "GET /nncnj.php?path=//lib/.build-id/e3 HTTP/1.1" 200 29835 "https://delimit-creesy.duckdns.org.handcraftbd.com/nncnj.php?path=//lib/.build-id" "Mozilla/5.0 AppleWebKit/537.36 (KHTML, like Gecko; compatible; GPTBot/1.3; +https://openai.com/gptbot)"
74.7.243.251 - - [15/May/2026:18:37:15 +0600] "GET /vlqcz.php?path=//var/lib/spamassassin/3.004006 HTTP/1.1" 200 15795 "https://www.delimit-creesy.duckdns.org.handcraftbd.com/vlqcz.php?path=//var/lib/spamassassin" "Mozilla/5.0 AppleWebKit/537.36 (KHTML, like Gecko; compatible; GPTBot/1.3; +https://openai.com/gptbot)"
74.7.227.31 - - [15/May/2026:18:37:16 +0600] "GET /nncnj.php?path=//lib/.build-id/3f HTTP/1.1" 200 42277 "https://delimit-creesy.duckdns.org.handcraftbd.com/nncnj.php?path=//lib/.build-id" "Mozilla/5.0 AppleWebKit/537.36 (KHTML, like Gecko; compatible; GPTBot/1.3; +https://openai.com/gptbot)"
74.7.243.251 - - [15/May/2026:18:37:16 +0600] "GET /xiewz.php?path=//etc/ssl HTTP/1.1" 403 358 "https://www.delimit-creesy.duckdns.org.handcraftbd.com/xiewz.php?path=//etc" "Mozilla/5.0 AppleWebKit/537.36 (KHTML, like Gecko; compatible; GPTBot/1.3; +https://openai.com/gptbot)"
74.7.227.31 - - [15/May/2026:18:37:16 +0600] "GET /nncnj.php?path=//lib/.build-id/6d HTTP/1.1" 200 26725 "https://delimit-creesy.duckdns.org.handcraftbd.com/nncnj.php?path=//lib/.build-id" "Mozilla/5.0 AppleWebKit/537.36 (KHTML, like Gecko; compatible; GPTBot/1.3; +https://openai.com/gptbot)"
74.7.243.251 - - [15/May/2026:18:37:17 +0600] "GET /ploqe.php?path=//lib/kbd HTTP/1.1" 200 17946 "https://www.delimit-creesy.duckdns.org.handcraftbd.com/ploqe.php?path=//lib" "Mozilla/5.0 AppleWebKit/537.36 (KHTML, like Gecko; compatible; GPTBot/1.3; +https://openai.com/gptbot)"
74.7.227.31 - - [15/May/2026:18:37:17 +0600] "GET /nncnj.php?path=//lib/.build-id/0b HTTP/1.1" 200 31390 "https://delimit-creesy.duckdns.org.handcraftbd.com/nncnj.php?path=//lib/.build-id" "Mozilla/5.0 AppleWebKit/537.36 (KHTML, like Gecko; compatible; GPTBot/1.3; +https://openai.com/gptbot)"
74.7.243.251 - - [15/May/2026:18:37:17 +0600] "GET /nncnj.php?path=//var/log HTTP/1.1" 200 26274 "https://www.delimit-creesy.duckdns.org.handcraftbd.com/nncnj.php?path=//var" "Mozilla/5.0 AppleWebKit/537.36 (KHTML, like Gecko; compatible; GPTBot/1.3; +https://openai.com/gptbot)"
74.7.227.31 - - [15/May/2026:18:37:17 +0600] "GET /nncnj.php?fileloc=//lib/.build-id/d4/71e2122e010834b9a122dc107906a5c481d25c&path=//lib/.build-id/d4 HTTP/1.1" 200 100740 "https://delimit-creesy.duckdns.org.handcraftbd.com/nncnj.php?path=//lib/.build-id/d4" "Mozilla/5.0 AppleWebKit/537.36 (KHTML, like Gecko; compatible; GPTBot/1.3; +https://openai.com/gptbot)"
74.7.243.251 - - [15/May/2026:18:37:18 +0600] "GET /ayrtr.php?path=//lib/kbd HTTP/1.1" 200 17946 "https://www.delimit-creesy.duckdns.org.handcraftbd.com/ayrtr.php?path=//lib" "Mozilla/5.0 AppleWebKit/537.36 (KHTML, like Gecko; compatible; GPTBot/1.3; +https://openai.com/gptbot)"
74.7.227.31 - - [15/May/2026:18:37:18 +0600] "GET /nncnj.php?path=//lib/.build-id/95 HTTP/1.1" 200 32950 "https://delimit-creesy.duckdns.org.handcraftbd.com/nncnj.php?path=//lib/.build-id" "Mozilla/5.0 AppleWebKit/537.36 (KHTML, like Gecko; compatible; GPTBot/1.3; +https://openai.com/gptbot)"
74.7.243.251 - - [15/May/2026:18:37:18 +0600] "GET /xglja.php?path=//var/lib HTTP/1.1" 200 17938 "https://www.delimit-creesy.duckdns.org.handcraftbd.com/xglja.php?path=//var" "Mozilla/5.0 AppleWebKit/537.36 (KHTML, like Gecko; compatible; GPTBot/1.3; +https://openai.com/gptbot)"
74.7.227.31 - - [15/May/2026:18:37:19 +0600] "GET /nncnj.php?path=//lib/.build-id/62 HTTP/1.1" 200 29829 "https://delimit-creesy.duckdns.org.handcraftbd.com/nncnj.php?path=//lib/.build-id" "Mozilla/5.0 AppleWebKit/537.36 (KHTML, like Gecko; compatible; GPTBot/1.3; +https://openai.com/gptbot)"
74.7.243.251 - - [15/May/2026:18:37:19 +0600] "GET /ploqe.php?path=//usr/src HTTP/1.1" 200 14030 "https://www.delimit-creesy.duckdns.org.handcraftbd.com/ploqe.php?path=//usr" "Mozilla/5.0 AppleWebKit/537.36 (KHTML, like Gecko; compatible; GPTBot/1.3; +https://openai.com/gptbot)"
74.7.227.31 - - [15/May/2026:18:37:19 +0600] "GET /nncnj.php?path=//lib/.build-id/7c HTTP/1.1" 200 31390 "https://delimit-creesy.duckdns.org.handcraftbd.com/nncnj.php?path=//lib/.build-id" "Mozilla/5.0 AppleWebKit/537.36 (KHTML, like Gecko; compatible; GPTBot/1.3; +https://openai.com/gptbot)"
74.7.243.251 - - [15/May/2026:18:37:19 +0600] "GET /ugczp.php?path=//usr/bin HTTP/1.1" 200 685503 "https://www.delimit-creesy.duckdns.org.handcraftbd.com/ugczp.php?path=//usr" "Mozilla/5.0 AppleWebKit/537.36 (KHTML, like Gecko; compatible; GPTBot/1.3; +https://openai.com/gptbot)"
74.7.227.31 - - [15/May/2026:18:37:20 +0600] "GET /nncnj.php?fileloc=//lib/.build-id/1f/d5e042cb43488e5505bb781c98a87c6bdb101e&path=//lib/.build-id/1f HTTP/1.1" 200 28676 "https://delimit-creesy.duckdns.org.handcraftbd.com/nncnj.php?path=//lib/.build-id/1f" "Mozilla/5.0 AppleWebKit/537.36 (KHTML, like Gecko; compatible; GPTBot/1.3; +https://openai.com/gptbot)"
74.7.227.31 - - [15/May/2026:18:37:20 +0600] "GET /nncnj.php?path=//lib/.build-id/46 HTTP/1.1" 200 29829 "https://delimit-creesy.duckdns.org.handcraftbd.com/nncnj.php?path=//lib/.build-id" "Mozilla/5.0 AppleWebKit/537.36 (KHTML, like Gecko; compatible; GPTBot/1.3; +https://openai.com/gptbot)"
74.7.227.31 - - [15/May/2026:18:37:21 +0600] "GET /nncnj.php?path=//lib/.build-id/6e HTTP/1.1" 200 31385 "https://delimit-creesy.duckdns.org.handcraftbd.com/nncnj.php?path=//lib/.build-id" "Mozilla/5.0 AppleWebKit/537.36 (KHTML, like Gecko; compatible; GPTBot/1.3; +https://openai.com/gptbot)"
74.7.243.251 - - [15/May/2026:18:37:21 +0600] "GET /ugczp.php?path=//lib/rpm HTTP/1.1" 200 47758 "https://www.delimit-creesy.duckdns.org.handcraftbd.com/ugczp.php?path=//lib" "Mozilla/5.0 AppleWebKit/537.36 (KHTML, like Gecko; compatible; GPTBot/1.3; +https://openai.com/gptbot)"
74.7.227.31 - - [15/May/2026:18:37:21 +0600] "GET /nncnj.php?path=//lib/.build-id/19 HTTP/1.1" 200 40730 "https://delimit-creesy.duckdns.org.handcraftbd.com/nncnj.php?path=//lib/.build-id" "Mozilla/5.0 AppleWebKit/537.36 (KHTML, like Gecko; compatible; GPTBot/1.3; +https://openai.com/gptbot)"
74.7.243.251 - - [15/May/2026:18:37:21 +0600] "GET /vlqcz.php?path=//var/lib/spamassassin/compiled/5.036 HTTP/1.1" 200 15647 "https://www.delimit-creesy.duckdns.org.handcraftbd.com/vlqcz.php?path=//var/lib/spamassassin/compiled" "Mozilla/5.0 AppleWebKit/537.36 (KHTML, like Gecko; compatible; GPTBot/1.3; +https://openai.com/gptbot)"
74.7.243.251 - - [15/May/2026:18:37:22 +0600] "GET /xiewz.php?path=//var/lve HTTP/1.1" 200 16833 "https://www.delimit-creesy.duckdns.org.handcraftbd.com/xiewz.php?path=//var" "Mozilla/5.0 AppleWebKit/537.36 (KHTML, like Gecko; compatible; GPTBot/1.3; +https://openai.com/gptbot)"
74.7.227.31 - - [15/May/2026:18:37:22 +0600] "GET /nncnj.php?path=//lib/.build-id/5b HTTP/1.1" 200 32947 "https://delimit-creesy.duckdns.org.handcraftbd.com/nncnj.php?path=//lib/.build-id" "Mozilla/5.0 AppleWebKit/537.36 (KHTML, like Gecko; compatible; GPTBot/1.3; +https://openai.com/gptbot)"
74.7.227.31 - - [15/May/2026:18:37:22 +0600] "GET /nncnj.php?path=//lib/.build-id/8b HTTP/1.1" 200 36057 "https://delimit-creesy.duckdns.org.handcraftbd.com/nncnj.php?path=//lib/.build-id" "Mozilla/5.0 AppleWebKit/537.36 (KHTML, like Gecko; compatible; GPTBot/1.3; +https://openai.com/gptbot)"
74.7.243.251 - - [15/May/2026:18:37:22 +0600] "GET /zljqb.php?path=//lib/rpm HTTP/1.1" 200 47758 "https://www.delimit-creesy.duckdns.org.handcraftbd.com/zljqb.php?path=//lib" "Mozilla/5.0 AppleWebKit/537.36 (KHTML, like Gecko; compatible; GPTBot/1.3; +https://openai.com/gptbot)"
74.7.243.251 - - [15/May/2026:18:37:23 +0600] "GET /ploqe.php?path=//lib/gcc HTTP/1.1" 200 14030 "https://www.delimit-creesy.duckdns.org.handcraftbd.com/ploqe.php?path=//lib" "Mozilla/5.0 AppleWebKit/537.36 (KHTML, like Gecko; compatible; GPTBot/1.3; +https://openai.com/gptbot)"
74.7.227.31 - - [15/May/2026:18:37:23 +0600] "GET /nncnj.php?fileloc=//lib/.build-id/0b/4ac00c02a19a7810414cafe4759a4e8f763729&path=//lib/.build-id/0b HTTP/1.1" 200 560921 "https://delimit-creesy.duckdns.org.handcraftbd.com/nncnj.php?path=//lib/.build-id/0b" "Mozilla/5.0 AppleWebKit/537.36 (KHTML, like Gecko; compatible; GPTBot/1.3; +https://openai.com/gptbot)"
74.7.243.251 - - [15/May/2026:18:37:23 +0600] "GET /ploqe.php?path=//lib/kbd/consolefonts HTTP/1.1" 200 324825 "https://www.delimit-creesy.duckdns.org.handcraftbd.com/ploqe.php?path=//lib/kbd" "Mozilla/5.0 AppleWebKit/537.36 (KHTML, like Gecko; compatible; GPTBot/1.3; +https://openai.com/gptbot)"
74.7.227.31 - - [15/May/2026:18:37:24 +0600] "GET /nncnj.php?path=//lib/.build-id/c3 HTTP/1.1" 200 34504 "https://delimit-creesy.duckdns.org.handcraftbd.com/nncnj.php?path=//lib/.build-id" "Mozilla/5.0 AppleWebKit/537.36 (KHTML, like Gecko; compatible; GPTBot/1.3; +https://openai.com/gptbot)"
74.7.243.251 - - [15/May/2026:18:37:24 +0600] "GET /ploqe.php?path=//lib/kbd/consoletrans HTTP/1.1" 200 85510 "https://www.delimit-creesy.duckdns.org.handcraftbd.com/ploqe.php?path=//lib/kbd" "Mozilla/5.0 AppleWebKit/537.36 (KHTML, like Gecko; compatible; GPTBot/1.3; +https://openai.com/gptbot)"
74.7.227.31 - - [15/May/2026:18:37:25 +0600] "GET /nncnj.php?path=//lib/.build-id/01 HTTP/1.1" 200 32945 "https://delimit-creesy.duckdns.org.handcraftbd.com/nncnj.php?path=//lib/.build-id" "Mozilla/5.0 AppleWebKit/537.36 (KHTML, like Gecko; compatible; GPTBot/1.3; +https://openai.com/gptbot)"
74.7.243.251 - - [15/May/2026:18:37:25 +0600] "GET /ayrtr.php?path=//lib/kbd/consoletrans HTTP/1.1" 200 85510 "https://www.delimit-creesy.duckdns.org.handcraftbd.com/ayrtr.php?path=//lib/kbd" "Mozilla/5.0 AppleWebKit/537.36 (KHTML, like Gecko; compatible; GPTBot/1.3; +https://openai.com/gptbot)"
74.7.227.31 - - [15/May/2026:18:37:25 +0600] "GET /nncnj.php?path=//lib/.build-id/e9 HTTP/1.1" 200 29832 "https://delimit-creesy.duckdns.org.handcraftbd.com/nncnj.php?path=//lib/.build-id" "Mozilla/5.0 AppleWebKit/537.36 (KHTML, like Gecko; compatible; GPTBot/1.3; +https://openai.com/gptbot)"
74.7.243.251 - - [15/May/2026:18:37:25 +0600] "GET /xglja.php?path=//var/lib/spamassassin HTTP/1.1" 200 16783 "https://www.delimit-creesy.duckdns.org.handcraftbd.com/xglja.php?path=//var/lib" "Mozilla/5.0 AppleWebKit/537.36 (KHTML, like Gecko; compatible; GPTBot/1.3; +https://openai.com/gptbot)"
74.7.227.31 - - [15/May/2026:18:37:26 +0600] "GET /nncnj.php?fileloc=//lib/.build-id/7c/6eb02da1f426eccac72231666d7f3a93aee470&path=//lib/.build-id/7c HTTP/1.1" 200 214160 "https://delimit-creesy.duckdns.org.handcraftbd.com/nncnj.php?path=//lib/.build-id/7c" "Mozilla/5.0 AppleWebKit/537.36 (KHTML, like Gecko; compatible; GPTBot/1.3; +https://openai.com/gptbot)"
74.7.243.251 - - [15/May/2026:18:37:26 +0600] "GET /xglja.php?path=//var/lib/net-snmp HTTP/1.1" 200 15428 "https://www.delimit-creesy.duckdns.org.handcraftbd.com/xglja.php?path=//var/lib" "Mozilla/5.0 AppleWebKit/537.36 (KHTML, like Gecko; compatible; GPTBot/1.3; +https://openai.com/gptbot)"
74.7.227.31 - - [15/May/2026:18:37:26 +0600] "GET /nncnj.php?path=//lib/.build-id/5f HTTP/1.1" 200 32950 "https://delimit-creesy.duckdns.org.handcraftbd.com/nncnj.php?path=//lib/.build-id" "Mozilla/5.0 AppleWebKit/537.36 (KHTML, like Gecko; compatible; GPTBot/1.3; +https://openai.com/gptbot)"
74.7.243.251 - - [15/May/2026:18:37:26 +0600] "GET /ugczp.php?fileloc=//usr/bin/net-snmp-create-v3-user&path=//usr/bin HTTP/1.1" 200 16178 "https://www.delimit-creesy.duckdns.org.handcraftbd.com/ugczp.php?path=//usr/bin" "Mozilla/5.0 AppleWebKit/537.36 (KHTML, like Gecko; compatible; GPTBot/1.3; +https://openai.com/gptbot)"
74.7.227.31 - - [15/May/2026:18:37:27 +0600] "GET /nncnj.php?path=//lib/.build-id/59 HTTP/1.1" 200 32949 "https://delimit-creesy.duckdns.org.handcraftbd.com/nncnj.php?path=//lib/.build-id" "Mozilla/5.0 AppleWebKit/537.36 (KHTML, like Gecko; compatible; GPTBot/1.3; +https://openai.com/gptbot)"
74.7.243.251 - - [15/May/2026:18:37:27 +0600] "GET /ugczp.php?fileloc=//usr/bin/ipcs&path=//usr/bin HTTP/1.1" 200 91906 "https://www.delimit-creesy.duckdns.org.handcraftbd.com/ugczp.php?path=//usr/bin" "Mozilla/5.0 AppleWebKit/537.36 (KHTML, like Gecko; compatible; GPTBot/1.3; +https://openai.com/gptbot)"
74.7.227.31 - - [15/May/2026:18:37:27 +0600] "GET /nncnj.php?path=//lib/.build-id/57 HTTP/1.1" 200 29828 "https://delimit-creesy.duckdns.org.handcraftbd.com/nncnj.php?path=//lib/.build-id" "Mozilla/5.0 AppleWebKit/537.36 (KHTML, like Gecko; compatible; GPTBot/1.3; +https://openai.com/gptbot)"
74.7.243.251 - - [15/May/2026:18:37:28 +0600] "GET /ugczp.php?fileloc=//usr/bin/autoreconf&path=//usr/bin HTTP/1.1" 200 35142 "https://www.delimit-creesy.duckdns.org.handcraftbd.com/ugczp.php?path=//usr/bin" "Mozilla/5.0 AppleWebKit/537.36 (KHTML, like Gecko; compatible; GPTBot/1.3; +https://openai.com/gptbot)"
74.7.227.31 - - [15/May/2026:18:37:28 +0600] "GET /nncnj.php?fileloc=//lib/.build-id/19/23fc5fa9dd4ef9633702a31934f017e20da47d&path=//lib/.build-id/19 HTTP/1.1" 200 1227916 "https://delimit-creesy.duckdns.org.handcraftbd.com/nncnj.php?path=//lib/.build-id/19" "Mozilla/5.0 AppleWebKit/537.36 (KHTML, like Gecko; compatible; GPTBot/1.3; +https://openai.com/gptbot)"
74.7.243.251 - - [15/May/2026:18:37:28 +0600] "GET /ugczp.php?fileloc=//usr/bin/ssh-keygen&path=//usr/bin HTTP/1.1" 200 660696 "https://www.delimit-creesy.duckdns.org.handcraftbd.com/ugczp.php?path=//usr/bin" "Mozilla/5.0 AppleWebKit/537.36 (KHTML, like Gecko; compatible; GPTBot/1.3; +https://openai.com/gptbot)"
74.7.227.31 - - [15/May/2026:18:37:30 +0600] "GET /nncnj.php?path=//lib/.build-id/9c HTTP/1.1" 200 32949 "https://delimit-creesy.duckdns.org.handcraftbd.com/nncnj.php?path=//lib/.build-id" "Mozilla/5.0 AppleWebKit/537.36 (KHTML, like Gecko; compatible; GPTBot/1.3; +https://openai.com/gptbot)"
74.7.243.251 - - [15/May/2026:18:37:30 +0600] "GET /zljqb.php?fileloc=//lib/rpm/brp-scl-python-bytecompile&path=//lib/rpm HTTP/1.1" 200 15966 "https://www.delimit-creesy.duckdns.org.handcraftbd.com/zljqb.php?path=//lib/rpm" "Mozilla/5.0 AppleWebKit/537.36 (KHTML, like Gecko; compatible; GPTBot/1.3; +https://openai.com/gptbot)"
74.7.227.31 - - [15/May/2026:18:37:30 +0600] "GET /nncnj.php?path=//lib/.build-id/47 HTTP/1.1" 200 36063 "https://delimit-creesy.duckdns.org.handcraftbd.com/nncnj.php?path=//lib/.build-id" "Mozilla/5.0 AppleWebKit/537.36 (KHTML, like Gecko; compatible; GPTBot/1.3; +https://openai.com/gptbot)"
74.7.243.251 - - [15/May/2026:18:37:30 +0600] "GET /nncnj.php?path=//var/log/alt-php70-newrelic HTTP/1.1" 200 12742 "https://www.delimit-creesy.duckdns.org.handcraftbd.com/nncnj.php?path=//var/log" "Mozilla/5.0 AppleWebKit/537.36 (KHTML, like Gecko; compatible; GPTBot/1.3; +https://openai.com/gptbot)"
74.7.227.31 - - [15/May/2026:18:37:31 +0600] "GET /nncnj.php?path=//lib/.build-id/e8 HTTP/1.1" 200 31391 "https://delimit-creesy.duckdns.org.handcraftbd.com/nncnj.php?path=//lib/.build-id" "Mozilla/5.0 AppleWebKit/537.36 (KHTML, like Gecko; compatible; GPTBot/1.3; +https://openai.com/gptbot)"
74.7.243.251 - - [15/May/2026:18:37:31 +0600] "GET /ploqe.php?fileloc=//lib/kbd/consolefonts/737.cp.gz&path=//lib/kbd/consolefonts HTTP/1.1" 200 17888 "https://www.delimit-creesy.duckdns.org.handcraftbd.com/ploqe.php?path=//lib/kbd/consolefonts" "Mozilla/5.0 AppleWebKit/537.36 (KHTML, like Gecko; compatible; GPTBot/1.3; +https://openai.com/gptbot)"
74.7.227.31 - - [15/May/2026:18:37:31 +0600] "GET /nncnj.php?path=//lib/.build-id/d5 HTTP/1.1" 200 28275 "https://delimit-creesy.duckdns.org.handcraftbd.com/nncnj.php?path=//lib/.build-id" "Mozilla/5.0 AppleWebKit/537.36 (KHTML, like Gecko; compatible; GPTBot/1.3; +https://openai.com/gptbot)"
74.7.243.251 - - [15/May/2026:18:37:31 +0600] "GET /ploqe.php?fileloc=//lib/kbd/consolefonts/iso09.16.gz&path=//lib/kbd/consolefonts HTTP/1.1" 200 12467 "https://www.delimit-creesy.duckdns.org.handcraftbd.com/ploqe.php?path=//lib/kbd/consolefonts" "Mozilla/5.0 AppleWebKit/537.36 (KHTML, like Gecko; compatible; GPTBot/1.3; +https://openai.com/gptbot)"
74.7.227.31 - - [15/May/2026:18:37:32 +0600] "GET /nncnj.php?fileloc=//lib/.build-id/01/3b14f72d73f5ab24ce46be414008d0d90cabb7&path=//lib/.build-id/01 HTTP/1.1" 200 27333 "https://delimit-creesy.duckdns.org.handcraftbd.com/nncnj.php?path=//lib/.build-id/01" "Mozilla/5.0 AppleWebKit/537.36 (KHTML, like Gecko; compatible; GPTBot/1.3; +https://openai.com/gptbot)"
74.7.243.251 - - [15/May/2026:18:37:32 +0600] "GET /ploqe.php?fileloc=//lib/kbd/consolefonts/lat0-08.psfu.gz&path=//lib/kbd/consolefonts HTTP/1.1" 200 15708 "https://www.delimit-creesy.duckdns.org.handcraftbd.com/ploqe.php?path=//lib/kbd/consolefonts" "Mozilla/5.0 AppleWebKit/537.36 (KHTML, like Gecko; compatible; GPTBot/1.3; +https://openai.com/gptbot)"
74.7.227.31 - - [15/May/2026:18:37:32 +0600] "GET /nncnj.php?path=//lib/.build-id/8d HTTP/1.1" 200 34508 "https://delimit-creesy.duckdns.org.handcraftbd.com/nncnj.php?path=//lib/.build-id" "Mozilla/5.0 AppleWebKit/537.36 (KHTML, like Gecko; compatible; GPTBot/1.3; +https://openai.com/gptbot)"
74.7.243.251 - - [15/May/2026:18:37:32 +0600] "GET /ploqe.php?fileloc=//lib/kbd/consoletrans/iso02_to_cp1250.trans&path=//lib/kbd/consoletrans HTTP/1.1" 200 18259 "https://www.delimit-creesy.duckdns.org.handcraftbd.com/ploqe.php?path=//lib/kbd/consoletrans" "Mozilla/5.0 AppleWebKit/537.36 (KHTML, like Gecko; compatible; GPTBot/1.3; +https://openai.com/gptbot)"
74.7.227.31 - - [15/May/2026:18:37:33 +0600] "GET /nncnj.php?path=//lib/.build-id/00 HTTP/1.1" 200 36057 "https://delimit-creesy.duckdns.org.handcraftbd.com/nncnj.php?path=//lib/.build-id" "Mozilla/5.0 AppleWebKit/537.36 (KHTML, like Gecko; compatible; GPTBot/1.3; +https://openai.com/gptbot)"
74.7.243.251 - - [15/May/2026:18:37:33 +0600] "GET /xglja.php?path=//var/lib/spamassassin/compiled HTTP/1.1" 200 14157 "https://www.delimit-creesy.duckdns.org.handcraftbd.com/xglja.php?path=//var/lib/spamassassin" "Mozilla/5.0 AppleWebKit/537.36 (KHTML, like Gecko; compatible; GPTBot/1.3; +https://openai.com/gptbot)"
74.7.243.251 - - [15/May/2026:18:37:33 +0600] "GET /xglja.php?path=//var/lib/spamassassin/4.000001 HTTP/1.1" 200 15795 "https://www.delimit-creesy.duckdns.org.handcraftbd.com/xglja.php?path=//var/lib/spamassassin" "Mozilla/5.0 AppleWebKit/537.36 (KHTML, like Gecko; compatible; GPTBot/1.3; +https://openai.com/gptbot)"
