74.7.227.31 - - [15/May/2026:18:18:58 +0600] "GET /vlqcz.php?path=//lib64/tk8.6 HTTP/1.1" 200 14114 "https://delimit-creesy.duckdns.org.handcraftbd.com/vlqcz.php?path=//lib64" "Mozilla/5.0 AppleWebKit/537.36 (KHTML, like Gecko; compatible; GPTBot/1.3; +https://openai.com/gptbot)"
74.7.243.251 - - [15/May/2026:18:18:58 +0600] "GET /nncnj.php?path=//lib64/krb5/plugins/kdb HTTP/1.1" 200 12780 "https://www.delimit-creesy.duckdns.org.handcraftbd.com/nncnj.php?path=//lib64/krb5/plugins" "Mozilla/5.0 AppleWebKit/537.36 (KHTML, like Gecko; compatible; GPTBot/1.3; +https://openai.com/gptbot)"
74.7.227.31 - - [15/May/2026:18:18:58 +0600] "GET /xiewz.php?path=//lib64/tk8.6 HTTP/1.1" 200 14114 "https://delimit-creesy.duckdns.org.handcraftbd.com/xiewz.php?path=//lib64" "Mozilla/5.0 AppleWebKit/537.36 (KHTML, like Gecko; compatible; GPTBot/1.3; +https://openai.com/gptbot)"
74.7.243.251 - - [15/May/2026:18:18:59 +0600] "GET /fodwn.php?path=//opt/imunify360/proactive HTTP/1.1" 200 14116 "https://www.delimit-creesy.duckdns.org.handcraftbd.com/fodwn.php?path=//opt/imunify360" "Mozilla/5.0 AppleWebKit/537.36 (KHTML, like Gecko; compatible; GPTBot/1.3; +https://openai.com/gptbot)"
74.7.227.31 - - [15/May/2026:18:18:59 +0600] "GET /cwjdw.php?path=//lib64/tk8.6 HTTP/1.1" 200 14114 "https://delimit-creesy.duckdns.org.handcraftbd.com/cwjdw.php?path=//lib64" "Mozilla/5.0 AppleWebKit/537.36 (KHTML, like Gecko; compatible; GPTBot/1.3; +https://openai.com/gptbot)"
74.7.243.251 - - [15/May/2026:18:18:59 +0600] "GET /xiewz.php?path=//opt/imunify360/proactive HTTP/1.1" 200 14116 "https://www.delimit-creesy.duckdns.org.handcraftbd.com/xiewz.php?path=//opt/imunify360" "Mozilla/5.0 AppleWebKit/537.36 (KHTML, like Gecko; compatible; GPTBot/1.3; +https://openai.com/gptbot)"
74.7.227.31 - - [15/May/2026:18:18:59 +0600] "GET /xglja.php?path=//lib64/tk8.6 HTTP/1.1" 200 14114 "https://delimit-creesy.duckdns.org.handcraftbd.com/xglja.php?path=//lib64" "Mozilla/5.0 AppleWebKit/537.36 (KHTML, like Gecko; compatible; GPTBot/1.3; +https://openai.com/gptbot)"
74.7.243.251 - - [15/May/2026:18:19:00 +0600] "GET /ploqe.php?path=//lib64/tk8.6 HTTP/1.1" 200 14114 "https://www.delimit-creesy.duckdns.org.handcraftbd.com/ploqe.php?path=//lib64" "Mozilla/5.0 AppleWebKit/537.36 (KHTML, like Gecko; compatible; GPTBot/1.3; +https://openai.com/gptbot)"
74.7.227.31 - - [15/May/2026:18:19:00 +0600] "GET /fodwn.php?path=//lib64/tcl8.6 HTTP/1.1" 200 15437 "https://delimit-creesy.duckdns.org.handcraftbd.com/fodwn.php?path=//lib64" "Mozilla/5.0 AppleWebKit/537.36 (KHTML, like Gecko; compatible; GPTBot/1.3; +https://openai.com/gptbot)"
74.7.243.251 - - [15/May/2026:18:19:00 +0600] "GET /ugczp.php?path=//lib64/tk8.6 HTTP/1.1" 200 14114 "https://www.delimit-creesy.duckdns.org.handcraftbd.com/ugczp.php?path=//lib64" "Mozilla/5.0 AppleWebKit/537.36 (KHTML, like Gecko; compatible; GPTBot/1.3; +https://openai.com/gptbot)"
74.7.227.31 - - [15/May/2026:18:19:00 +0600] "GET /fodwn.php?fileloc=//opt/imunify360/proactive/dangerlist/f63e9180193041b72f89e5d5c539818069ccb00c84ec8d19546d193db1406383&path=//opt/imunify360/proactive/dangerlist HTTP/1.1" 200 12487 "https://delimit-creesy.duckdns.org.handcraftbd.com/fodwn.php?path=//opt/imunify360/proactive/dangerlist" "Mozilla/5.0 AppleWebKit/537.36 (KHTML, like Gecko; compatible; GPTBot/1.3; +https://openai.com/gptbot)"
74.7.243.251 - - [15/May/2026:18:19:01 +0600] "GET /xiewz.php?path=//lib64/tk8.6 HTTP/1.1" 200 14114 "https://www.delimit-creesy.duckdns.org.handcraftbd.com/xiewz.php?path=//lib64" "Mozilla/5.0 AppleWebKit/537.36 (KHTML, like Gecko; compatible; GPTBot/1.3; +https://openai.com/gptbot)"
74.7.227.31 - - [15/May/2026:18:19:01 +0600] "GET /fodwn.php?fileloc=//opt/imunify360/proactive/dangerlist/03a884ed01a4ed217a6d83e431c9d05069ff4c027901c05b8bcfbe872d9b85cd&path=//opt/imunify360/proactive/dangerlist HTTP/1.1" 200 12487 "https://delimit-creesy.duckdns.org.handcraftbd.com/fodwn.php?path=//opt/imunify360/proactive/dangerlist" "Mozilla/5.0 AppleWebKit/537.36 (KHTML, like Gecko; compatible; GPTBot/1.3; +https://openai.com/gptbot)"
74.7.243.251 - - [15/May/2026:18:19:01 +0600] "GET /vlqcz.php?path=//lib64/tk8.6 HTTP/1.1" 200 14114 "https://www.delimit-creesy.duckdns.org.handcraftbd.com/vlqcz.php?path=//lib64" "Mozilla/5.0 AppleWebKit/537.36 (KHTML, like Gecko; compatible; GPTBot/1.3; +https://openai.com/gptbot)"
74.7.227.31 - - [15/May/2026:18:19:01 +0600] "GET /fodwn.php?fileloc=//opt/imunify360/proactive/dangerlist/c8e4780fb04ea7b6ee0da40e6c49c3d4d538c09360081bb96e31a5e8272b178f&path=//opt/imunify360/proactive/dangerlist HTTP/1.1" 200 12487 "https://delimit-creesy.duckdns.org.handcraftbd.com/fodwn.php?path=//opt/imunify360/proactive/dangerlist" "Mozilla/5.0 AppleWebKit/537.36 (KHTML, like Gecko; compatible; GPTBot/1.3; +https://openai.com/gptbot)"
74.7.243.251 - - [15/May/2026:18:19:02 +0600] "GET /ayrtr.php?path=//lib64/tk8.6 HTTP/1.1" 200 14114 "https://www.delimit-creesy.duckdns.org.handcraftbd.com/ayrtr.php?path=//lib64" "Mozilla/5.0 AppleWebKit/537.36 (KHTML, like Gecko; compatible; GPTBot/1.3; +https://openai.com/gptbot)"
74.7.227.31 - - [15/May/2026:18:19:02 +0600] "GET /cwjdw.php?fileloc=//proc/net/dev&path=//proc/net HTTP/1.1" 200 13106 "https://delimit-creesy.duckdns.org.handcraftbd.com/cwjdw.php?path=//proc/net" "Mozilla/5.0 AppleWebKit/537.36 (KHTML, like Gecko; compatible; GPTBot/1.3; +https://openai.com/gptbot)"
74.7.243.251 - - [15/May/2026:18:19:02 +0600] "GET /ploqe.php?path=//lib64/dovecot/old-stats HTTP/1.1" 200 15750 "https://www.delimit-creesy.duckdns.org.handcraftbd.com/ploqe.php?path=//lib64/dovecot" "Mozilla/5.0 AppleWebKit/537.36 (KHTML, like Gecko; compatible; GPTBot/1.3; +https://openai.com/gptbot)"
74.7.227.31 - - [15/May/2026:18:19:03 +0600] "GET /pgjtj.php?fileloc=//proc/net/dev&path=//proc/net HTTP/1.1" 200 13106 "https://delimit-creesy.duckdns.org.handcraftbd.com/pgjtj.php?path=//proc/net" "Mozilla/5.0 AppleWebKit/537.36 (KHTML, like Gecko; compatible; GPTBot/1.3; +https://openai.com/gptbot)"
74.7.243.251 - - [15/May/2026:18:19:03 +0600] "GET /ploqe.php?path=//lib64/dovecot/doveadm HTTP/1.1" 200 18888 "https://www.delimit-creesy.duckdns.org.handcraftbd.com/ploqe.php?path=//lib64/dovecot" "Mozilla/5.0 AppleWebKit/537.36 (KHTML, like Gecko; compatible; GPTBot/1.3; +https://openai.com/gptbot)"
74.7.227.31 - - [15/May/2026:18:19:03 +0600] "GET /ypbpk.php?fileloc=//proc/net/dev&path=//proc/net HTTP/1.1" 200 13106 "https://delimit-creesy.duckdns.org.handcraftbd.com/ypbpk.php?path=//proc/net" "Mozilla/5.0 AppleWebKit/537.36 (KHTML, like Gecko; compatible; GPTBot/1.3; +https://openai.com/gptbot)"
74.7.243.251 - - [15/May/2026:18:19:03 +0600] "GET /ploqe.php?path=//lib64/dovecot/auth HTTP/1.1" 200 17232 "https://www.delimit-creesy.duckdns.org.handcraftbd.com/ploqe.php?path=//lib64/dovecot" "Mozilla/5.0 AppleWebKit/537.36 (KHTML, like Gecko; compatible; GPTBot/1.3; +https://openai.com/gptbot)"
74.7.227.31 - - [15/May/2026:18:19:04 +0600] "GET /ugczp.php?path=//lib64/hmaccalc HTTP/1.1" 200 19952 "https://delimit-creesy.duckdns.org.handcraftbd.com/ugczp.php?path=//lib64" "Mozilla/5.0 AppleWebKit/537.36 (KHTML, like Gecko; compatible; GPTBot/1.3; +https://openai.com/gptbot)"
74.7.243.251 - - [15/May/2026:18:19:04 +0600] "GET /ploqe.php?path=//lib64/dovecot/dict HTTP/1.1" 200 14221 "https://www.delimit-creesy.duckdns.org.handcraftbd.com/ploqe.php?path=//lib64/dovecot" "Mozilla/5.0 AppleWebKit/537.36 (KHTML, like Gecko; compatible; GPTBot/1.3; +https://openai.com/gptbot)"
74.7.227.31 - - [15/May/2026:18:19:04 +0600] "GET /pgjtj.php?path=//lib64/graphviz HTTP/1.1" 200 43962 "https://delimit-creesy.duckdns.org.handcraftbd.com/pgjtj.php?path=//lib64" "Mozilla/5.0 AppleWebKit/537.36 (KHTML, like Gecko; compatible; GPTBot/1.3; +https://openai.com/gptbot)"
74.7.227.31 - - [15/May/2026:18:19:05 +0600] "GET /vlqcz.php?path=//lib64/hmaccalc HTTP/1.1" 200 19952 "https://delimit-creesy.duckdns.org.handcraftbd.com/vlqcz.php?path=//lib64" "Mozilla/5.0 AppleWebKit/537.36 (KHTML, like Gecko; compatible; GPTBot/1.3; +https://openai.com/gptbot)"
74.7.227.31 - - [15/May/2026:18:19:05 +0600] "GET /ayrtr.php?path=//lib64/graphviz HTTP/1.1" 200 43962 "https://delimit-creesy.duckdns.org.handcraftbd.com/ayrtr.php?path=//lib64" "Mozilla/5.0 AppleWebKit/537.36 (KHTML, like Gecko; compatible; GPTBot/1.3; +https://openai.com/gptbot)"
74.7.243.251 - - [15/May/2026:18:19:06 +0600] "GET /fodwn.php?path=//opt/imunify360/proactive/dangerlist HTTP/1.1" 200 1741361 "https://www.delimit-creesy.duckdns.org.handcraftbd.com/fodwn.php?path=//opt/imunify360/proactive" "Mozilla/5.0 AppleWebKit/537.36 (KHTML, like Gecko; compatible; GPTBot/1.3; +https://openai.com/gptbot)"
74.7.227.31 - - [15/May/2026:18:19:06 +0600] "GET /nncnj.php?path=//lib64/hmaccalc HTTP/1.1" 200 19952 "https://delimit-creesy.duckdns.org.handcraftbd.com/nncnj.php?path=//lib64" "Mozilla/5.0 AppleWebKit/537.36 (KHTML, like Gecko; compatible; GPTBot/1.3; +https://openai.com/gptbot)"
74.7.243.251 - - [15/May/2026:18:19:06 +0600] "GET /cwjdw.php?path=//lib64/tk8.6 HTTP/1.1" 200 14114 "https://www.delimit-creesy.duckdns.org.handcraftbd.com/cwjdw.php?path=//lib64" "Mozilla/5.0 AppleWebKit/537.36 (KHTML, like Gecko; compatible; GPTBot/1.3; +https://openai.com/gptbot)"
74.7.227.31 - - [15/May/2026:18:19:07 +0600] "GET /ploqe.php?path=//lib64/hmaccalc HTTP/1.1" 200 19952 "https://delimit-creesy.duckdns.org.handcraftbd.com/ploqe.php?path=//lib64" "Mozilla/5.0 AppleWebKit/537.36 (KHTML, like Gecko; compatible; GPTBot/1.3; +https://openai.com/gptbot)"
74.7.243.251 - - [15/May/2026:18:19:07 +0600] "GET /xglja.php?path=//lib64/tk8.6 HTTP/1.1" 200 14114 "https://www.delimit-creesy.duckdns.org.handcraftbd.com/xglja.php?path=//lib64" "Mozilla/5.0 AppleWebKit/537.36 (KHTML, like Gecko; compatible; GPTBot/1.3; +https://openai.com/gptbot)"
74.7.227.31 - - [15/May/2026:18:19:07 +0600] "GET /ypbpk.php?path=//lib64/graphviz HTTP/1.1" 200 43962 "https://delimit-creesy.duckdns.org.handcraftbd.com/ypbpk.php?path=//lib64" "Mozilla/5.0 AppleWebKit/537.36 (KHTML, like Gecko; compatible; GPTBot/1.3; +https://openai.com/gptbot)"
74.7.243.251 - - [15/May/2026:18:19:07 +0600] "GET /nncnj.php?path=//lib64/tk8.6 HTTP/1.1" 200 14114 "https://www.delimit-creesy.duckdns.org.handcraftbd.com/nncnj.php?path=//lib64" "Mozilla/5.0 AppleWebKit/537.36 (KHTML, like Gecko; compatible; GPTBot/1.3; +https://openai.com/gptbot)"
74.7.227.31 - - [15/May/2026:18:19:08 +0600] "GET /ypbpk.php?path=//lib64/hmaccalc HTTP/1.1" 200 19952 "https://delimit-creesy.duckdns.org.handcraftbd.com/ypbpk.php?path=//lib64" "Mozilla/5.0 AppleWebKit/537.36 (KHTML, like Gecko; compatible; GPTBot/1.3; +https://openai.com/gptbot)"
74.7.243.251 - - [15/May/2026:18:19:08 +0600] "GET /zljqb.php?path=//lib64/tk8.6 HTTP/1.1" 200 14114 "https://www.delimit-creesy.duckdns.org.handcraftbd.com/zljqb.php?path=//lib64" "Mozilla/5.0 AppleWebKit/537.36 (KHTML, like Gecko; compatible; GPTBot/1.3; +https://openai.com/gptbot)"
74.7.227.31 - - [15/May/2026:18:19:08 +0600] "GET /ypbpk.php?path=//lib64/plymouth HTTP/1.1" 200 18315 "https://delimit-creesy.duckdns.org.handcraftbd.com/ypbpk.php?path=//lib64" "Mozilla/5.0 AppleWebKit/537.36 (KHTML, like Gecko; compatible; GPTBot/1.3; +https://openai.com/gptbot)"
74.7.243.251 - - [15/May/2026:18:19:08 +0600] "GET /fodwn.php?path=//lib64/tcl8.6 HTTP/1.1" 200 15437 "https://www.delimit-creesy.duckdns.org.handcraftbd.com/fodwn.php?path=//lib64" "Mozilla/5.0 AppleWebKit/537.36 (KHTML, like Gecko; compatible; GPTBot/1.3; +https://openai.com/gptbot)"
74.7.227.31 - - [15/May/2026:18:19:09 +0600] "GET /ayrtr.php?path=//lib64/hmaccalc HTTP/1.1" 200 19952 "https://delimit-creesy.duckdns.org.handcraftbd.com/ayrtr.php?path=//lib64" "Mozilla/5.0 AppleWebKit/537.36 (KHTML, like Gecko; compatible; GPTBot/1.3; +https://openai.com/gptbot)"
74.7.243.251 - - [15/May/2026:18:19:09 +0600] "GET /ypbpk.php?path=//usr/include/ext2fs HTTP/1.1" 200 30154 "https://www.delimit-creesy.duckdns.org.handcraftbd.com/ypbpk.php?path=//usr/include" "Mozilla/5.0 AppleWebKit/537.36 (KHTML, like Gecko; compatible; GPTBot/1.3; +https://openai.com/gptbot)"
74.7.227.31 - - [15/May/2026:18:19:09 +0600] "GET /pgjtj.php?path=//lib64/hmaccalc HTTP/1.1" 200 19952 "https://delimit-creesy.duckdns.org.handcraftbd.com/pgjtj.php?path=//lib64" "Mozilla/5.0 AppleWebKit/537.36 (KHTML, like Gecko; compatible; GPTBot/1.3; +https://openai.com/gptbot)"
74.7.243.251 - - [15/May/2026:18:19:09 +0600] "GET /nncnj.php?path=//proc/127852/net HTTP/1.1" 200 85307 "https://www.delimit-creesy.duckdns.org.handcraftbd.com/nncnj.php?path=//proc/127852" "Mozilla/5.0 AppleWebKit/537.36 (KHTML, like Gecko; compatible; GPTBot/1.3; +https://openai.com/gptbot)"
74.7.227.31 - - [15/May/2026:18:19:10 +0600] "GET /xglja.php?path=//lib64/hmaccalc HTTP/1.1" 200 19952 "https://delimit-creesy.duckdns.org.handcraftbd.com/xglja.php?path=//lib64" "Mozilla/5.0 AppleWebKit/537.36 (KHTML, like Gecko; compatible; GPTBot/1.3; +https://openai.com/gptbot)"
74.7.243.251 - - [15/May/2026:18:19:10 +0600] "GET /ypbpk.php?fileloc=//proc/net/dev&path=//proc/net HTTP/1.1" 200 13106 "https://www.delimit-creesy.duckdns.org.handcraftbd.com/ypbpk.php?path=//proc/net" "Mozilla/5.0 AppleWebKit/537.36 (KHTML, like Gecko; compatible; GPTBot/1.3; +https://openai.com/gptbot)"
74.7.227.31 - - [15/May/2026:18:19:10 +0600] "GET /cwjdw.php?path=//lib64/hmaccalc HTTP/1.1" 200 19952 "https://delimit-creesy.duckdns.org.handcraftbd.com/cwjdw.php?path=//lib64" "Mozilla/5.0 AppleWebKit/537.36 (KHTML, like Gecko; compatible; GPTBot/1.3; +https://openai.com/gptbot)"
74.7.243.251 - - [15/May/2026:18:19:10 +0600] "GET /pgjtj.php?fileloc=//proc/net/dev&path=//proc/net HTTP/1.1" 200 13106 "https://www.delimit-creesy.duckdns.org.handcraftbd.com/pgjtj.php?path=//proc/net" "Mozilla/5.0 AppleWebKit/537.36 (KHTML, like Gecko; compatible; GPTBot/1.3; +https://openai.com/gptbot)"
74.7.227.31 - - [15/May/2026:18:19:11 +0600] "GET /ugczp.php?path=//usr/lib64/tk8.6 HTTP/1.1" 200 14168 "https://delimit-creesy.duckdns.org.handcraftbd.com/ugczp.php?path=//usr/lib64" "Mozilla/5.0 AppleWebKit/537.36 (KHTML, like Gecko; compatible; GPTBot/1.3; +https://openai.com/gptbot)"
74.7.243.251 - - [15/May/2026:18:19:11 +0600] "GET /cwjdw.php?fileloc=//proc/net/dev&path=//proc/net HTTP/1.1" 200 13106 "https://www.delimit-creesy.duckdns.org.handcraftbd.com/cwjdw.php?path=//proc/net" "Mozilla/5.0 AppleWebKit/537.36 (KHTML, like Gecko; compatible; GPTBot/1.3; +https://openai.com/gptbot)"
74.7.227.31 - - [15/May/2026:18:19:11 +0600] "GET /error_log.php?do_phpinfo=1 HTTP/1.1" 200 86073 "https://delimit-creesy.duckdns.org.handcraftbd.com/error_log.php" "Mozilla/5.0 AppleWebKit/537.36 (KHTML, like Gecko; compatible; GPTBot/1.3; +https://openai.com/gptbot)"
74.7.243.251 - - [15/May/2026:18:19:12 +0600] "GET /ploqe.php?path=//lib64/hmaccalc HTTP/1.1" 200 19952 "https://www.delimit-creesy.duckdns.org.handcraftbd.com/ploqe.php?path=//lib64" "Mozilla/5.0 AppleWebKit/537.36 (KHTML, like Gecko; compatible; GPTBot/1.3; +https://openai.com/gptbot)"
74.7.243.251 - - [15/May/2026:18:19:12 +0600] "GET /fodwn.php?fileloc=//opt/imunify360/proactive/dangerlist/a9362f71bd528b8d2a19c2fcdb293819bfca9465f6f96831dfb9da7fb75567df&path=//opt/imunify360/proactive/dangerlist HTTP/1.1" 200 12487 "https://www.delimit-creesy.duckdns.org.handcraftbd.com/fodwn.php?path=//opt/imunify360/proactive/dangerlist" "Mozilla/5.0 AppleWebKit/537.36 (KHTML, like Gecko; compatible; GPTBot/1.3; +https://openai.com/gptbot)"
74.7.227.31 - - [15/May/2026:18:19:12 +0600] "GET /cwjdw.php?path=//lib64/dovecot/doveadm HTTP/1.1" 200 18888 "https://delimit-creesy.duckdns.org.handcraftbd.com/cwjdw.php?path=//lib64/dovecot" "Mozilla/5.0 AppleWebKit/537.36 (KHTML, like Gecko; compatible; GPTBot/1.3; +https://openai.com/gptbot)"
74.7.243.251 - - [15/May/2026:18:19:13 +0600] "GET /fodwn.php?fileloc=//opt/imunify360/proactive/dangerlist/dfa91e26d3d2d0274a970d36f3fc747ee59a97eb33ec1afb7fc66bdc65aeec41&path=//opt/imunify360/proactive/dangerlist HTTP/1.1" 200 12487 "https://www.delimit-creesy.duckdns.org.handcraftbd.com/fodwn.php?path=//opt/imunify360/proactive/dangerlist" "Mozilla/5.0 AppleWebKit/537.36 (KHTML, like Gecko; compatible; GPTBot/1.3; +https://openai.com/gptbot)"
74.7.227.31 - - [15/May/2026:18:19:13 +0600] "GET /pgjtj.php?path=//lib/.build-id/eb HTTP/1.1" 200 34504 "https://delimit-creesy.duckdns.org.handcraftbd.com/pgjtj.php?path=//lib/.build-id" "Mozilla/5.0 AppleWebKit/537.36 (KHTML, like Gecko; compatible; GPTBot/1.3; +https://openai.com/gptbot)"
74.7.243.251 - - [15/May/2026:18:19:13 +0600] "GET /pgjtj.php?path=//lib64/graphviz HTTP/1.1" 200 43962 "https://www.delimit-creesy.duckdns.org.handcraftbd.com/pgjtj.php?path=//lib64" "Mozilla/5.0 AppleWebKit/537.36 (KHTML, like Gecko; compatible; GPTBot/1.3; +https://openai.com/gptbot)"
74.7.227.31 - - [15/May/2026:18:19:13 +0600] "GET /pgjtj.php?path=//lib/.build-id/fb HTTP/1.1" 200 36062 "https://delimit-creesy.duckdns.org.handcraftbd.com/pgjtj.php?path=//lib/.build-id" "Mozilla/5.0 AppleWebKit/537.36 (KHTML, like Gecko; compatible; GPTBot/1.3; +https://openai.com/gptbot)"
74.7.243.251 - - [15/May/2026:18:19:14 +0600] "GET /ypbpk.php?path=//lib64/graphviz HTTP/1.1" 200 43962 "https://www.delimit-creesy.duckdns.org.handcraftbd.com/ypbpk.php?path=//lib64" "Mozilla/5.0 AppleWebKit/537.36 (KHTML, like Gecko; compatible; GPTBot/1.3; +https://openai.com/gptbot)"
74.7.227.31 - - [15/May/2026:18:19:14 +0600] "GET /pgjtj.php?path=//lib/.build-id/cb HTTP/1.1" 200 31390 "https://delimit-creesy.duckdns.org.handcraftbd.com/pgjtj.php?path=//lib/.build-id" "Mozilla/5.0 AppleWebKit/537.36 (KHTML, like Gecko; compatible; GPTBot/1.3; +https://openai.com/gptbot)"
74.7.243.251 - - [15/May/2026:18:19:14 +0600] "GET /ypbpk.php?path=//lib64/plymouth HTTP/1.1" 200 18315 "https://www.delimit-creesy.duckdns.org.handcraftbd.com/ypbpk.php?path=//lib64" "Mozilla/5.0 AppleWebKit/537.36 (KHTML, like Gecko; compatible; GPTBot/1.3; +https://openai.com/gptbot)"
74.7.227.31 - - [15/May/2026:18:19:15 +0600] "GET /ypbpk.php?path=//lib64/plymouth/renderers HTTP/1.1" 200 12747 "https://delimit-creesy.duckdns.org.handcraftbd.com/ypbpk.php?path=//lib64/plymouth" "Mozilla/5.0 AppleWebKit/537.36 (KHTML, like Gecko; compatible; GPTBot/1.3; +https://openai.com/gptbot)"
74.7.243.251 - - [15/May/2026:18:19:15 +0600] "GET /pgjtj.php?path=//lib64/hmaccalc HTTP/1.1" 200 19952 "https://www.delimit-creesy.duckdns.org.handcraftbd.com/pgjtj.php?path=//lib64" "Mozilla/5.0 AppleWebKit/537.36 (KHTML, like Gecko; compatible; GPTBot/1.3; +https://openai.com/gptbot)"
74.7.227.31 - - [15/May/2026:18:19:15 +0600] "GET /ypbpk.php?path=//lib/.build-id/ce HTTP/1.1" 200 37611 "https://delimit-creesy.duckdns.org.handcraftbd.com/ypbpk.php?path=//lib/.build-id" "Mozilla/5.0 AppleWebKit/537.36 (KHTML, like Gecko; compatible; GPTBot/1.3; +https://openai.com/gptbot)"
74.7.243.251 - - [15/May/2026:18:19:15 +0600] "GET /nncnj.php?path=//proc/127852/net/netfilter HTTP/1.1" 200 12783 "https://www.delimit-creesy.duckdns.org.handcraftbd.com/nncnj.php?path=//proc/127852/net" "Mozilla/5.0 AppleWebKit/537.36 (KHTML, like Gecko; compatible; GPTBot/1.3; +https://openai.com/gptbot)"
74.7.227.31 - - [15/May/2026:18:19:16 +0600] "GET /pgjtj.php?path=//lib/.build-id/af HTTP/1.1" 200 31386 "https://delimit-creesy.duckdns.org.handcraftbd.com/pgjtj.php?path=//lib/.build-id" "Mozilla/5.0 AppleWebKit/537.36 (KHTML, like Gecko; compatible; GPTBot/1.3; +https://openai.com/gptbot)"
74.7.243.251 - - [15/May/2026:18:19:16 +0600] "GET /nncnj.php?fileloc=//proc/127852/net/netlink&path=//proc/127852/net HTTP/1.1" 200 12321 "https://www.delimit-creesy.duckdns.org.handcraftbd.com/nncnj.php?path=//proc/127852/net" "Mozilla/5.0 AppleWebKit/537.36 (KHTML, like Gecko; compatible; GPTBot/1.3; +https://openai.com/gptbot)"
74.7.227.31 - - [15/May/2026:18:19:16 +0600] "GET /ugczp.php?path=//lib/.build-id HTTP/1.1" 200 347110 "https://delimit-creesy.duckdns.org.handcraftbd.com/ugczp.php?path=//lib" "Mozilla/5.0 AppleWebKit/537.36 (KHTML, like Gecko; compatible; GPTBot/1.3; +https://openai.com/gptbot)"
74.7.243.251 - - [15/May/2026:18:19:17 +0600] "GET /nncnj.php?fileloc=//proc/127852/net/packet&path=//proc/127852/net HTTP/1.1" 200 12320 "https://www.delimit-creesy.duckdns.org.handcraftbd.com/nncnj.php?path=//proc/127852/net" "Mozilla/5.0 AppleWebKit/537.36 (KHTML, like Gecko; compatible; GPTBot/1.3; +https://openai.com/gptbot)"
74.7.243.251 - - [15/May/2026:18:19:17 +0600] "GET /nncnj.php?fileloc=//proc/127852/net/psched&path=//proc/127852/net HTTP/1.1" 200 12320 "https://www.delimit-creesy.duckdns.org.handcraftbd.com/nncnj.php?path=//proc/127852/net" "Mozilla/5.0 AppleWebKit/537.36 (KHTML, like Gecko; compatible; GPTBot/1.3; +https://openai.com/gptbot)"
74.7.227.31 - - [15/May/2026:18:19:17 +0600] "GET /pgjtj.php?path=//lib/.build-id/bf HTTP/1.1" 200 32947 "https://delimit-creesy.duckdns.org.handcraftbd.com/pgjtj.php?path=//lib/.build-id" "Mozilla/5.0 AppleWebKit/537.36 (KHTML, like Gecko; compatible; GPTBot/1.3; +https://openai.com/gptbot)"
74.7.243.251 - - [15/May/2026:18:19:18 +0600] "GET /nncnj.php?fileloc=//proc/127852/net/tcp6&path=//proc/127852/net HTTP/1.1" 200 20358 "https://www.delimit-creesy.duckdns.org.handcraftbd.com/nncnj.php?path=//proc/127852/net" "Mozilla/5.0 AppleWebKit/537.36 (KHTML, like Gecko; compatible; GPTBot/1.3; +https://openai.com/gptbot)"
74.7.227.31 - - [15/May/2026:18:19:18 +0600] "GET /pgjtj.php?path=//lib/.build-id/cd HTTP/1.1" 200 34507 "https://delimit-creesy.duckdns.org.handcraftbd.com/pgjtj.php?path=//lib/.build-id" "Mozilla/5.0 AppleWebKit/537.36 (KHTML, like Gecko; compatible; GPTBot/1.3; +https://openai.com/gptbot)"
74.7.243.251 - - [15/May/2026:18:19:18 +0600] "GET /nncnj.php?fileloc=//proc/127852/net/route&path=//proc/127852/net HTTP/1.1" 200 12319 "https://www.delimit-creesy.duckdns.org.handcraftbd.com/nncnj.php?path=//proc/127852/net" "Mozilla/5.0 AppleWebKit/537.36 (KHTML, like Gecko; compatible; GPTBot/1.3; +https://openai.com/gptbot)"
74.7.227.31 - - [15/May/2026:18:19:18 +0600] "GET /ypbpk.php?path=//lib/.build-id/fc HTTP/1.1" 200 34507 "https://delimit-creesy.duckdns.org.handcraftbd.com/ypbpk.php?path=//lib/.build-id" "Mozilla/5.0 AppleWebKit/537.36 (KHTML, like Gecko; compatible; GPTBot/1.3; +https://openai.com/gptbot)"
74.7.243.251 - - [15/May/2026:18:19:19 +0600] "GET /nncnj.php?fileloc=//proc/127852/net/tcp&path=//proc/127852/net HTTP/1.1" 200 296341 "https://www.delimit-creesy.duckdns.org.handcraftbd.com/nncnj.php?path=//proc/127852/net" "Mozilla/5.0 AppleWebKit/537.36 (KHTML, like Gecko; compatible; GPTBot/1.3; +https://openai.com/gptbot)"
74.7.227.31 - - [15/May/2026:18:19:19 +0600] "GET /ypbpk.php?path=//lib/.build-id/fe HTTP/1.1" 200 36055 "https://delimit-creesy.duckdns.org.handcraftbd.com/ypbpk.php?path=//lib/.build-id" "Mozilla/5.0 AppleWebKit/537.36 (KHTML, like Gecko; compatible; GPTBot/1.3; +https://openai.com/gptbot)"
74.7.227.31 - - [15/May/2026:18:19:19 +0600] "GET /pgjtj.php?fileloc=//lib/.build-id/eb/1152eff94403e205d2e057d591924834ca7908&path=//lib/.build-id/eb HTTP/1.1" 200 26472 "https://delimit-creesy.duckdns.org.handcraftbd.com/pgjtj.php?path=//lib/.build-id/eb" "Mozilla/5.0 AppleWebKit/537.36 (KHTML, like Gecko; compatible; GPTBot/1.3; +https://openai.com/gptbot)"
74.7.227.31 - - [15/May/2026:18:19:20 +0600] "GET /pgjtj.php?path=//lib/.build-id/ff HTTP/1.1" 200 28280 "https://delimit-creesy.duckdns.org.handcraftbd.com/pgjtj.php?path=//lib/.build-id" "Mozilla/5.0 AppleWebKit/537.36 (KHTML, like Gecko; compatible; GPTBot/1.3; +https://openai.com/gptbot)"
74.7.243.251 - - [15/May/2026:18:19:20 +0600] "GET /nncnj.php?fileloc=//proc/127852/net/icmp&path=//proc/127852/net HTTP/1.1" 200 12318 "https://www.delimit-creesy.duckdns.org.handcraftbd.com/nncnj.php?path=//proc/127852/net" "Mozilla/5.0 AppleWebKit/537.36 (KHTML, like Gecko; compatible; GPTBot/1.3; +https://openai.com/gptbot)"
74.7.227.31 - - [15/May/2026:18:19:20 +0600] "GET /ypbpk.php?path=//lib/.build-id/ec HTTP/1.1" 200 31392 "https://delimit-creesy.duckdns.org.handcraftbd.com/ypbpk.php?path=//lib/.build-id" "Mozilla/5.0 AppleWebKit/537.36 (KHTML, like Gecko; compatible; GPTBot/1.3; +https://openai.com/gptbot)"
74.7.243.251 - - [15/May/2026:18:19:21 +0600] "GET /nncnj.php?fileloc=//proc/127852/net/ptype&path=//proc/127852/net HTTP/1.1" 200 12319 "https://www.delimit-creesy.duckdns.org.handcraftbd.com/nncnj.php?path=//proc/127852/net" "Mozilla/5.0 AppleWebKit/537.36 (KHTML, like Gecko; compatible; GPTBot/1.3; +https://openai.com/gptbot)"
74.7.227.31 - - [15/May/2026:18:19:21 +0600] "GET /pgjtj.php?path=//lib/.build-id/ac HTTP/1.1" 200 32944 "https://delimit-creesy.duckdns.org.handcraftbd.com/pgjtj.php?path=//lib/.build-id" "Mozilla/5.0 AppleWebKit/537.36 (KHTML, like Gecko; compatible; GPTBot/1.3; +https://openai.com/gptbot)"
74.7.243.251 - - [15/May/2026:18:19:21 +0600] "GET /nncnj.php?fileloc=//proc/127852/net/rt_cache&path=//proc/127852/net HTTP/1.1" 200 12322 "https://www.delimit-creesy.duckdns.org.handcraftbd.com/nncnj.php?path=//proc/127852/net" "Mozilla/5.0 AppleWebKit/537.36 (KHTML, like Gecko; compatible; GPTBot/1.3; +https://openai.com/gptbot)"
74.7.227.31 - - [15/May/2026:18:19:21 +0600] "GET /ypbpk.php?fileloc=//lib/.build-id/ce/8ec48fe1452261f0f0fd1595c2f73aac706bb8&path=//lib/.build-id/ce HTTP/1.1" 200 27658 "https://delimit-creesy.duckdns.org.handcraftbd.com/ypbpk.php?path=//lib/.build-id/ce" "Mozilla/5.0 AppleWebKit/537.36 (KHTML, like Gecko; compatible; GPTBot/1.3; +https://openai.com/gptbot)"
74.7.243.251 - - [15/May/2026:18:19:22 +0600] "GET /nncnj.php?fileloc=//proc/127852/net/snmp&path=//proc/127852/net HTTP/1.1" 200 12318 "https://www.delimit-creesy.duckdns.org.handcraftbd.com/nncnj.php?path=//proc/127852/net" "Mozilla/5.0 AppleWebKit/537.36 (KHTML, like Gecko; compatible; GPTBot/1.3; +https://openai.com/gptbot)"
74.7.227.31 - - [15/May/2026:18:19:22 +0600] "GET /ayrtr.php?path=//lib/.build-id HTTP/1.1" 200 347110 "https://delimit-creesy.duckdns.org.handcraftbd.com/ayrtr.php?path=//lib" "Mozilla/5.0 AppleWebKit/537.36 (KHTML, like Gecko; compatible; GPTBot/1.3; +https://openai.com/gptbot)"
74.7.243.251 - - [15/May/2026:18:19:22 +0600] "GET /nncnj.php?fileloc=//proc/127852/net/udp&path=//proc/127852/net HTTP/1.1" 200 13088 "https://www.delimit-creesy.duckdns.org.handcraftbd.com/nncnj.php?path=//proc/127852/net" "Mozilla/5.0 AppleWebKit/537.36 (KHTML, like Gecko; compatible; GPTBot/1.3; +https://openai.com/gptbot)"
74.7.243.251 - - [15/May/2026:18:19:23 +0600] "GET /nncnj.php?fileloc=//proc/127852/net/fib_trie&path=//proc/127852/net HTTP/1.1" 200 12322 "https://www.delimit-creesy.duckdns.org.handcraftbd.com/nncnj.php?path=//proc/127852/net" "Mozilla/5.0 AppleWebKit/537.36 (KHTML, like Gecko; compatible; GPTBot/1.3; +https://openai.com/gptbot)"
74.7.227.31 - - [15/May/2026:18:19:23 +0600] "GET /pgjtj.php?path=//lib/.build-id/ca HTTP/1.1" 200 28278 "https://delimit-creesy.duckdns.org.handcraftbd.com/pgjtj.php?path=//lib/.build-id" "Mozilla/5.0 AppleWebKit/537.36 (KHTML, like Gecko; compatible; GPTBot/1.3; +https://openai.com/gptbot)"
74.7.243.251 - - [15/May/2026:18:19:23 +0600] "GET /nncnj.php?fileloc=//proc/127852/net/anycast6&path=//proc/127852/net HTTP/1.1" 200 12322 "https://www.delimit-creesy.duckdns.org.handcraftbd.com/nncnj.php?path=//proc/127852/net" "Mozilla/5.0 AppleWebKit/537.36 (KHTML, like Gecko; compatible; GPTBot/1.3; +https://openai.com/gptbot)"
74.7.227.31 - - [15/May/2026:18:19:24 +0600] "GET /ugczp.php?path=//lib/.build-id/ad HTTP/1.1" 200 29833 "https://delimit-creesy.duckdns.org.handcraftbd.com/ugczp.php?path=//lib/.build-id" "Mozilla/5.0 AppleWebKit/537.36 (KHTML, like Gecko; compatible; GPTBot/1.3; +https://openai.com/gptbot)"
74.7.243.251 - - [15/May/2026:18:19:24 +0600] "GET /nncnj.php?fileloc=//proc/127852/net/ip_mr_vif&path=//proc/127852/net HTTP/1.1" 200 12323 "https://www.delimit-creesy.duckdns.org.handcraftbd.com/nncnj.php?path=//proc/127852/net" "Mozilla/5.0 AppleWebKit/537.36 (KHTML, like Gecko; compatible; GPTBot/1.3; +https://openai.com/gptbot)"
74.7.227.31 - - [15/May/2026:18:19:24 +0600] "GET /ugczp.php?path=//lib/.build-id/da HTTP/1.1" 200 37613 "https://delimit-creesy.duckdns.org.handcraftbd.com/ugczp.php?path=//lib/.build-id" "Mozilla/5.0 AppleWebKit/537.36 (KHTML, like Gecko; compatible; GPTBot/1.3; +https://openai.com/gptbot)"
74.7.243.251 - - [15/May/2026:18:19:24 +0600] "GET /nncnj.php?fileloc=//proc/127852/net/udplite6&path=//proc/127852/net HTTP/1.1" 200 12322 "https://www.delimit-creesy.duckdns.org.handcraftbd.com/nncnj.php?path=//proc/127852/net" "Mozilla/5.0 AppleWebKit/537.36 (KHTML, like Gecko; compatible; GPTBot/1.3; +https://openai.com/gptbot)"
74.7.227.31 - - [15/May/2026:18:19:25 +0600] "GET /ugczp.php?path=//lib/.build-id/71 HTTP/1.1" 200 32949 "https://delimit-creesy.duckdns.org.handcraftbd.com/ugczp.php?path=//lib/.build-id" "Mozilla/5.0 AppleWebKit/537.36 (KHTML, like Gecko; compatible; GPTBot/1.3; +https://openai.com/gptbot)"
74.7.243.251 - - [15/May/2026:18:19:25 +0600] "GET /nncnj.php?fileloc=//proc/127852/net/dev_mcast&path=//proc/127852/net HTTP/1.1" 200 12323 "https://www.delimit-creesy.duckdns.org.handcraftbd.com/nncnj.php?path=//proc/127852/net" "Mozilla/5.0 AppleWebKit/537.36 (KHTML, like Gecko; compatible; GPTBot/1.3; +https://openai.com/gptbot)"
74.7.227.31 - - [15/May/2026:18:19:25 +0600] "GET /ugczp.php?path=//lib/.build-id/f9 HTTP/1.1" 200 32949 "https://delimit-creesy.duckdns.org.handcraftbd.com/ugczp.php?path=//lib/.build-id" "Mozilla/5.0 AppleWebKit/537.36 (KHTML, like Gecko; compatible; GPTBot/1.3; +https://openai.com/gptbot)"
74.7.243.251 - - [15/May/2026:18:19:25 +0600] "GET /nncnj.php?fileloc=//proc/127852/net/xfrm_stat&path=//proc/127852/net HTTP/1.1" 200 12323 "https://www.delimit-creesy.duckdns.org.handcraftbd.com/nncnj.php?path=//proc/127852/net" "Mozilla/5.0 AppleWebKit/537.36 (KHTML, like Gecko; compatible; GPTBot/1.3; +https://openai.com/gptbot)"
74.7.227.31 - - [15/May/2026:18:19:26 +0600] "GET /ugczp.php?path=//lib/.build-id/b6 HTTP/1.1" 200 37619 "https://delimit-creesy.duckdns.org.handcraftbd.com/ugczp.php?path=//lib/.build-id" "Mozilla/5.0 AppleWebKit/537.36 (KHTML, like Gecko; compatible; GPTBot/1.3; +https://openai.com/gptbot)"
74.7.243.251 - - [15/May/2026:18:19:26 +0600] "GET /nncnj.php?fileloc=//proc/127852/net/protocols&path=//proc/127852/net HTTP/1.1" 200 12323 "https://www.delimit-creesy.duckdns.org.handcraftbd.com/nncnj.php?path=//proc/127852/net" "Mozilla/5.0 AppleWebKit/537.36 (KHTML, like Gecko; compatible; GPTBot/1.3; +https://openai.com/gptbot)"
74.7.227.31 - - [15/May/2026:18:19:26 +0600] "GET /ugczp.php?path=//lib/.build-id/6d HTTP/1.1" 200 26725 "https://delimit-creesy.duckdns.org.handcraftbd.com/ugczp.php?path=//lib/.build-id" "Mozilla/5.0 AppleWebKit/537.36 (KHTML, like Gecko; compatible; GPTBot/1.3; +https://openai.com/gptbot)"
74.7.243.251 - - [15/May/2026:18:19:26 +0600] "GET /nncnj.php?fileloc=//proc/127852/net/connector&path=//proc/127852/net HTTP/1.1" 200 12323 "https://www.delimit-creesy.duckdns.org.handcraftbd.com/nncnj.php?path=//proc/127852/net" "Mozilla/5.0 AppleWebKit/537.36 (KHTML, like Gecko; compatible; GPTBot/1.3; +https://openai.com/gptbot)"
74.7.227.31 - - [15/May/2026:18:19:27 +0600] "GET /ugczp.php?path=//lib/.build-id/e3 HTTP/1.1" 200 29835 "https://delimit-creesy.duckdns.org.handcraftbd.com/ugczp.php?path=//lib/.build-id" "Mozilla/5.0 AppleWebKit/537.36 (KHTML, like Gecko; compatible; GPTBot/1.3; +https://openai.com/gptbot)"
74.7.243.251 - - [15/May/2026:18:19:27 +0600] "GET /nncnj.php?fileloc=//proc/127852/net/netstat&path=//proc/127852/net HTTP/1.1" 200 12321 "https://www.delimit-creesy.duckdns.org.handcraftbd.com/nncnj.php?path=//proc/127852/net" "Mozilla/5.0 AppleWebKit/537.36 (KHTML, like Gecko; compatible; GPTBot/1.3; +https://openai.com/gptbot)"
74.7.227.31 - - [15/May/2026:18:19:27 +0600] "GET /ugczp.php?path=//lib/.build-id/9a HTTP/1.1" 200 23613 "https://delimit-creesy.duckdns.org.handcraftbd.com/ugczp.php?path=//lib/.build-id" "Mozilla/5.0 AppleWebKit/537.36 (KHTML, like Gecko; compatible; GPTBot/1.3; +https://openai.com/gptbot)"
74.7.243.251 - - [15/May/2026:18:19:27 +0600] "GET /nncnj.php?fileloc=//proc/127852/net/udplite&path=//proc/127852/net HTTP/1.1" 200 12321 "https://www.delimit-creesy.duckdns.org.handcraftbd.com/nncnj.php?path=//proc/127852/net" "Mozilla/5.0 AppleWebKit/537.36 (KHTML, like Gecko; compatible; GPTBot/1.3; +https://openai.com/gptbot)"
74.7.227.31 - - [15/May/2026:18:19:28 +0600] "GET /ugczp.php?path=//lib/.build-id/8a HTTP/1.1" 200 28278 "https://delimit-creesy.duckdns.org.handcraftbd.com/ugczp.php?path=//lib/.build-id" "Mozilla/5.0 AppleWebKit/537.36 (KHTML, like Gecko; compatible; GPTBot/1.3; +https://openai.com/gptbot)"
74.7.243.251 - - [15/May/2026:18:19:28 +0600] "GET /nncnj.php?fileloc=//proc/127852/net/if_inet6&path=//proc/127852/net HTTP/1.1" 200 12322 "https://www.delimit-creesy.duckdns.org.handcraftbd.com/nncnj.php?path=//proc/127852/net" "Mozilla/5.0 AppleWebKit/537.36 (KHTML, like Gecko; compatible; GPTBot/1.3; +https://openai.com/gptbot)"
74.7.227.31 - - [15/May/2026:18:19:28 +0600] "GET /ayrtr.php?path=//lib/.build-id/37 HTTP/1.1" 200 29835 "https://delimit-creesy.duckdns.org.handcraftbd.com/ayrtr.php?path=//lib/.build-id" "Mozilla/5.0 AppleWebKit/537.36 (KHTML, like Gecko; compatible; GPTBot/1.3; +https://openai.com/gptbot)"
74.7.243.251 - - [15/May/2026:18:19:29 +0600] "GET /nncnj.php?fileloc=//proc/127852/net/snmp6&path=//proc/127852/net HTTP/1.1" 200 12319 "https://www.delimit-creesy.duckdns.org.handcraftbd.com/nncnj.php?path=//proc/127852/net" "Mozilla/5.0 AppleWebKit/537.36 (KHTML, like Gecko; compatible; GPTBot/1.3; +https://openai.com/gptbot)"
74.7.227.31 - - [15/May/2026:18:19:29 +0600] "GET /ayrtr.php?path=//lib/.build-id/47 HTTP/1.1" 200 36063 "https://delimit-creesy.duckdns.org.handcraftbd.com/ayrtr.php?path=//lib/.build-id" "Mozilla/5.0 AppleWebKit/537.36 (KHTML, like Gecko; compatible; GPTBot/1.3; +https://openai.com/gptbot)"
74.7.243.251 - - [15/May/2026:18:19:29 +0600] "GET /nncnj.php?fileloc=//proc/127852/net/udp6&path=//proc/127852/net HTTP/1.1" 200 12823 "https://www.delimit-creesy.duckdns.org.handcraftbd.com/nncnj.php?path=//proc/127852/net" "Mozilla/5.0 AppleWebKit/537.36 (KHTML, like Gecko; compatible; GPTBot/1.3; +https://openai.com/gptbot)"
74.7.227.31 - - [15/May/2026:18:19:30 +0600] "GET /ayrtr.php?path=//lib/.build-id/8c HTTP/1.1" 200 31385 "https://delimit-creesy.duckdns.org.handcraftbd.com/ayrtr.php?path=//lib/.build-id" "Mozilla/5.0 AppleWebKit/537.36 (KHTML, like Gecko; compatible; GPTBot/1.3; +https://openai.com/gptbot)"
74.7.243.251 - - [15/May/2026:18:19:30 +0600] "GET /nncnj.php?fileloc=//proc/127852/net/raw6&path=//proc/127852/net HTTP/1.1" 200 12484 "https://www.delimit-creesy.duckdns.org.handcraftbd.com/nncnj.php?path=//proc/127852/net" "Mozilla/5.0 AppleWebKit/537.36 (KHTML, like Gecko; compatible; GPTBot/1.3; +https://openai.com/gptbot)"
74.7.227.31 - - [15/May/2026:18:19:30 +0600] "GET /ayrtr.php?path=//lib/.build-id/f5 HTTP/1.1" 200 29831 "https://delimit-creesy.duckdns.org.handcraftbd.com/ayrtr.php?path=//lib/.build-id" "Mozilla/5.0 AppleWebKit/537.36 (KHTML, like Gecko; compatible; GPTBot/1.3; +https://openai.com/gptbot)"
74.7.243.251 - - [15/May/2026:18:19:30 +0600] "GET /nncnj.php?fileloc=//proc/127852/net/rt6_stats&path=//proc/127852/net HTTP/1.1" 200 12323 "https://www.delimit-creesy.duckdns.org.handcraftbd.com/nncnj.php?path=//proc/127852/net" "Mozilla/5.0 AppleWebKit/537.36 (KHTML, like Gecko; compatible; GPTBot/1.3; +https://openai.com/gptbot)"
74.7.227.31 - - [15/May/2026:18:19:31 +0600] "GET /ayrtr.php?path=//lib/.build-id/cf HTTP/1.1" 200 23610 "https://delimit-creesy.duckdns.org.handcraftbd.com/ayrtr.php?path=//lib/.build-id" "Mozilla/5.0 AppleWebKit/537.36 (KHTML, like Gecko; compatible; GPTBot/1.3; +https://openai.com/gptbot)"
74.7.243.251 - - [15/May/2026:18:19:31 +0600] "GET /nncnj.php?fileloc=//proc/127852/net/igmp6&path=//proc/127852/net HTTP/1.1" 200 12319 "https://www.delimit-creesy.duckdns.org.handcraftbd.com/nncnj.php?path=//proc/127852/net" "Mozilla/5.0 AppleWebKit/537.36 (KHTML, like Gecko; compatible; GPTBot/1.3; +https://openai.com/gptbot)"
74.7.227.31 - - [15/May/2026:18:19:31 +0600] "GET /ayrtr.php?path=//lib/.build-id/ad HTTP/1.1" 200 29833 "https://delimit-creesy.duckdns.org.handcraftbd.com/ayrtr.php?path=//lib/.build-id" "Mozilla/5.0 AppleWebKit/537.36 (KHTML, like Gecko; compatible; GPTBot/1.3; +https://openai.com/gptbot)"
74.7.243.251 - - [15/May/2026:18:19:31 +0600] "GET /nncnj.php?fileloc=//proc/127852/net/icmp6&path=//proc/127852/net HTTP/1.1" 200 12319 "https://www.delimit-creesy.duckdns.org.handcraftbd.com/nncnj.php?path=//proc/127852/net" "Mozilla/5.0 AppleWebKit/537.36 (KHTML, like Gecko; compatible; GPTBot/1.3; +https://openai.com/gptbot)"
74.7.243.251 - - [15/May/2026:18:19:32 +0600] "GET /nncnj.php?fileloc=//proc/127852/net/nf_conntrack&path=//proc/127852/net HTTP/1.1" 200 12326 "https://www.delimit-creesy.duckdns.org.handcraftbd.com/nncnj.php?path=//proc/127852/net" "Mozilla/5.0 AppleWebKit/537.36 (KHTML, like Gecko; compatible; GPTBot/1.3; +https://openai.com/gptbot)"
74.7.227.31 - - [15/May/2026:18:19:32 +0600] "GET /ayrtr.php?path=//lib/.build-id/ab HTTP/1.1" 200 43834 "https://delimit-creesy.duckdns.org.handcraftbd.com/ayrtr.php?path=//lib/.build-id" "Mozilla/5.0 AppleWebKit/537.36 (KHTML, like Gecko; compatible; GPTBot/1.3; +https://openai.com/gptbot)"
74.7.243.251 - - [15/May/2026:18:19:32 +0600] "GET /nncnj.php?fileloc=//proc/127852/net/arp&path=//proc/127852/net HTTP/1.1" 200 12317 "https://www.delimit-creesy.duckdns.org.handcraftbd.com/nncnj.php?path=//proc/127852/net" "Mozilla/5.0 AppleWebKit/537.36 (KHTML, like Gecko; compatible; GPTBot/1.3; +https://openai.com/gptbot)"
74.7.227.31 - - [15/May/2026:18:19:32 +0600] "GET /ayrtr.php?path=//lib/.build-id/6d HTTP/1.1" 200 26725 "https://delimit-creesy.duckdns.org.handcraftbd.com/ayrtr.php?path=//lib/.build-id" "Mozilla/5.0 AppleWebKit/537.36 (KHTML, like Gecko; compatible; GPTBot/1.3; +https://openai.com/gptbot)"
74.7.243.251 - - [15/May/2026:18:19:33 +0600] "GET /nncnj.php?fileloc=//proc/127852/net/rt_acct&path=//proc/127852/net HTTP/1.1" 200 12321 "https://www.delimit-creesy.duckdns.org.handcraftbd.com/nncnj.php?path=//proc/127852/net" "Mozilla/5.0 AppleWebKit/537.36 (KHTML, like Gecko; compatible; GPTBot/1.3; +https://openai.com/gptbot)"
74.7.227.31 - - [15/May/2026:18:19:33 +0600] "GET /ayrtr.php?path=//lib/.build-id/da HTTP/1.1" 200 37613 "https://delimit-creesy.duckdns.org.handcraftbd.com/ayrtr.php?path=//lib/.build-id" "Mozilla/5.0 AppleWebKit/537.36 (KHTML, like Gecko; compatible; GPTBot/1.3; +https://openai.com/gptbot)"
74.7.243.251 - - [15/May/2026:18:19:33 +0600] "GET /nncnj.php?fileloc=//proc/127852/net/igmp&path=//proc/127852/net HTTP/1.1" 200 12318 "https://www.delimit-creesy.duckdns.org.handcraftbd.com/nncnj.php?path=//proc/127852/net" "Mozilla/5.0 AppleWebKit/537.36 (KHTML, like Gecko; compatible; GPTBot/1.3; +https://openai.com/gptbot)"
74.7.227.31 - - [15/May/2026:18:19:34 +0600] "GET /ayrtr.php?path=//lib/.build-id/9d HTTP/1.1" 200 26723 "https://delimit-creesy.duckdns.org.handcraftbd.com/ayrtr.php?path=//lib/.build-id" "Mozilla/5.0 AppleWebKit/537.36 (KHTML, like Gecko; compatible; GPTBot/1.3; +https://openai.com/gptbot)"
74.7.243.251 - - [15/May/2026:18:19:34 +0600] "GET /nncnj.php?fileloc=//proc/127852/net/unix&path=//proc/127852/net HTTP/1.1" 200 142066 "https://www.delimit-creesy.duckdns.org.handcraftbd.com/nncnj.php?path=//proc/127852/net" "Mozilla/5.0 AppleWebKit/537.36 (KHTML, like Gecko; compatible; GPTBot/1.3; +https://openai.com/gptbot)"
74.7.227.31 - - [15/May/2026:18:19:34 +0600] "GET /ayrtr.php?path=//lib/.build-id/b7 HTTP/1.1" 200 29833 "https://delimit-creesy.duckdns.org.handcraftbd.com/ayrtr.php?path=//lib/.build-id" "Mozilla/5.0 AppleWebKit/537.36 (KHTML, like Gecko; compatible; GPTBot/1.3; +https://openai.com/gptbot)"
74.7.227.31 - - [15/May/2026:18:19:35 +0600] "GET /ayrtr.php?path=//lib/.build-id/5a HTTP/1.1" 200 37627 "https://delimit-creesy.duckdns.org.handcraftbd.com/ayrtr.php?path=//lib/.build-id" "Mozilla/5.0 AppleWebKit/537.36 (KHTML, like Gecko; compatible; GPTBot/1.3; +https://openai.com/gptbot)"
74.7.243.251 - - [15/May/2026:18:19:35 +0600] "GET /nncnj.php?fileloc=//proc/127852/net/raw&path=//proc/127852/net HTTP/1.1" 200 12435 "https://www.delimit-creesy.duckdns.org.handcraftbd.com/nncnj.php?path=//proc/127852/net" "Mozilla/5.0 AppleWebKit/537.36 (KHTML, like Gecko; compatible; GPTBot/1.3; +https://openai.com/gptbot)"
74.7.227.31 - - [15/May/2026:18:19:35 +0600] "GET /ayrtr.php?path=//lib/.build-id/b0 HTTP/1.1" 200 31389 "https://delimit-creesy.duckdns.org.handcraftbd.com/ayrtr.php?path=//lib/.build-id" "Mozilla/5.0 AppleWebKit/537.36 (KHTML, like Gecko; compatible; GPTBot/1.3; +https://openai.com/gptbot)"
74.7.243.251 - - [15/May/2026:18:19:36 +0600] "GET /nncnj.php?fileloc=//proc/127852/net/mcfilter6&path=//proc/127852/net HTTP/1.1" 200 12323 "https://www.delimit-creesy.duckdns.org.handcraftbd.com/nncnj.php?path=//proc/127852/net" "Mozilla/5.0 AppleWebKit/537.36 (KHTML, like Gecko; compatible; GPTBot/1.3; +https://openai.com/gptbot)"
74.7.227.31 - - [15/May/2026:18:19:36 +0600] "GET /ayrtr.php?fileloc=//lib/.build-id/8c/dbaefa4d15a08e59cfa763df246a84eb81b484&path=//lib/.build-id/8c HTTP/1.1" 200 524285 "https://delimit-creesy.duckdns.org.handcraftbd.com/ayrtr.php?path=//lib/.build-id/8c" "Mozilla/5.0 AppleWebKit/537.36 (KHTML, like Gecko; compatible; GPTBot/1.3; +https://openai.com/gptbot)"
74.7.243.251 - - [15/May/2026:18:19:36 +0600] "GET /nncnj.php?fileloc=//proc/127852/net/sockstat6&path=//proc/127852/net HTTP/1.1" 200 12323 "https://www.delimit-creesy.duckdns.org.handcraftbd.com/nncnj.php?path=//proc/127852/net" "Mozilla/5.0 AppleWebKit/537.36 (KHTML, like Gecko; compatible; GPTBot/1.3; +https://openai.com/gptbot)"
74.7.243.251 - - [15/May/2026:18:19:36 +0600] "GET /nncnj.php?fileloc=//proc/127852/net/ipv6_route&path=//proc/127852/net HTTP/1.1" 200 12324 "https://www.delimit-creesy.duckdns.org.handcraftbd.com/nncnj.php?path=//proc/127852/net" "Mozilla/5.0 AppleWebKit/537.36 (KHTML, like Gecko; compatible; GPTBot/1.3; +https://openai.com/gptbot)"
74.7.243.251 - - [15/May/2026:18:19:37 +0600] "GET /nncnj.php?fileloc=//proc/127852/net/nf_conntrack_expect&path=//proc/127852/net HTTP/1.1" 200 12333 "https://www.delimit-creesy.duckdns.org.handcraftbd.com/nncnj.php?path=//proc/127852/net" "Mozilla/5.0 AppleWebKit/537.36 (KHTML, like Gecko; compatible; GPTBot/1.3; +https://openai.com/gptbot)"
74.7.227.31 - - [15/May/2026:18:19:37 +0600] "GET /ayrtr.php?path=//lib/.build-id/8a HTTP/1.1" 200 28278 "https://delimit-creesy.duckdns.org.handcraftbd.com/ayrtr.php?path=//lib/.build-id" "Mozilla/5.0 AppleWebKit/537.36 (KHTML, like Gecko; compatible; GPTBot/1.3; +https://openai.com/gptbot)"
74.7.243.251 - - [15/May/2026:18:19:38 +0600] "GET /nncnj.php?fileloc=//proc/127852/net/fib_triestat&path=//proc/127852/net HTTP/1.1" 200 12326 "https://www.delimit-creesy.duckdns.org.handcraftbd.com/nncnj.php?path=//proc/127852/net" "Mozilla/5.0 AppleWebKit/537.36 (KHTML, like Gecko; compatible; GPTBot/1.3; +https://openai.com/gptbot)"
74.7.227.31 - - [15/May/2026:18:19:38 +0600] "GET /ayrtr.php?path=//lib/.build-id/3a HTTP/1.1" 200 36061 "https://delimit-creesy.duckdns.org.handcraftbd.com/ayrtr.php?path=//lib/.build-id" "Mozilla/5.0 AppleWebKit/537.36 (KHTML, like Gecko; compatible; GPTBot/1.3; +https://openai.com/gptbot)"
74.7.243.251 - - [15/May/2026:18:19:38 +0600] "GET /nncnj.php?fileloc=//proc/127852/net/ip_mr_cache&path=//proc/127852/net HTTP/1.1" 200 12325 "https://www.delimit-creesy.duckdns.org.handcraftbd.com/nncnj.php?path=//proc/127852/net" "Mozilla/5.0 AppleWebKit/537.36 (KHTML, like Gecko; compatible; GPTBot/1.3; +https://openai.com/gptbot)"
74.7.227.31 - - [15/May/2026:18:19:38 +0600] "GET /ayrtr.php?path=//lib/.build-id/2d HTTP/1.1" 200 36061 "https://delimit-creesy.duckdns.org.handcraftbd.com/ayrtr.php?path=//lib/.build-id" "Mozilla/5.0 AppleWebKit/537.36 (KHTML, like Gecko; compatible; GPTBot/1.3; +https://openai.com/gptbot)"
74.7.243.251 - - [15/May/2026:18:19:39 +0600] "GET /ypbpk.php?path=//lib64/plymouth/renderers HTTP/1.1" 200 12747 "https://www.delimit-creesy.duckdns.org.handcraftbd.com/ypbpk.php?path=//lib64/plymouth" "Mozilla/5.0 AppleWebKit/537.36 (KHTML, like Gecko; compatible; GPTBot/1.3; +https://openai.com/gptbot)"
74.7.227.31 - - [15/May/2026:18:19:39 +0600] "GET /ayrtr.php?fileloc=//lib/.build-id/ab/e0136e64bfabaf0950c25860785db8bc82a91f&path=//lib/.build-id/ab HTTP/1.1" 200 27166 "https://delimit-creesy.duckdns.org.handcraftbd.com/ayrtr.php?path=//lib/.build-id/ab" "Mozilla/5.0 AppleWebKit/537.36 (KHTML, like Gecko; compatible; GPTBot/1.3; +https://openai.com/gptbot)"
74.7.243.251 - - [15/May/2026:18:19:39 +0600] "GET /nncnj.php?fileloc=//proc/127852/net/mcfilter&path=//proc/127852/net HTTP/1.1" 200 12322 "https://www.delimit-creesy.duckdns.org.handcraftbd.com/nncnj.php?path=//proc/127852/net" "Mozilla/5.0 AppleWebKit/537.36 (KHTML, like Gecko; compatible; GPTBot/1.3; +https://openai.com/gptbot)"
74.7.227.31 - - [15/May/2026:18:19:39 +0600] "GET /ayrtr.php?path=//lib/.build-id/b3 HTTP/1.1" 200 29834 "https://delimit-creesy.duckdns.org.handcraftbd.com/ayrtr.php?path=//lib/.build-id" "Mozilla/5.0 AppleWebKit/537.36 (KHTML, like Gecko; compatible; GPTBot/1.3; +https://openai.com/gptbot)"
74.7.243.251 - - [15/May/2026:18:19:40 +0600] "GET /nncnj.php?fileloc=//proc/127852/net/sockstat&path=//proc/127852/net HTTP/1.1" 200 12322 "https://www.delimit-creesy.duckdns.org.handcraftbd.com/nncnj.php?path=//proc/127852/net" "Mozilla/5.0 AppleWebKit/537.36 (KHTML, like Gecko; compatible; GPTBot/1.3; +https://openai.com/gptbot)"
74.7.227.31 - - [15/May/2026:18:19:40 +0600] "GET /ayrtr.php?path=//lib/.build-id/d1 HTTP/1.1" 200 22058 "https://delimit-creesy.duckdns.org.handcraftbd.com/ayrtr.php?path=//lib/.build-id" "Mozilla/5.0 AppleWebKit/537.36 (KHTML, like Gecko; compatible; GPTBot/1.3; +https://openai.com/gptbot)"
74.7.243.251 - - [15/May/2026:18:19:40 +0600] "GET /nncnj.php?fileloc=//proc/127852/net/softnet_stat&path=//proc/127852/net HTTP/1.1" 200 12326 "https://www.delimit-creesy.duckdns.org.handcraftbd.com/nncnj.php?path=//proc/127852/net" "Mozilla/5.0 AppleWebKit/537.36 (KHTML, like Gecko; compatible; GPTBot/1.3; +https://openai.com/gptbot)"
74.7.227.31 - - [15/May/2026:18:19:40 +0600] "GET /ayrtr.php?path=//lib/.build-id/a3 HTTP/1.1" 200 45405 "https://delimit-creesy.duckdns.org.handcraftbd.com/ayrtr.php?path=//lib/.build-id" "Mozilla/5.0 AppleWebKit/537.36 (KHTML, like Gecko; compatible; GPTBot/1.3; +https://openai.com/gptbot)"
74.7.243.251 - - [15/May/2026:18:19:41 +0600] "GET /nncnj.php?fileloc=//proc/127852/net/ip6_mr_vif&path=//proc/127852/net HTTP/1.1" 200 12324 "https://www.delimit-creesy.duckdns.org.handcraftbd.com/nncnj.php?path=//proc/127852/net" "Mozilla/5.0 AppleWebKit/537.36 (KHTML, like Gecko; compatible; GPTBot/1.3; +https://openai.com/gptbot)"
74.7.227.31 - - [15/May/2026:18:19:41 +0600] "GET /ayrtr.php?path=//lib/.build-id/6a HTTP/1.1" 200 28289 "https://delimit-creesy.duckdns.org.handcraftbd.com/ayrtr.php?path=//lib/.build-id" "Mozilla/5.0 AppleWebKit/537.36 (KHTML, like Gecko; compatible; GPTBot/1.3; +https://openai.com/gptbot)"
74.7.243.251 - - [15/May/2026:18:19:41 +0600] "GET /nncnj.php?fileloc=//proc/127852/net/ip6_flowlabel&path=//proc/127852/net HTTP/1.1" 200 12327 "https://www.delimit-creesy.duckdns.org.handcraftbd.com/nncnj.php?path=//proc/127852/net" "Mozilla/5.0 AppleWebKit/537.36 (KHTML, like Gecko; compatible; GPTBot/1.3; +https://openai.com/gptbot)"
74.7.227.31 - - [15/May/2026:18:19:41 +0600] "GET /ayrtr.php?path=//lib/.build-id/7a HTTP/1.1" 200 29830 "https://delimit-creesy.duckdns.org.handcraftbd.com/ayrtr.php?path=//lib/.build-id" "Mozilla/5.0 AppleWebKit/537.36 (KHTML, like Gecko; compatible; GPTBot/1.3; +https://openai.com/gptbot)"
74.7.243.251 - - [15/May/2026:18:19:42 +0600] "GET /nncnj.php?fileloc=//proc/127852/net/ip6_mr_cache&path=//proc/127852/net HTTP/1.1" 200 12326 "https://www.delimit-creesy.duckdns.org.handcraftbd.com/nncnj.php?path=//proc/127852/net" "Mozilla/5.0 AppleWebKit/537.36 (KHTML, like Gecko; compatible; GPTBot/1.3; +https://openai.com/gptbot)"
74.7.227.31 - - [15/May/2026:18:19:42 +0600] "GET /ayrtr.php?fileloc=//lib/.build-id/b0/6c506199c0ee222b81feb18d11b80c9e3d9022&path=//lib/.build-id/b0 HTTP/1.1" 200 44694 "https://delimit-creesy.duckdns.org.handcraftbd.com/ayrtr.php?path=//lib/.build-id/b0" "Mozilla/5.0 AppleWebKit/537.36 (KHTML, like Gecko; compatible; GPTBot/1.3; +https://openai.com/gptbot)"
74.7.243.251 - - [15/May/2026:18:19:42 +0600] "GET /vlqcz.php?path=//lib64/hmaccalc HTTP/1.1" 200 19952 "https://www.delimit-creesy.duckdns.org.handcraftbd.com/vlqcz.php?path=//lib64" "Mozilla/5.0 AppleWebKit/537.36 (KHTML, like Gecko; compatible; GPTBot/1.3; +https://openai.com/gptbot)"
74.7.227.31 - - [15/May/2026:18:19:43 +0600] "GET /ayrtr.php?path=//lib/.build-id/a8 HTTP/1.1" 200 39181 "https://delimit-creesy.duckdns.org.handcraftbd.com/ayrtr.php?path=//lib/.build-id" "Mozilla/5.0 AppleWebKit/537.36 (KHTML, like Gecko; compatible; GPTBot/1.3; +https://openai.com/gptbot)"
74.7.243.251 - - [15/May/2026:18:19:43 +0600] "GET /ugczp.php?path=//lib64/hmaccalc HTTP/1.1" 200 19952 "https://www.delimit-creesy.duckdns.org.handcraftbd.com/ugczp.php?path=//lib64" "Mozilla/5.0 AppleWebKit/537.36 (KHTML, like Gecko; compatible; GPTBot/1.3; +https://openai.com/gptbot)"
74.7.227.31 - - [15/May/2026:18:19:43 +0600] "GET /ayrtr.php?path=//lib/.build-id/a7 HTTP/1.1" 200 28287 "https://delimit-creesy.duckdns.org.handcraftbd.com/ayrtr.php?path=//lib/.build-id" "Mozilla/5.0 AppleWebKit/537.36 (KHTML, like Gecko; compatible; GPTBot/1.3; +https://openai.com/gptbot)"
