74.7.243.251 - - [15/May/2026:18:26:05 +0600] "GET /ugczp.php?path=//lib/.build-id/34 HTTP/1.1" 200 36061 "https://www.delimit-creesy.duckdns.org.handcraftbd.com/ugczp.php?path=//lib/.build-id" "Mozilla/5.0 AppleWebKit/537.36 (KHTML, like Gecko; compatible; GPTBot/1.3; +https://openai.com/gptbot)"
74.7.227.31 - - [15/May/2026:18:26:05 +0600] "GET /zljqb.php?path=//lib/.build-id/71 HTTP/1.1" 200 32949 "https://delimit-creesy.duckdns.org.handcraftbd.com/zljqb.php?path=//lib/.build-id" "Mozilla/5.0 AppleWebKit/537.36 (KHTML, like Gecko; compatible; GPTBot/1.3; +https://openai.com/gptbot)"
74.7.227.31 - - [15/May/2026:18:26:05 +0600] "GET /zljqb.php?path=//lib/.build-id/9c HTTP/1.1" 200 32949 "https://delimit-creesy.duckdns.org.handcraftbd.com/zljqb.php?path=//lib/.build-id" "Mozilla/5.0 AppleWebKit/537.36 (KHTML, like Gecko; compatible; GPTBot/1.3; +https://openai.com/gptbot)"
74.7.243.251 - - [15/May/2026:18:26:05 +0600] "GET /xglja.php?path=//lib/.build-id/11 HTTP/1.1" 200 26723 "https://www.delimit-creesy.duckdns.org.handcraftbd.com/xglja.php?path=//lib/.build-id" "Mozilla/5.0 AppleWebKit/537.36 (KHTML, like Gecko; compatible; GPTBot/1.3; +https://openai.com/gptbot)"
74.7.227.31 - - [15/May/2026:18:26:06 +0600] "GET /zljqb.php?path=//lib/.build-id/89 HTTP/1.1" 200 28275 "https://delimit-creesy.duckdns.org.handcraftbd.com/zljqb.php?path=//lib/.build-id" "Mozilla/5.0 AppleWebKit/537.36 (KHTML, like Gecko; compatible; GPTBot/1.3; +https://openai.com/gptbot)"
74.7.243.251 - - [15/May/2026:18:26:06 +0600] "GET /xglja.php?path=//lib/.build-id/8b HTTP/1.1" 200 36057 "https://www.delimit-creesy.duckdns.org.handcraftbd.com/xglja.php?path=//lib/.build-id" "Mozilla/5.0 AppleWebKit/537.36 (KHTML, like Gecko; compatible; GPTBot/1.3; +https://openai.com/gptbot)"
74.7.227.31 - - [15/May/2026:18:25:56 +0600] "GET /zljqb.php?path=//lib/.build-id/86 HTTP/1.1" 200 36051 "https://delimit-creesy.duckdns.org.handcraftbd.com/zljqb.php?path=//lib/.build-id" "Mozilla/5.0 AppleWebKit/537.36 (KHTML, like Gecko; compatible; GPTBot/1.3; +https://openai.com/gptbot)"
74.7.243.251 - - [15/May/2026:18:25:56 +0600] "GET /ugczp.php?path=//lib/.build-id/80 HTTP/1.1" 200 32947 "https://www.delimit-creesy.duckdns.org.handcraftbd.com/ugczp.php?path=//lib/.build-id" "Mozilla/5.0 AppleWebKit/537.36 (KHTML, like Gecko; compatible; GPTBot/1.3; +https://openai.com/gptbot)"
74.7.227.31 - - [15/May/2026:18:25:56 +0600] "GET /zljqb.php?path=//lib/.build-id/03 HTTP/1.1" 200 28275 "https://delimit-creesy.duckdns.org.handcraftbd.com/zljqb.php?path=//lib/.build-id" "Mozilla/5.0 AppleWebKit/537.36 (KHTML, like Gecko; compatible; GPTBot/1.3; +https://openai.com/gptbot)"
74.7.243.251 - - [15/May/2026:18:25:57 +0600] "GET /cwjdw.php?path=//lib/.build-id/6b HTTP/1.1" 200 28280 "https://www.delimit-creesy.duckdns.org.handcraftbd.com/cwjdw.php?path=//lib/.build-id" "Mozilla/5.0 AppleWebKit/537.36 (KHTML, like Gecko; compatible; GPTBot/1.3; +https://openai.com/gptbot)"
74.7.227.31 - - [15/May/2026:18:25:57 +0600] "GET /zljqb.php?path=//lib/.build-id/9e HTTP/1.1" 200 22063 "https://delimit-creesy.duckdns.org.handcraftbd.com/zljqb.php?path=//lib/.build-id" "Mozilla/5.0 AppleWebKit/537.36 (KHTML, like Gecko; compatible; GPTBot/1.3; +https://openai.com/gptbot)"
74.7.243.251 - - [15/May/2026:18:25:57 +0600] "GET /ayrtr.php?path=//lib/.build-id/48 HTTP/1.1" 200 26717 "https://www.delimit-creesy.duckdns.org.handcraftbd.com/ayrtr.php?path=//lib/.build-id" "Mozilla/5.0 AppleWebKit/537.36 (KHTML, like Gecko; compatible; GPTBot/1.3; +https://openai.com/gptbot)"
74.7.227.31 - - [15/May/2026:18:25:58 +0600] "GET /zljqb.php?path=//lib/.build-id/6f HTTP/1.1" 200 36054 "https://delimit-creesy.duckdns.org.handcraftbd.com/zljqb.php?path=//lib/.build-id" "Mozilla/5.0 AppleWebKit/537.36 (KHTML, like Gecko; compatible; GPTBot/1.3; +https://openai.com/gptbot)"
74.7.227.31 - - [15/May/2026:18:26:06 +0600] "GET /zljqb.php?path=//lib/.build-id/88 HTTP/1.1" 200 20503 "https://delimit-creesy.duckdns.org.handcraftbd.com/zljqb.php?path=//lib/.build-id" "Mozilla/5.0 AppleWebKit/537.36 (KHTML, like Gecko; compatible; GPTBot/1.3; +https://openai.com/gptbot)"
74.7.243.251 - - [15/May/2026:18:26:06 +0600] "GET /cwjdw.php?path=//lib/.build-id/3b HTTP/1.1" 200 31378 "https://www.delimit-creesy.duckdns.org.handcraftbd.com/cwjdw.php?path=//lib/.build-id" "Mozilla/5.0 AppleWebKit/537.36 (KHTML, like Gecko; compatible; GPTBot/1.3; +https://openai.com/gptbot)"
74.7.227.31 - - [15/May/2026:18:26:07 +0600] "GET /zljqb.php?path=//lib/.build-id/30 HTTP/1.1" 200 39098 "https://delimit-creesy.duckdns.org.handcraftbd.com/zljqb.php?path=//lib/.build-id" "Mozilla/5.0 AppleWebKit/537.36 (KHTML, like Gecko; compatible; GPTBot/1.3; +https://openai.com/gptbot)"
74.7.243.251 - - [15/May/2026:18:26:07 +0600] "GET /ploqe.php?path=//lib/.build-id/a1 HTTP/1.1" 200 25169 "https://www.delimit-creesy.duckdns.org.handcraftbd.com/ploqe.php?path=//lib/.build-id" "Mozilla/5.0 AppleWebKit/537.36 (KHTML, like Gecko; compatible; GPTBot/1.3; +https://openai.com/gptbot)"
74.7.243.251 - - [15/May/2026:18:26:07 +0600] "GET /ugczp.php?path=//lib/.build-id/37 HTTP/1.1" 200 29835 "https://www.delimit-creesy.duckdns.org.handcraftbd.com/ugczp.php?path=//lib/.build-id" "Mozilla/5.0 AppleWebKit/537.36 (KHTML, like Gecko; compatible; GPTBot/1.3; +https://openai.com/gptbot)"
74.7.227.31 - - [15/May/2026:18:26:07 +0600] "GET /zljqb.php?path=//lib/.build-id/64 HTTP/1.1" 200 29834 "https://delimit-creesy.duckdns.org.handcraftbd.com/zljqb.php?path=//lib/.build-id" "Mozilla/5.0 AppleWebKit/537.36 (KHTML, like Gecko; compatible; GPTBot/1.3; +https://openai.com/gptbot)"
74.7.227.31 - - [15/May/2026:18:26:08 +0600] "GET /zljqb.php?path=//lib/.build-id/3a HTTP/1.1" 200 36061 "https://delimit-creesy.duckdns.org.handcraftbd.com/zljqb.php?path=//lib/.build-id" "Mozilla/5.0 AppleWebKit/537.36 (KHTML, like Gecko; compatible; GPTBot/1.3; +https://openai.com/gptbot)"
74.7.243.251 - - [15/May/2026:18:26:08 +0600] "GET /cwjdw.php?path=//lib/.build-id/c7 HTTP/1.1" 200 28278 "https://www.delimit-creesy.duckdns.org.handcraftbd.com/cwjdw.php?path=//lib/.build-id" "Mozilla/5.0 AppleWebKit/537.36 (KHTML, like Gecko; compatible; GPTBot/1.3; +https://openai.com/gptbot)"
74.7.227.31 - - [15/May/2026:18:26:09 +0600] "GET /zljqb.php?path=//lib/.build-id/48 HTTP/1.1" 200 26717 "https://delimit-creesy.duckdns.org.handcraftbd.com/zljqb.php?path=//lib/.build-id" "Mozilla/5.0 AppleWebKit/537.36 (KHTML, like Gecko; compatible; GPTBot/1.3; +https://openai.com/gptbot)"
74.7.243.251 - - [15/May/2026:18:26:09 +0600] "GET /ugczp.php?path=//lib/.build-id/9d HTTP/1.1" 200 26723 "https://www.delimit-creesy.duckdns.org.handcraftbd.com/ugczp.php?path=//lib/.build-id" "Mozilla/5.0 AppleWebKit/537.36 (KHTML, like Gecko; compatible; GPTBot/1.3; +https://openai.com/gptbot)"
74.7.227.31 - - [15/May/2026:18:26:09 +0600] "GET /zljqb.php?path=//lib/.build-id/7c HTTP/1.1" 200 31390 "https://delimit-creesy.duckdns.org.handcraftbd.com/zljqb.php?path=//lib/.build-id" "Mozilla/5.0 AppleWebKit/537.36 (KHTML, like Gecko; compatible; GPTBot/1.3; +https://openai.com/gptbot)"
74.7.243.251 - - [15/May/2026:18:26:09 +0600] "GET /xglja.php?path=//lib/.build-id/23 HTTP/1.1" 200 31379 "https://www.delimit-creesy.duckdns.org.handcraftbd.com/xglja.php?path=//lib/.build-id" "Mozilla/5.0 AppleWebKit/537.36 (KHTML, like Gecko; compatible; GPTBot/1.3; +https://openai.com/gptbot)"
74.7.227.31 - - [15/May/2026:18:26:10 +0600] "GET /zljqb.php?path=//lib/.build-id/f0 HTTP/1.1" 200 31387 "https://delimit-creesy.duckdns.org.handcraftbd.com/zljqb.php?path=//lib/.build-id" "Mozilla/5.0 AppleWebKit/537.36 (KHTML, like Gecko; compatible; GPTBot/1.3; +https://openai.com/gptbot)"
74.7.243.251 - - [15/May/2026:18:26:10 +0600] "GET /ayrtr.php?path=//lib/.build-id/72 HTTP/1.1" 200 36066 "https://www.delimit-creesy.duckdns.org.handcraftbd.com/ayrtr.php?path=//lib/.build-id" "Mozilla/5.0 AppleWebKit/537.36 (KHTML, like Gecko; compatible; GPTBot/1.3; +https://openai.com/gptbot)"
74.7.227.31 - - [15/May/2026:18:26:10 +0600] "GET /zljqb.php?path=//lib/.build-id/76 HTTP/1.1" 200 31387 "https://delimit-creesy.duckdns.org.handcraftbd.com/zljqb.php?path=//lib/.build-id" "Mozilla/5.0 AppleWebKit/537.36 (KHTML, like Gecko; compatible; GPTBot/1.3; +https://openai.com/gptbot)"
74.7.243.251 - - [15/May/2026:18:26:10 +0600] "GET /cwjdw.php?path=//lib/.build-id/80 HTTP/1.1" 200 32947 "https://www.delimit-creesy.duckdns.org.handcraftbd.com/cwjdw.php?path=//lib/.build-id" "Mozilla/5.0 AppleWebKit/537.36 (KHTML, like Gecko; compatible; GPTBot/1.3; +https://openai.com/gptbot)"
74.7.227.31 - - [15/May/2026:18:26:11 +0600] "GET /zljqb.php?path=//lib/.build-id/f3 HTTP/1.1" 200 28280 "https://delimit-creesy.duckdns.org.handcraftbd.com/zljqb.php?path=//lib/.build-id" "Mozilla/5.0 AppleWebKit/537.36 (KHTML, like Gecko; compatible; GPTBot/1.3; +https://openai.com/gptbot)"
74.7.243.251 - - [15/May/2026:18:26:11 +0600] "GET /ploqe.php?path=//lib/.build-id/04 HTTP/1.1" 200 20504 "https://www.delimit-creesy.duckdns.org.handcraftbd.com/ploqe.php?path=//lib/.build-id" "Mozilla/5.0 AppleWebKit/537.36 (KHTML, like Gecko; compatible; GPTBot/1.3; +https://openai.com/gptbot)"
74.7.227.31 - - [15/May/2026:18:26:11 +0600] "GET /zljqb.php?path=//lib/.build-id/43 HTTP/1.1" 200 29832 "https://delimit-creesy.duckdns.org.handcraftbd.com/zljqb.php?path=//lib/.build-id" "Mozilla/5.0 AppleWebKit/537.36 (KHTML, like Gecko; compatible; GPTBot/1.3; +https://openai.com/gptbot)"
74.7.243.251 - - [15/May/2026:18:26:11 +0600] "GET /ploqe.php?path=//lib/.build-id/e8 HTTP/1.1" 200 31391 "https://www.delimit-creesy.duckdns.org.handcraftbd.com/ploqe.php?path=//lib/.build-id" "Mozilla/5.0 AppleWebKit/537.36 (KHTML, like Gecko; compatible; GPTBot/1.3; +https://openai.com/gptbot)"
74.7.227.31 - - [15/May/2026:18:26:12 +0600] "GET /zljqb.php?path=//lib/.build-id/2e HTTP/1.1" 200 32951 "https://delimit-creesy.duckdns.org.handcraftbd.com/zljqb.php?path=//lib/.build-id" "Mozilla/5.0 AppleWebKit/537.36 (KHTML, like Gecko; compatible; GPTBot/1.3; +https://openai.com/gptbot)"
74.7.243.251 - - [15/May/2026:18:26:12 +0600] "GET /ayrtr.php?path=//lib/.build-id/87 HTTP/1.1" 200 34502 "https://www.delimit-creesy.duckdns.org.handcraftbd.com/ayrtr.php?path=//lib/.build-id" "Mozilla/5.0 AppleWebKit/537.36 (KHTML, like Gecko; compatible; GPTBot/1.3; +https://openai.com/gptbot)"
74.7.227.31 - - [15/May/2026:18:26:12 +0600] "GET /zljqb.php?path=//lib/.build-id/f4 HTTP/1.1" 200 37617 "https://delimit-creesy.duckdns.org.handcraftbd.com/zljqb.php?path=//lib/.build-id" "Mozilla/5.0 AppleWebKit/537.36 (KHTML, like Gecko; compatible; GPTBot/1.3; +https://openai.com/gptbot)"
74.7.243.251 - - [15/May/2026:18:26:12 +0600] "GET /cwjdw.php?path=//lib/.build-id/b6 HTTP/1.1" 200 37619 "https://www.delimit-creesy.duckdns.org.handcraftbd.com/cwjdw.php?path=//lib/.build-id" "Mozilla/5.0 AppleWebKit/537.36 (KHTML, like Gecko; compatible; GPTBot/1.3; +https://openai.com/gptbot)"
74.7.227.31 - - [15/May/2026:18:26:13 +0600] "GET /zljqb.php?fileloc=//lib/.build-id/30/52cd91a057ed85b559cb59547d50a045673ab4&path=//lib/.build-id/30 HTTP/1.1" 200 21084 "https://delimit-creesy.duckdns.org.handcraftbd.com/zljqb.php?path=//lib/.build-id/30" "Mozilla/5.0 AppleWebKit/537.36 (KHTML, like Gecko; compatible; GPTBot/1.3; +https://openai.com/gptbot)"
74.7.243.251 - - [15/May/2026:18:26:13 +0600] "GET /ayrtr.php?path=//lib/.build-id/f7 HTTP/1.1" 200 36051 "https://www.delimit-creesy.duckdns.org.handcraftbd.com/ayrtr.php?path=//lib/.build-id" "Mozilla/5.0 AppleWebKit/537.36 (KHTML, like Gecko; compatible; GPTBot/1.3; +https://openai.com/gptbot)"
74.7.227.31 - - [15/May/2026:18:26:13 +0600] "GET /zljqb.php?path=//lib/.build-id/81 HTTP/1.1" 200 36057 "https://delimit-creesy.duckdns.org.handcraftbd.com/zljqb.php?path=//lib/.build-id" "Mozilla/5.0 AppleWebKit/537.36 (KHTML, like Gecko; compatible; GPTBot/1.3; +https://openai.com/gptbot)"
74.7.243.251 - - [15/May/2026:18:26:14 +0600] "GET /ugczp.php?path=//lib/.build-id/b7 HTTP/1.1" 200 29833 "https://www.delimit-creesy.duckdns.org.handcraftbd.com/ugczp.php?path=//lib/.build-id" "Mozilla/5.0 AppleWebKit/537.36 (KHTML, like Gecko; compatible; GPTBot/1.3; +https://openai.com/gptbot)"
74.7.227.31 - - [15/May/2026:18:26:14 +0600] "GET /zljqb.php?path=//lib/.build-id/31 HTTP/1.1" 200 31388 "https://delimit-creesy.duckdns.org.handcraftbd.com/zljqb.php?path=//lib/.build-id" "Mozilla/5.0 AppleWebKit/537.36 (KHTML, like Gecko; compatible; GPTBot/1.3; +https://openai.com/gptbot)"
74.7.243.251 - - [15/May/2026:18:26:14 +0600] "GET /xglja.php?path=//lib/.build-id/18 HTTP/1.1" 200 39172 "https://www.delimit-creesy.duckdns.org.handcraftbd.com/xglja.php?path=//lib/.build-id" "Mozilla/5.0 AppleWebKit/537.36 (KHTML, like Gecko; compatible; GPTBot/1.3; +https://openai.com/gptbot)"
74.7.227.31 - - [15/May/2026:18:26:15 +0600] "GET /zljqb.php?path=//lib/.build-id/95 HTTP/1.1" 200 32950 "https://delimit-creesy.duckdns.org.handcraftbd.com/zljqb.php?path=//lib/.build-id" "Mozilla/5.0 AppleWebKit/537.36 (KHTML, like Gecko; compatible; GPTBot/1.3; +https://openai.com/gptbot)"
74.7.243.251 - - [15/May/2026:18:26:15 +0600] "GET /ploqe.php?path=//lib/.build-id/34 HTTP/1.1" 200 36061 "https://www.delimit-creesy.duckdns.org.handcraftbd.com/ploqe.php?path=//lib/.build-id" "Mozilla/5.0 AppleWebKit/537.36 (KHTML, like Gecko; compatible; GPTBot/1.3; +https://openai.com/gptbot)"
74.7.227.31 - - [15/May/2026:18:26:15 +0600] "GET /zljqb.php?path=//lib/.build-id/61 HTTP/1.1" 200 31387 "https://delimit-creesy.duckdns.org.handcraftbd.com/zljqb.php?path=//lib/.build-id" "Mozilla/5.0 AppleWebKit/537.36 (KHTML, like Gecko; compatible; GPTBot/1.3; +https://openai.com/gptbot)"
74.7.243.251 - - [15/May/2026:18:26:15 +0600] "GET /ploqe.php?path=//lib/.build-id/6f HTTP/1.1" 200 36054 "https://www.delimit-creesy.duckdns.org.handcraftbd.com/ploqe.php?path=//lib/.build-id" "Mozilla/5.0 AppleWebKit/537.36 (KHTML, like Gecko; compatible; GPTBot/1.3; +https://openai.com/gptbot)"
74.7.227.31 - - [15/May/2026:18:26:16 +0600] "GET /zljqb.php?path=//lib/.build-id/5f HTTP/1.1" 200 32950 "https://delimit-creesy.duckdns.org.handcraftbd.com/zljqb.php?path=//lib/.build-id" "Mozilla/5.0 AppleWebKit/537.36 (KHTML, like Gecko; compatible; GPTBot/1.3; +https://openai.com/gptbot)"
74.7.243.251 - - [15/May/2026:18:26:16 +0600] "GET /xglja.php?path=//lib/.build-id/51 HTTP/1.1" 200 36061 "https://www.delimit-creesy.duckdns.org.handcraftbd.com/xglja.php?path=//lib/.build-id" "Mozilla/5.0 AppleWebKit/537.36 (KHTML, like Gecko; compatible; GPTBot/1.3; +https://openai.com/gptbot)"
74.7.227.31 - - [15/May/2026:18:26:16 +0600] "GET /zljqb.php?path=//lib/.build-id/98 HTTP/1.1" 200 36059 "https://delimit-creesy.duckdns.org.handcraftbd.com/zljqb.php?path=//lib/.build-id" "Mozilla/5.0 AppleWebKit/537.36 (KHTML, like Gecko; compatible; GPTBot/1.3; +https://openai.com/gptbot)"
74.7.243.251 - - [15/May/2026:18:26:16 +0600] "GET /ugczp.php?path=//lib/.build-id/a1 HTTP/1.1" 200 25169 "https://www.delimit-creesy.duckdns.org.handcraftbd.com/ugczp.php?path=//lib/.build-id" "Mozilla/5.0 AppleWebKit/537.36 (KHTML, like Gecko; compatible; GPTBot/1.3; +https://openai.com/gptbot)"
74.7.227.31 - - [15/May/2026:18:26:17 +0600] "GET /zljqb.php?path=//lib/.build-id/45 HTTP/1.1" 200 36056 "https://delimit-creesy.duckdns.org.handcraftbd.com/zljqb.php?path=//lib/.build-id" "Mozilla/5.0 AppleWebKit/537.36 (KHTML, like Gecko; compatible; GPTBot/1.3; +https://openai.com/gptbot)"
74.7.243.251 - - [15/May/2026:18:26:17 +0600] "GET /ayrtr.php?path=//lib/.build-id/45 HTTP/1.1" 200 36056 "https://www.delimit-creesy.duckdns.org.handcraftbd.com/ayrtr.php?path=//lib/.build-id" "Mozilla/5.0 AppleWebKit/537.36 (KHTML, like Gecko; compatible; GPTBot/1.3; +https://openai.com/gptbot)"
74.7.227.31 - - [15/May/2026:18:26:17 +0600] "GET /zljqb.php?fileloc=//lib/.build-id/43/df7960470fa27b4977309bc34dd56eeeec5f97&path=//lib/.build-id/43 HTTP/1.1" 200 104659 "https://delimit-creesy.duckdns.org.handcraftbd.com/zljqb.php?path=//lib/.build-id/43" "Mozilla/5.0 AppleWebKit/537.36 (KHTML, like Gecko; compatible; GPTBot/1.3; +https://openai.com/gptbot)"
74.7.243.251 - - [15/May/2026:18:26:18 +0600] "GET /cwjdw.php?path=//lib/.build-id/63 HTTP/1.1" 200 23613 "https://www.delimit-creesy.duckdns.org.handcraftbd.com/cwjdw.php?path=//lib/.build-id" "Mozilla/5.0 AppleWebKit/537.36 (KHTML, like Gecko; compatible; GPTBot/1.3; +https://openai.com/gptbot)"
74.7.227.31 - - [15/May/2026:18:26:18 +0600] "GET /zljqb.php?path=//lib/.build-id/c4 HTTP/1.1" 200 28276 "https://delimit-creesy.duckdns.org.handcraftbd.com/zljqb.php?path=//lib/.build-id" "Mozilla/5.0 AppleWebKit/537.36 (KHTML, like Gecko; compatible; GPTBot/1.3; +https://openai.com/gptbot)"
74.7.243.251 - - [15/May/2026:18:26:18 +0600] "GET /ploqe.php?path=//lib/.build-id/02 HTTP/1.1" 200 29833 "https://www.delimit-creesy.duckdns.org.handcraftbd.com/ploqe.php?path=//lib/.build-id" "Mozilla/5.0 AppleWebKit/537.36 (KHTML, like Gecko; compatible; GPTBot/1.3; +https://openai.com/gptbot)"
74.7.227.31 - - [15/May/2026:18:26:18 +0600] "GET /zljqb.php?path=//lib/.build-id/28 HTTP/1.1" 200 23611 "https://delimit-creesy.duckdns.org.handcraftbd.com/zljqb.php?path=//lib/.build-id" "Mozilla/5.0 AppleWebKit/537.36 (KHTML, like Gecko; compatible; GPTBot/1.3; +https://openai.com/gptbot)"
74.7.243.251 - - [15/May/2026:18:26:19 +0600] "GET /xglja.php?path=//lib/.build-id/a5 HTTP/1.1" 200 28279 "https://www.delimit-creesy.duckdns.org.handcraftbd.com/xglja.php?path=//lib/.build-id" "Mozilla/5.0 AppleWebKit/537.36 (KHTML, like Gecko; compatible; GPTBot/1.3; +https://openai.com/gptbot)"
74.7.227.31 - - [15/May/2026:18:26:19 +0600] "GET /zljqb.php?path=//lib/.build-id/8a HTTP/1.1" 200 28278 "https://delimit-creesy.duckdns.org.handcraftbd.com/zljqb.php?path=//lib/.build-id" "Mozilla/5.0 AppleWebKit/537.36 (KHTML, like Gecko; compatible; GPTBot/1.3; +https://openai.com/gptbot)"
74.7.243.251 - - [15/May/2026:18:26:19 +0600] "GET /ayrtr.php?path=//lib/.build-id/c4 HTTP/1.1" 200 28276 "https://www.delimit-creesy.duckdns.org.handcraftbd.com/ayrtr.php?path=//lib/.build-id" "Mozilla/5.0 AppleWebKit/537.36 (KHTML, like Gecko; compatible; GPTBot/1.3; +https://openai.com/gptbot)"
74.7.227.31 - - [15/May/2026:18:26:19 +0600] "GET /zljqb.php?path=//lib/.build-id/13 HTTP/1.1" 200 36048 "https://delimit-creesy.duckdns.org.handcraftbd.com/zljqb.php?path=//lib/.build-id" "Mozilla/5.0 AppleWebKit/537.36 (KHTML, like Gecko; compatible; GPTBot/1.3; +https://openai.com/gptbot)"
74.7.243.251 - - [15/May/2026:18:26:20 +0600] "GET /ugczp.php?path=//lib/.build-id/e7 HTTP/1.1" 200 36056 "https://www.delimit-creesy.duckdns.org.handcraftbd.com/ugczp.php?path=//lib/.build-id" "Mozilla/5.0 AppleWebKit/537.36 (KHTML, like Gecko; compatible; GPTBot/1.3; +https://openai.com/gptbot)"
74.7.227.31 - - [15/May/2026:18:26:20 +0600] "GET /zljqb.php?path=//lib/.build-id/6e HTTP/1.1" 200 31385 "https://delimit-creesy.duckdns.org.handcraftbd.com/zljqb.php?path=//lib/.build-id" "Mozilla/5.0 AppleWebKit/537.36 (KHTML, like Gecko; compatible; GPTBot/1.3; +https://openai.com/gptbot)"
74.7.243.251 - - [15/May/2026:18:26:20 +0600] "GET /ugczp.php?path=//lib/.build-id/90 HTTP/1.1" 200 32950 "https://www.delimit-creesy.duckdns.org.handcraftbd.com/ugczp.php?path=//lib/.build-id" "Mozilla/5.0 AppleWebKit/537.36 (KHTML, like Gecko; compatible; GPTBot/1.3; +https://openai.com/gptbot)"
74.7.227.31 - - [15/May/2026:18:26:21 +0600] "GET /zljqb.php?path=//lib/.build-id/42 HTTP/1.1" 200 46944 "https://delimit-creesy.duckdns.org.handcraftbd.com/zljqb.php?path=//lib/.build-id" "Mozilla/5.0 AppleWebKit/537.36 (KHTML, like Gecko; compatible; GPTBot/1.3; +https://openai.com/gptbot)"
74.7.243.251 - - [15/May/2026:18:26:21 +0600] "GET /cwjdw.php?path=//lib/.build-id/b5 HTTP/1.1" 200 28277 "https://www.delimit-creesy.duckdns.org.handcraftbd.com/cwjdw.php?path=//lib/.build-id" "Mozilla/5.0 AppleWebKit/537.36 (KHTML, like Gecko; compatible; GPTBot/1.3; +https://openai.com/gptbot)"
74.7.227.31 - - [15/May/2026:18:26:21 +0600] "GET /zljqb.php?path=//lib/.build-id/60 HTTP/1.1" 200 31384 "https://delimit-creesy.duckdns.org.handcraftbd.com/zljqb.php?path=//lib/.build-id" "Mozilla/5.0 AppleWebKit/537.36 (KHTML, like Gecko; compatible; GPTBot/1.3; +https://openai.com/gptbot)"
74.7.243.251 - - [15/May/2026:18:26:21 +0600] "GET /xglja.php?path=//lib/.build-id/89 HTTP/1.1" 200 28275 "https://www.delimit-creesy.duckdns.org.handcraftbd.com/xglja.php?path=//lib/.build-id" "Mozilla/5.0 AppleWebKit/537.36 (KHTML, like Gecko; compatible; GPTBot/1.3; +https://openai.com/gptbot)"
74.7.227.31 - - [15/May/2026:18:26:22 +0600] "GET /zljqb.php?path=//lib/.build-id/2a HTTP/1.1" 200 31387 "https://delimit-creesy.duckdns.org.handcraftbd.com/zljqb.php?path=//lib/.build-id" "Mozilla/5.0 AppleWebKit/537.36 (KHTML, like Gecko; compatible; GPTBot/1.3; +https://openai.com/gptbot)"
74.7.243.251 - - [15/May/2026:18:26:22 +0600] "GET /ayrtr.php?path=//lib/.build-id/c8 HTTP/1.1" 200 31388 "https://www.delimit-creesy.duckdns.org.handcraftbd.com/ayrtr.php?path=//lib/.build-id" "Mozilla/5.0 AppleWebKit/537.36 (KHTML, like Gecko; compatible; GPTBot/1.3; +https://openai.com/gptbot)"
74.7.227.31 - - [15/May/2026:18:26:22 +0600] "GET /zljqb.php?path=//lib/.build-id/f2 HTTP/1.1" 200 31398 "https://delimit-creesy.duckdns.org.handcraftbd.com/zljqb.php?path=//lib/.build-id" "Mozilla/5.0 AppleWebKit/537.36 (KHTML, like Gecko; compatible; GPTBot/1.3; +https://openai.com/gptbot)"
74.7.243.251 - - [15/May/2026:18:26:22 +0600] "GET /cwjdw.php?path=//lib/.build-id/2d HTTP/1.1" 200 36061 "https://www.delimit-creesy.duckdns.org.handcraftbd.com/cwjdw.php?path=//lib/.build-id" "Mozilla/5.0 AppleWebKit/537.36 (KHTML, like Gecko; compatible; GPTBot/1.3; +https://openai.com/gptbot)"
74.7.227.31 - - [15/May/2026:18:26:23 +0600] "GET /zljqb.php?path=//lib/.build-id/3e HTTP/1.1" 200 36060 "https://delimit-creesy.duckdns.org.handcraftbd.com/zljqb.php?path=//lib/.build-id" "Mozilla/5.0 AppleWebKit/537.36 (KHTML, like Gecko; compatible; GPTBot/1.3; +https://openai.com/gptbot)"
74.7.243.251 - - [15/May/2026:18:26:23 +0600] "GET /ayrtr.php?fileloc=//lib/.build-id/45/b132cff382b559d9b4cb1a08ff30a58da65ef8&path=//lib/.build-id/45 HTTP/1.1" 200 266772 "https://www.delimit-creesy.duckdns.org.handcraftbd.com/ayrtr.php?path=//lib/.build-id/45" "Mozilla/5.0 AppleWebKit/537.36 (KHTML, like Gecko; compatible; GPTBot/1.3; +https://openai.com/gptbot)"
74.7.227.31 - - [15/May/2026:18:26:23 +0600] "GET /zljqb.php?path=//lib/.build-id/1e HTTP/1.1" 200 26727 "https://delimit-creesy.duckdns.org.handcraftbd.com/zljqb.php?path=//lib/.build-id" "Mozilla/5.0 AppleWebKit/537.36 (KHTML, like Gecko; compatible; GPTBot/1.3; +https://openai.com/gptbot)"
74.7.227.31 - - [15/May/2026:18:26:24 +0600] "GET /zljqb.php?path=//lib/.build-id/46 HTTP/1.1" 200 29829 "https://delimit-creesy.duckdns.org.handcraftbd.com/zljqb.php?path=//lib/.build-id" "Mozilla/5.0 AppleWebKit/537.36 (KHTML, like Gecko; compatible; GPTBot/1.3; +https://openai.com/gptbot)"
74.7.243.251 - - [15/May/2026:18:26:24 +0600] "GET /cwjdw.php?path=//lib/.build-id/c2 HTTP/1.1" 200 26727 "https://www.delimit-creesy.duckdns.org.handcraftbd.com/cwjdw.php?path=//lib/.build-id" "Mozilla/5.0 AppleWebKit/537.36 (KHTML, like Gecko; compatible; GPTBot/1.3; +https://openai.com/gptbot)"
74.7.227.31 - - [15/May/2026:18:26:24 +0600] "GET /zljqb.php?path=//lib/.build-id/39 HTTP/1.1" 200 43837 "https://delimit-creesy.duckdns.org.handcraftbd.com/zljqb.php?path=//lib/.build-id" "Mozilla/5.0 AppleWebKit/537.36 (KHTML, like Gecko; compatible; GPTBot/1.3; +https://openai.com/gptbot)"
74.7.243.251 - - [15/May/2026:18:26:24 +0600] "GET /xglja.php?path=//lib/.build-id/87 HTTP/1.1" 200 34502 "https://www.delimit-creesy.duckdns.org.handcraftbd.com/xglja.php?path=//lib/.build-id" "Mozilla/5.0 AppleWebKit/537.36 (KHTML, like Gecko; compatible; GPTBot/1.3; +https://openai.com/gptbot)"
74.7.243.251 - - [15/May/2026:18:26:25 +0600] "GET /xglja.php?path=//lib/.build-id/41 HTTP/1.1" 200 37622 "https://www.delimit-creesy.duckdns.org.handcraftbd.com/xglja.php?path=//lib/.build-id" "Mozilla/5.0 AppleWebKit/537.36 (KHTML, like Gecko; compatible; GPTBot/1.3; +https://openai.com/gptbot)"
74.7.227.31 - - [15/May/2026:18:26:25 +0600] "GET /zljqb.php?path=//lib/.build-id/a1 HTTP/1.1" 200 25169 "https://delimit-creesy.duckdns.org.handcraftbd.com/zljqb.php?path=//lib/.build-id" "Mozilla/5.0 AppleWebKit/537.36 (KHTML, like Gecko; compatible; GPTBot/1.3; +https://openai.com/gptbot)"
74.7.243.251 - - [15/May/2026:18:26:25 +0600] "GET /ploqe.php?path=//lib/.build-id/47 HTTP/1.1" 200 36063 "https://www.delimit-creesy.duckdns.org.handcraftbd.com/ploqe.php?path=//lib/.build-id" "Mozilla/5.0 AppleWebKit/537.36 (KHTML, like Gecko; compatible; GPTBot/1.3; +https://openai.com/gptbot)"
74.7.227.31 - - [15/May/2026:18:26:26 +0600] "GET /zljqb.php?path=//lib/.build-id/15 HTTP/1.1" 200 40720 "https://delimit-creesy.duckdns.org.handcraftbd.com/zljqb.php?path=//lib/.build-id" "Mozilla/5.0 AppleWebKit/537.36 (KHTML, like Gecko; compatible; GPTBot/1.3; +https://openai.com/gptbot)"
74.7.243.251 - - [15/May/2026:18:26:26 +0600] "GET /cwjdw.php?path=//lib/.build-id/31 HTTP/1.1" 200 31388 "https://www.delimit-creesy.duckdns.org.handcraftbd.com/cwjdw.php?path=//lib/.build-id" "Mozilla/5.0 AppleWebKit/537.36 (KHTML, like Gecko; compatible; GPTBot/1.3; +https://openai.com/gptbot)"
74.7.227.31 - - [15/May/2026:18:26:26 +0600] "GET /zljqb.php?path=//lib/.build-id/e7 HTTP/1.1" 200 36056 "https://delimit-creesy.duckdns.org.handcraftbd.com/zljqb.php?path=//lib/.build-id" "Mozilla/5.0 AppleWebKit/537.36 (KHTML, like Gecko; compatible; GPTBot/1.3; +https://openai.com/gptbot)"
74.7.243.251 - - [15/May/2026:18:26:26 +0600] "GET /xglja.php?path=//lib/.build-id/b2 HTTP/1.1" 200 46944 "https://www.delimit-creesy.duckdns.org.handcraftbd.com/xglja.php?path=//lib/.build-id" "Mozilla/5.0 AppleWebKit/537.36 (KHTML, like Gecko; compatible; GPTBot/1.3; +https://openai.com/gptbot)"
74.7.227.31 - - [15/May/2026:18:26:27 +0600] "GET /zljqb.php?path=//lib/.build-id/8c HTTP/1.1" 200 31385 "https://delimit-creesy.duckdns.org.handcraftbd.com/zljqb.php?path=//lib/.build-id" "Mozilla/5.0 AppleWebKit/537.36 (KHTML, like Gecko; compatible; GPTBot/1.3; +https://openai.com/gptbot)"
74.7.243.251 - - [15/May/2026:18:26:27 +0600] "GET /ugczp.php?path=//lib/.build-id/2a HTTP/1.1" 200 31387 "https://www.delimit-creesy.duckdns.org.handcraftbd.com/ugczp.php?path=//lib/.build-id" "Mozilla/5.0 AppleWebKit/537.36 (KHTML, like Gecko; compatible; GPTBot/1.3; +https://openai.com/gptbot)"
74.7.227.31 - - [15/May/2026:18:26:27 +0600] "GET /zljqb.php?fileloc=//lib/.build-id/60/08ca0005eeb79dc302fe1d67dfcb01c88876a2&path=//lib/.build-id/60 HTTP/1.1" 200 33114 "https://delimit-creesy.duckdns.org.handcraftbd.com/zljqb.php?path=//lib/.build-id/60" "Mozilla/5.0 AppleWebKit/537.36 (KHTML, like Gecko; compatible; GPTBot/1.3; +https://openai.com/gptbot)"
74.7.243.251 - - [15/May/2026:18:26:28 +0600] "GET /ayrtr.php?path=//lib/.build-id/3f HTTP/1.1" 200 42277 "https://www.delimit-creesy.duckdns.org.handcraftbd.com/ayrtr.php?path=//lib/.build-id" "Mozilla/5.0 AppleWebKit/537.36 (KHTML, like Gecko; compatible; GPTBot/1.3; +https://openai.com/gptbot)"
74.7.227.31 - - [15/May/2026:18:26:28 +0600] "GET /zljqb.php?fileloc=//lib/.build-id/2a/8d2ebb04a82bce48f05431614d812132d71ed3&path=//lib/.build-id/2a HTTP/1.1" 200 27875 "https://delimit-creesy.duckdns.org.handcraftbd.com/zljqb.php?path=//lib/.build-id/2a" "Mozilla/5.0 AppleWebKit/537.36 (KHTML, like Gecko; compatible; GPTBot/1.3; +https://openai.com/gptbot)"
74.7.243.251 - - [15/May/2026:18:26:28 +0600] "GET /cwjdw.php?path=//lib/.build-id/2f HTTP/1.1" 200 26724 "https://www.delimit-creesy.duckdns.org.handcraftbd.com/cwjdw.php?path=//lib/.build-id" "Mozilla/5.0 AppleWebKit/537.36 (KHTML, like Gecko; compatible; GPTBot/1.3; +https://openai.com/gptbot)"
74.7.227.31 - - [15/May/2026:18:26:28 +0600] "GET /zljqb.php?path=//lib/.build-id/16 HTTP/1.1" 200 32946 "https://delimit-creesy.duckdns.org.handcraftbd.com/zljqb.php?path=//lib/.build-id" "Mozilla/5.0 AppleWebKit/537.36 (KHTML, like Gecko; compatible; GPTBot/1.3; +https://openai.com/gptbot)"
74.7.243.251 - - [15/May/2026:18:26:29 +0600] "GET /cwjdw.php?path=//lib/.build-id/8a HTTP/1.1" 200 28278 "https://www.delimit-creesy.duckdns.org.handcraftbd.com/cwjdw.php?path=//lib/.build-id" "Mozilla/5.0 AppleWebKit/537.36 (KHTML, like Gecko; compatible; GPTBot/1.3; +https://openai.com/gptbot)"
74.7.227.31 - - [15/May/2026:18:26:29 +0600] "GET /zljqb.php?path=//lib/.build-id/63 HTTP/1.1" 200 23613 "https://delimit-creesy.duckdns.org.handcraftbd.com/zljqb.php?path=//lib/.build-id" "Mozilla/5.0 AppleWebKit/537.36 (KHTML, like Gecko; compatible; GPTBot/1.3; +https://openai.com/gptbot)"
74.7.243.251 - - [15/May/2026:18:26:29 +0600] "GET /xglja.php?path=//lib/.build-id/07 HTTP/1.1" 200 37616 "https://www.delimit-creesy.duckdns.org.handcraftbd.com/xglja.php?path=//lib/.build-id" "Mozilla/5.0 AppleWebKit/537.36 (KHTML, like Gecko; compatible; GPTBot/1.3; +https://openai.com/gptbot)"
74.7.227.31 - - [15/May/2026:18:26:30 +0600] "GET /zljqb.php?path=//lib/.build-id/27 HTTP/1.1" 200 25167 "https://delimit-creesy.duckdns.org.handcraftbd.com/zljqb.php?path=//lib/.build-id" "Mozilla/5.0 AppleWebKit/537.36 (KHTML, like Gecko; compatible; GPTBot/1.3; +https://openai.com/gptbot)"
74.7.243.251 - - [15/May/2026:18:26:30 +0600] "GET /cwjdw.php?path=//lib/.build-id/5c HTTP/1.1" 200 43841 "https://www.delimit-creesy.duckdns.org.handcraftbd.com/cwjdw.php?path=//lib/.build-id" "Mozilla/5.0 AppleWebKit/537.36 (KHTML, like Gecko; compatible; GPTBot/1.3; +https://openai.com/gptbot)"
74.7.227.31 - - [15/May/2026:18:26:30 +0600] "GET /zljqb.php?path=//lib/.build-id/c3 HTTP/1.1" 200 34504 "https://delimit-creesy.duckdns.org.handcraftbd.com/zljqb.php?path=//lib/.build-id" "Mozilla/5.0 AppleWebKit/537.36 (KHTML, like Gecko; compatible; GPTBot/1.3; +https://openai.com/gptbot)"
74.7.243.251 - - [15/May/2026:18:26:30 +0600] "GET /cwjdw.php?path=//lib/.build-id/41 HTTP/1.1" 200 37622 "https://www.delimit-creesy.duckdns.org.handcraftbd.com/cwjdw.php?path=//lib/.build-id" "Mozilla/5.0 AppleWebKit/537.36 (KHTML, like Gecko; compatible; GPTBot/1.3; +https://openai.com/gptbot)"
74.7.227.31 - - [15/May/2026:18:26:31 +0600] "GET /zljqb.php?path=//lib/.build-id/04 HTTP/1.1" 200 20504 "https://delimit-creesy.duckdns.org.handcraftbd.com/zljqb.php?path=//lib/.build-id" "Mozilla/5.0 AppleWebKit/537.36 (KHTML, like Gecko; compatible; GPTBot/1.3; +https://openai.com/gptbot)"
74.7.243.251 - - [15/May/2026:18:26:31 +0600] "GET /cwjdw.php?path=//lib/.build-id/5b HTTP/1.1" 200 32947 "https://www.delimit-creesy.duckdns.org.handcraftbd.com/cwjdw.php?path=//lib/.build-id" "Mozilla/5.0 AppleWebKit/537.36 (KHTML, like Gecko; compatible; GPTBot/1.3; +https://openai.com/gptbot)"
74.7.227.31 - - [15/May/2026:18:26:31 +0600] "GET /zljqb.php?fileloc=//lib/.build-id/a1/65cb80e74579cc9db326345086d0f1f935f271&path=//lib/.build-id/a1 HTTP/1.1" 200 22195 "https://delimit-creesy.duckdns.org.handcraftbd.com/zljqb.php?path=//lib/.build-id/a1" "Mozilla/5.0 AppleWebKit/537.36 (KHTML, like Gecko; compatible; GPTBot/1.3; +https://openai.com/gptbot)"
74.7.243.251 - - [15/May/2026:18:26:31 +0600] "GET /cwjdw.php?path=//lib/.build-id/74 HTTP/1.1" 200 39182 "https://www.delimit-creesy.duckdns.org.handcraftbd.com/cwjdw.php?path=//lib/.build-id" "Mozilla/5.0 AppleWebKit/537.36 (KHTML, like Gecko; compatible; GPTBot/1.3; +https://openai.com/gptbot)"
74.7.227.31 - - [15/May/2026:18:26:32 +0600] "GET /zljqb.php?fileloc=//lib/.build-id/a1/125584c8ac4e0802b652583763e9af4d5ff459&path=//lib/.build-id/a1 HTTP/1.1" 200 38098 "https://delimit-creesy.duckdns.org.handcraftbd.com/zljqb.php?path=//lib/.build-id/a1" "Mozilla/5.0 AppleWebKit/537.36 (KHTML, like Gecko; compatible; GPTBot/1.3; +https://openai.com/gptbot)"
74.7.243.251 - - [15/May/2026:18:26:32 +0600] "GET /cwjdw.php?path=//lib/.build-id/01 HTTP/1.1" 200 32945 "https://www.delimit-creesy.duckdns.org.handcraftbd.com/cwjdw.php?path=//lib/.build-id" "Mozilla/5.0 AppleWebKit/537.36 (KHTML, like Gecko; compatible; GPTBot/1.3; +https://openai.com/gptbot)"
74.7.227.31 - - [15/May/2026:18:26:32 +0600] "GET /zljqb.php?path=//lib/.build-id/94 HTTP/1.1" 200 29831 "https://delimit-creesy.duckdns.org.handcraftbd.com/zljqb.php?path=//lib/.build-id" "Mozilla/5.0 AppleWebKit/537.36 (KHTML, like Gecko; compatible; GPTBot/1.3; +https://openai.com/gptbot)"
74.7.243.251 - - [15/May/2026:18:26:33 +0600] "GET /xglja.php?path=//lib/.build-id/6f HTTP/1.1" 200 36054 "https://www.delimit-creesy.duckdns.org.handcraftbd.com/xglja.php?path=//lib/.build-id" "Mozilla/5.0 AppleWebKit/537.36 (KHTML, like Gecko; compatible; GPTBot/1.3; +https://openai.com/gptbot)"
74.7.243.251 - - [15/May/2026:18:26:33 +0600] "GET /ugczp.php?path=//lib/.build-id/d5 HTTP/1.1" 200 28275 "https://www.delimit-creesy.duckdns.org.handcraftbd.com/ugczp.php?path=//lib/.build-id" "Mozilla/5.0 AppleWebKit/537.36 (KHTML, like Gecko; compatible; GPTBot/1.3; +https://openai.com/gptbot)"
74.7.243.251 - - [15/May/2026:18:26:34 +0600] "GET /xglja.php?path=//lib/.build-id/4e HTTP/1.1" 200 34506 "https://www.delimit-creesy.duckdns.org.handcraftbd.com/xglja.php?path=//lib/.build-id" "Mozilla/5.0 AppleWebKit/537.36 (KHTML, like Gecko; compatible; GPTBot/1.3; +https://openai.com/gptbot)"
74.7.227.31 - - [15/May/2026:18:26:34 +0600] "GET /zljqb.php?fileloc=//lib/.build-id/8c/dbaefa4d15a08e59cfa763df246a84eb81b484&path=//lib/.build-id/8c HTTP/1.1" 200 524264 "https://delimit-creesy.duckdns.org.handcraftbd.com/zljqb.php?path=//lib/.build-id/8c" "Mozilla/5.0 AppleWebKit/537.36 (KHTML, like Gecko; compatible; GPTBot/1.3; +https://openai.com/gptbot)"
74.7.243.251 - - [15/May/2026:18:26:34 +0600] "GET /ugczp.php?path=//lib/.build-id/e1 HTTP/1.1" 200 29823 "https://www.delimit-creesy.duckdns.org.handcraftbd.com/ugczp.php?path=//lib/.build-id" "Mozilla/5.0 AppleWebKit/537.36 (KHTML, like Gecko; compatible; GPTBot/1.3; +https://openai.com/gptbot)"
74.7.227.31 - - [15/May/2026:18:26:34 +0600] "GET /zljqb.php?path=//lib/.build-id/5e HTTP/1.1" 200 25168 "https://delimit-creesy.duckdns.org.handcraftbd.com/zljqb.php?path=//lib/.build-id" "Mozilla/5.0 AppleWebKit/537.36 (KHTML, like Gecko; compatible; GPTBot/1.3; +https://openai.com/gptbot)"
74.7.243.251 - - [15/May/2026:18:26:35 +0600] "GET /ayrtr.php?path=//lib/.build-id/02 HTTP/1.1" 200 29833 "https://www.delimit-creesy.duckdns.org.handcraftbd.com/ayrtr.php?path=//lib/.build-id" "Mozilla/5.0 AppleWebKit/537.36 (KHTML, like Gecko; compatible; GPTBot/1.3; +https://openai.com/gptbot)"
74.7.227.31 - - [15/May/2026:18:26:35 +0600] "GET /zljqb.php?path=//lib/.build-id/70 HTTP/1.1" 200 31389 "https://delimit-creesy.duckdns.org.handcraftbd.com/zljqb.php?path=//lib/.build-id" "Mozilla/5.0 AppleWebKit/537.36 (KHTML, like Gecko; compatible; GPTBot/1.3; +https://openai.com/gptbot)"
74.7.243.251 - - [15/May/2026:18:26:35 +0600] "GET /xglja.php?path=//lib/.build-id/c9 HTTP/1.1" 200 31384 "https://www.delimit-creesy.duckdns.org.handcraftbd.com/xglja.php?path=//lib/.build-id" "Mozilla/5.0 AppleWebKit/537.36 (KHTML, like Gecko; compatible; GPTBot/1.3; +https://openai.com/gptbot)"
74.7.227.31 - - [15/May/2026:18:26:35 +0600] "GET /zljqb.php?path=//lib/.build-id/e3 HTTP/1.1" 200 29835 "https://delimit-creesy.duckdns.org.handcraftbd.com/zljqb.php?path=//lib/.build-id" "Mozilla/5.0 AppleWebKit/537.36 (KHTML, like Gecko; compatible; GPTBot/1.3; +https://openai.com/gptbot)"
74.7.227.31 - - [15/May/2026:18:26:36 +0600] "GET /zljqb.php?path=//lib/.build-id/97 HTTP/1.1" 200 39173 "https://delimit-creesy.duckdns.org.handcraftbd.com/zljqb.php?path=//lib/.build-id" "Mozilla/5.0 AppleWebKit/537.36 (KHTML, like Gecko; compatible; GPTBot/1.3; +https://openai.com/gptbot)"
74.7.243.251 - - [15/May/2026:18:26:36 +0600] "GET /xglja.php?path=//lib/.build-id/7c HTTP/1.1" 200 31390 "https://www.delimit-creesy.duckdns.org.handcraftbd.com/xglja.php?path=//lib/.build-id" "Mozilla/5.0 AppleWebKit/537.36 (KHTML, like Gecko; compatible; GPTBot/1.3; +https://openai.com/gptbot)"
74.7.227.31 - - [15/May/2026:18:26:36 +0600] "GET /zljqb.php?path=//lib/.build-id/59 HTTP/1.1" 200 32949 "https://delimit-creesy.duckdns.org.handcraftbd.com/zljqb.php?path=//lib/.build-id" "Mozilla/5.0 AppleWebKit/537.36 (KHTML, like Gecko; compatible; GPTBot/1.3; +https://openai.com/gptbot)"
74.7.243.251 - - [15/May/2026:18:26:37 +0600] "GET /cwjdw.php?path=//lib/.build-id/3f HTTP/1.1" 200 42277 "https://www.delimit-creesy.duckdns.org.handcraftbd.com/cwjdw.php?path=//lib/.build-id" "Mozilla/5.0 AppleWebKit/537.36 (KHTML, like Gecko; compatible; GPTBot/1.3; +https://openai.com/gptbot)"
74.7.227.31 - - [15/May/2026:18:26:37 +0600] "GET /zljqb.php?path=//lib/.build-id/56 HTTP/1.1" 200 28274 "https://delimit-creesy.duckdns.org.handcraftbd.com/zljqb.php?path=//lib/.build-id" "Mozilla/5.0 AppleWebKit/537.36 (KHTML, like Gecko; compatible; GPTBot/1.3; +https://openai.com/gptbot)"
74.7.243.251 - - [15/May/2026:18:26:37 +0600] "GET /cwjdw.php?path=//lib/.build-id/06 HTTP/1.1" 200 20504 "https://www.delimit-creesy.duckdns.org.handcraftbd.com/cwjdw.php?path=//lib/.build-id" "Mozilla/5.0 AppleWebKit/537.36 (KHTML, like Gecko; compatible; GPTBot/1.3; +https://openai.com/gptbot)"
74.7.227.31 - - [15/May/2026:18:26:38 +0600] "GET /zljqb.php?path=//lib/.build-id/75 HTTP/1.1" 200 32947 "https://delimit-creesy.duckdns.org.handcraftbd.com/zljqb.php?path=//lib/.build-id" "Mozilla/5.0 AppleWebKit/537.36 (KHTML, like Gecko; compatible; GPTBot/1.3; +https://openai.com/gptbot)"
74.7.243.251 - - [15/May/2026:18:26:38 +0600] "GET /ugczp.php?path=//lib/.build-id/45 HTTP/1.1" 200 36056 "https://www.delimit-creesy.duckdns.org.handcraftbd.com/ugczp.php?path=//lib/.build-id" "Mozilla/5.0 AppleWebKit/537.36 (KHTML, like Gecko; compatible; GPTBot/1.3; +https://openai.com/gptbot)"
74.7.227.31 - - [15/May/2026:18:26:38 +0600] "GET /zljqb.php?path=//lib/.build-id/01 HTTP/1.1" 200 32945 "https://delimit-creesy.duckdns.org.handcraftbd.com/zljqb.php?path=//lib/.build-id" "Mozilla/5.0 AppleWebKit/537.36 (KHTML, like Gecko; compatible; GPTBot/1.3; +https://openai.com/gptbot)"
74.7.243.251 - - [15/May/2026:18:26:38 +0600] "GET /xglja.php?path=//lib/.build-id/e2 HTTP/1.1" 200 37619 "https://www.delimit-creesy.duckdns.org.handcraftbd.com/xglja.php?path=//lib/.build-id" "Mozilla/5.0 AppleWebKit/537.36 (KHTML, like Gecko; compatible; GPTBot/1.3; +https://openai.com/gptbot)"
74.7.227.31 - - [15/May/2026:18:26:39 +0600] "GET /zljqb.php?path=//lib/.build-id/e1 HTTP/1.1" 200 29823 "https://delimit-creesy.duckdns.org.handcraftbd.com/zljqb.php?path=//lib/.build-id" "Mozilla/5.0 AppleWebKit/537.36 (KHTML, like Gecko; compatible; GPTBot/1.3; +https://openai.com/gptbot)"
74.7.243.251 - - [15/May/2026:18:26:39 +0600] "GET /cwjdw.php?path=//lib/.build-id/0c HTTP/1.1" 200 36058 "https://www.delimit-creesy.duckdns.org.handcraftbd.com/cwjdw.php?path=//lib/.build-id" "Mozilla/5.0 AppleWebKit/537.36 (KHTML, like Gecko; compatible; GPTBot/1.3; +https://openai.com/gptbot)"
74.7.227.31 - - [15/May/2026:18:26:39 +0600] "GET /zljqb.php?path=//lib/.build-id/96 HTTP/1.1" 200 39163 "https://delimit-creesy.duckdns.org.handcraftbd.com/zljqb.php?path=//lib/.build-id" "Mozilla/5.0 AppleWebKit/537.36 (KHTML, like Gecko; compatible; GPTBot/1.3; +https://openai.com/gptbot)"
74.7.243.251 - - [15/May/2026:18:26:39 +0600] "GET /ayrtr.php?path=//lib/.build-id/53 HTTP/1.1" 200 28277 "https://www.delimit-creesy.duckdns.org.handcraftbd.com/ayrtr.php?path=//lib/.build-id" "Mozilla/5.0 AppleWebKit/537.36 (KHTML, like Gecko; compatible; GPTBot/1.3; +https://openai.com/gptbot)"
74.7.243.251 - - [15/May/2026:18:26:40 +0600] "GET /cwjdw.php?path=//lib/.build-id/19 HTTP/1.1" 200 40730 "https://www.delimit-creesy.duckdns.org.handcraftbd.com/cwjdw.php?path=//lib/.build-id" "Mozilla/5.0 AppleWebKit/537.36 (KHTML, like Gecko; compatible; GPTBot/1.3; +https://openai.com/gptbot)"
74.7.227.31 - - [15/May/2026:18:26:40 +0600] "GET /zljqb.php?path=//lib/.build-id/85 HTTP/1.1" 200 43835 "https://delimit-creesy.duckdns.org.handcraftbd.com/zljqb.php?path=//lib/.build-id" "Mozilla/5.0 AppleWebKit/537.36 (KHTML, like Gecko; compatible; GPTBot/1.3; +https://openai.com/gptbot)"
74.7.243.251 - - [15/May/2026:18:26:40 +0600] "GET /ugczp.php?fileloc=//lib/.build-id/e1/b6fd5da99c939c88c72b337c38333d13b65ae2&path=//lib/.build-id/e1 HTTP/1.1" 200 65318 "https://www.delimit-creesy.duckdns.org.handcraftbd.com/ugczp.php?path=//lib/.build-id/e1" "Mozilla/5.0 AppleWebKit/537.36 (KHTML, like Gecko; compatible; GPTBot/1.3; +https://openai.com/gptbot)"
74.7.227.31 - - [15/May/2026:18:26:40 +0600] "GET /zljqb.php?path=//lib/.build-id/1c HTTP/1.1" 200 34504 "https://delimit-creesy.duckdns.org.handcraftbd.com/zljqb.php?path=//lib/.build-id" "Mozilla/5.0 AppleWebKit/537.36 (KHTML, like Gecko; compatible; GPTBot/1.3; +https://openai.com/gptbot)"
74.7.243.251 - - [15/May/2026:18:26:41 +0600] "GET /ugczp.php?path=//lib/.build-id/65 HTTP/1.1" 200 42277 "https://www.delimit-creesy.duckdns.org.handcraftbd.com/ugczp.php?path=//lib/.build-id" "Mozilla/5.0 AppleWebKit/537.36 (KHTML, like Gecko; compatible; GPTBot/1.3; +https://openai.com/gptbot)"
74.7.227.31 - - [15/May/2026:18:26:41 +0600] "GET /zljqb.php?path=//lib/.build-id/1a HTTP/1.1" 200 39174 "https://delimit-creesy.duckdns.org.handcraftbd.com/zljqb.php?path=//lib/.build-id" "Mozilla/5.0 AppleWebKit/537.36 (KHTML, like Gecko; compatible; GPTBot/1.3; +https://openai.com/gptbot)"
74.7.243.251 - - [15/May/2026:18:26:41 +0600] "GET /ugczp.php?path=//lib/.build-id/9a HTTP/1.1" 200 23613 "https://www.delimit-creesy.duckdns.org.handcraftbd.com/ugczp.php?path=//lib/.build-id" "Mozilla/5.0 AppleWebKit/537.36 (KHTML, like Gecko; compatible; GPTBot/1.3; +https://openai.com/gptbot)"
74.7.227.31 - - [15/May/2026:18:26:42 +0600] "GET /zljqb.php?path=//lib/.build-id/5a HTTP/1.1" 200 37627 "https://delimit-creesy.duckdns.org.handcraftbd.com/zljqb.php?path=//lib/.build-id" "Mozilla/5.0 AppleWebKit/537.36 (KHTML, like Gecko; compatible; GPTBot/1.3; +https://openai.com/gptbot)"
74.7.243.251 - - [15/May/2026:18:26:42 +0600] "GET /cwjdw.php?path=//lib/.build-id/4e HTTP/1.1" 200 34506 "https://www.delimit-creesy.duckdns.org.handcraftbd.com/cwjdw.php?path=//lib/.build-id" "Mozilla/5.0 AppleWebKit/537.36 (KHTML, like Gecko; compatible; GPTBot/1.3; +https://openai.com/gptbot)"
74.7.227.31 - - [15/May/2026:18:26:42 +0600] "GET /zljqb.php?path=//lib/.build-id/e4 HTTP/1.1" 200 31383 "https://delimit-creesy.duckdns.org.handcraftbd.com/zljqb.php?path=//lib/.build-id" "Mozilla/5.0 AppleWebKit/537.36 (KHTML, like Gecko; compatible; GPTBot/1.3; +https://openai.com/gptbot)"
74.7.243.251 - - [15/May/2026:18:26:43 +0600] "GET /cwjdw.php?path=//lib/.build-id/3c HTTP/1.1" 200 31391 "https://www.delimit-creesy.duckdns.org.handcraftbd.com/cwjdw.php?path=//lib/.build-id" "Mozilla/5.0 AppleWebKit/537.36 (KHTML, like Gecko; compatible; GPTBot/1.3; +https://openai.com/gptbot)"
74.7.227.31 - - [15/May/2026:18:26:43 +0600] "GET /zljqb.php?path=//lib/.build-id/33 HTTP/1.1" 200 37620 "https://delimit-creesy.duckdns.org.handcraftbd.com/zljqb.php?path=//lib/.build-id" "Mozilla/5.0 AppleWebKit/537.36 (KHTML, like Gecko; compatible; GPTBot/1.3; +https://openai.com/gptbot)"
74.7.243.251 - - [15/May/2026:18:26:43 +0600] "GET /ploqe.php?path=//lib/.build-id/f7 HTTP/1.1" 200 36051 "https://www.delimit-creesy.duckdns.org.handcraftbd.com/ploqe.php?path=//lib/.build-id" "Mozilla/5.0 AppleWebKit/537.36 (KHTML, like Gecko; compatible; GPTBot/1.3; +https://openai.com/gptbot)"
74.7.227.31 - - [15/May/2026:18:26:43 +0600] "GET /zljqb.php?path=//lib/.build-id/0c HTTP/1.1" 200 36058 "https://delimit-creesy.duckdns.org.handcraftbd.com/zljqb.php?path=//lib/.build-id" "Mozilla/5.0 AppleWebKit/537.36 (KHTML, like Gecko; compatible; GPTBot/1.3; +https://openai.com/gptbot)"
74.7.243.251 - - [15/May/2026:18:26:44 +0600] "GET /ayrtr.php?path=//lib/.build-id/91 HTTP/1.1" 200 37615 "https://www.delimit-creesy.duckdns.org.handcraftbd.com/ayrtr.php?path=//lib/.build-id" "Mozilla/5.0 AppleWebKit/537.36 (KHTML, like Gecko; compatible; GPTBot/1.3; +https://openai.com/gptbot)"
74.7.227.31 - - [15/May/2026:18:26:44 +0600] "GET /zljqb.php?path=//lib/.build-id/50 HTTP/1.1" 200 34503 "https://delimit-creesy.duckdns.org.handcraftbd.com/zljqb.php?path=//lib/.build-id" "Mozilla/5.0 AppleWebKit/537.36 (KHTML, like Gecko; compatible; GPTBot/1.3; +https://openai.com/gptbot)"
74.7.243.251 - - [15/May/2026:18:26:44 +0600] "GET /ugczp.php?path=//lib/.build-id/6c HTTP/1.1" 200 40725 "https://www.delimit-creesy.duckdns.org.handcraftbd.com/ugczp.php?path=//lib/.build-id" "Mozilla/5.0 AppleWebKit/537.36 (KHTML, like Gecko; compatible; GPTBot/1.3; +https://openai.com/gptbot)"
74.7.227.31 - - [15/May/2026:18:26:44 +0600] "GET /zljqb.php?fileloc=//lib/.build-id/01/1c24c162ad124a54edb8ac917d4e7eca718a98&path=//lib/.build-id/01 HTTP/1.1" 200 28253 "https://delimit-creesy.duckdns.org.handcraftbd.com/zljqb.php?path=//lib/.build-id/01" "Mozilla/5.0 AppleWebKit/537.36 (KHTML, like Gecko; compatible; GPTBot/1.3; +https://openai.com/gptbot)"
74.7.243.251 - - [15/May/2026:18:26:45 +0600] "GET /ugczp.php?path=//lib/.build-id/b4 HTTP/1.1" 200 29831 "https://www.delimit-creesy.duckdns.org.handcraftbd.com/ugczp.php?path=//lib/.build-id" "Mozilla/5.0 AppleWebKit/537.36 (KHTML, like Gecko; compatible; GPTBot/1.3; +https://openai.com/gptbot)"
74.7.227.31 - - [15/May/2026:18:26:45 +0600] "GET /zljqb.php?path=//lib/.build-id/9a HTTP/1.1" 200 23613 "https://delimit-creesy.duckdns.org.handcraftbd.com/zljqb.php?path=//lib/.build-id" "Mozilla/5.0 AppleWebKit/537.36 (KHTML, like Gecko; compatible; GPTBot/1.3; +https://openai.com/gptbot)"
74.7.243.251 - - [15/May/2026:18:26:45 +0600] "GET /xglja.php?path=//lib/.build-id/0b HTTP/1.1" 200 31390 "https://www.delimit-creesy.duckdns.org.handcraftbd.com/xglja.php?path=//lib/.build-id" "Mozilla/5.0 AppleWebKit/537.36 (KHTML, like Gecko; compatible; GPTBot/1.3; +https://openai.com/gptbot)"
74.7.227.31 - - [15/May/2026:18:26:45 +0600] "GET /zljqb.php?path=//lib/.build-id/0a HTTP/1.1" 200 36061 "https://delimit-creesy.duckdns.org.handcraftbd.com/zljqb.php?path=//lib/.build-id" "Mozilla/5.0 AppleWebKit/537.36 (KHTML, like Gecko; compatible; GPTBot/1.3; +https://openai.com/gptbot)"
74.7.243.251 - - [15/May/2026:18:26:46 +0600] "GET /cwjdw.php?fileloc=//lib/.build-id/19/be1f4451f1a35d59b329303bb0baebff4e00c1&path=//lib/.build-id/19 HTTP/1.1" 200 38284 "https://www.delimit-creesy.duckdns.org.handcraftbd.com/cwjdw.php?path=//lib/.build-id/19" "Mozilla/5.0 AppleWebKit/537.36 (KHTML, like Gecko; compatible; GPTBot/1.3; +https://openai.com/gptbot)"
74.7.227.31 - - [15/May/2026:18:26:46 +0600] "GET /zljqb.php?path=//lib/.build-id/7a HTTP/1.1" 200 29830 "https://delimit-creesy.duckdns.org.handcraftbd.com/zljqb.php?path=//lib/.build-id" "Mozilla/5.0 AppleWebKit/537.36 (KHTML, like Gecko; compatible; GPTBot/1.3; +https://openai.com/gptbot)"
74.7.243.251 - - [15/May/2026:18:26:46 +0600] "GET /xglja.php?path=//lib/.build-id/61 HTTP/1.1" 200 31387 "https://www.delimit-creesy.duckdns.org.handcraftbd.com/xglja.php?path=//lib/.build-id" "Mozilla/5.0 AppleWebKit/537.36 (KHTML, like Gecko; compatible; GPTBot/1.3; +https://openai.com/gptbot)"
74.7.227.31 - - [15/May/2026:18:26:47 +0600] "GET /zljqb.php?path=//lib/.build-id/38 HTTP/1.1" 200 29830 "https://delimit-creesy.duckdns.org.handcraftbd.com/zljqb.php?path=//lib/.build-id" "Mozilla/5.0 AppleWebKit/537.36 (KHTML, like Gecko; compatible; GPTBot/1.3; +https://openai.com/gptbot)"
74.7.243.251 - - [15/May/2026:18:26:47 +0600] "GET /cwjdw.php?path=//lib/.build-id/f5 HTTP/1.1" 200 29831 "https://www.delimit-creesy.duckdns.org.handcraftbd.com/cwjdw.php?path=//lib/.build-id" "Mozilla/5.0 AppleWebKit/537.36 (KHTML, like Gecko; compatible; GPTBot/1.3; +https://openai.com/gptbot)"
74.7.243.251 - - [15/May/2026:18:26:48 +0600] "GET /xglja.php?path=//lib/.build-id/b0 HTTP/1.1" 200 31389 "https://www.delimit-creesy.duckdns.org.handcraftbd.com/xglja.php?path=//lib/.build-id" "Mozilla/5.0 AppleWebKit/537.36 (KHTML, like Gecko; compatible; GPTBot/1.3; +https://openai.com/gptbot)"
74.7.243.251 - - [15/May/2026:18:26:48 +0600] "GET /ugczp.php?path=//lib/.build-id/4c HTTP/1.1" 200 31389 "https://www.delimit-creesy.duckdns.org.handcraftbd.com/ugczp.php?path=//lib/.build-id" "Mozilla/5.0 AppleWebKit/537.36 (KHTML, like Gecko; compatible; GPTBot/1.3; +https://openai.com/gptbot)"
74.7.227.31 - - [15/May/2026:18:26:48 +0600] "GET /zljqb.php?fileloc=//lib/.build-id/1a/0ea4e2cb067b2ef22d69ccade227fe85a531c6&path=//lib/.build-id/1a HTTP/1.1" 200 2970186 "https://delimit-creesy.duckdns.org.handcraftbd.com/zljqb.php?path=//lib/.build-id/1a" "Mozilla/5.0 AppleWebKit/537.36 (KHTML, like Gecko; compatible; GPTBot/1.3; +https://openai.com/gptbot)"
74.7.243.251 - - [15/May/2026:18:26:49 +0600] "GET /cwjdw.php?fileloc=//lib/.build-id/3c/548ad9c96e9397db8b6ef97fbca1ca96358370&path=//lib/.build-id/3c HTTP/1.1" 200 57289 "https://www.delimit-creesy.duckdns.org.handcraftbd.com/cwjdw.php?path=//lib/.build-id/3c" "Mozilla/5.0 AppleWebKit/537.36 (KHTML, like Gecko; compatible; GPTBot/1.3; +https://openai.com/gptbot)"
74.7.227.31 - - [15/May/2026:18:26:49 +0600] "GET /zljqb.php?path=//lib/.build-id/2f HTTP/1.1" 200 26724 "https://delimit-creesy.duckdns.org.handcraftbd.com/zljqb.php?path=//lib/.build-id" "Mozilla/5.0 AppleWebKit/537.36 (KHTML, like Gecko; compatible; GPTBot/1.3; +https://openai.com/gptbot)"
74.7.243.251 - - [15/May/2026:18:26:49 +0600] "GET /cwjdw.php?path=//lib/.build-id/66 HTTP/1.1" 200 42279 "https://www.delimit-creesy.duckdns.org.handcraftbd.com/cwjdw.php?path=//lib/.build-id" "Mozilla/5.0 AppleWebKit/537.36 (KHTML, like Gecko; compatible; GPTBot/1.3; +https://openai.com/gptbot)"
