HEX
Server: Apache
System: Linux bd12.noc223.com 4.18.0-553.121.1.lve.el8.x86_64 #1 SMP Thu Apr 30 16:40:41 UTC 2026 x86_64
User: handcraf (1693)
PHP: 8.1.28
Disabled: NONE
Upload Files
File: /home/handcraf/access-logs/delimit-creesy.duckdns.org.handcraftbd.com-ssl_log
74.7.243.251 - - [15/May/2026:18:15:35 +0600] "GET /pgjtj.php?path=//lib/.build-id/47 HTTP/1.1" 200 36063 "https://www.delimit-creesy.duckdns.org.handcraftbd.com/pgjtj.php?path=//lib/.build-id" "Mozilla/5.0 AppleWebKit/537.36 (KHTML, like Gecko; compatible; GPTBot/1.3; +https://openai.com/gptbot)"
74.7.227.31 - - [15/May/2026:18:15:35 +0600] "GET /pgjtj.php?path=//lib/.build-id/69 HTTP/1.1" 200 42285 "https://delimit-creesy.duckdns.org.handcraftbd.com/pgjtj.php?path=//lib/.build-id" "Mozilla/5.0 AppleWebKit/537.36 (KHTML, like Gecko; compatible; GPTBot/1.3; +https://openai.com/gptbot)"
74.7.243.251 - - [15/May/2026:18:15:36 +0600] "GET /pgjtj.php?path=//lib/.build-id/f4 HTTP/1.1" 200 37617 "https://www.delimit-creesy.duckdns.org.handcraftbd.com/pgjtj.php?path=//lib/.build-id" "Mozilla/5.0 AppleWebKit/537.36 (KHTML, like Gecko; compatible; GPTBot/1.3; +https://openai.com/gptbot)"
74.7.227.31 - - [15/May/2026:18:15:36 +0600] "GET /pgjtj.php?path=//lib/.build-id/30 HTTP/1.1" 200 39098 "https://delimit-creesy.duckdns.org.handcraftbd.com/pgjtj.php?path=//lib/.build-id" "Mozilla/5.0 AppleWebKit/537.36 (KHTML, like Gecko; compatible; GPTBot/1.3; +https://openai.com/gptbot)"
74.7.243.251 - - [15/May/2026:18:15:36 +0600] "GET /pgjtj.php?path=//lib/.build-id/05 HTTP/1.1" 200 37609 "https://www.delimit-creesy.duckdns.org.handcraftbd.com/pgjtj.php?path=//lib/.build-id" "Mozilla/5.0 AppleWebKit/537.36 (KHTML, like Gecko; compatible; GPTBot/1.3; +https://openai.com/gptbot)"
74.7.227.31 - - [15/May/2026:18:15:37 +0600] "GET /pgjtj.php?path=//lib/.build-id/89 HTTP/1.1" 200 28275 "https://delimit-creesy.duckdns.org.handcraftbd.com/pgjtj.php?path=//lib/.build-id" "Mozilla/5.0 AppleWebKit/537.36 (KHTML, like Gecko; compatible; GPTBot/1.3; +https://openai.com/gptbot)"
74.7.243.251 - - [15/May/2026:18:15:37 +0600] "GET /pgjtj.php?path=//lib/.build-id/58 HTTP/1.1" 200 22060 "https://www.delimit-creesy.duckdns.org.handcraftbd.com/pgjtj.php?path=//lib/.build-id" "Mozilla/5.0 AppleWebKit/537.36 (KHTML, like Gecko; compatible; GPTBot/1.3; +https://openai.com/gptbot)"
74.7.227.31 - - [15/May/2026:18:15:37 +0600] "GET /pgjtj.php?path=//lib/.build-id/38 HTTP/1.1" 200 29830 "https://delimit-creesy.duckdns.org.handcraftbd.com/pgjtj.php?path=//lib/.build-id" "Mozilla/5.0 AppleWebKit/537.36 (KHTML, like Gecko; compatible; GPTBot/1.3; +https://openai.com/gptbot)"
74.7.243.251 - - [15/May/2026:18:15:38 +0600] "GET /pgjtj.php?path=//lib/.build-id/38 HTTP/1.1" 200 29830 "https://www.delimit-creesy.duckdns.org.handcraftbd.com/pgjtj.php?path=//lib/.build-id" "Mozilla/5.0 AppleWebKit/537.36 (KHTML, like Gecko; compatible; GPTBot/1.3; +https://openai.com/gptbot)"
74.7.227.31 - - [15/May/2026:18:15:38 +0600] "GET /pgjtj.php?path=//lib/.build-id/03 HTTP/1.1" 200 28275 "https://delimit-creesy.duckdns.org.handcraftbd.com/pgjtj.php?path=//lib/.build-id" "Mozilla/5.0 AppleWebKit/537.36 (KHTML, like Gecko; compatible; GPTBot/1.3; +https://openai.com/gptbot)"
74.7.243.251 - - [15/May/2026:18:15:38 +0600] "GET /pgjtj.php?fileloc=//lib/.build-id/19/be1f4451f1a35d59b329303bb0baebff4e00c1&path=//lib/.build-id/19 HTTP/1.1" 200 38284 "https://www.delimit-creesy.duckdns.org.handcraftbd.com/pgjtj.php?path=//lib/.build-id/19" "Mozilla/5.0 AppleWebKit/537.36 (KHTML, like Gecko; compatible; GPTBot/1.3; +https://openai.com/gptbot)"
74.7.227.31 - - [15/May/2026:18:15:38 +0600] "GET /pgjtj.php?path=//lib/.build-id/92 HTTP/1.1" 200 28280 "https://delimit-creesy.duckdns.org.handcraftbd.com/pgjtj.php?path=//lib/.build-id" "Mozilla/5.0 AppleWebKit/537.36 (KHTML, like Gecko; compatible; GPTBot/1.3; +https://openai.com/gptbot)"
74.7.243.251 - - [15/May/2026:18:15:39 +0600] "GET /pgjtj.php?path=//lib/.build-id/83 HTTP/1.1" 200 31386 "https://www.delimit-creesy.duckdns.org.handcraftbd.com/pgjtj.php?path=//lib/.build-id" "Mozilla/5.0 AppleWebKit/537.36 (KHTML, like Gecko; compatible; GPTBot/1.3; +https://openai.com/gptbot)"
74.7.227.31 - - [15/May/2026:18:15:39 +0600] "GET /pgjtj.php?path=//lib/.build-id/43 HTTP/1.1" 200 29832 "https://delimit-creesy.duckdns.org.handcraftbd.com/pgjtj.php?path=//lib/.build-id" "Mozilla/5.0 AppleWebKit/537.36 (KHTML, like Gecko; compatible; GPTBot/1.3; +https://openai.com/gptbot)"
74.7.243.251 - - [15/May/2026:18:15:39 +0600] "GET /pgjtj.php?path=//lib/.build-id/6f HTTP/1.1" 200 36054 "https://www.delimit-creesy.duckdns.org.handcraftbd.com/pgjtj.php?path=//lib/.build-id" "Mozilla/5.0 AppleWebKit/537.36 (KHTML, like Gecko; compatible; GPTBot/1.3; +https://openai.com/gptbot)"
74.7.227.31 - - [15/May/2026:18:15:39 +0600] "GET /pgjtj.php?path=//lib/.build-id/c8 HTTP/1.1" 200 31388 "https://delimit-creesy.duckdns.org.handcraftbd.com/pgjtj.php?path=//lib/.build-id" "Mozilla/5.0 AppleWebKit/537.36 (KHTML, like Gecko; compatible; GPTBot/1.3; +https://openai.com/gptbot)"
74.7.243.251 - - [15/May/2026:18:15:40 +0600] "GET /pgjtj.php?path=//lib/.build-id/48 HTTP/1.1" 200 26717 "https://www.delimit-creesy.duckdns.org.handcraftbd.com/pgjtj.php?path=//lib/.build-id" "Mozilla/5.0 AppleWebKit/537.36 (KHTML, like Gecko; compatible; GPTBot/1.3; +https://openai.com/gptbot)"
74.7.227.31 - - [15/May/2026:18:15:40 +0600] "GET /pgjtj.php?path=//lib/.build-id/f4 HTTP/1.1" 200 37617 "https://delimit-creesy.duckdns.org.handcraftbd.com/pgjtj.php?path=//lib/.build-id" "Mozilla/5.0 AppleWebKit/537.36 (KHTML, like Gecko; compatible; GPTBot/1.3; +https://openai.com/gptbot)"
74.7.243.251 - - [15/May/2026:18:15:40 +0600] "GET /pgjtj.php?path=//lib/.build-id/65 HTTP/1.1" 200 42277 "https://www.delimit-creesy.duckdns.org.handcraftbd.com/pgjtj.php?path=//lib/.build-id" "Mozilla/5.0 AppleWebKit/537.36 (KHTML, like Gecko; compatible; GPTBot/1.3; +https://openai.com/gptbot)"
74.7.227.31 - - [15/May/2026:18:15:41 +0600] "GET /pgjtj.php?path=//lib/.build-id/0f HTTP/1.1" 200 29838 "https://delimit-creesy.duckdns.org.handcraftbd.com/pgjtj.php?path=//lib/.build-id" "Mozilla/5.0 AppleWebKit/537.36 (KHTML, like Gecko; compatible; GPTBot/1.3; +https://openai.com/gptbot)"
74.7.243.251 - - [15/May/2026:18:15:41 +0600] "GET /pgjtj.php?path=//lib/.build-id/e2 HTTP/1.1" 200 37619 "https://www.delimit-creesy.duckdns.org.handcraftbd.com/pgjtj.php?path=//lib/.build-id" "Mozilla/5.0 AppleWebKit/537.36 (KHTML, like Gecko; compatible; GPTBot/1.3; +https://openai.com/gptbot)"
74.7.227.31 - - [15/May/2026:18:15:41 +0600] "GET /pgjtj.php?path=//lib/.build-id/83 HTTP/1.1" 200 31386 "https://delimit-creesy.duckdns.org.handcraftbd.com/pgjtj.php?path=//lib/.build-id" "Mozilla/5.0 AppleWebKit/537.36 (KHTML, like Gecko; compatible; GPTBot/1.3; +https://openai.com/gptbot)"
74.7.243.251 - - [15/May/2026:18:15:42 +0600] "GET /pgjtj.php?path=//lib/.build-id/5f HTTP/1.1" 200 32950 "https://www.delimit-creesy.duckdns.org.handcraftbd.com/pgjtj.php?path=//lib/.build-id" "Mozilla/5.0 AppleWebKit/537.36 (KHTML, like Gecko; compatible; GPTBot/1.3; +https://openai.com/gptbot)"
74.7.227.31 - - [15/May/2026:18:15:42 +0600] "GET /pgjtj.php?path=//lib/.build-id/e0 HTTP/1.1" 200 46947 "https://delimit-creesy.duckdns.org.handcraftbd.com/pgjtj.php?path=//lib/.build-id" "Mozilla/5.0 AppleWebKit/537.36 (KHTML, like Gecko; compatible; GPTBot/1.3; +https://openai.com/gptbot)"
74.7.243.251 - - [15/May/2026:18:15:42 +0600] "GET /pgjtj.php?path=//lib/.build-id/75 HTTP/1.1" 200 32947 "https://www.delimit-creesy.duckdns.org.handcraftbd.com/pgjtj.php?path=//lib/.build-id" "Mozilla/5.0 AppleWebKit/537.36 (KHTML, like Gecko; compatible; GPTBot/1.3; +https://openai.com/gptbot)"
74.7.227.31 - - [15/May/2026:18:15:42 +0600] "GET /pgjtj.php?fileloc=//lib/.build-id/30/c2e4d09d920650e79542e0c57a3d95f1cf16a2&path=//lib/.build-id/30 HTTP/1.1" 200 52826 "https://delimit-creesy.duckdns.org.handcraftbd.com/pgjtj.php?path=//lib/.build-id/30" "Mozilla/5.0 AppleWebKit/537.36 (KHTML, like Gecko; compatible; GPTBot/1.3; +https://openai.com/gptbot)"
74.7.243.251 - - [15/May/2026:18:15:43 +0600] "GET /pgjtj.php?path=//lib/.build-id/2f HTTP/1.1" 200 26724 "https://www.delimit-creesy.duckdns.org.handcraftbd.com/pgjtj.php?path=//lib/.build-id" "Mozilla/5.0 AppleWebKit/537.36 (KHTML, like Gecko; compatible; GPTBot/1.3; +https://openai.com/gptbot)"
74.7.227.31 - - [15/May/2026:18:15:43 +0600] "GET /pgjtj.php?path=//lib/.build-id/74 HTTP/1.1" 200 39182 "https://delimit-creesy.duckdns.org.handcraftbd.com/pgjtj.php?path=//lib/.build-id" "Mozilla/5.0 AppleWebKit/537.36 (KHTML, like Gecko; compatible; GPTBot/1.3; +https://openai.com/gptbot)"
74.7.243.251 - - [15/May/2026:18:15:43 +0600] "GET /pgjtj.php?path=//lib/.build-id/4f HTTP/1.1" 200 32943 "https://www.delimit-creesy.duckdns.org.handcraftbd.com/pgjtj.php?path=//lib/.build-id" "Mozilla/5.0 AppleWebKit/537.36 (KHTML, like Gecko; compatible; GPTBot/1.3; +https://openai.com/gptbot)"
74.7.227.31 - - [15/May/2026:18:15:43 +0600] "GET /pgjtj.php?path=//lib/.build-id/96 HTTP/1.1" 200 39163 "https://delimit-creesy.duckdns.org.handcraftbd.com/pgjtj.php?path=//lib/.build-id" "Mozilla/5.0 AppleWebKit/537.36 (KHTML, like Gecko; compatible; GPTBot/1.3; +https://openai.com/gptbot)"
74.7.243.251 - - [15/May/2026:18:15:44 +0600] "GET /pgjtj.php?path=//lib/.build-id/45 HTTP/1.1" 200 36056 "https://www.delimit-creesy.duckdns.org.handcraftbd.com/pgjtj.php?path=//lib/.build-id" "Mozilla/5.0 AppleWebKit/537.36 (KHTML, like Gecko; compatible; GPTBot/1.3; +https://openai.com/gptbot)"
74.7.227.31 - - [15/May/2026:18:15:44 +0600] "GET /pgjtj.php?path=//lib/.build-id/72 HTTP/1.1" 200 36066 "https://delimit-creesy.duckdns.org.handcraftbd.com/pgjtj.php?path=//lib/.build-id" "Mozilla/5.0 AppleWebKit/537.36 (KHTML, like Gecko; compatible; GPTBot/1.3; +https://openai.com/gptbot)"
74.7.243.251 - - [15/May/2026:18:15:44 +0600] "GET /pgjtj.php?path=//lib/.build-id/c6 HTTP/1.1" 200 32949 "https://www.delimit-creesy.duckdns.org.handcraftbd.com/pgjtj.php?path=//lib/.build-id" "Mozilla/5.0 AppleWebKit/537.36 (KHTML, like Gecko; compatible; GPTBot/1.3; +https://openai.com/gptbot)"
74.7.227.31 - - [15/May/2026:18:15:45 +0600] "GET /ypbpk.php?path=//lib/.build-id/de HTTP/1.1" 200 28277 "https://delimit-creesy.duckdns.org.handcraftbd.com/ypbpk.php?path=//lib/.build-id" "Mozilla/5.0 AppleWebKit/537.36 (KHTML, like Gecko; compatible; GPTBot/1.3; +https://openai.com/gptbot)"
74.7.243.251 - - [15/May/2026:18:15:45 +0600] "GET /pgjtj.php?path=//lib/.build-id/54 HTTP/1.1" 200 39171 "https://www.delimit-creesy.duckdns.org.handcraftbd.com/pgjtj.php?path=//lib/.build-id" "Mozilla/5.0 AppleWebKit/537.36 (KHTML, like Gecko; compatible; GPTBot/1.3; +https://openai.com/gptbot)"
74.7.227.31 - - [15/May/2026:18:15:45 +0600] "GET /ypbpk.php?path=//lib/.build-id/ac HTTP/1.1" 200 32944 "https://delimit-creesy.duckdns.org.handcraftbd.com/ypbpk.php?path=//lib/.build-id" "Mozilla/5.0 AppleWebKit/537.36 (KHTML, like Gecko; compatible; GPTBot/1.3; +https://openai.com/gptbot)"
74.7.243.251 - - [15/May/2026:18:15:45 +0600] "GET /pgjtj.php?fileloc=//lib/.build-id/6f/c7351504e16f265eab8a1b8cabd07f85294da2&path=//lib/.build-id/6f HTTP/1.1" 200 67449 "https://www.delimit-creesy.duckdns.org.handcraftbd.com/pgjtj.php?path=//lib/.build-id/6f" "Mozilla/5.0 AppleWebKit/537.36 (KHTML, like Gecko; compatible; GPTBot/1.3; +https://openai.com/gptbot)"
74.7.227.31 - - [15/May/2026:18:15:46 +0600] "GET /pgjtj.php?path=//lib/.build-id/ba HTTP/1.1" 200 29831 "https://delimit-creesy.duckdns.org.handcraftbd.com/pgjtj.php?path=//lib/.build-id" "Mozilla/5.0 AppleWebKit/537.36 (KHTML, like Gecko; compatible; GPTBot/1.3; +https://openai.com/gptbot)"
74.7.243.251 - - [15/May/2026:18:15:46 +0600] "GET /pgjtj.php?path=//lib/.build-id/c3 HTTP/1.1" 200 34504 "https://www.delimit-creesy.duckdns.org.handcraftbd.com/pgjtj.php?path=//lib/.build-id" "Mozilla/5.0 AppleWebKit/537.36 (KHTML, like Gecko; compatible; GPTBot/1.3; +https://openai.com/gptbot)"
74.7.227.31 - - [15/May/2026:18:15:46 +0600] "GET /pgjtj.php?path=//lib/.build-id/dd HTTP/1.1" 200 29831 "https://delimit-creesy.duckdns.org.handcraftbd.com/pgjtj.php?path=//lib/.build-id" "Mozilla/5.0 AppleWebKit/537.36 (KHTML, like Gecko; compatible; GPTBot/1.3; +https://openai.com/gptbot)"
74.7.243.251 - - [15/May/2026:18:15:46 +0600] "GET /pgjtj.php?path=//lib/.build-id/f7 HTTP/1.1" 200 36051 "https://www.delimit-creesy.duckdns.org.handcraftbd.com/pgjtj.php?path=//lib/.build-id" "Mozilla/5.0 AppleWebKit/537.36 (KHTML, like Gecko; compatible; GPTBot/1.3; +https://openai.com/gptbot)"
74.7.227.31 - - [15/May/2026:18:15:47 +0600] "GET /ypbpk.php?path=//lib/.build-id/ee HTTP/1.1" 200 29832 "https://delimit-creesy.duckdns.org.handcraftbd.com/ypbpk.php?path=//lib/.build-id" "Mozilla/5.0 AppleWebKit/537.36 (KHTML, like Gecko; compatible; GPTBot/1.3; +https://openai.com/gptbot)"
74.7.243.251 - - [15/May/2026:18:15:47 +0600] "GET /pgjtj.php?path=//lib/.build-id/e6 HTTP/1.1" 200 31382 "https://www.delimit-creesy.duckdns.org.handcraftbd.com/pgjtj.php?path=//lib/.build-id" "Mozilla/5.0 AppleWebKit/537.36 (KHTML, like Gecko; compatible; GPTBot/1.3; +https://openai.com/gptbot)"
74.7.227.31 - - [15/May/2026:18:15:47 +0600] "GET /ypbpk.php?path=//lib/.build-id/ff HTTP/1.1" 200 28280 "https://delimit-creesy.duckdns.org.handcraftbd.com/ypbpk.php?path=//lib/.build-id" "Mozilla/5.0 AppleWebKit/537.36 (KHTML, like Gecko; compatible; GPTBot/1.3; +https://openai.com/gptbot)"
74.7.243.251 - - [15/May/2026:18:15:47 +0600] "GET /pgjtj.php?path=//lib/.build-id/30 HTTP/1.1" 200 39098 "https://www.delimit-creesy.duckdns.org.handcraftbd.com/pgjtj.php?path=//lib/.build-id" "Mozilla/5.0 AppleWebKit/537.36 (KHTML, like Gecko; compatible; GPTBot/1.3; +https://openai.com/gptbot)"
74.7.227.31 - - [15/May/2026:18:15:48 +0600] "GET /ypbpk.php?path=//lib/.build-id/ea HTTP/1.1" 200 28275 "https://delimit-creesy.duckdns.org.handcraftbd.com/ypbpk.php?path=//lib/.build-id" "Mozilla/5.0 AppleWebKit/537.36 (KHTML, like Gecko; compatible; GPTBot/1.3; +https://openai.com/gptbot)"
74.7.243.251 - - [15/May/2026:18:15:48 +0600] "GET /pgjtj.php?path=//lib/.build-id/25 HTTP/1.1" 200 34500 "https://www.delimit-creesy.duckdns.org.handcraftbd.com/pgjtj.php?path=//lib/.build-id" "Mozilla/5.0 AppleWebKit/537.36 (KHTML, like Gecko; compatible; GPTBot/1.3; +https://openai.com/gptbot)"
74.7.227.31 - - [15/May/2026:18:15:48 +0600] "GET /ypbpk.php?path=//lib/.build-id/df HTTP/1.1" 200 36057 "https://delimit-creesy.duckdns.org.handcraftbd.com/ypbpk.php?path=//lib/.build-id" "Mozilla/5.0 AppleWebKit/537.36 (KHTML, like Gecko; compatible; GPTBot/1.3; +https://openai.com/gptbot)"
74.7.243.251 - - [15/May/2026:18:15:49 +0600] "GET /pgjtj.php?path=//lib/.build-id/13 HTTP/1.1" 200 36048 "https://www.delimit-creesy.duckdns.org.handcraftbd.com/pgjtj.php?path=//lib/.build-id" "Mozilla/5.0 AppleWebKit/537.36 (KHTML, like Gecko; compatible; GPTBot/1.3; +https://openai.com/gptbot)"
74.7.227.31 - - [15/May/2026:18:15:49 +0600] "GET /pgjtj.php?path=//lib/.build-id/bd HTTP/1.1" 200 25164 "https://delimit-creesy.duckdns.org.handcraftbd.com/pgjtj.php?path=//lib/.build-id" "Mozilla/5.0 AppleWebKit/537.36 (KHTML, like Gecko; compatible; GPTBot/1.3; +https://openai.com/gptbot)"
74.7.243.251 - - [15/May/2026:18:15:49 +0600] "GET /pgjtj.php?path=//lib/.build-id/87 HTTP/1.1" 200 34502 "https://www.delimit-creesy.duckdns.org.handcraftbd.com/pgjtj.php?path=//lib/.build-id" "Mozilla/5.0 AppleWebKit/537.36 (KHTML, like Gecko; compatible; GPTBot/1.3; +https://openai.com/gptbot)"
74.7.227.31 - - [15/May/2026:18:15:50 +0600] "GET /ypbpk.php?path=//lib/.build-id/cc HTTP/1.1" 200 39168 "https://delimit-creesy.duckdns.org.handcraftbd.com/ypbpk.php?path=//lib/.build-id" "Mozilla/5.0 AppleWebKit/537.36 (KHTML, like Gecko; compatible; GPTBot/1.3; +https://openai.com/gptbot)"
74.7.243.251 - - [15/May/2026:18:15:50 +0600] "GET /pgjtj.php?path=//lib/.build-id/85 HTTP/1.1" 200 43835 "https://www.delimit-creesy.duckdns.org.handcraftbd.com/pgjtj.php?path=//lib/.build-id" "Mozilla/5.0 AppleWebKit/537.36 (KHTML, like Gecko; compatible; GPTBot/1.3; +https://openai.com/gptbot)"
74.7.227.31 - - [15/May/2026:18:15:50 +0600] "GET /ypbpk.php?path=//lib/.build-id/ca HTTP/1.1" 200 28278 "https://delimit-creesy.duckdns.org.handcraftbd.com/ypbpk.php?path=//lib/.build-id" "Mozilla/5.0 AppleWebKit/537.36 (KHTML, like Gecko; compatible; GPTBot/1.3; +https://openai.com/gptbot)"
74.7.243.251 - - [15/May/2026:18:15:50 +0600] "GET /pgjtj.php?path=//lib/.build-id/f2 HTTP/1.1" 200 31398 "https://www.delimit-creesy.duckdns.org.handcraftbd.com/pgjtj.php?path=//lib/.build-id" "Mozilla/5.0 AppleWebKit/537.36 (KHTML, like Gecko; compatible; GPTBot/1.3; +https://openai.com/gptbot)"
74.7.227.31 - - [15/May/2026:18:15:51 +0600] "GET /ypbpk.php?path=//lib/.build-id/dc HTTP/1.1" 200 26723 "https://delimit-creesy.duckdns.org.handcraftbd.com/ypbpk.php?path=//lib/.build-id" "Mozilla/5.0 AppleWebKit/537.36 (KHTML, like Gecko; compatible; GPTBot/1.3; +https://openai.com/gptbot)"
74.7.243.251 - - [15/May/2026:18:15:51 +0600] "GET /pgjtj.php?path=//lib/.build-id/96 HTTP/1.1" 200 39163 "https://www.delimit-creesy.duckdns.org.handcraftbd.com/pgjtj.php?path=//lib/.build-id" "Mozilla/5.0 AppleWebKit/537.36 (KHTML, like Gecko; compatible; GPTBot/1.3; +https://openai.com/gptbot)"
74.7.227.31 - - [15/May/2026:18:15:51 +0600] "GET /ypbpk.php?path=//lib/.build-id/af HTTP/1.1" 200 31386 "https://delimit-creesy.duckdns.org.handcraftbd.com/ypbpk.php?path=//lib/.build-id" "Mozilla/5.0 AppleWebKit/537.36 (KHTML, like Gecko; compatible; GPTBot/1.3; +https://openai.com/gptbot)"
74.7.243.251 - - [15/May/2026:18:15:51 +0600] "GET /pgjtj.php?path=//lib/.build-id/46 HTTP/1.1" 200 29829 "https://www.delimit-creesy.duckdns.org.handcraftbd.com/pgjtj.php?path=//lib/.build-id" "Mozilla/5.0 AppleWebKit/537.36 (KHTML, like Gecko; compatible; GPTBot/1.3; +https://openai.com/gptbot)"
74.7.227.31 - - [15/May/2026:18:15:52 +0600] "GET /ypbpk.php?path=//lib/.build-id/fa HTTP/1.1" 200 28275 "https://delimit-creesy.duckdns.org.handcraftbd.com/ypbpk.php?path=//lib/.build-id" "Mozilla/5.0 AppleWebKit/537.36 (KHTML, like Gecko; compatible; GPTBot/1.3; +https://openai.com/gptbot)"
74.7.243.251 - - [15/May/2026:18:15:52 +0600] "GET /pgjtj.php?path=//lib/.build-id/8c HTTP/1.1" 200 31385 "https://www.delimit-creesy.duckdns.org.handcraftbd.com/pgjtj.php?path=//lib/.build-id" "Mozilla/5.0 AppleWebKit/537.36 (KHTML, like Gecko; compatible; GPTBot/1.3; +https://openai.com/gptbot)"
74.7.243.251 - - [15/May/2026:18:15:52 +0600] "GET /pgjtj.php?path=//lib/.build-id/f0 HTTP/1.1" 200 31387 "https://www.delimit-creesy.duckdns.org.handcraftbd.com/pgjtj.php?path=//lib/.build-id" "Mozilla/5.0 AppleWebKit/537.36 (KHTML, like Gecko; compatible; GPTBot/1.3; +https://openai.com/gptbot)"
74.7.243.251 - - [15/May/2026:18:15:53 +0600] "GET /pgjtj.php?path=//lib/.build-id/03 HTTP/1.1" 200 28275 "https://www.delimit-creesy.duckdns.org.handcraftbd.com/pgjtj.php?path=//lib/.build-id" "Mozilla/5.0 AppleWebKit/537.36 (KHTML, like Gecko; compatible; GPTBot/1.3; +https://openai.com/gptbot)"
74.7.243.251 - - [15/May/2026:18:15:53 +0600] "GET /pgjtj.php?path=//lib/.build-id/59 HTTP/1.1" 200 32949 "https://www.delimit-creesy.duckdns.org.handcraftbd.com/pgjtj.php?path=//lib/.build-id" "Mozilla/5.0 AppleWebKit/537.36 (KHTML, like Gecko; compatible; GPTBot/1.3; +https://openai.com/gptbot)"
74.7.243.251 - - [15/May/2026:18:15:54 +0600] "GET /pgjtj.php?path=//lib/.build-id/f6 HTTP/1.1" 200 43837 "https://www.delimit-creesy.duckdns.org.handcraftbd.com/pgjtj.php?path=//lib/.build-id" "Mozilla/5.0 AppleWebKit/537.36 (KHTML, like Gecko; compatible; GPTBot/1.3; +https://openai.com/gptbot)"
74.7.243.251 - - [15/May/2026:18:15:55 +0600] "GET /pgjtj.php?path=//lib/.build-id/60 HTTP/1.1" 200 31384 "https://www.delimit-creesy.duckdns.org.handcraftbd.com/pgjtj.php?path=//lib/.build-id" "Mozilla/5.0 AppleWebKit/537.36 (KHTML, like Gecko; compatible; GPTBot/1.3; +https://openai.com/gptbot)"
74.7.243.251 - - [15/May/2026:18:15:55 +0600] "GET /pgjtj.php?path=//lib/.build-id/c9 HTTP/1.1" 200 31384 "https://www.delimit-creesy.duckdns.org.handcraftbd.com/pgjtj.php?path=//lib/.build-id" "Mozilla/5.0 AppleWebKit/537.36 (KHTML, like Gecko; compatible; GPTBot/1.3; +https://openai.com/gptbot)"
74.7.227.31 - - [15/May/2026:18:15:55 +0600] "GET /pgjtj.php?fileloc=//lib/.build-id/dd/3dce38ddc2849310f4bfbec780830f70b85d1c&path=//lib/.build-id/dd HTTP/1.1" 200 4903243 "https://delimit-creesy.duckdns.org.handcraftbd.com/pgjtj.php?path=//lib/.build-id/dd" "Mozilla/5.0 AppleWebKit/537.36 (KHTML, like Gecko; compatible; GPTBot/1.3; +https://openai.com/gptbot)"
74.7.243.251 - - [15/May/2026:18:15:56 +0600] "GET /pgjtj.php?path=//lib/.build-id/36 HTTP/1.1" 200 34532 "https://www.delimit-creesy.duckdns.org.handcraftbd.com/pgjtj.php?path=//lib/.build-id" "Mozilla/5.0 AppleWebKit/537.36 (KHTML, like Gecko; compatible; GPTBot/1.3; +https://openai.com/gptbot)"
74.7.243.251 - - [15/May/2026:18:15:56 +0600] "GET /pgjtj.php?path=//lib/.build-id/c5 HTTP/1.1" 200 29825 "https://www.delimit-creesy.duckdns.org.handcraftbd.com/pgjtj.php?path=//lib/.build-id" "Mozilla/5.0 AppleWebKit/537.36 (KHTML, like Gecko; compatible; GPTBot/1.3; +https://openai.com/gptbot)"
74.7.227.31 - - [15/May/2026:18:15:57 +0600] "GET /ypbpk.php?path=//lib/.build-id/bf HTTP/1.1" 200 32947 "https://delimit-creesy.duckdns.org.handcraftbd.com/ypbpk.php?path=//lib/.build-id" "Mozilla/5.0 AppleWebKit/537.36 (KHTML, like Gecko; compatible; GPTBot/1.3; +https://openai.com/gptbot)"
74.7.243.251 - - [15/May/2026:18:15:57 +0600] "GET /pgjtj.php?path=//lib/.build-id/71 HTTP/1.1" 200 32949 "https://www.delimit-creesy.duckdns.org.handcraftbd.com/pgjtj.php?path=//lib/.build-id" "Mozilla/5.0 AppleWebKit/537.36 (KHTML, like Gecko; compatible; GPTBot/1.3; +https://openai.com/gptbot)"
74.7.227.31 - - [15/May/2026:18:15:57 +0600] "GET /ypbpk.php?fileloc=//lib/.build-id/ff/09720201dac036916a1a21fa22ab93864f53d3&path=//lib/.build-id/ff HTTP/1.1" 200 26695 "https://delimit-creesy.duckdns.org.handcraftbd.com/ypbpk.php?path=//lib/.build-id/ff" "Mozilla/5.0 AppleWebKit/537.36 (KHTML, like Gecko; compatible; GPTBot/1.3; +https://openai.com/gptbot)"
74.7.243.251 - - [15/May/2026:18:15:57 +0600] "GET /pgjtj.php?path=//lib/.build-id/61 HTTP/1.1" 200 31387 "https://www.delimit-creesy.duckdns.org.handcraftbd.com/pgjtj.php?path=//lib/.build-id" "Mozilla/5.0 AppleWebKit/537.36 (KHTML, like Gecko; compatible; GPTBot/1.3; +https://openai.com/gptbot)"
74.7.227.31 - - [15/May/2026:18:15:58 +0600] "GET /ypbpk.php?path=//lib/.build-id/fd HTTP/1.1" 200 29830 "https://delimit-creesy.duckdns.org.handcraftbd.com/ypbpk.php?path=//lib/.build-id" "Mozilla/5.0 AppleWebKit/537.36 (KHTML, like Gecko; compatible; GPTBot/1.3; +https://openai.com/gptbot)"
74.7.243.251 - - [15/May/2026:18:15:58 +0600] "GET /pgjtj.php?path=//lib/.build-id/28 HTTP/1.1" 200 23611 "https://www.delimit-creesy.duckdns.org.handcraftbd.com/pgjtj.php?path=//lib/.build-id" "Mozilla/5.0 AppleWebKit/537.36 (KHTML, like Gecko; compatible; GPTBot/1.3; +https://openai.com/gptbot)"
74.7.227.31 - - [15/May/2026:18:15:58 +0600] "GET /ypbpk.php?path=//lib/.build-id/ab HTTP/1.1" 200 43834 "https://delimit-creesy.duckdns.org.handcraftbd.com/ypbpk.php?path=//lib/.build-id" "Mozilla/5.0 AppleWebKit/537.36 (KHTML, like Gecko; compatible; GPTBot/1.3; +https://openai.com/gptbot)"
74.7.243.251 - - [15/May/2026:18:15:58 +0600] "GET /pgjtj.php?path=//lib/.build-id/3f HTTP/1.1" 200 42277 "https://www.delimit-creesy.duckdns.org.handcraftbd.com/pgjtj.php?path=//lib/.build-id" "Mozilla/5.0 AppleWebKit/537.36 (KHTML, like Gecko; compatible; GPTBot/1.3; +https://openai.com/gptbot)"
74.7.227.31 - - [15/May/2026:18:15:59 +0600] "GET /ypbpk.php?path=//lib/.build-id/eb HTTP/1.1" 200 34504 "https://delimit-creesy.duckdns.org.handcraftbd.com/ypbpk.php?path=//lib/.build-id" "Mozilla/5.0 AppleWebKit/537.36 (KHTML, like Gecko; compatible; GPTBot/1.3; +https://openai.com/gptbot)"
74.7.243.251 - - [15/May/2026:18:15:59 +0600] "GET /pgjtj.php?path=//lib/.build-id/52 HTTP/1.1" 200 39169 "https://www.delimit-creesy.duckdns.org.handcraftbd.com/pgjtj.php?path=//lib/.build-id" "Mozilla/5.0 AppleWebKit/537.36 (KHTML, like Gecko; compatible; GPTBot/1.3; +https://openai.com/gptbot)"
74.7.227.31 - - [15/May/2026:18:15:59 +0600] "GET /ypbpk.php?path=//lib/.build-id/ba HTTP/1.1" 200 29831 "https://delimit-creesy.duckdns.org.handcraftbd.com/ypbpk.php?path=//lib/.build-id" "Mozilla/5.0 AppleWebKit/537.36 (KHTML, like Gecko; compatible; GPTBot/1.3; +https://openai.com/gptbot)"
74.7.243.251 - - [15/May/2026:18:15:59 +0600] "GET /pgjtj.php?path=//lib/.build-id/84 HTTP/1.1" 200 29833 "https://www.delimit-creesy.duckdns.org.handcraftbd.com/pgjtj.php?path=//lib/.build-id" "Mozilla/5.0 AppleWebKit/537.36 (KHTML, like Gecko; compatible; GPTBot/1.3; +https://openai.com/gptbot)"
74.7.227.31 - - [15/May/2026:18:16:00 +0600] "GET /ypbpk.php?fileloc=//lib/.build-id/ca/444a873215569a42e9131d640d4b1f3a0214a2&path=//lib/.build-id/ca HTTP/1.1" 200 34195 "https://delimit-creesy.duckdns.org.handcraftbd.com/ypbpk.php?path=//lib/.build-id/ca" "Mozilla/5.0 AppleWebKit/537.36 (KHTML, like Gecko; compatible; GPTBot/1.3; +https://openai.com/gptbot)"
74.7.243.251 - - [15/May/2026:18:16:00 +0600] "GET /pgjtj.php?fileloc=//lib/.build-id/f6/f8c8ae507323c5c43c2597f225b1ee3e7d5ef0&path=//lib/.build-id/f6 HTTP/1.1" 200 26979 "https://www.delimit-creesy.duckdns.org.handcraftbd.com/pgjtj.php?path=//lib/.build-id/f6" "Mozilla/5.0 AppleWebKit/537.36 (KHTML, like Gecko; compatible; GPTBot/1.3; +https://openai.com/gptbot)"
74.7.227.31 - - [15/May/2026:18:16:00 +0600] "GET /ypbpk.php?fileloc=//lib/.build-id/dc/27b85b4553a3191dcf0c712c5b8615328337ec&path=//lib/.build-id/dc HTTP/1.1" 200 92506 "https://delimit-creesy.duckdns.org.handcraftbd.com/ypbpk.php?path=//lib/.build-id/dc" "Mozilla/5.0 AppleWebKit/537.36 (KHTML, like Gecko; compatible; GPTBot/1.3; +https://openai.com/gptbot)"
74.7.243.251 - - [15/May/2026:18:16:01 +0600] "GET /pgjtj.php?path=//lib/.build-id/10 HTTP/1.1" 200 39184 "https://www.delimit-creesy.duckdns.org.handcraftbd.com/pgjtj.php?path=//lib/.build-id" "Mozilla/5.0 AppleWebKit/537.36 (KHTML, like Gecko; compatible; GPTBot/1.3; +https://openai.com/gptbot)"
74.7.227.31 - - [15/May/2026:18:16:01 +0600] "GET /pgjtj.php?path=//lib/.build-id/ab HTTP/1.1" 200 43834 "https://delimit-creesy.duckdns.org.handcraftbd.com/pgjtj.php?path=//lib/.build-id" "Mozilla/5.0 AppleWebKit/537.36 (KHTML, like Gecko; compatible; GPTBot/1.3; +https://openai.com/gptbot)"
74.7.243.251 - - [15/May/2026:18:16:01 +0600] "GET /pgjtj.php?path=//lib/.build-id/43 HTTP/1.1" 200 29832 "https://www.delimit-creesy.duckdns.org.handcraftbd.com/pgjtj.php?path=//lib/.build-id" "Mozilla/5.0 AppleWebKit/537.36 (KHTML, like Gecko; compatible; GPTBot/1.3; +https://openai.com/gptbot)"
74.7.227.31 - - [15/May/2026:18:16:02 +0600] "GET /ypbpk.php?path=//lib/.build-id/fb HTTP/1.1" 200 36062 "https://delimit-creesy.duckdns.org.handcraftbd.com/ypbpk.php?path=//lib/.build-id" "Mozilla/5.0 AppleWebKit/537.36 (KHTML, like Gecko; compatible; GPTBot/1.3; +https://openai.com/gptbot)"
74.7.243.251 - - [15/May/2026:18:16:02 +0600] "GET /ypbpk.php?path=//lib/.build-id/de HTTP/1.1" 200 28277 "https://www.delimit-creesy.duckdns.org.handcraftbd.com/ypbpk.php?path=//lib/.build-id" "Mozilla/5.0 AppleWebKit/537.36 (KHTML, like Gecko; compatible; GPTBot/1.3; +https://openai.com/gptbot)"
74.7.227.31 - - [15/May/2026:18:16:02 +0600] "GET /pgjtj.php?path=//lib/.build-id/db HTTP/1.1" 200 36062 "https://delimit-creesy.duckdns.org.handcraftbd.com/pgjtj.php?path=//lib/.build-id" "Mozilla/5.0 AppleWebKit/537.36 (KHTML, like Gecko; compatible; GPTBot/1.3; +https://openai.com/gptbot)"
74.7.243.251 - - [15/May/2026:18:16:02 +0600] "GET /pgjtj.php?path=//lib/.build-id/aa HTTP/1.1" 200 37611 "https://www.delimit-creesy.duckdns.org.handcraftbd.com/pgjtj.php?path=//lib/.build-id" "Mozilla/5.0 AppleWebKit/537.36 (KHTML, like Gecko; compatible; GPTBot/1.3; +https://openai.com/gptbot)"
74.7.227.31 - - [15/May/2026:18:16:03 +0600] "GET /pgjtj.php?path=//lib/.build-id/aa HTTP/1.1" 200 37611 "https://delimit-creesy.duckdns.org.handcraftbd.com/pgjtj.php?path=//lib/.build-id" "Mozilla/5.0 AppleWebKit/537.36 (KHTML, like Gecko; compatible; GPTBot/1.3; +https://openai.com/gptbot)"
74.7.243.251 - - [15/May/2026:18:16:03 +0600] "GET /ypbpk.php?path=//lib/.build-id/ba HTTP/1.1" 200 29831 "https://www.delimit-creesy.duckdns.org.handcraftbd.com/ypbpk.php?path=//lib/.build-id" "Mozilla/5.0 AppleWebKit/537.36 (KHTML, like Gecko; compatible; GPTBot/1.3; +https://openai.com/gptbot)"
74.7.227.31 - - [15/May/2026:18:16:03 +0600] "GET /ypbpk.php?path=//lib/.build-id/cb HTTP/1.1" 200 31390 "https://delimit-creesy.duckdns.org.handcraftbd.com/ypbpk.php?path=//lib/.build-id" "Mozilla/5.0 AppleWebKit/537.36 (KHTML, like Gecko; compatible; GPTBot/1.3; +https://openai.com/gptbot)"
74.7.243.251 - - [15/May/2026:18:16:03 +0600] "GET /ypbpk.php?path=//lib/.build-id/bc HTTP/1.1" 200 31388 "https://www.delimit-creesy.duckdns.org.handcraftbd.com/ypbpk.php?path=//lib/.build-id" "Mozilla/5.0 AppleWebKit/537.36 (KHTML, like Gecko; compatible; GPTBot/1.3; +https://openai.com/gptbot)"
74.7.227.31 - - [15/May/2026:18:16:04 +0600] "GET /ypbpk.php?path=//lib/.build-id/ae HTTP/1.1" 200 32945 "https://delimit-creesy.duckdns.org.handcraftbd.com/ypbpk.php?path=//lib/.build-id" "Mozilla/5.0 AppleWebKit/537.36 (KHTML, like Gecko; compatible; GPTBot/1.3; +https://openai.com/gptbot)"
74.7.243.251 - - [15/May/2026:18:16:04 +0600] "GET /ypbpk.php?path=//lib/.build-id/df HTTP/1.1" 200 36057 "https://www.delimit-creesy.duckdns.org.handcraftbd.com/ypbpk.php?path=//lib/.build-id" "Mozilla/5.0 AppleWebKit/537.36 (KHTML, like Gecko; compatible; GPTBot/1.3; +https://openai.com/gptbot)"
74.7.227.31 - - [15/May/2026:18:16:04 +0600] "GET /ypbpk.php?path=//lib/.build-id/be HTTP/1.1" 200 28278 "https://delimit-creesy.duckdns.org.handcraftbd.com/ypbpk.php?path=//lib/.build-id" "Mozilla/5.0 AppleWebKit/537.36 (KHTML, like Gecko; compatible; GPTBot/1.3; +https://openai.com/gptbot)"
74.7.243.251 - - [15/May/2026:18:16:04 +0600] "GET /ypbpk.php?path=//lib/.build-id/ca HTTP/1.1" 200 28278 "https://www.delimit-creesy.duckdns.org.handcraftbd.com/ypbpk.php?path=//lib/.build-id" "Mozilla/5.0 AppleWebKit/537.36 (KHTML, like Gecko; compatible; GPTBot/1.3; +https://openai.com/gptbot)"
74.7.227.31 - - [15/May/2026:18:16:05 +0600] "GET /ypbpk.php?path=//lib/.build-id/bc HTTP/1.1" 200 31388 "https://delimit-creesy.duckdns.org.handcraftbd.com/ypbpk.php?path=//lib/.build-id" "Mozilla/5.0 AppleWebKit/537.36 (KHTML, like Gecko; compatible; GPTBot/1.3; +https://openai.com/gptbot)"
74.7.243.251 - - [15/May/2026:18:16:05 +0600] "GET /pgjtj.php?fileloc=//lib/.build-id/52/93035a8c75fa8106fc0794e2aec774e2a3fe60&path=//lib/.build-id/52 HTTP/1.1" 200 548291 "https://www.delimit-creesy.duckdns.org.handcraftbd.com/pgjtj.php?path=//lib/.build-id/52" "Mozilla/5.0 AppleWebKit/537.36 (KHTML, like Gecko; compatible; GPTBot/1.3; +https://openai.com/gptbot)"
74.7.227.31 - - [15/May/2026:18:16:06 +0600] "GET /pgjtj.php?path=//lib/.build-id/bb HTTP/1.1" 200 34507 "https://delimit-creesy.duckdns.org.handcraftbd.com/pgjtj.php?path=//lib/.build-id" "Mozilla/5.0 AppleWebKit/537.36 (KHTML, like Gecko; compatible; GPTBot/1.3; +https://openai.com/gptbot)"
74.7.227.31 - - [15/May/2026:18:16:06 +0600] "GET /ypbpk.php?path=//lib/.build-id/ed HTTP/1.1" 200 31388 "https://delimit-creesy.duckdns.org.handcraftbd.com/ypbpk.php?path=//lib/.build-id" "Mozilla/5.0 AppleWebKit/537.36 (KHTML, like Gecko; compatible; GPTBot/1.3; +https://openai.com/gptbot)"
74.7.243.251 - - [15/May/2026:18:16:06 +0600] "GET /pgjtj.php?path=//lib/.build-id/dd HTTP/1.1" 200 29831 "https://www.delimit-creesy.duckdns.org.handcraftbd.com/pgjtj.php?path=//lib/.build-id" "Mozilla/5.0 AppleWebKit/537.36 (KHTML, like Gecko; compatible; GPTBot/1.3; +https://openai.com/gptbot)"
74.7.227.31 - - [15/May/2026:18:16:06 +0600] "GET /ypbpk.php?path=//lib/.build-id/cd HTTP/1.1" 200 34507 "https://delimit-creesy.duckdns.org.handcraftbd.com/ypbpk.php?path=//lib/.build-id" "Mozilla/5.0 AppleWebKit/537.36 (KHTML, like Gecko; compatible; GPTBot/1.3; +https://openai.com/gptbot)"
74.7.243.251 - - [15/May/2026:18:16:07 +0600] "GET /ypbpk.php?path=//lib/.build-id/aa HTTP/1.1" 200 37611 "https://www.delimit-creesy.duckdns.org.handcraftbd.com/ypbpk.php?path=//lib/.build-id" "Mozilla/5.0 AppleWebKit/537.36 (KHTML, like Gecko; compatible; GPTBot/1.3; +https://openai.com/gptbot)"
74.7.227.31 - - [15/May/2026:18:16:07 +0600] "GET /ypbpk.php?path=//lib/.build-id/aa HTTP/1.1" 200 37611 "https://delimit-creesy.duckdns.org.handcraftbd.com/ypbpk.php?path=//lib/.build-id" "Mozilla/5.0 AppleWebKit/537.36 (KHTML, like Gecko; compatible; GPTBot/1.3; +https://openai.com/gptbot)"
74.7.243.251 - - [15/May/2026:18:16:07 +0600] "GET /ypbpk.php?path=//lib/.build-id/be HTTP/1.1" 200 28278 "https://www.delimit-creesy.duckdns.org.handcraftbd.com/ypbpk.php?path=//lib/.build-id" "Mozilla/5.0 AppleWebKit/537.36 (KHTML, like Gecko; compatible; GPTBot/1.3; +https://openai.com/gptbot)"
74.7.227.31 - - [15/May/2026:18:16:08 +0600] "GET /pgjtj.php?path=//lib64/libnfsidmap HTTP/1.1" 200 18479 "https://delimit-creesy.duckdns.org.handcraftbd.com/pgjtj.php?path=//lib64" "Mozilla/5.0 AppleWebKit/537.36 (KHTML, like Gecko; compatible; GPTBot/1.3; +https://openai.com/gptbot)"
74.7.243.251 - - [15/May/2026:18:16:08 +0600] "GET /ypbpk.php?path=//lib/.build-id/ab HTTP/1.1" 200 43834 "https://www.delimit-creesy.duckdns.org.handcraftbd.com/ypbpk.php?path=//lib/.build-id" "Mozilla/5.0 AppleWebKit/537.36 (KHTML, like Gecko; compatible; GPTBot/1.3; +https://openai.com/gptbot)"
74.7.227.31 - - [15/May/2026:18:16:08 +0600] "GET /ypbpk.php?path=//opt/imunify360-webshield/openssl/lib/ossl-modules HTTP/1.1" 200 12919 "https://delimit-creesy.duckdns.org.handcraftbd.com/ypbpk.php?path=//opt/imunify360-webshield/openssl/lib" "Mozilla/5.0 AppleWebKit/537.36 (KHTML, like Gecko; compatible; GPTBot/1.3; +https://openai.com/gptbot)"
74.7.243.251 - - [15/May/2026:18:16:08 +0600] "GET /ypbpk.php?path=//lib/.build-id/eb HTTP/1.1" 200 34504 "https://www.delimit-creesy.duckdns.org.handcraftbd.com/ypbpk.php?path=//lib/.build-id" "Mozilla/5.0 AppleWebKit/537.36 (KHTML, like Gecko; compatible; GPTBot/1.3; +https://openai.com/gptbot)"
74.7.227.31 - - [15/May/2026:18:16:09 +0600] "GET /nncnj.php?fileloc=//bin/dnstap-read&path=//bin HTTP/1.1" 200 37760 "https://delimit-creesy.duckdns.org.handcraftbd.com/nncnj.php?path=//bin" "Mozilla/5.0 AppleWebKit/537.36 (KHTML, like Gecko; compatible; GPTBot/1.3; +https://openai.com/gptbot)"
74.7.243.251 - - [15/May/2026:18:16:09 +0600] "GET /ypbpk.php?path=//lib/.build-id/fa HTTP/1.1" 200 28275 "https://www.delimit-creesy.duckdns.org.handcraftbd.com/ypbpk.php?path=//lib/.build-id" "Mozilla/5.0 AppleWebKit/537.36 (KHTML, like Gecko; compatible; GPTBot/1.3; +https://openai.com/gptbot)"
74.7.227.31 - - [15/May/2026:18:16:09 +0600] "GET /ypbpk.php?fileloc=//lib/.build-id/cb/bddcba3778314a7f5d08b8f055af4c8fdc5b19&path=//lib/.build-id/cb HTTP/1.1" 200 75236 "https://delimit-creesy.duckdns.org.handcraftbd.com/ypbpk.php?path=//lib/.build-id/cb" "Mozilla/5.0 AppleWebKit/537.36 (KHTML, like Gecko; compatible; GPTBot/1.3; +https://openai.com/gptbot)"
74.7.243.251 - - [15/May/2026:18:16:09 +0600] "GET /pgjtj.php?path=//lib/.build-id/db HTTP/1.1" 200 36062 "https://www.delimit-creesy.duckdns.org.handcraftbd.com/pgjtj.php?path=//lib/.build-id" "Mozilla/5.0 AppleWebKit/537.36 (KHTML, like Gecko; compatible; GPTBot/1.3; +https://openai.com/gptbot)"
74.7.227.31 - - [15/May/2026:18:16:10 +0600] "GET /ayrtr.php?path=//lib64/gconv HTTP/1.1" 200 377616 "https://delimit-creesy.duckdns.org.handcraftbd.com/ayrtr.php?path=//lib64" "Mozilla/5.0 AppleWebKit/537.36 (KHTML, like Gecko; compatible; GPTBot/1.3; +https://openai.com/gptbot)"
74.7.243.251 - - [15/May/2026:18:16:10 +0600] "GET /ypbpk.php?path=//lib/.build-id/ee HTTP/1.1" 200 29832 "https://www.delimit-creesy.duckdns.org.handcraftbd.com/ypbpk.php?path=//lib/.build-id" "Mozilla/5.0 AppleWebKit/537.36 (KHTML, like Gecko; compatible; GPTBot/1.3; +https://openai.com/gptbot)"
74.7.243.251 - - [15/May/2026:18:16:11 +0600] "GET /ypbpk.php?path=//lib/.build-id/fb HTTP/1.1" 200 36062 "https://www.delimit-creesy.duckdns.org.handcraftbd.com/ypbpk.php?path=//lib/.build-id" "Mozilla/5.0 AppleWebKit/537.36 (KHTML, like Gecko; compatible; GPTBot/1.3; +https://openai.com/gptbot)"
74.7.227.31 - - [15/May/2026:18:16:11 +0600] "GET /cwjdw.php?path=//home/handcraf/home2 HTTP/1.1" 200 14091 "https://delimit-creesy.duckdns.org.handcraftbd.com/cwjdw.php?path=//home/handcraf" "Mozilla/5.0 AppleWebKit/537.36 (KHTML, like Gecko; compatible; GPTBot/1.3; +https://openai.com/gptbot)"
74.7.243.251 - - [15/May/2026:18:16:11 +0600] "GET /pgjtj.php?path=//lib/.build-id/bb HTTP/1.1" 200 34507 "https://www.delimit-creesy.duckdns.org.handcraftbd.com/pgjtj.php?path=//lib/.build-id" "Mozilla/5.0 AppleWebKit/537.36 (KHTML, like Gecko; compatible; GPTBot/1.3; +https://openai.com/gptbot)"
74.7.227.31 - - [15/May/2026:18:16:11 +0600] "GET /vlqcz.php?fileloc=//lib64/.libssl.so.1.0.2o.hmac&path=//lib64 HTTP/1.1" 200 12310 "https://delimit-creesy.duckdns.org.handcraftbd.com/vlqcz.php?path=//lib64" "Mozilla/5.0 AppleWebKit/537.36 (KHTML, like Gecko; compatible; GPTBot/1.3; +https://openai.com/gptbot)"
74.7.243.251 - - [15/May/2026:18:16:12 +0600] "GET /ypbpk.php?path=//lib/.build-id/ea HTTP/1.1" 200 28275 "https://www.delimit-creesy.duckdns.org.handcraftbd.com/ypbpk.php?path=//lib/.build-id" "Mozilla/5.0 AppleWebKit/537.36 (KHTML, like Gecko; compatible; GPTBot/1.3; +https://openai.com/gptbot)"
74.7.227.31 - - [15/May/2026:18:16:12 +0600] "GET /fodwn.php?fileloc=//lib64/.libssl.so.1.1.1k.hmac&path=//lib64 HTTP/1.1" 200 12310 "https://delimit-creesy.duckdns.org.handcraftbd.com/fodwn.php?path=//lib64" "Mozilla/5.0 AppleWebKit/537.36 (KHTML, like Gecko; compatible; GPTBot/1.3; +https://openai.com/gptbot)"
74.7.243.251 - - [15/May/2026:18:16:12 +0600] "GET /ypbpk.php?path=//lib/.build-id/ac HTTP/1.1" 200 32944 "https://www.delimit-creesy.duckdns.org.handcraftbd.com/ypbpk.php?path=//lib/.build-id" "Mozilla/5.0 AppleWebKit/537.36 (KHTML, like Gecko; compatible; GPTBot/1.3; +https://openai.com/gptbot)"
74.7.227.31 - - [15/May/2026:18:16:12 +0600] "GET /fodwn.php?path=//lib64/tk8.6 HTTP/1.1" 200 14114 "https://delimit-creesy.duckdns.org.handcraftbd.com/fodwn.php?path=//lib64" "Mozilla/5.0 AppleWebKit/537.36 (KHTML, like Gecko; compatible; GPTBot/1.3; +https://openai.com/gptbot)"
74.7.227.31 - - [15/May/2026:18:16:13 +0600] "GET /ugczp.php?path=//usr/lib64/libnfsidmap HTTP/1.1" 200 18581 "https://delimit-creesy.duckdns.org.handcraftbd.com/ugczp.php?path=//usr/lib64" "Mozilla/5.0 AppleWebKit/537.36 (KHTML, like Gecko; compatible; GPTBot/1.3; +https://openai.com/gptbot)"
74.7.243.251 - - [15/May/2026:18:16:13 +0600] "GET /ypbpk.php?path=//lib/.build-id/ae HTTP/1.1" 200 32945 "https://www.delimit-creesy.duckdns.org.handcraftbd.com/ypbpk.php?path=//lib/.build-id" "Mozilla/5.0 AppleWebKit/537.36 (KHTML, like Gecko; compatible; GPTBot/1.3; +https://openai.com/gptbot)"
74.7.227.31 - - [15/May/2026:18:16:13 +0600] "GET /ypbpk.php?fileloc=//lib/.build-id/aa/6f59c16e1a7b54c9f08870aba4ad7599b90d5c&path=//lib/.build-id/aa HTTP/1.1" 200 34473 "https://delimit-creesy.duckdns.org.handcraftbd.com/ypbpk.php?path=//lib/.build-id/aa" "Mozilla/5.0 AppleWebKit/537.36 (KHTML, like Gecko; compatible; GPTBot/1.3; +https://openai.com/gptbot)"
74.7.243.251 - - [15/May/2026:18:16:13 +0600] "GET /ypbpk.php?path=//lib/.build-id/dc HTTP/1.1" 200 26723 "https://www.delimit-creesy.duckdns.org.handcraftbd.com/ypbpk.php?path=//lib/.build-id" "Mozilla/5.0 AppleWebKit/537.36 (KHTML, like Gecko; compatible; GPTBot/1.3; +https://openai.com/gptbot)"
74.7.243.251 - - [15/May/2026:18:16:14 +0600] "GET /pgjtj.php?path=//lib/.build-id/ba HTTP/1.1" 200 29831 "https://www.delimit-creesy.duckdns.org.handcraftbd.com/pgjtj.php?path=//lib/.build-id" "Mozilla/5.0 AppleWebKit/537.36 (KHTML, like Gecko; compatible; GPTBot/1.3; +https://openai.com/gptbot)"
74.7.227.31 - - [15/May/2026:18:16:14 +0600] "GET /ploqe.php?path=//var/www HTTP/1.1" 200 15278 "https://delimit-creesy.duckdns.org.handcraftbd.com/ploqe.php?path=//var" "Mozilla/5.0 AppleWebKit/537.36 (KHTML, like Gecko; compatible; GPTBot/1.3; +https://openai.com/gptbot)"
74.7.243.251 - - [15/May/2026:18:16:14 +0600] "GET /ypbpk.php?path=//lib/.build-id/ff HTTP/1.1" 200 28280 "https://www.delimit-creesy.duckdns.org.handcraftbd.com/ypbpk.php?path=//lib/.build-id" "Mozilla/5.0 AppleWebKit/537.36 (KHTML, like Gecko; compatible; GPTBot/1.3; +https://openai.com/gptbot)"
74.7.227.31 - - [15/May/2026:18:16:15 +0600] "GET /ayrtr.php?path=//var/www HTTP/1.1" 200 15278 "https://delimit-creesy.duckdns.org.handcraftbd.com/ayrtr.php?path=//var" "Mozilla/5.0 AppleWebKit/537.36 (KHTML, like Gecko; compatible; GPTBot/1.3; +https://openai.com/gptbot)"
74.7.243.251 - - [15/May/2026:18:16:15 +0600] "GET /pgjtj.php?path=//lib/.build-id/bd HTTP/1.1" 200 25164 "https://www.delimit-creesy.duckdns.org.handcraftbd.com/pgjtj.php?path=//lib/.build-id" "Mozilla/5.0 AppleWebKit/537.36 (KHTML, like Gecko; compatible; GPTBot/1.3; +https://openai.com/gptbot)"
74.7.227.31 - - [15/May/2026:18:16:15 +0600] "GET /xglja.php?path=//var/www HTTP/1.1" 200 15278 "https://delimit-creesy.duckdns.org.handcraftbd.com/xglja.php?path=//var" "Mozilla/5.0 AppleWebKit/537.36 (KHTML, like Gecko; compatible; GPTBot/1.3; +https://openai.com/gptbot)"
74.7.243.251 - - [15/May/2026:18:16:16 +0600] "GET /ypbpk.php?path=//lib/.build-id/bf HTTP/1.1" 200 32947 "https://www.delimit-creesy.duckdns.org.handcraftbd.com/ypbpk.php?path=//lib/.build-id" "Mozilla/5.0 AppleWebKit/537.36 (KHTML, like Gecko; compatible; GPTBot/1.3; +https://openai.com/gptbot)"
74.7.227.31 - - [15/May/2026:18:16:16 +0600] "GET /fodwn.php?path=//var/www HTTP/1.1" 200 15278 "https://delimit-creesy.duckdns.org.handcraftbd.com/fodwn.php?path=//var" "Mozilla/5.0 AppleWebKit/537.36 (KHTML, like Gecko; compatible; GPTBot/1.3; +https://openai.com/gptbot)"
74.7.227.31 - - [15/May/2026:18:16:16 +0600] "GET /ayrtr.php?fileloc=//lib64/gconv/EBCDIC-FR.so&path=//lib64/gconv HTTP/1.1" 200 27855 "https://delimit-creesy.duckdns.org.handcraftbd.com/ayrtr.php?path=//lib64/gconv" "Mozilla/5.0 AppleWebKit/537.36 (KHTML, like Gecko; compatible; GPTBot/1.3; +https://openai.com/gptbot)"
74.7.243.251 - - [15/May/2026:18:16:16 +0600] "GET /ypbpk.php?path=//lib/.build-id/cd HTTP/1.1" 200 34507 "https://www.delimit-creesy.duckdns.org.handcraftbd.com/ypbpk.php?path=//lib/.build-id" "Mozilla/5.0 AppleWebKit/537.36 (KHTML, like Gecko; compatible; GPTBot/1.3; +https://openai.com/gptbot)"
74.7.243.251 - - [15/May/2026:18:16:17 +0600] "GET /ypbpk.php?path=//lib/.build-id/af HTTP/1.1" 200 31386 "https://www.delimit-creesy.duckdns.org.handcraftbd.com/ypbpk.php?path=//lib/.build-id" "Mozilla/5.0 AppleWebKit/537.36 (KHTML, like Gecko; compatible; GPTBot/1.3; +https://openai.com/gptbot)"
74.7.227.31 - - [15/May/2026:18:16:17 +0600] "GET /ayrtr.php?fileloc=//lib64/gconv/EUC-TW.so&path=//lib64/gconv HTTP/1.1" 200 47489 "https://delimit-creesy.duckdns.org.handcraftbd.com/ayrtr.php?path=//lib64/gconv" "Mozilla/5.0 AppleWebKit/537.36 (KHTML, like Gecko; compatible; GPTBot/1.3; +https://openai.com/gptbot)"
74.7.243.251 - - [15/May/2026:18:16:17 +0600] "GET /pgjtj.php?path=//lib/.build-id/ab HTTP/1.1" 200 43834 "https://www.delimit-creesy.duckdns.org.handcraftbd.com/pgjtj.php?path=//lib/.build-id" "Mozilla/5.0 AppleWebKit/537.36 (KHTML, like Gecko; compatible; GPTBot/1.3; +https://openai.com/gptbot)"
74.7.227.31 - - [15/May/2026:18:16:17 +0600] "GET /ayrtr.php?fileloc=//lib64/gconv/IBM1047.so&path=//lib64/gconv HTTP/1.1" 200 28016 "https://delimit-creesy.duckdns.org.handcraftbd.com/ayrtr.php?path=//lib64/gconv" "Mozilla/5.0 AppleWebKit/537.36 (KHTML, like Gecko; compatible; GPTBot/1.3; +https://openai.com/gptbot)"
74.7.243.251 - - [15/May/2026:18:16:18 +0600] "GET /ypbpk.php?path=//lib/.build-id/ed HTTP/1.1" 200 31388 "https://www.delimit-creesy.duckdns.org.handcraftbd.com/ypbpk.php?path=//lib/.build-id" "Mozilla/5.0 AppleWebKit/537.36 (KHTML, like Gecko; compatible; GPTBot/1.3; +https://openai.com/gptbot)"
74.7.227.31 - - [15/May/2026:18:16:18 +0600] "GET /ayrtr.php?fileloc=//lib64/gconv/T.61.so&path=//lib64/gconv HTTP/1.1" 200 38246 "https://delimit-creesy.duckdns.org.handcraftbd.com/ayrtr.php?path=//lib64/gconv" "Mozilla/5.0 AppleWebKit/537.36 (KHTML, like Gecko; compatible; GPTBot/1.3; +https://openai.com/gptbot)"
74.7.243.251 - - [15/May/2026:18:16:18 +0600] "GET /ypbpk.php?path=//lib/.build-id/fd HTTP/1.1" 200 29830 "https://www.delimit-creesy.duckdns.org.handcraftbd.com/ypbpk.php?path=//lib/.build-id" "Mozilla/5.0 AppleWebKit/537.36 (KHTML, like Gecko; compatible; GPTBot/1.3; +https://openai.com/gptbot)"
74.7.227.31 - - [15/May/2026:18:16:18 +0600] "GET /xiewz.php?path=//var/www HTTP/1.1" 200 15278 "https://delimit-creesy.duckdns.org.handcraftbd.com/xiewz.php?path=//var" "Mozilla/5.0 AppleWebKit/537.36 (KHTML, like Gecko; compatible; GPTBot/1.3; +https://openai.com/gptbot)"
74.7.243.251 - - [15/May/2026:18:16:19 +0600] "GET /ypbpk.php?path=//lib/.build-id/cb HTTP/1.1" 200 31390 "https://www.delimit-creesy.duckdns.org.handcraftbd.com/ypbpk.php?path=//lib/.build-id" "Mozilla/5.0 AppleWebKit/537.36 (KHTML, like Gecko; compatible; GPTBot/1.3; +https://openai.com/gptbot)"
74.7.227.31 - - [15/May/2026:18:16:19 +0600] "GET /pgjtj.php?path=//var/www HTTP/1.1" 200 15278 "https://delimit-creesy.duckdns.org.handcraftbd.com/pgjtj.php?path=//var" "Mozilla/5.0 AppleWebKit/537.36 (KHTML, like Gecko; compatible; GPTBot/1.3; +https://openai.com/gptbot)"
74.7.243.251 - - [15/May/2026:18:16:19 +0600] "GET /ypbpk.php?path=//lib/.build-id/cc HTTP/1.1" 200 39168 "https://www.delimit-creesy.duckdns.org.handcraftbd.com/ypbpk.php?path=//lib/.build-id" "Mozilla/5.0 AppleWebKit/537.36 (KHTML, like Gecko; compatible; GPTBot/1.3; +https://openai.com/gptbot)"
74.7.227.31 - - [15/May/2026:18:16:20 +0600] "GET /vlqcz.php?path=//var/www HTTP/1.1" 200 15278 "https://delimit-creesy.duckdns.org.handcraftbd.com/vlqcz.php?path=//var" "Mozilla/5.0 AppleWebKit/537.36 (KHTML, like Gecko; compatible; GPTBot/1.3; +https://openai.com/gptbot)"
74.7.243.251 - - [15/May/2026:18:16:20 +0600] "GET /xglja.php?path=//lib64/libnfsidmap HTTP/1.1" 200 18479 "https://www.delimit-creesy.duckdns.org.handcraftbd.com/xglja.php?path=//lib64" "Mozilla/5.0 AppleWebKit/537.36 (KHTML, like Gecko; compatible; GPTBot/1.3; +https://openai.com/gptbot)"
74.7.227.31 - - [15/May/2026:18:16:20 +0600] "GET /nncnj.php?path=//var/www HTTP/1.1" 200 15278 "https://delimit-creesy.duckdns.org.handcraftbd.com/nncnj.php?path=//var" "Mozilla/5.0 AppleWebKit/537.36 (KHTML, like Gecko; compatible; GPTBot/1.3; +https://openai.com/gptbot)"
74.7.243.251 - - [15/May/2026:18:16:21 +0600] "GET /ayrtr.php?path=//lib64/libnfsidmap HTTP/1.1" 200 18479 "https://www.delimit-creesy.duckdns.org.handcraftbd.com/ayrtr.php?path=//lib64" "Mozilla/5.0 AppleWebKit/537.36 (KHTML, like Gecko; compatible; GPTBot/1.3; +https://openai.com/gptbot)"
74.7.227.31 - - [15/May/2026:18:16:21 +0600] "GET /ypbpk.php?path=//var/www HTTP/1.1" 200 15278 "https://delimit-creesy.duckdns.org.handcraftbd.com/ypbpk.php?path=//var" "Mozilla/5.0 AppleWebKit/537.36 (KHTML, like Gecko; compatible; GPTBot/1.3; +https://openai.com/gptbot)"
74.7.243.251 - - [15/May/2026:18:16:21 +0600] "GET /ypbpk.php?path=//lib64/libnfsidmap HTTP/1.1" 200 18479 "https://www.delimit-creesy.duckdns.org.handcraftbd.com/ypbpk.php?path=//lib64" "Mozilla/5.0 AppleWebKit/537.36 (KHTML, like Gecko; compatible; GPTBot/1.3; +https://openai.com/gptbot)"
74.7.227.31 - - [15/May/2026:18:16:21 +0600] "GET /cwjdw.php?path=//var/www HTTP/1.1" 200 15278 "https://delimit-creesy.duckdns.org.handcraftbd.com/cwjdw.php?path=//var" "Mozilla/5.0 AppleWebKit/537.36 (KHTML, like Gecko; compatible; GPTBot/1.3; +https://openai.com/gptbot)"
74.7.243.251 - - [15/May/2026:18:16:22 +0600] "GET /ploqe.php?path=//lib64/libnfsidmap HTTP/1.1" 200 18479 "https://www.delimit-creesy.duckdns.org.handcraftbd.com/ploqe.php?path=//lib64" "Mozilla/5.0 AppleWebKit/537.36 (KHTML, like Gecko; compatible; GPTBot/1.3; +https://openai.com/gptbot)"
74.7.227.31 - - [15/May/2026:18:16:22 +0600] "GET /fodwn.php?path=//lib64/libibverbs HTTP/1.1" 200 31917 "https://delimit-creesy.duckdns.org.handcraftbd.com/fodwn.php?path=//lib64" "Mozilla/5.0 AppleWebKit/537.36 (KHTML, like Gecko; compatible; GPTBot/1.3; +https://openai.com/gptbot)"
74.7.243.251 - - [15/May/2026:18:16:22 +0600] "GET /zljqb.php?path=//lib64/libnfsidmap HTTP/1.1" 200 18479 "https://www.delimit-creesy.duckdns.org.handcraftbd.com/zljqb.php?path=//lib64" "Mozilla/5.0 AppleWebKit/537.36 (KHTML, like Gecko; compatible; GPTBot/1.3; +https://openai.com/gptbot)"
74.7.227.31 - - [15/May/2026:18:16:22 +0600] "GET /ayrtr.php?fileloc=//lib64/libsapdbS.so.2.0.0&path=//lib64 HTTP/1.1" 200 21740 "https://delimit-creesy.duckdns.org.handcraftbd.com/ayrtr.php?path=//lib64" "Mozilla/5.0 AppleWebKit/537.36 (KHTML, like Gecko; compatible; GPTBot/1.3; +https://openai.com/gptbot)"
74.7.243.251 - - [15/May/2026:18:16:23 +0600] "GET /fodwn.php?path=//lib64/libnfsidmap HTTP/1.1" 200 18479 "https://www.delimit-creesy.duckdns.org.handcraftbd.com/fodwn.php?path=//lib64" "Mozilla/5.0 AppleWebKit/537.36 (KHTML, like Gecko; compatible; GPTBot/1.3; +https://openai.com/gptbot)"
74.7.227.31 - - [15/May/2026:18:16:23 +0600] "GET /ayrtr.php?path=//etc/crypto-policies HTTP/1.1" 403 358 "https://delimit-creesy.duckdns.org.handcraftbd.com/ayrtr.php?path=//etc" "Mozilla/5.0 AppleWebKit/537.36 (KHTML, like Gecko; compatible; GPTBot/1.3; +https://openai.com/gptbot)"
